Sep 10 06:50:12.592388 n-d-808143-2 neutron-server[101113]: DEBUG neutron.plugins.ml2.drivers.mech_agent [req-33b7e319-f81e-493a-b3c6-1b86d9c4a0b8 req-b2770e95-3f68-47fd-8cd0-694f22586191 service neutron] Checking segment: {'id': '127fbce2-9294-4ae3-8ca0-d9fe835b80f9', 'network_type': 'vlan', 'physical_network': 'physnet1', 'segmentation_id': 68, 'network_id': 'f53cef42-aab7-4cd6-902a-ac098403c3ec'} for mappings: {'physnet1$': 'br-data'} with network types: ['local', 'flat', 'vlan'] {{(pid=101113) check_segment_for_agent /opt/stack/neutron/neutron/plugins/ml2/drivers/mech_agent.py:352}}
Sep 10 06:50:12.592966 n-d-808143-2 neutron-server[101113]: DEBUG neutron.plugins.ml2.drivers.mech_agent [req-33b7e319-f81e-493a-b3c6-1b86d9c4a0b8 req-b2770e95-3f68-47fd-8cd0-694f22586191 service neutron] Bound using segment: {'id': '127fbce2-9294-4ae3-8ca0-d9fe835b80f9', 'network_type': 'vlan', 'physical_network': 'physnet1', 'segmentation_id': 68, 'network_id': 'f53cef42-aab7-4cd6-902a-ac098403c3ec'} {{(pid=101113) bind_port /opt/stack/neutron/neutron/plugins/ml2/drivers/mech_agent.py:114}}
Sep 10 06:50:12.593754 n-d-808143-2 neutron-server[101113]: DEBUG neutron.plugins.ml2.managers [req-33b7e319-f81e-493a-b3c6-1b86d9c4a0b8 req-b2770e95-3f68-47fd-8cd0-694f22586191 service neutron] Bound port: eed3ffd9-0749-4065-9cc8-0cbeb823068c, host: n-h1-808143-2, vif_type: hyperv, vif_details: {"connectivity": "legacy", "port_filter": false}, binding_levels: [{'bound_driver': 'hyperv', 'bound_segment': {'id': '127fbce2-9294-4ae3-8ca0-d9fe835b80f9', 'network_type': 'vlan', 'physical_network': 'physnet1', 'segmentation_id': 68, 'network_id': 'f53cef42-aab7-4cd6-902a-ac098403c3ec'}}] {{(pid=101113) _bind_port_level /opt/stack/neutron/neutron/plugins/ml2/managers.py:928}}
Sep 10 06:50:12.593876 n-d-808143-2 neutron-server[101113]: DEBUG neutron_lib.callbacks.manager [req-33b7e319-f81e-493a-b3c6-1b86d9c4a0b8 req-b2770e95-3f68-47fd-8cd0-694f22586191 service neutron] Notify callbacks ['neutron.plugins.ml2.plugin.SecurityGroupDbMixin._ensure_default_security_group_handler-945751'] for port, before_update {{(pid=101113) _notify_loop /usr/local/lib/python3.8/dist-packages/neutron_lib/callbacks/manager.py:192}}
Sep 10 06:50:12.598919 n-d-808143-2 neutron-server[101114]: DEBUG neutron.db.provisioning_blocks [None req-d8b1c07e-b158-4aa1-b1c6-d7c772231bad None None] Transition to ACTIVE for port object 5eed99f2-26d7-419a-a98d-f2f11b6fde55 will not be triggered until provisioned by entity DHCP. {{(pid=101114) add_provisioning_component /opt/stack/neutron/neutron/db/provisioning_blocks.py:73}}
Sep 10 06:50:12.636819 n-d-808143-2 neutron-server[101114]: DEBUG neutron_lib.callbacks.manager [None req-d8b1c07e-b158-4aa1-b1c6-d7c772231bad None None] Notify callbacks ['neutron.plugins.ml2.plugin.SecurityGroupServerNotifierRpcMixin._notify_sg_on_port_change-945688', 'neutron.plugins.ml2.ovo_rpc._ObjectChangeHandler.handle_event-35490', 'neutron.api.rpc.agentnotifiers.dhcp_rpc_agent_api.DhcpAgentNotifyAPI._native_event_send_dhcp_notification-7876922', 'neutron.db.l3_dvrscheduler_db._notify_l3_agent_new_port-8778690614236'] for port, after_create {{(pid=101114) _notify_loop /usr/local/lib/python3.8/dist-packages/neutron_lib/callbacks/manager.py:192}}
Sep 10 06:50:12.650516 n-d-808143-2 neutron-server[101112]: DEBUG neutron_lib.callbacks.manager [None req-f8b14b3e-d40e-4f67-933a-77b67f7f2bb6 admin admin] Notify callbacks [] for security_group, before_create {{(pid=101112) _notify_loop /usr/local/lib/python3.8/dist-packages/neutron_lib/callbacks/manager.py:192}}
Sep 10 06:50:12.834121 n-d-808143-2 neutron-server[101114]: DEBUG neutron.scheduler.dhcp_agent_scheduler [None req-d8b1c07e-b158-4aa1-b1c6-d7c772231bad None None] Network 2c941fcd-fe6c-4135-9150-5c03edb61406 is already hosted by enough agents. {{(pid=101114) _get_dhcp_agents_hosting_network /opt/stack/neutron/neutron/scheduler/dhcp_agent_scheduler.py:275}}
Sep 10 06:50:12.892952 n-d-808143-2 neutron-server[101113]: DEBUG neutron.plugins.ml2.db [req-33b7e319-f81e-493a-b3c6-1b86d9c4a0b8 req-b2770e95-3f68-47fd-8cd0-694f22586191 service neutron] For port eed3ffd9-0749-4065-9cc8-0cbeb823068c, host n-h1-808143-2, cleared binding levels {{(pid=101113) clear_binding_levels /opt/stack/neutron/neutron/plugins/ml2/db.py:87}}
Sep 10 06:50:12.917485 n-d-808143-2 neutron-server[101113]: DEBUG neutron.plugins.ml2.db [req-33b7e319-f81e-493a-b3c6-1b86d9c4a0b8 req-b2770e95-3f68-47fd-8cd0-694f22586191 service neutron] For port eed3ffd9-0749-4065-9cc8-0cbeb823068c, host n-h1-808143-2, set binding levels [PortBindingLevel(driver='hyperv',host='n-h1-808143-2',level=0,port_id=eed3ffd9-0749-4065-9cc8-0cbeb823068c,segment=NetworkSegment(127fbce2-9294-4ae3-8ca0-d9fe835b80f9),segment_id=127fbce2-9294-4ae3-8ca0-d9fe835b80f9)] {{(pid=101113) set_binding_levels /opt/stack/neutron/neutron/plugins/ml2/db.py:59}}
Sep 10 06:50:12.935285 n-d-808143-2 neutron-server[101113]: DEBUG neutron_lib.callbacks.manager [req-33b7e319-f81e-493a-b3c6-1b86d9c4a0b8 req-b2770e95-3f68-47fd-8cd0-694f22586191 service neutron] Notify callbacks ['neutron.plugins.ml2.plugin.SecurityGroupServerNotifierRpcMixin._notify_sg_on_port_change-945688', 'neutron.plugins.ml2.ovo_rpc._ObjectChangeHandler.handle_event-35490', 'neutron.api.rpc.agentnotifiers.dhcp_rpc_agent_api.DhcpAgentNotifyAPI._native_event_send_dhcp_notification-7876922', 'neutron.db.l3_db.L3RpcNotifierMixin._notify_gateway_port_ip_changed-8778691134998', 'neutron.db.l3_dvrscheduler_db._notify_l3_agent_port_update-8778690614254', 'neutron.db.l3_hascheduler_db._notify_l3_agent_ha_port_update-8778690615812'] for port, after_update {{(pid=101113) _notify_loop /usr/local/lib/python3.8/dist-packages/neutron_lib/callbacks/manager.py:192}}
Sep 10 06:50:12.955083 n-d-808143-2 neutron-server[101114]: DEBUG neutron.scheduler.base_scheduler [None req-d8b1c07e-b158-4aa1-b1c6-d7c772231bad None None] Resources bound (agent type, host, resource id): {{(pid=101114) schedule /opt/stack/neutron/neutron/scheduler/base_scheduler.py:57}}
Sep 10 06:50:12.960942 n-d-808143-2 neutron-server[101114]: DEBUG neutron.db.l3_dvrscheduler_db [None req-d8b1c07e-b158-4aa1-b1c6-d7c772231bad None None] Received port after_create {{(pid=101114) _notify_l3_agent_new_port /opt/stack/neutron/neutron/db/l3_dvrscheduler_db.py:535}}
Sep 10 06:50:12.964836 n-d-808143-2 neutron-server[101114]: DEBUG neutron.api.rpc.handlers.resources_rpc [None req-d8b1c07e-b158-4aa1-b1c6-d7c772231bad None None] Pushing event updated for resources: {'Port': ['ID=5eed99f2-26d7-419a-a98d-f2f11b6fde55,revision_number=1']} {{(pid=101114) push /opt/stack/neutron/neutron/api/rpc/handlers/resources_rpc.py:237}}
Sep 10 06:50:13.005234 n-d-808143-2 neutron-server[101114]: DEBUG neutron.plugins.ml2.rpc [None req-c6fca32d-a83e-45a9-96bb-a5adef2beaaa None None] Device f34bc611-a6b8-46c6-a68f-cef6f11d2829 up at agent ovs-agent-n-d-808143-2 {{(pid=101114) update_device_up /opt/stack/neutron/neutron/plugins/ml2/rpc.py:296}}
Sep 10 06:50:13.036513 n-d-808143-2 neutron-server[101113]: DEBUG neutron.pecan_wsgi.hooks.policy_enforcement [req-33b7e319-f81e-493a-b3c6-1b86d9c4a0b8 req-b2770e95-3f68-47fd-8cd0-694f22586191 service neutron] Attributes excluded by policy engine: ['standard_attr_id'] {{(pid=101113) _exclude_attributes_by_policy /opt/stack/neutron/neutron/pecan_wsgi/hooks/policy_enforcement.py:255}}
Sep 10 06:50:13.038645 n-d-808143-2 neutron-server[101113]: DEBUG neutron_lib.callbacks.manager [req-33b7e319-f81e-493a-b3c6-1b86d9c4a0b8 req-b2770e95-3f68-47fd-8cd0-694f22586191 service neutron] Notify callbacks ['neutron.notifiers.nova.Notifier._send_nova_notification-21437', 'neutron.api.rpc.agentnotifiers.dhcp_rpc_agent_api.DhcpAgentNotifyAPI._send_dhcp_notification-7876904'] for port, before_response {{(pid=101113) _notify_loop /usr/local/lib/python3.8/dist-packages/neutron_lib/callbacks/manager.py:192}}
Sep 10 06:50:13.052762 n-d-808143-2 neutron-server[101113]: INFO neutron.wsgi [req-33b7e319-f81e-493a-b3c6-1b86d9c4a0b8 req-b2770e95-3f68-47fd-8cd0-694f22586191 service neutron] 10.222.0.35 "PUT /v2.0/ports/eed3ffd9-0749-4065-9cc8-0cbeb823068c HTTP/1.1" status: 200 len: 1095 time: 3.4475112
Sep 10 06:50:13.082401 n-d-808143-2 neutron-server[101113]: DEBUG neutron.notifiers.nova [-] Sending events: [{'name': 'network-changed', 'server_uuid': 'c6513e0f-341d-49b6-ad1c-229646ea96a2', 'tag': 'eed3ffd9-0749-4065-9cc8-0cbeb823068c'}] {{(pid=101113) send_events /opt/stack/neutron/neutron/notifiers/nova.py:262}}
Sep 10 06:50:13.323198 n-d-808143-2 neutron-server[101114]: DEBUG neutron.plugins.ml2.managers [None req-d8b1c07e-b158-4aa1-b1c6-d7c772231bad None None] Attempting to bind port 5eed99f2-26d7-419a-a98d-f2f11b6fde55 on host n-d-808143-2 for vnic_type normal with profile {{(pid=101114) bind_port /opt/stack/neutron/neutron/plugins/ml2/managers.py:790}}
Sep 10 06:50:13.324733 n-d-808143-2 neutron-server[101114]: DEBUG neutron.plugins.ml2.managers [None req-d8b1c07e-b158-4aa1-b1c6-d7c772231bad None None] Attempting to bind port 5eed99f2-26d7-419a-a98d-f2f11b6fde55 by drivers openvswitch,hyperv on host n-d-808143-2 at level 0 using segments [{'id': '334fcdbe-ca9d-4885-86be-b81f963dd04e', 'network_type': 'vlan', 'physical_network': 'physnet1', 'segmentation_id': 96, 'network_id': '2c941fcd-fe6c-4135-9150-5c03edb61406'}] {{(pid=101114) _bind_port_level /opt/stack/neutron/neutron/plugins/ml2/managers.py:815}}
Sep 10 06:50:13.326559 n-d-808143-2 neutron-server[101114]: DEBUG neutron.plugins.ml2.drivers.mech_agent [None req-d8b1c07e-b158-4aa1-b1c6-d7c772231bad None None] Attempting to bind port 5eed99f2-26d7-419a-a98d-f2f11b6fde55 on network 2c941fcd-fe6c-4135-9150-5c03edb61406 {{(pid=101114) bind_port /opt/stack/neutron/neutron/plugins/ml2/drivers/mech_agent.py:85}}
Sep 10 06:50:13.339096 n-d-808143-2 neutron-server[101114]: DEBUG neutron.db.provisioning_blocks [None req-c6fca32d-a83e-45a9-96bb-a5adef2beaaa None None] Provisioning for port f34bc611-a6b8-46c6-a68f-cef6f11d2829 completed by entity L2. {{(pid=101114) provisioning_complete /opt/stack/neutron/neutron/db/provisioning_blocks.py:133}}
Sep 10 06:50:13.380301 n-d-808143-2 neutron-server[101114]: DEBUG neutron.plugins.ml2.drivers.mech_agent [None req-d8b1c07e-b158-4aa1-b1c6-d7c772231bad None None] Checking agent: {'id': '26d47cd8-05a5-4cf6-ac55-0a12f006b930', 'agent_type': 'Open vSwitch agent', 'binary': 'neutron-openvswitch-agent', 'topic': 'N/A', 'host': 'n-d-808143-2', 'admin_state_up': True, 'created_at': datetime.datetime(2021, 9, 10, 6, 40, 19), 'started_at': datetime.datetime(2021, 9, 10, 6, 40, 49), 'heartbeat_timestamp': datetime.datetime(2021, 9, 10, 6, 49, 49), 'description': None, 'resources_synced': None, 'availability_zone': None, 'alive': True, 'configurations': {'arp_responder_enabled': False, 'baremetal_smartnic': False, 'bridge_mappings': {'physnet1': 'br-data'}, 'datapath_type': 'system', 'devices': 0, 'enable_distributed_routing': False, 'extensions': [], 'in_distributed_mode': False, 'integration_bridge': 'br-int', 'l2_population': False, 'log_agent_heartbeats': False, 'ovs_capabilities': {'datapath_types': ['netdev', 'system'], 'iface_types': ['erspan', 'geneve', 'gre', 'internal', 'ip6erspan', 'ip6gre', 'lisp', 'patch', 'stt', 'system', 'tap', 'vxlan']}, 'ovs_hybrid_plug': False, 'resource_provider_bandwidths': {}, 'resource_provider_hypervisors': {'br-data': 'n-d-808143-2'}, 'resource_provider_inventory_defaults': {'allocation_ratio': 1.0, 'min_unit': 1, 'step_size': 1, 'reserved': 0}, 'tunnel_types': [], 'tunneling_ip': None, 'vhostuser_socket_dir': '/var/run/openvswitch'}, 'resource_versions': {'AddressGroup': '1.2', 'ConntrackHelper': '1.0', 'Log': '1.0', 'Network': '1.1', 'Port': '1.7', 'PortForwarding': '1.2', 'QosPolicy': '1.9', 'SecurityGroup': '1.4', 'SecurityGroupRule': '1.2', 'SubPort': '1.0', 'Subnet': '1.1', 'Trunk': '1.1'}} {{(pid=101114) bind_port /opt/stack/neutron/neutron/plugins/ml2/drivers/mech_agent.py:104}}
Sep 10 06:50:13.386226 n-d-808143-2 neutron-server[101114]: DEBUG neutron.plugins.ml2.drivers.mech_agent [None req-d8b1c07e-b158-4aa1-b1c6-d7c772231bad None None] Checking segment: {'id': '334fcdbe-ca9d-4885-86be-b81f963dd04e', 'network_type': 'vlan', 'physical_network': 'physnet1', 'segmentation_id': 96, 'network_id': '2c941fcd-fe6c-4135-9150-5c03edb61406'} for mappings: {'physnet1': 'br-data'} with network types: ['local', 'flat', 'vlan'] {{(pid=101114) check_segment_for_agent /opt/stack/neutron/neutron/plugins/ml2/drivers/mech_agent.py:352}}
Sep 10 06:50:13.389609 n-d-808143-2 neutron-server[101114]: DEBUG neutron_lib.callbacks.manager [None req-d8b1c07e-b158-4aa1-b1c6-d7c772231bad None None] Notify callbacks [] for ovs_bridge_name, before_read {{(pid=101114) _notify_loop /usr/local/lib/python3.8/dist-packages/neutron_lib/callbacks/manager.py:192}}
Sep 10 06:50:13.390238 n-d-808143-2 neutron-server[101114]: DEBUG neutron.plugins.ml2.drivers.mech_agent [None req-d8b1c07e-b158-4aa1-b1c6-d7c772231bad None None] Bound using segment: {'id': '334fcdbe-ca9d-4885-86be-b81f963dd04e', 'network_type': 'vlan', 'physical_network': 'physnet1', 'segmentation_id': 96, 'network_id': '2c941fcd-fe6c-4135-9150-5c03edb61406'} {{(pid=101114) bind_port /opt/stack/neutron/neutron/plugins/ml2/drivers/mech_agent.py:114}}
Sep 10 06:50:13.398159 n-d-808143-2 neutron-server[101114]: DEBUG neutron.plugins.ml2.managers [None req-d8b1c07e-b158-4aa1-b1c6-d7c772231bad None None] Bound port: 5eed99f2-26d7-419a-a98d-f2f11b6fde55, host: n-d-808143-2, vif_type: ovs, vif_details: {"connectivity": "l2", "port_filter": true, "ovs_hybrid_plug": false, "datapath_type": "system", "bridge_name": "br-int"}, binding_levels: [{'bound_driver': 'openvswitch', 'bound_segment': {'id': '334fcdbe-ca9d-4885-86be-b81f963dd04e', 'network_type': 'vlan', 'physical_network': 'physnet1', 'segmentation_id': 96, 'network_id': '2c941fcd-fe6c-4135-9150-5c03edb61406'}}] {{(pid=101114) _bind_port_level /opt/stack/neutron/neutron/plugins/ml2/managers.py:928}}
Sep 10 06:50:13.403096 n-d-808143-2 neutron-server[101114]: DEBUG neutron_lib.callbacks.manager [None req-d8b1c07e-b158-4aa1-b1c6-d7c772231bad None None] Notify callbacks ['neutron.plugins.ml2.plugin.SecurityGroupDbMixin._ensure_default_security_group_handler-945751'] for port, before_update {{(pid=101114) _notify_loop /usr/local/lib/python3.8/dist-packages/neutron_lib/callbacks/manager.py:192}}
Sep 10 06:50:13.421246 n-d-808143-2 neutron-server[101114]: DEBUG neutron.db.provisioning_blocks [None req-c6fca32d-a83e-45a9-96bb-a5adef2beaaa None None] Provisioning complete for port f34bc611-a6b8-46c6-a68f-cef6f11d2829 triggered by entity L2. {{(pid=101114) provisioning_complete /opt/stack/neutron/neutron/db/provisioning_blocks.py:139}}
Sep 10 06:50:13.421619 n-d-808143-2 neutron-server[101114]: DEBUG neutron_lib.callbacks.manager [None req-c6fca32d-a83e-45a9-96bb-a5adef2beaaa None None] Notify callbacks ['neutron.plugins.ml2.plugin.Ml2Plugin._port_provisioned-1019299'] for port, provisioning_complete {{(pid=101114) _notify_loop /usr/local/lib/python3.8/dist-packages/neutron_lib/callbacks/manager.py:192}}
Sep 10 06:50:13.460023 n-d-808143-2 neutron-server[101112]: INFO neutron.wsgi [req-9d6a0c8d-2272-4faa-a953-accbd56053bf req-013463bf-fabc-4c50-8d71-067e45bb4d45 tempest-AggregatesAdminTestJSON-1119272148 tempest-AggregatesAdminTestJSON-1119272148-project] 10.222.0.23 "GET /v2.0/ports?device_id=9451eead-55d9-49c1-85c9-65beae9c8bf8 HTTP/1.1" status: 200 len: 210 time: 0.2267437
Sep 10 06:50:13.577738 n-d-808143-2 neutron-server[101113]: DEBUG neutron.pecan_wsgi.hooks.policy_enforcement [req-33b7e319-f81e-493a-b3c6-1b86d9c4a0b8 req-5c42ba31-c106-4115-8fbe-4ac66d7a5024 service neutron] Attributes excluded by policy engine: ['standard_attr_id'] {{(pid=101113) _exclude_attributes_by_policy /opt/stack/neutron/neutron/pecan_wsgi/hooks/policy_enforcement.py:255}}
Sep 10 06:50:13.608322 n-d-808143-2 neutron-server[101113]: INFO neutron.wsgi [req-33b7e319-f81e-493a-b3c6-1b86d9c4a0b8 req-5c42ba31-c106-4115-8fbe-4ac66d7a5024 service neutron] 10.222.0.35 "GET /v2.0/ports?tenant_id=aeb1df6dc04e405fa646dbb456140833&device_id=c6513e0f-341d-49b6-ad1c-229646ea96a2 HTTP/1.1" status: 200 len: 1098 time: 0.2865627
Sep 10 06:50:13.609531 n-d-808143-2 neutron-server[101113]: DEBUG neutron.api.rpc.handlers.resources_rpc [None req-b2770e95-3f68-47fd-8cd0-694f22586191 service neutron] Pushing event updated for resources: {'Port': ['ID=eed3ffd9-0749-4065-9cc8-0cbeb823068c,revision_number=3']} {{(pid=101113) push /opt/stack/neutron/neutron/api/rpc/handlers/resources_rpc.py:237}}
Sep 10 06:50:13.613488 n-d-808143-2 neutron-server[101112]: DEBUG neutron_lib.callbacks.manager [None req-f8b14b3e-d40e-4f67-933a-77b67f7f2bb6 admin admin] Notify callbacks [] for security_group, precommit_create {{(pid=101112) _notify_loop /usr/local/lib/python3.8/dist-packages/neutron_lib/callbacks/manager.py:192}}
Sep 10 06:50:13.628670 n-d-808143-2 neutron-server[101112]: DEBUG neutron_lib.callbacks.manager [None req-f8b14b3e-d40e-4f67-933a-77b67f7f2bb6 admin admin] Notify callbacks ['neutron.plugins.ml2.ovo_rpc._ObjectChangeHandler.handle_event-8333766'] for security_group, after_create {{(pid=101112) _notify_loop /usr/local/lib/python3.8/dist-packages/neutron_lib/callbacks/manager.py:192}}
Sep 10 06:50:13.665043 n-d-808143-2 neutron-server[101114]: DEBUG neutron.plugins.ml2.db [None req-d8b1c07e-b158-4aa1-b1c6-d7c772231bad None None] For port 5eed99f2-26d7-419a-a98d-f2f11b6fde55, host n-d-808143-2, cleared binding levels {{(pid=101114) clear_binding_levels /opt/stack/neutron/neutron/plugins/ml2/db.py:87}}
Sep 10 06:50:13.670577 n-d-808143-2 neutron-server[101114]: DEBUG neutron.plugins.ml2.db [None req-d8b1c07e-b158-4aa1-b1c6-d7c772231bad None None] For port 5eed99f2-26d7-419a-a98d-f2f11b6fde55, host n-d-808143-2, set binding levels [PortBindingLevel(driver='openvswitch',host='n-d-808143-2',level=0,port_id=5eed99f2-26d7-419a-a98d-f2f11b6fde55,segment=NetworkSegment(334fcdbe-ca9d-4885-86be-b81f963dd04e),segment_id=334fcdbe-ca9d-4885-86be-b81f963dd04e)] {{(pid=101114) set_binding_levels /opt/stack/neutron/neutron/plugins/ml2/db.py:59}}
Sep 10 06:50:13.708057 n-d-808143-2 neutron-server[101114]: DEBUG neutron_lib.callbacks.manager [None req-d8b1c07e-b158-4aa1-b1c6-d7c772231bad None None] Notify callbacks ['neutron.plugins.ml2.plugin.SecurityGroupServerNotifierRpcMixin._notify_sg_on_port_change-945688', 'neutron.plugins.ml2.ovo_rpc._ObjectChangeHandler.handle_event-35490', 'neutron.api.rpc.agentnotifiers.dhcp_rpc_agent_api.DhcpAgentNotifyAPI._native_event_send_dhcp_notification-7876922', 'neutron.db.l3_db.L3RpcNotifierMixin._notify_gateway_port_ip_changed-8778691134998', 'neutron.db.l3_dvrscheduler_db._notify_l3_agent_port_update-8778690614254', 'neutron.db.l3_hascheduler_db._notify_l3_agent_ha_port_update-8778690615812'] for port, after_update {{(pid=101114) _notify_loop /usr/local/lib/python3.8/dist-packages/neutron_lib/callbacks/manager.py:192}}
Sep 10 06:50:13.729428 n-d-808143-2 neutron-server[101112]: DEBUG neutron.api.rpc.handlers.resources_rpc [None req-f8b14b3e-d40e-4f67-933a-77b67f7f2bb6 admin admin] Pushing event updated for resources: {'SecurityGroup': ['ID=792e4ed9-4a49-4c6e-ba13-688f287e84a0,revision_number=1']} {{(pid=101112) push /opt/stack/neutron/neutron/api/rpc/handlers/resources_rpc.py:237}}
Sep 10 06:50:13.747967 n-d-808143-2 neutron-server[101113]: DEBUG novaclient.v2.client [-] REQ: curl -g -i --cacert "/opt/stack/data/ca-bundle.pem" -X POST http://10.222.0.23/compute/v2.1/os-server-external-events -H "Accept: application/json" -H "Content-Type: application/json" -H "User-Agent: python-novaclient" -H "X-Auth-Token: {SHA256}93742b24b4c73f7a25f241903d71113e97939039731f8883c0cebb9c4a4f229f" -H "X-OpenStack-Nova-API-Version: 2.1" -H "X-OpenStack-Request-ID: req-4ce75bbb-1a69-4a11-99b8-6b654dd36dfe" -d '{"events": [{"name": "network-changed", "server_uuid": "c6513e0f-341d-49b6-ad1c-229646ea96a2", "tag": "eed3ffd9-0749-4065-9cc8-0cbeb823068c"}]}' {{(pid=101113) _http_log_request /usr/local/lib/python3.8/dist-packages/keystoneauth1/session.py:519}}
Sep 10 06:50:13.837933 n-d-808143-2 neutron-server[101113]: INFO neutron.wsgi [req-33b7e319-f81e-493a-b3c6-1b86d9c4a0b8 req-e4454317-1417-40ef-967c-391f0fe2dee7 service neutron] 10.222.0.35 "GET /v2.0/floatingips?fixed_ip_address=192.168.233.21&port_id=eed3ffd9-0749-4065-9cc8-0cbeb823068c HTTP/1.1" status: 200 len: 217 time: 0.1932559
Sep 10 06:50:13.861363 n-d-808143-2 neutron-server[101114]: DEBUG neutron.api.rpc.handlers.resources_rpc [None req-d8b1c07e-b158-4aa1-b1c6-d7c772231bad None None] Pushing event updated for resources: {'Port': ['ID=5eed99f2-26d7-419a-a98d-f2f11b6fde55,revision_number=2']} {{(pid=101114) push /opt/stack/neutron/neutron/api/rpc/handlers/resources_rpc.py:237}}
Sep 10 06:50:13.876691 n-d-808143-2 neutron-server[101114]: DEBUG neutron_lib.callbacks.manager [None req-c6fca32d-a83e-45a9-96bb-a5adef2beaaa None None] Notify callbacks ['neutron.plugins.ml2.plugin.SecurityGroupDbMixin._ensure_default_security_group_handler-945751'] for port, before_update {{(pid=101114) _notify_loop /usr/local/lib/python3.8/dist-packages/neutron_lib/callbacks/manager.py:192}}
Sep 10 06:50:13.879796 n-d-808143-2 neutron-server[101112]: DEBUG neutron_lib.callbacks.manager [None req-c5e13335-cf6c-4a97-8f41-ba96d023a137 admin admin] Notify callbacks [] for router_gateway, before_create {{(pid=101112) _notify_loop /usr/local/lib/python3.8/dist-packages/neutron_lib/callbacks/manager.py:192}}
Sep 10 06:50:13.950543 n-d-808143-2 neutron-server[101112]: INFO neutron.wsgi [None req-f8b14b3e-d40e-4f67-933a-77b67f7f2bb6 admin admin] 10.222.0.23 "GET /v2.0/security-groups?tenant_id=1d0ab7b1163f4caf8ad9e56f94c3aaa1&name=default HTTP/1.1" status: 200 len: 2975 time: 1.3592937
Sep 10 06:50:13.959120 n-d-808143-2 neutron-server[101112]: DEBUG neutron.wsgi [-] (101112) accepted ('10.222.0.23', 51746) {{(pid=101112) server /usr/local/lib/python3.8/dist-packages/eventlet/wsgi.py:982}}
Sep 10 06:50:13.981535 n-d-808143-2 neutron-server[101113]: DEBUG neutron.pecan_wsgi.hooks.quota_enforcement [req-91ca97c5-74c6-43b5-9025-4a5cc751637b req-e0552e94-e62f-4745-81c0-8be795bae78c tempest-AggregatesAdminTestJSON-1119272148 tempest-AggregatesAdminTestJSON-1119272148-project] Made reservation on behalf of cee8e1bb2fca401e819be30bb479d2be for: {'port': 1} {{(pid=101113) before /opt/stack/neutron/neutron/pecan_wsgi/hooks/quota_enforcement.py:53}}
Sep 10 06:50:13.990236 n-d-808143-2 neutron-server[101112]: DEBUG neutron_lib.callbacks.manager [None req-c5e13335-cf6c-4a97-8f41-ba96d023a137 admin admin] Notify callbacks ['neutron.plugins.ml2.plugin.SecurityGroupDbMixin._ensure_default_security_group_handler-945751'] for port, before_create {{(pid=101112) _notify_loop /usr/local/lib/python3.8/dist-packages/neutron_lib/callbacks/manager.py:192}}
Sep 10 06:50:13.994908 n-d-808143-2 neutron-server[101113]: DEBUG neutron_lib.callbacks.manager [req-91ca97c5-74c6-43b5-9025-4a5cc751637b req-e0552e94-e62f-4745-81c0-8be795bae78c tempest-AggregatesAdminTestJSON-1119272148 tempest-AggregatesAdminTestJSON-1119272148-project] Notify callbacks ['neutron.plugins.ml2.plugin.SecurityGroupDbMixin._ensure_default_security_group_handler-945751'] for port, before_create {{(pid=101113) _notify_loop /usr/local/lib/python3.8/dist-packages/neutron_lib/callbacks/manager.py:192}}
Sep 10 06:50:14.018081 n-d-808143-2 neutron-server[101112]: DEBUG neutron.pecan_wsgi.hooks.policy_enforcement [req-20ebb72e-ca78-4fdf-af9e-0d573884fc89 req-975dcee7-e330-4eb8-be52-63b9f4125fff tempest-DeleteServersAdminTestJSON-785787050 tempest-DeleteServersAdminTestJSON-785787050-project] Attributes excluded by policy engine: ['standard_attr_id', 'binding:profile', 'binding:host_id', 'binding:vif_type', 'binding:vif_details'] {{(pid=101112) _exclude_attributes_by_policy /opt/stack/neutron/neutron/pecan_wsgi/hooks/policy_enforcement.py:255}}
Sep 10 06:50:14.021345 n-d-808143-2 neutron-server[101112]: INFO neutron.wsgi [req-20ebb72e-ca78-4fdf-af9e-0d573884fc89 req-975dcee7-e330-4eb8-be52-63b9f4125fff tempest-DeleteServersAdminTestJSON-785787050 tempest-DeleteServersAdminTestJSON-785787050-project] 10.222.0.23 "GET /v2.0/ports?device_id=c6513e0f-341d-49b6-ad1c-229646ea96a2 HTTP/1.1" status: 200 len: 947 time: 0.3100250
Sep 10 06:50:14.045933 n-d-808143-2 neutron-server[101114]: DEBUG neutron.plugins.ml2.db [None req-c6fca32d-a83e-45a9-96bb-a5adef2beaaa None None] For port f34bc611-a6b8-46c6-a68f-cef6f11d2829, host n-d-808143-2, got binding levels [PortBindingLevel(driver='openvswitch',host='n-d-808143-2',level=0,port_id=f34bc611-a6b8-46c6-a68f-cef6f11d2829,segment=NetworkSegment(27e014fa-8084-4d57-a9f9-075c22ae16f3),segment_id=27e014fa-8084-4d57-a9f9-075c22ae16f3)] {{(pid=101114) get_binding_level_objs /opt/stack/neutron/neutron/plugins/ml2/db.py:74}}
Sep 10 06:50:14.054647 n-d-808143-2 neutron-server[101114]: DEBUG neutron_lib.callbacks.manager [None req-c6fca32d-a83e-45a9-96bb-a5adef2beaaa None None] Notify callbacks ['neutron.plugins.ml2.plugin.SecurityGroupServerNotifierRpcMixin._notify_sg_on_port_change-945688', 'neutron.plugins.ml2.ovo_rpc._ObjectChangeHandler.handle_event-35490', 'neutron.api.rpc.agentnotifiers.dhcp_rpc_agent_api.DhcpAgentNotifyAPI._native_event_send_dhcp_notification-7876922', 'neutron.db.l3_db.L3RpcNotifierMixin._notify_gateway_port_ip_changed-8778691134998', 'neutron.db.l3_dvrscheduler_db._notify_l3_agent_port_update-8778690614254', 'neutron.db.l3_hascheduler_db._notify_l3_agent_ha_port_update-8778690615812'] for port, after_update {{(pid=101114) _notify_loop /usr/local/lib/python3.8/dist-packages/neutron_lib/callbacks/manager.py:192}}
Sep 10 06:50:14.076420 n-d-808143-2 neutron-server[101113]: DEBUG neutron_lib.callbacks.manager [req-91ca97c5-74c6-43b5-9025-4a5cc751637b req-e0552e94-e62f-4745-81c0-8be795bae78c tempest-AggregatesAdminTestJSON-1119272148 tempest-AggregatesAdminTestJSON-1119272148-project] Notify callbacks [] for security_group, before_create {{(pid=101113) _notify_loop /usr/local/lib/python3.8/dist-packages/neutron_lib/callbacks/manager.py:192}}
Sep 10 06:50:14.111430 n-d-808143-2 neutron-server[101113]: DEBUG neutron.pecan_wsgi.hooks.policy_enforcement [req-33b7e319-f81e-493a-b3c6-1b86d9c4a0b8 req-bc721ef8-50ba-4502-aaa3-ecc942286e43 service neutron] Attributes excluded by policy engine: ['standard_attr_id', 'shared'] {{(pid=101113) _exclude_attributes_by_policy /opt/stack/neutron/neutron/pecan_wsgi/hooks/policy_enforcement.py:255}}
Sep 10 06:50:14.121677 n-d-808143-2 neutron-server[101113]: INFO neutron.wsgi [req-33b7e319-f81e-493a-b3c6-1b86d9c4a0b8 req-bc721ef8-50ba-4502-aaa3-ecc942286e43 service neutron] 10.222.0.35 "GET /v2.0/subnets?id=c90bea13-6171-40f1-a410-5d4d00b10564 HTTP/1.1" status: 200 len: 843 time: 0.2529752
Sep 10 06:50:14.178272 n-d-808143-2 neutron-server[101114]: DEBUG neutron.api.rpc.handlers.resources_rpc [None req-c6fca32d-a83e-45a9-96bb-a5adef2beaaa None None] Pushing event updated for resources: {'Port': ['ID=f34bc611-a6b8-46c6-a68f-cef6f11d2829,revision_number=5']} {{(pid=101114) push /opt/stack/neutron/neutron/api/rpc/handlers/resources_rpc.py:237}}
Sep 10 06:50:14.208836 n-d-808143-2 neutron-server[101112]: INFO neutron.wsgi [req-20ebb72e-ca78-4fdf-af9e-0d573884fc89 req-358b4000-daf5-4b8f-bc2c-fbe05bb257c8 tempest-DeleteServersAdminTestJSON-785787050 tempest-DeleteServersAdminTestJSON-785787050-project] 10.222.0.23 "GET /v2.0/security-groups?id=cb85fb84-7d19-452c-8a56-84f28d734580&fields=id&fields=name HTTP/1.1" status: 200 len: 286 time: 0.1668899
Sep 10 06:50:14.255464 n-d-808143-2 neutron-server[101112]: DEBUG neutron_lib.callbacks.manager [None req-81976188-b516-4ba1-8204-a3c2d2a62efa admin admin] Notify callbacks [] for security_group, before_delete {{(pid=101112) _notify_loop /usr/local/lib/python3.8/dist-packages/neutron_lib/callbacks/manager.py:192}}
Sep 10 06:50:14.346092 n-d-808143-2 neutron-server[101112]: DEBUG neutron_lib.callbacks.manager [None req-81976188-b516-4ba1-8204-a3c2d2a62efa admin admin] Notify callbacks [] for security_group, precommit_delete {{(pid=101112) _notify_loop /usr/local/lib/python3.8/dist-packages/neutron_lib/callbacks/manager.py:192}}
Sep 10 06:50:14.383746 n-d-808143-2 neutron-server[101112]: DEBUG neutron.db.db_base_plugin_common [None req-c5e13335-cf6c-4a97-8f41-ba96d023a137 admin admin] Allocated IP 172.25.8.106 (e54659a9-0c38-4061-a67f-5dc234a3a0d7/8eb2317c-0a7e-4084-8540-5bcfee8982db/d6f6c70d-1966-48d8-bd6f-b7f88ddf2c96) {{(pid=101112) _store_ip_allocation /opt/stack/neutron/neutron/db/db_base_plugin_common.py:131}}
Sep 10 06:50:14.400608 n-d-808143-2 neutron-server[101113]: DEBUG neutron.pecan_wsgi.hooks.policy_enforcement [req-33b7e319-f81e-493a-b3c6-1b86d9c4a0b8 req-3b6c5aad-a3a0-4046-8363-4f3bcb73bed6 service neutron] Attributes excluded by policy engine: ['standard_attr_id'] {{(pid=101113) _exclude_attributes_by_policy /opt/stack/neutron/neutron/pecan_wsgi/hooks/policy_enforcement.py:255}}
Sep 10 06:50:14.402629 n-d-808143-2 neutron-server[101113]: INFO neutron.wsgi [req-33b7e319-f81e-493a-b3c6-1b86d9c4a0b8 req-3b6c5aad-a3a0-4046-8363-4f3bcb73bed6 service neutron] 10.222.0.35 "GET /v2.0/ports?network_id=f53cef42-aab7-4cd6-902a-ac098403c3ec&device_owner=network%3Adhcp HTTP/1.1" status: 200 len: 1166 time: 0.2644863
Sep 10 06:50:14.554282 n-d-808143-2 neutron-server[101113]: DEBUG neutron_lib.callbacks.manager [req-91ca97c5-74c6-43b5-9025-4a5cc751637b req-e0552e94-e62f-4745-81c0-8be795bae78c tempest-AggregatesAdminTestJSON-1119272148 tempest-AggregatesAdminTestJSON-1119272148-project] Notify callbacks [] for security_group, precommit_create {{(pid=101113) _notify_loop /usr/local/lib/python3.8/dist-packages/neutron_lib/callbacks/manager.py:192}}
Sep 10 06:50:14.562567 n-d-808143-2 neutron-server[101113]: DEBUG neutron_lib.callbacks.manager [req-91ca97c5-74c6-43b5-9025-4a5cc751637b req-e0552e94-e62f-4745-81c0-8be795bae78c tempest-AggregatesAdminTestJSON-1119272148 tempest-AggregatesAdminTestJSON-1119272148-project] Notify callbacks ['neutron.plugins.ml2.ovo_rpc._ObjectChangeHandler.handle_event-8333766'] for security_group, after_create {{(pid=101113) _notify_loop /usr/local/lib/python3.8/dist-packages/neutron_lib/callbacks/manager.py:192}}
Sep 10 06:50:14.630364 n-d-808143-2 neutron-server[101113]: INFO neutron.wsgi [req-33b7e319-f81e-493a-b3c6-1b86d9c4a0b8 req-807309d9-4e0d-4d39-b3b1-bdd7bd761f68 service neutron] 10.222.0.35 "GET /v2.0/networks/f53cef42-aab7-4cd6-902a-ac098403c3ec?fields=segments HTTP/1.1" status: 200 len: 212 time: 0.2192855
Sep 10 06:50:14.642997 n-d-808143-2 neutron-server[101112]: DEBUG neutron_lib.callbacks.manager [None req-81976188-b516-4ba1-8204-a3c2d2a62efa admin admin] Notify callbacks ['neutron.plugins.ml2.ovo_rpc._ObjectChangeHandler.handle_event-8333766'] for security_group, after_delete {{(pid=101112) _notify_loop /usr/local/lib/python3.8/dist-packages/neutron_lib/callbacks/manager.py:192}}
Sep 10 06:50:14.653391 n-d-808143-2 neutron-server[101112]: DEBUG neutron_lib.callbacks.manager [None req-81976188-b516-4ba1-8204-a3c2d2a62efa admin admin] Notify callbacks [] for security_group, before_response {{(pid=101112) _notify_loop /usr/local/lib/python3.8/dist-packages/neutron_lib/callbacks/manager.py:192}}
Sep 10 06:50:14.661171 n-d-808143-2 neutron-server[101112]: INFO neutron.wsgi [None req-81976188-b516-4ba1-8204-a3c2d2a62efa admin admin] 10.222.0.23 "DELETE /v2.0/security-groups/792e4ed9-4a49-4c6e-ba13-688f287e84a0 HTTP/1.1" status: 204 len: 168 time: 0.7004497
Sep 10 06:50:14.718053 n-d-808143-2 neutron-server[101112]: DEBUG neutron.api.rpc.handlers.resources_rpc [None req-81976188-b516-4ba1-8204-a3c2d2a62efa admin admin] Pushing event deleted for resources: {'SecurityGroup': ['ID=792e4ed9-4a49-4c6e-ba13-688f287e84a0,revision_number=None']} {{(pid=101112) push /opt/stack/neutron/neutron/api/rpc/handlers/resources_rpc.py:237}}
Sep 10 06:50:14.737806 n-d-808143-2 neutron-server[101113]: DEBUG neutron.api.rpc.handlers.resources_rpc [None req-e0552e94-e62f-4745-81c0-8be795bae78c tempest-AggregatesAdminTestJSON-1119272148 tempest-AggregatesAdminTestJSON-1119272148-project] Pushing event updated for resources: {'SecurityGroup': ['ID=8649f1f2-fb6d-49dc-ae35-5adaecae28d1,revision_number=1']} {{(pid=101113) push /opt/stack/neutron/neutron/api/rpc/handlers/resources_rpc.py:237}}
Sep 10 06:50:14.768634 n-d-808143-2 neutron-server[101113]: DEBUG novaclient.v2.client [-] RESP: [200] Connection: close Content-Length: 179 Content-Type: application/json Date: Fri, 10 Sep 2021 06:50:13 GMT OpenStack-API-Version: compute 2.1 Server: Apache/2.4.41 (Ubuntu) Vary: OpenStack-API-Version,X-OpenStack-Nova-API-Version X-OpenStack-Nova-API-Version: 2.1 x-compute-request-id: req-1d449497-8fb4-4781-be93-5ea54ebcb1ad x-openstack-request-id: req-1d449497-8fb4-4781-be93-5ea54ebcb1ad {{(pid=101113) _http_log_response /usr/local/lib/python3.8/dist-packages/keystoneauth1/session.py:550}}
Sep 10 06:50:14.768901 n-d-808143-2 neutron-server[101113]: DEBUG novaclient.v2.client [-] RESP BODY: {"events": [{"name": "network-changed", "server_uuid": "c6513e0f-341d-49b6-ad1c-229646ea96a2", "tag": "eed3ffd9-0749-4065-9cc8-0cbeb823068c", "status": "completed", "code": 200}]} {{(pid=101113) _http_log_response /usr/local/lib/python3.8/dist-packages/keystoneauth1/session.py:582}}
Sep 10 06:50:14.773752 n-d-808143-2 neutron-server[101113]: DEBUG novaclient.v2.client [-] POST call to compute for http://10.222.0.23/compute/v2.1/os-server-external-events used request id req-1d449497-8fb4-4781-be93-5ea54ebcb1ad {{(pid=101113) request /usr/local/lib/python3.8/dist-packages/keystoneauth1/session.py:954}}
Sep 10 06:50:14.774223 n-d-808143-2 neutron-server[101113]: INFO neutron.notifiers.nova [-] Nova event response: {'name': 'network-changed', 'server_uuid': 'c6513e0f-341d-49b6-ad1c-229646ea96a2', 'tag': 'eed3ffd9-0749-4065-9cc8-0cbeb823068c', 'status': 'completed', 'code': 200}
Sep 10 06:50:14.830195 n-d-808143-2 neutron-server[101112]: DEBUG neutron_lib.callbacks.manager [None req-c5e13335-cf6c-4a97-8f41-ba96d023a137 admin admin] Notify callbacks [] for port, precommit_create {{(pid=101112) _notify_loop /usr/local/lib/python3.8/dist-packages/neutron_lib/callbacks/manager.py:192}}
Sep 10 06:50:14.941384 n-d-808143-2 neutron-server[101112]: INFO neutron.wsgi [req-60fa0dbe-ab1e-408c-8741-ade69b63b99a req-51a551f4-266e-48fa-b029-81e92caab24a tempest-AggregatesAdminTestJSON-1119272148 tempest-AggregatesAdminTestJSON-1119272148-project] 10.222.0.23 "GET /v2.0/ports?device_id=9451eead-55d9-49c1-85c9-65beae9c8bf8 HTTP/1.1" status: 200 len: 210 time: 0.0592968
Sep 10 06:50:14.959617 n-d-808143-2 neutron-server[101112]: DEBUG neutron_lib.callbacks.manager [None req-c5e13335-cf6c-4a97-8f41-ba96d023a137 admin admin] Notify callbacks ['neutron.plugins.ml2.plugin.SecurityGroupServerNotifierRpcMixin._notify_sg_on_port_change-945688', 'neutron.plugins.ml2.ovo_rpc._ObjectChangeHandler.handle_event-35490', 'neutron.api.rpc.agentnotifiers.dhcp_rpc_agent_api.DhcpAgentNotifyAPI._native_event_send_dhcp_notification-7876922', 'neutron.db.l3_dvrscheduler_db._notify_l3_agent_new_port-8778690614236'] for port, after_create {{(pid=101112) _notify_loop /usr/local/lib/python3.8/dist-packages/neutron_lib/callbacks/manager.py:192}}
Sep 10 06:50:14.999758 n-d-808143-2 neutron-server[101114]: DEBUG neutron.plugins.ml2.rpc [None req-c6fca32d-a83e-45a9-96bb-a5adef2beaaa None None] Device 5eed99f2-26d7-419a-a98d-f2f11b6fde55 up at agent ovs-agent-n-d-808143-2 {{(pid=101114) update_device_up /opt/stack/neutron/neutron/plugins/ml2/rpc.py:296}}
Sep 10 06:50:15.094213 n-d-808143-2 neutron-server[101114]: DEBUG neutron.db.provisioning_blocks [None req-c6fca32d-a83e-45a9-96bb-a5adef2beaaa None None] Provisioning for port 5eed99f2-26d7-419a-a98d-f2f11b6fde55 completed by entity L2. {{(pid=101114) provisioning_complete /opt/stack/neutron/neutron/db/provisioning_blocks.py:133}}
Sep 10 06:50:15.108049 n-d-808143-2 neutron-server[101114]: DEBUG neutron.plugins.ml2.rpc [None req-c6fca32d-a83e-45a9-96bb-a5adef2beaaa None None] Device f34bc611-a6b8-46c6-a68f-cef6f11d2829 up at agent ovs-agent-n-d-808143-2 {{(pid=101114) update_device_up /opt/stack/neutron/neutron/plugins/ml2/rpc.py:296}}
Sep 10 06:50:15.201765 n-d-808143-2 neutron-server[101113]: INFO neutron.wsgi [req-33b7e319-f81e-493a-b3c6-1b86d9c4a0b8 req-2b30af78-97fa-41aa-b592-6d1bb8486146 service neutron] 10.222.0.35 "GET /v2.0/networks/f53cef42-aab7-4cd6-902a-ac098403c3ec?fields=provider%3Aphysical_network&fields=provider%3Anetwork_type HTTP/1.1" status: 200 len: 281 time: 0.4972694
Sep 10 06:50:15.243370 n-d-808143-2 neutron-server[101114]: DEBUG neutron.db.provisioning_blocks [None req-c6fca32d-a83e-45a9-96bb-a5adef2beaaa None None] Provisioning complete for port f34bc611-a6b8-46c6-a68f-cef6f11d2829 triggered by entity L2. {{(pid=101114) provisioning_complete /opt/stack/neutron/neutron/db/provisioning_blocks.py:139}}
Sep 10 06:50:15.243758 n-d-808143-2 neutron-server[101114]: DEBUG neutron_lib.callbacks.manager [None req-c6fca32d-a83e-45a9-96bb-a5adef2beaaa None None] Notify callbacks ['neutron.plugins.ml2.plugin.Ml2Plugin._port_provisioned-1019299'] for port, provisioning_complete {{(pid=101114) _notify_loop /usr/local/lib/python3.8/dist-packages/neutron_lib/callbacks/manager.py:192}}
Sep 10 06:50:15.257914 n-d-808143-2 neutron-server[101112]: DEBUG neutron.scheduler.dhcp_agent_scheduler [None req-c5e13335-cf6c-4a97-8f41-ba96d023a137 admin admin] Network e54659a9-0c38-4061-a67f-5dc234a3a0d7 is already hosted by enough agents. {{(pid=101112) _get_dhcp_agents_hosting_network /opt/stack/neutron/neutron/scheduler/dhcp_agent_scheduler.py:275}}
Sep 10 06:50:15.269001 n-d-808143-2 neutron-server[101112]: DEBUG neutron.scheduler.base_scheduler [None req-c5e13335-cf6c-4a97-8f41-ba96d023a137 admin admin] Resources bound (agent type, host, resource id): {{(pid=101112) schedule /opt/stack/neutron/neutron/scheduler/base_scheduler.py:57}}
Sep 10 06:50:15.293999 n-d-808143-2 neutron-server[101112]: DEBUG neutron.db.l3_dvrscheduler_db [None req-c5e13335-cf6c-4a97-8f41-ba96d023a137 admin admin] Received port after_create {{(pid=101112) _notify_l3_agent_new_port /opt/stack/neutron/neutron/db/l3_dvrscheduler_db.py:535}}
Sep 10 06:50:15.452486 n-d-808143-2 neutron-server[101112]: DEBUG neutron.api.rpc.handlers.resources_rpc [None req-c5e13335-cf6c-4a97-8f41-ba96d023a137 admin admin] Pushing event updated for resources: {'Port': ['ID=d6f6c70d-1966-48d8-bd6f-b7f88ddf2c96,revision_number=1']} {{(pid=101112) push /opt/stack/neutron/neutron/api/rpc/handlers/resources_rpc.py:237}}
Sep 10 06:50:15.478403 n-d-808143-2 neutron-server[101114]: DEBUG neutron_lib.callbacks.manager [None req-7ce9ad93-16b9-4b45-9bc3-86fbbf87d451 None None] Notify callbacks ['neutron.services.segments.db._update_segment_host_mapping_for_agent-8778691160459', 'neutron.plugins.ml2.plugin.Ml2Plugin._retry_binding_revived_agents-1018446'] for agent, after_update {{(pid=101114) _notify_loop /usr/local/lib/python3.8/dist-packages/neutron_lib/callbacks/manager.py:192}}
Sep 10 06:50:15.488937 n-d-808143-2 neutron-server[101113]: DEBUG neutron.db.db_base_plugin_common [req-91ca97c5-74c6-43b5-9025-4a5cc751637b req-e0552e94-e62f-4745-81c0-8be795bae78c tempest-AggregatesAdminTestJSON-1119272148 tempest-AggregatesAdminTestJSON-1119272148-project] Allocated IP 192.168.233.182 (f53cef42-aab7-4cd6-902a-ac098403c3ec/c90bea13-6171-40f1-a410-5d4d00b10564/73d07c21-c351-45b0-a50b-2619ce91962d) {{(pid=101113) _store_ip_allocation /opt/stack/neutron/neutron/db/db_base_plugin_common.py:131}}
Sep 10 06:50:15.595981 n-d-808143-2 neutron-server[101114]: DEBUG neutron_lib.callbacks.manager [None req-fc84cb6c-bae0-4a29-8d33-8266352c9ee6 None None] Notify callbacks ['neutron.services.segments.db._update_segment_host_mapping_for_agent-8778691160459', 'neutron.plugins.ml2.plugin.Ml2Plugin._retry_binding_revived_agents-1018446'] for agent, after_update {{(pid=101114) _notify_loop /usr/local/lib/python3.8/dist-packages/neutron_lib/callbacks/manager.py:192}}
Sep 10 06:50:15.655443 n-d-808143-2 neutron-server[101113]: DEBUG neutron.pecan_wsgi.hooks.policy_enforcement [req-4ce75bbb-1a69-4a11-99b8-6b654dd36dfe req-f477453f-e4bc-4022-af0a-132102d6a9af service neutron] Attributes excluded by policy engine: ['standard_attr_id'] {{(pid=101113) _exclude_attributes_by_policy /opt/stack/neutron/neutron/pecan_wsgi/hooks/policy_enforcement.py:255}}
Sep 10 06:50:15.659499 n-d-808143-2 neutron-server[101113]: INFO neutron.wsgi [req-4ce75bbb-1a69-4a11-99b8-6b654dd36dfe req-f477453f-e4bc-4022-af0a-132102d6a9af service neutron] 10.222.0.35 "GET /v2.0/ports?tenant_id=aeb1df6dc04e405fa646dbb456140833&device_id=c6513e0f-341d-49b6-ad1c-229646ea96a2 HTTP/1.1" status: 200 len: 1098 time: 0.3315160
Sep 10 06:50:15.737942 n-d-808143-2 neutron-server[101114]: DEBUG neutron.api.rpc.handlers.dhcp_rpc [None req-092dc890-b48a-4787-9152-6e4a4d55b628 None None] Network 2c941fcd-fe6c-4135-9150-5c03edb61406 requested from n-d-808143-2 {{(pid=101114) get_network_info /opt/stack/neutron/neutron/api/rpc/handlers/dhcp_rpc.py:218}}
Sep 10 06:50:15.823269 n-d-808143-2 neutron-server[101112]: DEBUG neutron.pecan_wsgi.hooks.policy_enforcement [req-fe61a3da-16e5-4d9d-a899-f55b267dd463 req-54ec8789-6b17-4166-b413-4a8e2c2d3900 tempest-DeleteServersAdminTestJSON-785787050 tempest-DeleteServersAdminTestJSON-785787050-project] Attributes excluded by policy engine: ['standard_attr_id', 'binding:profile', 'binding:host_id', 'binding:vif_type', 'binding:vif_details'] {{(pid=101112) _exclude_attributes_by_policy /opt/stack/neutron/neutron/pecan_wsgi/hooks/policy_enforcement.py:255}}
Sep 10 06:50:15.833958 n-d-808143-2 neutron-server[101112]: INFO neutron.wsgi [req-fe61a3da-16e5-4d9d-a899-f55b267dd463 req-54ec8789-6b17-4166-b413-4a8e2c2d3900 tempest-DeleteServersAdminTestJSON-785787050 tempest-DeleteServersAdminTestJSON-785787050-project] 10.222.0.23 "GET /v2.0/ports?device_id=c6513e0f-341d-49b6-ad1c-229646ea96a2 HTTP/1.1" status: 200 len: 947 time: 0.4033537
Sep 10 06:50:15.916745 n-d-808143-2 neutron-server[101112]: INFO neutron.wsgi [req-fe61a3da-16e5-4d9d-a899-f55b267dd463 req-65787280-dc16-456c-a5c2-22d6847270e9 tempest-DeleteServersAdminTestJSON-785787050 tempest-DeleteServersAdminTestJSON-785787050-project] 10.222.0.23 "GET /v2.0/security-groups?id=cb85fb84-7d19-452c-8a56-84f28d734580&fields=id&fields=name HTTP/1.1" status: 200 len: 286 time: 0.0766191
Sep 10 06:50:15.919580 n-d-808143-2 neutron-server[101114]: DEBUG neutron.db.provisioning_blocks [None req-1e92dcdd-fb53-494a-be78-4b0e8362d14b None None] Provisioning for port 5eed99f2-26d7-419a-a98d-f2f11b6fde55 completed by entity DHCP. {{(pid=101114) provisioning_complete /opt/stack/neutron/neutron/db/provisioning_blocks.py:133}}
Sep 10 06:50:15.937225 n-d-808143-2 neutron-server[101114]: DEBUG neutron.db.provisioning_blocks [None req-1e92dcdd-fb53-494a-be78-4b0e8362d14b None None] Provisioning complete for port 5eed99f2-26d7-419a-a98d-f2f11b6fde55 triggered by entity DHCP. {{(pid=101114) provisioning_complete /opt/stack/neutron/neutron/db/provisioning_blocks.py:139}}
Sep 10 06:50:15.937427 n-d-808143-2 neutron-server[101114]: DEBUG neutron_lib.callbacks.manager [None req-1e92dcdd-fb53-494a-be78-4b0e8362d14b None None] Notify callbacks ['neutron.plugins.ml2.plugin.Ml2Plugin._port_provisioned-1019299'] for port, provisioning_complete {{(pid=101114) _notify_loop /usr/local/lib/python3.8/dist-packages/neutron_lib/callbacks/manager.py:192}}
Sep 10 06:50:16.036628 n-d-808143-2 neutron-server[101112]: DEBUG neutron_lib.callbacks.manager [None req-c5e13335-cf6c-4a97-8f41-ba96d023a137 admin admin] Notify callbacks [] for router_gateway, after_create {{(pid=101112) _notify_loop /usr/local/lib/python3.8/dist-packages/neutron_lib/callbacks/manager.py:192}}
Sep 10 06:50:16.182538 n-d-808143-2 neutron-server[101114]: DEBUG neutron_lib.callbacks.manager [None req-1e92dcdd-fb53-494a-be78-4b0e8362d14b None None] Notify callbacks ['neutron.plugins.ml2.plugin.SecurityGroupDbMixin._ensure_default_security_group_handler-945751'] for port, before_update {{(pid=101114) _notify_loop /usr/local/lib/python3.8/dist-packages/neutron_lib/callbacks/manager.py:192}}
Sep 10 06:50:16.212418 n-d-808143-2 neutron-server[101114]: DEBUG neutron_lib.callbacks.manager [None req-9c385d5b-fd1f-42d2-81af-df05b215ec0c None None] Notify callbacks ['neutron.services.segments.db._update_segment_host_mapping_for_agent-8778691160459', 'neutron.plugins.ml2.plugin.Ml2Plugin._retry_binding_revived_agents-1018446'] for agent, after_update {{(pid=101114) _notify_loop /usr/local/lib/python3.8/dist-packages/neutron_lib/callbacks/manager.py:192}}
Sep 10 06:50:16.288188 n-d-808143-2 neutron-server[101114]: DEBUG neutron.plugins.ml2.db [None req-1e92dcdd-fb53-494a-be78-4b0e8362d14b None None] For port 5eed99f2-26d7-419a-a98d-f2f11b6fde55, host n-d-808143-2, got binding levels [PortBindingLevel(driver='openvswitch',host='n-d-808143-2',level=0,port_id=5eed99f2-26d7-419a-a98d-f2f11b6fde55,segment=NetworkSegment(334fcdbe-ca9d-4885-86be-b81f963dd04e),segment_id=334fcdbe-ca9d-4885-86be-b81f963dd04e)] {{(pid=101114) get_binding_level_objs /opt/stack/neutron/neutron/plugins/ml2/db.py:74}}
Sep 10 06:50:16.293699 n-d-808143-2 neutron-server[101114]: DEBUG neutron_lib.callbacks.manager [None req-1e92dcdd-fb53-494a-be78-4b0e8362d14b None None] Notify callbacks ['neutron.plugins.ml2.plugin.SecurityGroupServerNotifierRpcMixin._notify_sg_on_port_change-945688', 'neutron.plugins.ml2.ovo_rpc._ObjectChangeHandler.handle_event-35490', 'neutron.api.rpc.agentnotifiers.dhcp_rpc_agent_api.DhcpAgentNotifyAPI._native_event_send_dhcp_notification-7876922', 'neutron.db.l3_db.L3RpcNotifierMixin._notify_gateway_port_ip_changed-8778691134998', 'neutron.db.l3_dvrscheduler_db._notify_l3_agent_port_update-8778690614254', 'neutron.db.l3_hascheduler_db._notify_l3_agent_ha_port_update-8778690615812'] for port, after_update {{(pid=101114) _notify_loop /usr/local/lib/python3.8/dist-packages/neutron_lib/callbacks/manager.py:192}}
Sep 10 06:50:16.410024 n-d-808143-2 neutron-server[101112]: INFO neutron.wsgi [req-2c9aafe1-c2a1-4a48-b131-aae8ea72b8c6 req-65130c07-be03-4902-ac11-b27949dffa69 tempest-AggregatesAdminTestJSON-1119272148 tempest-AggregatesAdminTestJSON-1119272148-project] 10.222.0.23 "GET /v2.0/ports?device_id=9451eead-55d9-49c1-85c9-65beae9c8bf8 HTTP/1.1" status: 200 len: 210 time: 0.1747749
Sep 10 06:50:16.422393 n-d-808143-2 neutron-server[101114]: DEBUG neutron.api.rpc.handlers.resources_rpc [None req-1e92dcdd-fb53-494a-be78-4b0e8362d14b None None] Pushing event updated for resources: {'Port': ['ID=5eed99f2-26d7-419a-a98d-f2f11b6fde55,revision_number=3']} {{(pid=101114) push /opt/stack/neutron/neutron/api/rpc/handlers/resources_rpc.py:237}}
Sep 10 06:50:16.546166 n-d-808143-2 neutron-server[101113]: DEBUG neutron.pecan_wsgi.hooks.policy_enforcement [req-4ce75bbb-1a69-4a11-99b8-6b654dd36dfe req-893764cd-02c5-4da6-865d-210a7319ca6c service neutron] Attributes excluded by policy engine: ['standard_attr_id', 'vlan_transparent'] {{(pid=101113) _exclude_attributes_by_policy /opt/stack/neutron/neutron/pecan_wsgi/hooks/policy_enforcement.py:255}}
Sep 10 06:50:16.547930 n-d-808143-2 neutron-server[101113]: INFO neutron.wsgi [req-4ce75bbb-1a69-4a11-99b8-6b654dd36dfe req-893764cd-02c5-4da6-865d-210a7319ca6c service neutron] 10.222.0.35 "GET /v2.0/networks?id=f53cef42-aab7-4cd6-902a-ac098403c3ec HTTP/1.1" status: 200 len: 869 time: 0.8618252
Sep 10 06:50:16.557407 n-d-808143-2 neutron-server[101113]: DEBUG neutron_lib.callbacks.manager [req-91ca97c5-74c6-43b5-9025-4a5cc751637b req-e0552e94-e62f-4745-81c0-8be795bae78c tempest-AggregatesAdminTestJSON-1119272148 tempest-AggregatesAdminTestJSON-1119272148-project] Notify callbacks [] for port, precommit_create {{(pid=101113) _notify_loop /usr/local/lib/python3.8/dist-packages/neutron_lib/callbacks/manager.py:192}}
Sep 10 06:50:16.699113 n-d-808143-2 neutron-server[101113]: INFO neutron.wsgi [req-4ce75bbb-1a69-4a11-99b8-6b654dd36dfe req-b84023d3-00bb-45f1-9f50-6fb8df6b086e service neutron] 10.222.0.35 "GET /v2.0/floatingips?fixed_ip_address=192.168.233.21&port_id=eed3ffd9-0749-4065-9cc8-0cbeb823068c HTTP/1.1" status: 200 len: 217 time: 0.1389995
Sep 10 06:50:16.735221 n-d-808143-2 neutron-server[101113]: DEBUG neutron.db.provisioning_blocks [req-91ca97c5-74c6-43b5-9025-4a5cc751637b req-e0552e94-e62f-4745-81c0-8be795bae78c tempest-AggregatesAdminTestJSON-1119272148 tempest-AggregatesAdminTestJSON-1119272148-project] Transition to ACTIVE for port object 73d07c21-c351-45b0-a50b-2619ce91962d will not be triggered until provisioned by entity DHCP. {{(pid=101113) add_provisioning_component /opt/stack/neutron/neutron/db/provisioning_blocks.py:73}}
Sep 10 06:50:16.794977 n-d-808143-2 neutron-server[101114]: DEBUG neutron.plugins.ml2.rpc [None req-c6fca32d-a83e-45a9-96bb-a5adef2beaaa None None] Device 5eed99f2-26d7-419a-a98d-f2f11b6fde55 up at agent ovs-agent-n-d-808143-2 {{(pid=101114) update_device_up /opt/stack/neutron/neutron/plugins/ml2/rpc.py:296}}
Sep 10 06:50:16.923524 n-d-808143-2 neutron-server[101113]: DEBUG neutron.pecan_wsgi.hooks.policy_enforcement [req-4ce75bbb-1a69-4a11-99b8-6b654dd36dfe req-f8962f9f-88d5-442f-ba75-25f842ff2025 service neutron] Attributes excluded by policy engine: ['standard_attr_id', 'shared'] {{(pid=101113) _exclude_attributes_by_policy /opt/stack/neutron/neutron/pecan_wsgi/hooks/policy_enforcement.py:255}}
Sep 10 06:50:16.925756 n-d-808143-2 neutron-server[101113]: INFO neutron.wsgi [req-4ce75bbb-1a69-4a11-99b8-6b654dd36dfe req-f8962f9f-88d5-442f-ba75-25f842ff2025 service neutron] 10.222.0.35 "GET /v2.0/subnets?id=c90bea13-6171-40f1-a410-5d4d00b10564 HTTP/1.1" status: 200 len: 843 time: 0.2170165
