Sep 10 02:55:35.977079 n-d-808126-2 devstack@n-api.service[109611]: warnings.warn(msg)
Sep 10 02:55:35.980242 n-d-808126-2 devstack@n-api.service[109611]: DEBUG nova.objects.aggregate [None req-b6dbac10-f9fa-4e09-8673-0285913fc4ef tempest-AggregatesAdminNegativeTestJSON-1997078058 tempest-AggregatesAdminNegativeTestJSON-1997078058-project-admin] Generated uuid fdeaa819-9f86-4967-92bd-0460f71d0249 for aggregate {{(pid=109611) create /opt/stack/nova/nova/objects/aggregate.py:298}}
Sep 10 02:55:36.039576 n-d-808126-2 devstack@n-api.service[109611]: INFO nova.api.openstack.requestlog [None req-b6dbac10-f9fa-4e09-8673-0285913fc4ef tempest-AggregatesAdminNegativeTestJSON-1997078058 tempest-AggregatesAdminNegativeTestJSON-1997078058-project-admin] 10.222.0.23 "POST /compute/v2.1/os-aggregates" status: 200 len: 199 microversion: 2.1 time: 0.070738
Sep 10 02:55:36.040376 n-d-808126-2 devstack@n-api.service[109611]: [pid: 109611|app: 0|req: 142/265] 10.222.0.23 () {60 vars in 1164 bytes} [Fri Sep 10 02:55:35 2021] POST /compute/v2.1/os-aggregates => generated 199 bytes in 72 msecs (HTTP/1.1 200) 9 headers in 357 bytes (1 switches on core 0)
Sep 10 02:55:36.050804 n-d-808126-2 devstack@n-api.service[109611]: DEBUG nova.api.openstack.wsgi [None req-fa5996f7-caaa-4336-aa4e-f2360844ca7e tempest-AggregatesAdminNegativeTestJSON-1997078058 tempest-AggregatesAdminNegativeTestJSON-1997078058-project-admin] Action: 'action', calling method: >, body: {"add_host": {"host": "n-h2-808126-2"}} {{(pid=109611) _process_stack /opt/stack/nova/nova/api/openstack/wsgi.py:511}}
Sep 10 02:55:36.052732 n-d-808126-2 devstack@n-api.service[109611]: /usr/local/lib/python3.8/dist-packages/oslo_policy/policy.py:1064: UserWarning: Policy os_compute_api:os-aggregates:add_host failed scope check. The token used to make the request was project scoped but the policy requires ['system'] scope. This behavior may change in the future where using the intended scope is required
Sep 10 02:55:36.052732 n-d-808126-2 devstack@n-api.service[109611]: warnings.warn(msg)
Sep 10 02:55:36.104004 n-d-808126-2 devstack@n-api.service[109611]: DEBUG oslo_concurrency.lockutils [None req-fa5996f7-caaa-4336-aa4e-f2360844ca7e tempest-AggregatesAdminNegativeTestJSON-1997078058 tempest-AggregatesAdminNegativeTestJSON-1997078058-project-admin] Lock "9e596e75-57d7-40a6-ae10-9ffa1df118c0" acquired by "nova.context.set_target_cell..get_or_set_cached_cell_and_set_connections" :: waited 0.000s {{(pid=109611) inner /usr/local/lib/python3.8/dist-packages/oslo_concurrency/lockutils.py:355}}
Sep 10 02:55:36.112698 n-d-808126-2 devstack@n-api.service[109611]: DEBUG oslo_concurrency.lockutils [None req-fa5996f7-caaa-4336-aa4e-f2360844ca7e tempest-AggregatesAdminNegativeTestJSON-1997078058 tempest-AggregatesAdminNegativeTestJSON-1997078058-project-admin] Lock "9e596e75-57d7-40a6-ae10-9ffa1df118c0" released by "nova.context.set_target_cell..get_or_set_cached_cell_and_set_connections" :: held 0.001s {{(pid=109611) inner /usr/local/lib/python3.8/dist-packages/oslo_concurrency/lockutils.py:367}}
Sep 10 02:55:36.304166 n-d-808126-2 devstack@n-api.service[109610]: INFO nova.api.openstack.requestlog [None req-14ee6eb6-d22c-44e6-81b0-9011c520e230 tempest-AggregatesAdminTestJSON-1093697608 tempest-AggregatesAdminTestJSON-1093697608-project-admin] 10.222.0.23 "POST /compute/v2.1/os-aggregates" status: 200 len: 199 microversion: 2.1 time: 0.400541
Sep 10 02:55:36.311471 n-d-808126-2 devstack@n-api.service[109610]: [pid: 109610|app: 0|req: 124/266] 10.222.0.23 () {60 vars in 1164 bytes} [Fri Sep 10 02:55:35 2021] POST /compute/v2.1/os-aggregates => generated 199 bytes in 404 msecs (HTTP/1.1 200) 9 headers in 357 bytes (1 switches on core 0)
Sep 10 02:55:36.317706 n-d-808126-2 devstack@n-api.service[109610]: DEBUG nova.api.openstack.wsgi [None req-ebfd9f9e-dbd2-437f-8283-161bd7967e0d tempest-AggregatesAdminTestJSON-1093697608 tempest-AggregatesAdminTestJSON-1093697608-project-admin] Calling method '>' {{(pid=109610) _process_stack /opt/stack/nova/nova/api/openstack/wsgi.py:513}}
Sep 10 02:55:36.324189 n-d-808126-2 devstack@n-api.service[109610]: /usr/local/lib/python3.8/dist-packages/oslo_policy/policy.py:1064: UserWarning: Policy os_compute_api:os-aggregates:delete failed scope check. The token used to make the request was project scoped but the policy requires ['system'] scope. This behavior may change in the future where using the intended scope is required
Sep 10 02:55:36.324189 n-d-808126-2 devstack@n-api.service[109610]: warnings.warn(msg)
Sep 10 02:55:36.347150 n-d-808126-2 devstack@n-api.service[109611]: INFO nova.api.openstack.requestlog [None req-fa5996f7-caaa-4336-aa4e-f2360844ca7e tempest-AggregatesAdminNegativeTestJSON-1997078058 tempest-AggregatesAdminNegativeTestJSON-1997078058-project-admin] 10.222.0.23 "POST /compute/v2.1/os-aggregates/13/action" status: 200 len: 243 microversion: 2.1 time: 0.300473
Sep 10 02:55:36.355181 n-d-808126-2 devstack@n-api.service[109611]: [pid: 109611|app: 0|req: 143/267] 10.222.0.23 () {60 vars in 1194 bytes} [Fri Sep 10 02:55:36 2021] POST /compute/v2.1/os-aggregates/13/action => generated 243 bytes in 304 msecs (HTTP/1.1 200) 9 headers in 357 bytes (2 switches on core 0)
Sep 10 02:55:36.371023 n-d-808126-2 devstack@n-api.service[109611]: DEBUG nova.api.openstack.wsgi [None req-3856be36-f1e0-4977-954a-16f1f4aca3fc tempest-AggregatesAdminNegativeTestJSON-1165595003 tempest-AggregatesAdminNegativeTestJSON-1165595003-project] Action: 'action', calling method: >, body: {"remove_host": {"host": "n-h2-808126-2"}} {{(pid=109611) _process_stack /opt/stack/nova/nova/api/openstack/wsgi.py:511}}
Sep 10 02:55:36.375310 n-d-808126-2 devstack@n-api.service[109610]: INFO nova.api.openstack.requestlog [None req-ebfd9f9e-dbd2-437f-8283-161bd7967e0d tempest-AggregatesAdminTestJSON-1093697608 tempest-AggregatesAdminTestJSON-1093697608-project-admin] 10.222.0.23 "DELETE /compute/v2.1/os-aggregates/12" status: 200 len: 0 microversion: 2.1 time: 0.061509
Sep 10 02:55:36.375934 n-d-808126-2 devstack@n-api.service[109610]: [pid: 109610|app: 0|req: 125/268] 10.222.0.23 () {58 vars in 1155 bytes} [Fri Sep 10 02:55:36 2021] DELETE /compute/v2.1/os-aggregates/12 => generated 0 bytes in 64 msecs (HTTP/1.1 200) 9 headers in 355 bytes (2 switches on core 0)
Sep 10 02:55:36.386103 n-d-808126-2 devstack@n-api.service[109610]: DEBUG nova.api.openstack.wsgi [None req-221c7ab4-f4d8-4505-af84-849259a8e0f8 tempest-AggregatesAdminTestJSON-1093697608 tempest-AggregatesAdminTestJSON-1093697608-project-admin] Calling method '>' {{(pid=109610) _process_stack /opt/stack/nova/nova/api/openstack/wsgi.py:513}}
Sep 10 02:55:36.386846 n-d-808126-2 devstack@n-api.service[109610]: /usr/local/lib/python3.8/dist-packages/oslo_policy/policy.py:1064: UserWarning: Policy os_compute_api:os-aggregates:show failed scope check. The token used to make the request was project scoped but the policy requires ['system'] scope. This behavior may change in the future where using the intended scope is required
Sep 10 02:55:36.386846 n-d-808126-2 devstack@n-api.service[109610]: warnings.warn(msg)
Sep 10 02:55:36.392458 n-d-808126-2 devstack@n-api.service[109611]: /usr/local/lib/python3.8/dist-packages/oslo_policy/policy.py:1064: UserWarning: Policy os_compute_api:os-aggregates:remove_host failed scope check. The token used to make the request was project scoped but the policy requires ['system'] scope. This behavior may change in the future where using the intended scope is required
Sep 10 02:55:36.392458 n-d-808126-2 devstack@n-api.service[109611]: warnings.warn(msg)
Sep 10 02:55:36.397329 n-d-808126-2 devstack@n-api.service[109611]: DEBUG nova.policy [None req-3856be36-f1e0-4977-954a-16f1f4aca3fc tempest-AggregatesAdminNegativeTestJSON-1165595003 tempest-AggregatesAdminNegativeTestJSON-1165595003-project] Policy check for os_compute_api:os-aggregates:remove_host failed with credentials {'is_admin': False, 'user_id': 'a254b592b0bc4073a51255e6ab842401', 'user_domain_id': 'default', 'system_scope': None, 'domain_id': None, 'project_id': '05c70c1d61a64fc0ad79f8e5b9ae0c0e', 'project_domain_id': 'default', 'roles': ['reader', 'member'], 'is_admin_project': True, 'service_user_id': None, 'service_user_domain_id': None, 'service_project_id': None, 'service_project_domain_id': None, 'service_roles': []} {{(pid=109611) authorize /opt/stack/nova/nova/policy.py:199}}
Sep 10 02:55:36.400150 n-d-808126-2 devstack@n-api.service[109610]: INFO nova.api.openstack.wsgi [None req-221c7ab4-f4d8-4505-af84-849259a8e0f8 tempest-AggregatesAdminTestJSON-1093697608 tempest-AggregatesAdminTestJSON-1093697608-project-admin] HTTP exception thrown: Aggregate 12 could not be found.
Sep 10 02:55:36.400751 n-d-808126-2 devstack@n-api.service[109610]: DEBUG nova.api.openstack.wsgi [None req-221c7ab4-f4d8-4505-af84-849259a8e0f8 tempest-AggregatesAdminTestJSON-1093697608 tempest-AggregatesAdminTestJSON-1093697608-project-admin] Returning 404 to user: Aggregate 12 could not be found. {{(pid=109610) __call__ /opt/stack/nova/nova/api/openstack/wsgi.py:936}}
Sep 10 02:55:36.401110 n-d-808126-2 devstack@n-api.service[109611]: DEBUG nova.api.openstack.wsgi [None req-3856be36-f1e0-4977-954a-16f1f4aca3fc tempest-AggregatesAdminNegativeTestJSON-1165595003 tempest-AggregatesAdminNegativeTestJSON-1165595003-project] Returning 403 to user: Policy doesn't allow os_compute_api:os-aggregates:remove_host to be performed. {{(pid=109611) __call__ /opt/stack/nova/nova/api/openstack/wsgi.py:936}}
Sep 10 02:55:36.401588 n-d-808126-2 devstack@n-api.service[109610]: INFO nova.api.openstack.requestlog [None req-221c7ab4-f4d8-4505-af84-849259a8e0f8 tempest-AggregatesAdminTestJSON-1093697608 tempest-AggregatesAdminTestJSON-1093697608-project-admin] 10.222.0.23 "GET /compute/v2.1/os-aggregates/12" status: 404 len: 78 microversion: 2.1 time: 0.019185
Sep 10 02:55:36.402143 n-d-808126-2 devstack@n-api.service[109610]: [pid: 109610|app: 0|req: 126/269] 10.222.0.23 () {58 vars in 1152 bytes} [Fri Sep 10 02:55:36 2021] GET /compute/v2.1/os-aggregates/12 => generated 78 bytes in 20 msecs (HTTP/1.1 404) 9 headers in 378 bytes (1 switches on core 0)
Sep 10 02:55:36.404679 n-d-808126-2 devstack@n-api.service[109611]: INFO nova.api.openstack.requestlog [None req-3856be36-f1e0-4977-954a-16f1f4aca3fc tempest-AggregatesAdminNegativeTestJSON-1165595003 tempest-AggregatesAdminNegativeTestJSON-1165595003-project] 10.222.0.23 "POST /compute/v2.1/os-aggregates/13/action" status: 403 len: 121 microversion: 2.1 time: 0.048528
Sep 10 02:55:36.407381 n-d-808126-2 devstack@n-api.service[109611]: [pid: 109611|app: 0|req: 144/270] 10.222.0.23 () {60 vars in 1194 bytes} [Fri Sep 10 02:55:36 2021] POST /compute/v2.1/os-aggregates/13/action => generated 121 bytes in 52 msecs (HTTP/1.1 403) 9 headers in 379 bytes (1 switches on core 0)
Sep 10 02:55:36.412267 n-d-808126-2 devstack@n-api.service[109610]: DEBUG nova.api.openstack.wsgi [None req-a367169e-8ed2-4ded-95b5-32e099633299 tempest-AggregatesAdminTestJSON-1093697608 tempest-AggregatesAdminTestJSON-1093697608-project-admin] Calling method '>' {{(pid=109610) _process_stack /opt/stack/nova/nova/api/openstack/wsgi.py:513}}
Sep 10 02:55:36.413242 n-d-808126-2 devstack@n-api.service[109610]: /usr/local/lib/python3.8/dist-packages/oslo_policy/policy.py:1064: UserWarning: Policy os_compute_api:os-aggregates:delete failed scope check. The token used to make the request was project scoped but the policy requires ['system'] scope. This behavior may change in the future where using the intended scope is required
Sep 10 02:55:36.413242 n-d-808126-2 devstack@n-api.service[109610]: warnings.warn(msg)
Sep 10 02:55:36.429965 n-d-808126-2 devstack@n-api.service[109611]: DEBUG nova.api.openstack.wsgi [None req-b505785a-7f6c-455a-9c9c-78b7ebddb289 tempest-AggregatesAdminNegativeTestJSON-1997078058 tempest-AggregatesAdminNegativeTestJSON-1997078058-project-admin] Action: 'action', calling method: >, body: {"remove_host": {"host": "n-h2-808126-2"}} {{(pid=109611) _process_stack /opt/stack/nova/nova/api/openstack/wsgi.py:511}}
Sep 10 02:55:36.431954 n-d-808126-2 devstack@n-api.service[109610]: INFO nova.api.openstack.wsgi [None req-a367169e-8ed2-4ded-95b5-32e099633299 tempest-AggregatesAdminTestJSON-1093697608 tempest-AggregatesAdminTestJSON-1093697608-project-admin] HTTP exception thrown: Aggregate 12 could not be found.
Sep 10 02:55:36.432497 n-d-808126-2 devstack@n-api.service[109610]: DEBUG nova.api.openstack.wsgi [None req-a367169e-8ed2-4ded-95b5-32e099633299 tempest-AggregatesAdminTestJSON-1093697608 tempest-AggregatesAdminTestJSON-1093697608-project-admin] Returning 404 to user: Aggregate 12 could not be found. {{(pid=109610) __call__ /opt/stack/nova/nova/api/openstack/wsgi.py:936}}
Sep 10 02:55:36.433380 n-d-808126-2 devstack@n-api.service[109610]: INFO nova.api.openstack.requestlog [None req-a367169e-8ed2-4ded-95b5-32e099633299 tempest-AggregatesAdminTestJSON-1093697608 tempest-AggregatesAdminTestJSON-1093697608-project-admin] 10.222.0.23 "DELETE /compute/v2.1/os-aggregates/12" status: 404 len: 78 microversion: 2.1 time: 0.024997
Sep 10 02:55:36.433928 n-d-808126-2 devstack@n-api.service[109610]: [pid: 109610|app: 0|req: 127/271] 10.222.0.23 () {58 vars in 1155 bytes} [Fri Sep 10 02:55:36 2021] DELETE /compute/v2.1/os-aggregates/12 => generated 78 bytes in 26 msecs (HTTP/1.1 404) 9 headers in 378 bytes (1 switches on core 0)
Sep 10 02:55:36.447500 n-d-808126-2 devstack@n-api.service[109610]: DEBUG nova.api.openstack.wsgi [None req-26fff1a0-587b-46b4-aaad-230c672898ab tempest-AggregatesAdminTestJSON-1093697608 tempest-AggregatesAdminTestJSON-1093697608-project-admin] Action: 'create', calling method: >, body: {"aggregate": {"availability_zone": "tempest-test_az-29052363", "name": "tempest-test_aggregate-1654291091"}} {{(pid=109610) _process_stack /opt/stack/nova/nova/api/openstack/wsgi.py:511}}
Sep 10 02:55:36.460054 n-d-808126-2 devstack@n-api.service[109611]: DEBUG oslo_concurrency.lockutils [None req-b505785a-7f6c-455a-9c9c-78b7ebddb289 tempest-AggregatesAdminNegativeTestJSON-1997078058 tempest-AggregatesAdminNegativeTestJSON-1997078058-project-admin] Lock "9e596e75-57d7-40a6-ae10-9ffa1df118c0" acquired by "nova.context.set_target_cell..get_or_set_cached_cell_and_set_connections" :: waited 0.000s {{(pid=109611) inner /usr/local/lib/python3.8/dist-packages/oslo_concurrency/lockutils.py:355}}
Sep 10 02:55:36.466225 n-d-808126-2 devstack@n-api.service[109611]: DEBUG oslo_concurrency.lockutils [None req-b505785a-7f6c-455a-9c9c-78b7ebddb289 tempest-AggregatesAdminNegativeTestJSON-1997078058 tempest-AggregatesAdminNegativeTestJSON-1997078058-project-admin] Lock "9e596e75-57d7-40a6-ae10-9ffa1df118c0" released by "nova.context.set_target_cell..get_or_set_cached_cell_and_set_connections" :: held 0.001s {{(pid=109611) inner /usr/local/lib/python3.8/dist-packages/oslo_concurrency/lockutils.py:367}}
Sep 10 02:55:36.502233 n-d-808126-2 devstack@n-api.service[109610]: /usr/local/lib/python3.8/dist-packages/oslo_policy/policy.py:1064: UserWarning: Policy os_compute_api:os-aggregates:create failed scope check. The token used to make the request was project scoped but the policy requires ['system'] scope. This behavior may change in the future where using the intended scope is required
Sep 10 02:55:36.502233 n-d-808126-2 devstack@n-api.service[109610]: warnings.warn(msg)
Sep 10 02:55:36.503643 n-d-808126-2 devstack@n-api.service[109610]: DEBUG nova.objects.aggregate [None req-26fff1a0-587b-46b4-aaad-230c672898ab tempest-AggregatesAdminTestJSON-1093697608 tempest-AggregatesAdminTestJSON-1093697608-project-admin] Generated uuid c7c69fba-8ae2-439a-94f7-3b4b76fa9ce6 for aggregate {{(pid=109610) create /opt/stack/nova/nova/objects/aggregate.py:298}}
Sep 10 02:55:36.582843 n-d-808126-2 devstack@n-api.service[109610]: INFO nova.api.openstack.requestlog [None req-26fff1a0-587b-46b4-aaad-230c672898ab tempest-AggregatesAdminTestJSON-1093697608 tempest-AggregatesAdminTestJSON-1093697608-project-admin] 10.222.0.23 "POST /compute/v2.1/os-aggregates" status: 200 len: 221 microversion: 2.1 time: 0.140835
Sep 10 02:55:36.583968 n-d-808126-2 devstack@n-api.service[109610]: [pid: 109610|app: 0|req: 128/272] 10.222.0.23 () {60 vars in 1165 bytes} [Fri Sep 10 02:55:36 2021] POST /compute/v2.1/os-aggregates => generated 221 bytes in 143 msecs (HTTP/1.1 200) 9 headers in 357 bytes (2 switches on core 0)
Sep 10 02:55:36.596501 n-d-808126-2 devstack@n-api.service[109610]: DEBUG nova.api.openstack.wsgi [None req-61772c03-303f-4179-82af-78b3c317bdd8 tempest-AggregatesAdminTestJSON-1093697608 tempest-AggregatesAdminTestJSON-1093697608-project-admin] Calling method '>' {{(pid=109610) _process_stack /opt/stack/nova/nova/api/openstack/wsgi.py:513}}
Sep 10 02:55:36.599501 n-d-808126-2 devstack@n-api.service[109610]: /usr/local/lib/python3.8/dist-packages/oslo_policy/policy.py:1064: UserWarning: Policy os_compute_api:os-aggregates:delete failed scope check. The token used to make the request was project scoped but the policy requires ['system'] scope. This behavior may change in the future where using the intended scope is required
Sep 10 02:55:36.599501 n-d-808126-2 devstack@n-api.service[109610]: warnings.warn(msg)
Sep 10 02:55:36.674126 n-d-808126-2 devstack@n-api.service[109610]: INFO nova.api.openstack.requestlog [None req-61772c03-303f-4179-82af-78b3c317bdd8 tempest-AggregatesAdminTestJSON-1093697608 tempest-AggregatesAdminTestJSON-1093697608-project-admin] 10.222.0.23 "DELETE /compute/v2.1/os-aggregates/14" status: 200 len: 0 microversion: 2.1 time: 0.081244
Sep 10 02:55:36.675002 n-d-808126-2 devstack@n-api.service[109610]: [pid: 109610|app: 0|req: 129/273] 10.222.0.23 () {58 vars in 1155 bytes} [Fri Sep 10 02:55:36 2021] DELETE /compute/v2.1/os-aggregates/14 => generated 0 bytes in 86 msecs (HTTP/1.1 200) 9 headers in 355 bytes (2 switches on core 0)
Sep 10 02:55:36.688452 n-d-808126-2 devstack@n-api.service[109610]: DEBUG nova.api.openstack.wsgi [None req-640ea70b-f085-43eb-9fe8-92bdaac3bf2b tempest-AggregatesAdminTestJSON-1093697608 tempest-AggregatesAdminTestJSON-1093697608-project-admin] Calling method '>' {{(pid=109610) _process_stack /opt/stack/nova/nova/api/openstack/wsgi.py:513}}
Sep 10 02:55:36.695645 n-d-808126-2 devstack@n-api.service[109610]: /usr/local/lib/python3.8/dist-packages/oslo_policy/policy.py:1064: UserWarning: Policy os_compute_api:os-aggregates:show failed scope check. The token used to make the request was project scoped but the policy requires ['system'] scope. This behavior may change in the future where using the intended scope is required
Sep 10 02:55:36.695645 n-d-808126-2 devstack@n-api.service[109610]: warnings.warn(msg)
Sep 10 02:55:36.714197 n-d-808126-2 devstack@n-api.service[109611]: INFO nova.api.openstack.requestlog [None req-b505785a-7f6c-455a-9c9c-78b7ebddb289 tempest-AggregatesAdminNegativeTestJSON-1997078058 tempest-AggregatesAdminNegativeTestJSON-1997078058-project-admin] 10.222.0.23 "POST /compute/v2.1/os-aggregates/13/action" status: 200 len: 228 microversion: 2.1 time: 0.299215
Sep 10 02:55:36.715301 n-d-808126-2 devstack@n-api.service[109611]: [pid: 109611|app: 0|req: 145/274] 10.222.0.23 () {60 vars in 1194 bytes} [Fri Sep 10 02:55:36 2021] POST /compute/v2.1/os-aggregates/13/action => generated 228 bytes in 301 msecs (HTTP/1.1 200) 9 headers in 357 bytes (1 switches on core 0)
Sep 10 02:55:36.718449 n-d-808126-2 devstack@n-api.service[109610]: INFO nova.api.openstack.wsgi [None req-640ea70b-f085-43eb-9fe8-92bdaac3bf2b tempest-AggregatesAdminTestJSON-1093697608 tempest-AggregatesAdminTestJSON-1093697608-project-admin] HTTP exception thrown: Aggregate 14 could not be found.
Sep 10 02:55:36.719222 n-d-808126-2 devstack@n-api.service[109610]: DEBUG nova.api.openstack.wsgi [None req-640ea70b-f085-43eb-9fe8-92bdaac3bf2b tempest-AggregatesAdminTestJSON-1093697608 tempest-AggregatesAdminTestJSON-1093697608-project-admin] Returning 404 to user: Aggregate 14 could not be found. {{(pid=109610) __call__ /opt/stack/nova/nova/api/openstack/wsgi.py:936}}
Sep 10 02:55:36.722510 n-d-808126-2 devstack@n-api.service[109610]: INFO nova.api.openstack.requestlog [None req-640ea70b-f085-43eb-9fe8-92bdaac3bf2b tempest-AggregatesAdminTestJSON-1093697608 tempest-AggregatesAdminTestJSON-1093697608-project-admin] 10.222.0.23 "GET /compute/v2.1/os-aggregates/14" status: 404 len: 78 microversion: 2.1 time: 0.039548
Sep 10 02:55:36.723548 n-d-808126-2 devstack@n-api.service[109610]: [pid: 109610|app: 0|req: 130/275] 10.222.0.23 () {58 vars in 1152 bytes} [Fri Sep 10 02:55:36 2021] GET /compute/v2.1/os-aggregates/14 => generated 78 bytes in 41 msecs (HTTP/1.1 404) 9 headers in 378 bytes (1 switches on core 0)
Sep 10 02:55:36.727639 n-d-808126-2 devstack@n-api.service[109611]: DEBUG nova.api.openstack.wsgi [None req-7421360f-940a-4068-b03b-f92a08b4bbe1 tempest-AggregatesAdminNegativeTestJSON-1997078058 tempest-AggregatesAdminNegativeTestJSON-1997078058-project-admin] Calling method '>' {{(pid=109611) _process_stack /opt/stack/nova/nova/api/openstack/wsgi.py:513}}
Sep 10 02:55:36.734332 n-d-808126-2 devstack@n-api.service[109611]: /usr/local/lib/python3.8/dist-packages/oslo_policy/policy.py:1064: UserWarning: Policy os_compute_api:os-aggregates:delete failed scope check. The token used to make the request was project scoped but the policy requires ['system'] scope. This behavior may change in the future where using the intended scope is required
Sep 10 02:55:36.734332 n-d-808126-2 devstack@n-api.service[109611]: warnings.warn(msg)
Sep 10 02:55:36.748202 n-d-808126-2 devstack@n-api.service[109610]: DEBUG nova.api.openstack.wsgi [None req-6634f9c1-28a3-43f1-9bb3-8e69b790e43e tempest-AggregatesAdminTestJSON-1093697608 tempest-AggregatesAdminTestJSON-1093697608-project-admin] Calling method '>' {{(pid=109610) _process_stack /opt/stack/nova/nova/api/openstack/wsgi.py:513}}
Sep 10 02:55:36.753906 n-d-808126-2 devstack@n-api.service[109610]: /usr/local/lib/python3.8/dist-packages/oslo_policy/policy.py:1064: UserWarning: Policy os_compute_api:os-aggregates:delete failed scope check. The token used to make the request was project scoped but the policy requires ['system'] scope. This behavior may change in the future where using the intended scope is required
Sep 10 02:55:36.753906 n-d-808126-2 devstack@n-api.service[109610]: warnings.warn(msg)
Sep 10 02:55:36.783281 n-d-808126-2 devstack@n-api.service[109610]: INFO nova.api.openstack.wsgi [None req-6634f9c1-28a3-43f1-9bb3-8e69b790e43e tempest-AggregatesAdminTestJSON-1093697608 tempest-AggregatesAdminTestJSON-1093697608-project-admin] HTTP exception thrown: Aggregate 14 could not be found.
Sep 10 02:55:36.785629 n-d-808126-2 devstack@n-api.service[109610]: DEBUG nova.api.openstack.wsgi [None req-6634f9c1-28a3-43f1-9bb3-8e69b790e43e tempest-AggregatesAdminTestJSON-1093697608 tempest-AggregatesAdminTestJSON-1093697608-project-admin] Returning 404 to user: Aggregate 14 could not be found. {{(pid=109610) __call__ /opt/stack/nova/nova/api/openstack/wsgi.py:936}}
Sep 10 02:55:36.791222 n-d-808126-2 devstack@n-api.service[109610]: INFO nova.api.openstack.requestlog [None req-6634f9c1-28a3-43f1-9bb3-8e69b790e43e tempest-AggregatesAdminTestJSON-1093697608 tempest-AggregatesAdminTestJSON-1093697608-project-admin] 10.222.0.23 "DELETE /compute/v2.1/os-aggregates/14" status: 404 len: 78 microversion: 2.1 time: 0.059684
Sep 10 02:55:36.792506 n-d-808126-2 devstack@n-api.service[109610]: [pid: 109610|app: 0|req: 131/276] 10.222.0.23 () {58 vars in 1155 bytes} [Fri Sep 10 02:55:36 2021] DELETE /compute/v2.1/os-aggregates/14 => generated 78 bytes in 62 msecs (HTTP/1.1 404) 9 headers in 378 bytes (1 switches on core 0)
Sep 10 02:55:36.804193 n-d-808126-2 devstack@n-api.service[109610]: DEBUG nova.api.openstack.wsgi [None req-8ab127e4-28e5-44e8-8f83-3295856305a5 tempest-AggregatesAdminTestJSON-1093697608 tempest-AggregatesAdminTestJSON-1093697608-project-admin] Action: 'create', calling method: >, body: {"aggregate": {"name": "tempest-test_aggregate-927431902"}} {{(pid=109610) _process_stack /opt/stack/nova/nova/api/openstack/wsgi.py:511}}
Sep 10 02:55:36.807666 n-d-808126-2 devstack@n-api.service[109610]: /usr/local/lib/python3.8/dist-packages/oslo_policy/policy.py:1064: UserWarning: Policy os_compute_api:os-aggregates:create failed scope check. The token used to make the request was project scoped but the policy requires ['system'] scope. This behavior may change in the future where using the intended scope is required
Sep 10 02:55:36.807666 n-d-808126-2 devstack@n-api.service[109610]: warnings.warn(msg)
Sep 10 02:55:36.811704 n-d-808126-2 devstack@n-api.service[109611]: INFO nova.api.openstack.requestlog [None req-7421360f-940a-4068-b03b-f92a08b4bbe1 tempest-AggregatesAdminNegativeTestJSON-1997078058 tempest-AggregatesAdminNegativeTestJSON-1997078058-project-admin] 10.222.0.23 "DELETE /compute/v2.1/os-aggregates/13" status: 200 len: 0 microversion: 2.1 time: 0.090259
Sep 10 02:55:36.812528 n-d-808126-2 devstack@n-api.service[109611]: [pid: 109611|app: 0|req: 146/277] 10.222.0.23 () {58 vars in 1155 bytes} [Fri Sep 10 02:55:36 2021] DELETE /compute/v2.1/os-aggregates/13 => generated 0 bytes in 92 msecs (HTTP/1.1 200) 9 headers in 355 bytes (2 switches on core 0)
Sep 10 02:55:36.815935 n-d-808126-2 devstack@n-api.service[109610]: DEBUG nova.objects.aggregate [None req-8ab127e4-28e5-44e8-8f83-3295856305a5 tempest-AggregatesAdminTestJSON-1093697608 tempest-AggregatesAdminTestJSON-1093697608-project-admin] Generated uuid c7535324-7cfd-45ec-8ba3-5ce8ec595051 for aggregate {{(pid=109610) create /opt/stack/nova/nova/objects/aggregate.py:298}}
Sep 10 02:55:36.821656 n-d-808126-2 devstack@n-api.service[109611]: DEBUG nova.api.openstack.wsgi [None req-2d149d45-0b33-4c44-a0cc-d594f0118f11 tempest-AggregatesAdminNegativeTestJSON-1997078058 tempest-AggregatesAdminNegativeTestJSON-1997078058-project-admin] Action: 'create', calling method: >, body: {"aggregate": {"name": "tempest-test_aggregate-881986397"}} {{(pid=109611) _process_stack /opt/stack/nova/nova/api/openstack/wsgi.py:511}}
Sep 10 02:55:36.823194 n-d-808126-2 devstack@n-api.service[109611]: /usr/local/lib/python3.8/dist-packages/oslo_policy/policy.py:1064: UserWarning: Policy os_compute_api:os-aggregates:create failed scope check. The token used to make the request was project scoped but the policy requires ['system'] scope. This behavior may change in the future where using the intended scope is required
Sep 10 02:55:36.823194 n-d-808126-2 devstack@n-api.service[109611]: warnings.warn(msg)
Sep 10 02:55:36.830704 n-d-808126-2 devstack@n-api.service[109611]: DEBUG nova.objects.aggregate [None req-2d149d45-0b33-4c44-a0cc-d594f0118f11 tempest-AggregatesAdminNegativeTestJSON-1997078058 tempest-AggregatesAdminNegativeTestJSON-1997078058-project-admin] Generated uuid 9f1ce30e-8fbd-45fb-9cba-bef121e67225 for aggregate {{(pid=109611) create /opt/stack/nova/nova/objects/aggregate.py:298}}
Sep 10 02:55:36.888747 n-d-808126-2 devstack@n-api.service[109610]: INFO nova.api.openstack.requestlog [None req-8ab127e4-28e5-44e8-8f83-3295856305a5 tempest-AggregatesAdminTestJSON-1093697608 tempest-AggregatesAdminTestJSON-1093697608-project-admin] 10.222.0.23 "POST /compute/v2.1/os-aggregates" status: 200 len: 198 microversion: 2.1 time: 0.088042
Sep 10 02:55:36.889343 n-d-808126-2 devstack@n-api.service[109610]: [pid: 109610|app: 0|req: 132/278] 10.222.0.23 () {60 vars in 1164 bytes} [Fri Sep 10 02:55:36 2021] POST /compute/v2.1/os-aggregates => generated 198 bytes in 89 msecs (HTTP/1.1 200) 9 headers in 357 bytes (2 switches on core 0)
Sep 10 02:55:36.902032 n-d-808126-2 devstack@n-api.service[109610]: DEBUG nova.api.openstack.wsgi [None req-eaa7cee7-a631-4440-8a21-cd8e92b161c9 tempest-AggregatesAdminTestJSON-1093697608 tempest-AggregatesAdminTestJSON-1093697608-project-admin] Calling method '>' {{(pid=109610) _process_stack /opt/stack/nova/nova/api/openstack/wsgi.py:513}}
Sep 10 02:55:36.902820 n-d-808126-2 devstack@n-api.service[109610]: /usr/local/lib/python3.8/dist-packages/oslo_policy/policy.py:1064: UserWarning: Policy os_compute_api:os-aggregates:show failed scope check. The token used to make the request was project scoped but the policy requires ['system'] scope. This behavior may change in the future where using the intended scope is required
Sep 10 02:55:36.902820 n-d-808126-2 devstack@n-api.service[109610]: warnings.warn(msg)
Sep 10 02:55:36.908057 n-d-808126-2 devstack@n-api.service[109611]: INFO nova.api.openstack.requestlog [None req-2d149d45-0b33-4c44-a0cc-d594f0118f11 tempest-AggregatesAdminNegativeTestJSON-1997078058 tempest-AggregatesAdminNegativeTestJSON-1997078058-project-admin] 10.222.0.23 "POST /compute/v2.1/os-aggregates" status: 200 len: 198 microversion: 2.1 time: 0.089838
Sep 10 02:55:36.908860 n-d-808126-2 devstack@n-api.service[109611]: [pid: 109611|app: 0|req: 147/279] 10.222.0.23 () {60 vars in 1164 bytes} [Fri Sep 10 02:55:36 2021] POST /compute/v2.1/os-aggregates => generated 198 bytes in 91 msecs (HTTP/1.1 200) 9 headers in 357 bytes (2 switches on core 0)
Sep 10 02:55:36.925461 n-d-808126-2 devstack@n-api.service[109611]: DEBUG nova.api.openstack.wsgi [None req-64696e79-c878-4699-948e-5c238bfd9085 tempest-ServersWithSpecificFlavorTestJSON-998436443 tempest-ServersWithSpecificFlavorTestJSON-998436443-project] Calling method '>' {{(pid=109611) _process_stack /opt/stack/nova/nova/api/openstack/wsgi.py:513}}
Sep 10 02:55:36.926074 n-d-808126-2 devstack@n-api.service[109611]: DEBUG nova.compute.api [None req-64696e79-c878-4699-948e-5c238bfd9085 tempest-ServersWithSpecificFlavorTestJSON-998436443 tempest-ServersWithSpecificFlavorTestJSON-998436443-project] [instance: 8af05766-1d82-4208-9441-5a8a7a67645e] Fetching instance by UUID {{(pid=109611) get /opt/stack/nova/nova/compute/api.py:2863}}
Sep 10 02:55:36.933622 n-d-808126-2 devstack@n-api.service[109610]: INFO nova.api.openstack.requestlog [None req-eaa7cee7-a631-4440-8a21-cd8e92b161c9 tempest-AggregatesAdminTestJSON-1093697608 tempest-AggregatesAdminTestJSON-1093697608-project-admin] 10.222.0.23 "GET /compute/v2.1/os-aggregates/15" status: 200 len: 227 microversion: 2.1 time: 0.035160
Sep 10 02:55:36.934199 n-d-808126-2 devstack@n-api.service[109610]: [pid: 109610|app: 0|req: 133/280] 10.222.0.23 () {58 vars in 1152 bytes} [Fri Sep 10 02:55:36 2021] GET /compute/v2.1/os-aggregates/15 => generated 227 bytes in 39 msecs (HTTP/1.1 200) 9 headers in 357 bytes (2 switches on core 0)
Sep 10 02:55:36.947647 n-d-808126-2 devstack@n-api.service[109611]: DEBUG oslo_concurrency.lockutils [None req-64696e79-c878-4699-948e-5c238bfd9085 tempest-ServersWithSpecificFlavorTestJSON-998436443 tempest-ServersWithSpecificFlavorTestJSON-998436443-project] Lock "9e596e75-57d7-40a6-ae10-9ffa1df118c0" acquired by "nova.context.set_target_cell..get_or_set_cached_cell_and_set_connections" :: waited 0.000s {{(pid=109611) inner /usr/local/lib/python3.8/dist-packages/oslo_concurrency/lockutils.py:355}}
Sep 10 02:55:36.956919 n-d-808126-2 devstack@n-api.service[109611]: DEBUG oslo_concurrency.lockutils [None req-64696e79-c878-4699-948e-5c238bfd9085 tempest-ServersWithSpecificFlavorTestJSON-998436443 tempest-ServersWithSpecificFlavorTestJSON-998436443-project] Lock "9e596e75-57d7-40a6-ae10-9ffa1df118c0" released by "nova.context.set_target_cell..get_or_set_cached_cell_and_set_connections" :: held 0.001s {{(pid=109611) inner /usr/local/lib/python3.8/dist-packages/oslo_concurrency/lockutils.py:367}}
Sep 10 02:55:36.965450 n-d-808126-2 devstack@n-api.service[109611]: DEBUG oslo_concurrency.lockutils [None req-64696e79-c878-4699-948e-5c238bfd9085 tempest-ServersWithSpecificFlavorTestJSON-998436443 tempest-ServersWithSpecificFlavorTestJSON-998436443-project] Lock "9e596e75-57d7-40a6-ae10-9ffa1df118c0" acquired by "nova.context.set_target_cell..get_or_set_cached_cell_and_set_connections" :: waited 0.000s {{(pid=109611) inner /usr/local/lib/python3.8/dist-packages/oslo_concurrency/lockutils.py:355}}
Sep 10 02:55:36.968841 n-d-808126-2 devstack@n-api.service[109611]: DEBUG oslo_concurrency.lockutils [None req-64696e79-c878-4699-948e-5c238bfd9085 tempest-ServersWithSpecificFlavorTestJSON-998436443 tempest-ServersWithSpecificFlavorTestJSON-998436443-project] Lock "9e596e75-57d7-40a6-ae10-9ffa1df118c0" released by "nova.context.set_target_cell..get_or_set_cached_cell_and_set_connections" :: held 0.006s {{(pid=109611) inner /usr/local/lib/python3.8/dist-packages/oslo_concurrency/lockutils.py:367}}
Sep 10 02:55:36.973942 n-d-808126-2 devstack@n-api.service[109610]: DEBUG nova.api.openstack.wsgi [None req-93d56d11-df4c-4b4a-91b3-315511e1c6b1 tempest-AggregatesAdminNegativeTestJSON-1997078058 tempest-AggregatesAdminNegativeTestJSON-1997078058-project-admin] Action: 'action', calling method: >, body: {"remove_host": {"host": "nonexist_host"}} {{(pid=109610) _process_stack /opt/stack/nova/nova/api/openstack/wsgi.py:511}}
Sep 10 02:55:36.982926 n-d-808126-2 devstack@n-api.service[109610]: /usr/local/lib/python3.8/dist-packages/oslo_policy/policy.py:1064: UserWarning: Policy os_compute_api:os-aggregates:remove_host failed scope check. The token used to make the request was project scoped but the policy requires ['system'] scope. This behavior may change in the future where using the intended scope is required
Sep 10 02:55:36.982926 n-d-808126-2 devstack@n-api.service[109610]: warnings.warn(msg)
Sep 10 02:55:37.015116 n-d-808126-2 devstack@n-api.service[109610]: DEBUG oslo_concurrency.lockutils [None req-93d56d11-df4c-4b4a-91b3-315511e1c6b1 tempest-AggregatesAdminNegativeTestJSON-1997078058 tempest-AggregatesAdminNegativeTestJSON-1997078058-project-admin] Lock "00000000-0000-0000-0000-000000000000" acquired by "nova.context.set_target_cell..get_or_set_cached_cell_and_set_connections" :: waited 0.000s {{(pid=109610) inner /usr/local/lib/python3.8/dist-packages/oslo_concurrency/lockutils.py:355}}
Sep 10 02:55:37.016896 n-d-808126-2 devstack@n-api.service[109610]: DEBUG oslo_concurrency.lockutils [None req-93d56d11-df4c-4b4a-91b3-315511e1c6b1 tempest-AggregatesAdminNegativeTestJSON-1997078058 tempest-AggregatesAdminNegativeTestJSON-1997078058-project-admin] Lock "00000000-0000-0000-0000-000000000000" released by "nova.context.set_target_cell..get_or_set_cached_cell_and_set_connections" :: held 0.003s {{(pid=109610) inner /usr/local/lib/python3.8/dist-packages/oslo_concurrency/lockutils.py:367}}
Sep 10 02:55:37.060138 n-d-808126-2 devstack@n-api.service[109610]: DEBUG oslo_concurrency.lockutils [None req-93d56d11-df4c-4b4a-91b3-315511e1c6b1 tempest-AggregatesAdminNegativeTestJSON-1997078058 tempest-AggregatesAdminNegativeTestJSON-1997078058-project-admin] Lock "9e596e75-57d7-40a6-ae10-9ffa1df118c0" acquired by "nova.context.set_target_cell..get_or_set_cached_cell_and_set_connections" :: waited 0.000s {{(pid=109610) inner /usr/local/lib/python3.8/dist-packages/oslo_concurrency/lockutils.py:355}}
Sep 10 02:55:37.060852 n-d-808126-2 devstack@n-api.service[109610]: DEBUG oslo_concurrency.lockutils [None req-93d56d11-df4c-4b4a-91b3-315511e1c6b1 tempest-AggregatesAdminNegativeTestJSON-1997078058 tempest-AggregatesAdminNegativeTestJSON-1997078058-project-admin] Lock "9e596e75-57d7-40a6-ae10-9ffa1df118c0" released by "nova.context.set_target_cell..get_or_set_cached_cell_and_set_connections" :: held 0.003s {{(pid=109610) inner /usr/local/lib/python3.8/dist-packages/oslo_concurrency/lockutils.py:367}}
Sep 10 02:55:37.115835 n-d-808126-2 devstack@n-api.service[109610]: ERROR nova.api.openstack.compute.aggregates [None req-93d56d11-df4c-4b4a-91b3-315511e1c6b1 tempest-AggregatesAdminNegativeTestJSON-1997078058 tempest-AggregatesAdminNegativeTestJSON-1997078058-project-admin] Failed to remove host nonexist_host from aggregate 16. Error: Compute host nonexist_host could not be found.: nova.exception.ComputeHostNotFound: Compute host nonexist_host could not be found.
Sep 10 02:55:37.120609 n-d-808126-2 devstack@n-api.service[109610]: INFO nova.api.openstack.wsgi [None req-93d56d11-df4c-4b4a-91b3-315511e1c6b1 tempest-AggregatesAdminNegativeTestJSON-1997078058 tempest-AggregatesAdminNegativeTestJSON-1997078058-project-admin] HTTP exception thrown: Cannot remove host nonexist_host in aggregate 16
Sep 10 02:55:37.122403 n-d-808126-2 devstack@n-api.service[109610]: DEBUG nova.api.openstack.wsgi [None req-93d56d11-df4c-4b4a-91b3-315511e1c6b1 tempest-AggregatesAdminNegativeTestJSON-1997078058 tempest-AggregatesAdminNegativeTestJSON-1997078058-project-admin] Returning 404 to user: Cannot remove host nonexist_host in aggregate 16 {{(pid=109610) __call__ /opt/stack/nova/nova/api/openstack/wsgi.py:936}}
Sep 10 02:55:37.126077 n-d-808126-2 devstack@n-api.service[109610]: INFO nova.api.openstack.requestlog [None req-93d56d11-df4c-4b4a-91b3-315511e1c6b1 tempest-AggregatesAdminNegativeTestJSON-1997078058 tempest-AggregatesAdminNegativeTestJSON-1997078058-project-admin] 10.222.0.23 "POST /compute/v2.1/os-aggregates/16/action" status: 404 len: 94 microversion: 2.1 time: 0.190902
Sep 10 02:55:37.130061 n-d-808126-2 devstack@n-api.service[109610]: [pid: 109610|app: 0|req: 134/281] 10.222.0.23 () {60 vars in 1194 bytes} [Fri Sep 10 02:55:36 2021] POST /compute/v2.1/os-aggregates/16/action => generated 94 bytes in 195 msecs (HTTP/1.1 404) 9 headers in 378 bytes (1 switches on core 0)
Sep 10 02:55:37.143053 n-d-808126-2 devstack@n-api.service[109610]: DEBUG nova.api.openstack.wsgi [None req-f6a4f53e-e2be-439c-9f4e-efa78835039a tempest-AggregatesAdminTestJSON-1093697608 tempest-AggregatesAdminTestJSON-1093697608-project-admin] Action: 'action', calling method: >, body: {"set_metadata": {"metadata": {"key": "value"}}} {{(pid=109610) _process_stack /opt/stack/nova/nova/api/openstack/wsgi.py:511}}
Sep 10 02:55:37.144777 n-d-808126-2 devstack@n-api.service[109610]: /usr/local/lib/python3.8/dist-packages/oslo_policy/policy.py:1064: UserWarning: Policy os_compute_api:os-aggregates:set_metadata failed scope check. The token used to make the request was project scoped but the policy requires ['system'] scope. This behavior may change in the future where using the intended scope is required
Sep 10 02:55:37.144777 n-d-808126-2 devstack@n-api.service[109610]: warnings.warn(msg)
Sep 10 02:55:37.197582 n-d-808126-2 devstack@n-api.service[109610]: INFO nova.api.openstack.requestlog [None req-f6a4f53e-e2be-439c-9f4e-efa78835039a tempest-AggregatesAdminTestJSON-1093697608 tempest-AggregatesAdminTestJSON-1093697608-project-admin] 10.222.0.23 "POST /compute/v2.1/os-aggregates/15/action" status: 200 len: 265 microversion: 2.1 time: 0.066192
Sep 10 02:55:37.211020 n-d-808126-2 devstack@n-api.service[109610]: [pid: 109610|app: 0|req: 135/282] 10.222.0.23 () {60 vars in 1194 bytes} [Fri Sep 10 02:55:37 2021] POST /compute/v2.1/os-aggregates/15/action => generated 265 bytes in 80 msecs (HTTP/1.1 200) 9 headers in 357 bytes (1 switches on core 0)
Sep 10 02:55:37.220682 n-d-808126-2 devstack@n-api.service[109610]: DEBUG nova.api.openstack.wsgi [None req-4ffbdb14-247f-4641-8008-de2fa8a8f1af tempest-DeleteServersAdminTestJSON-997266797 tempest-DeleteServersAdminTestJSON-997266797-project] Calling method '>' {{(pid=109610) _process_stack /opt/stack/nova/nova/api/openstack/wsgi.py:513}}
Sep 10 02:55:37.223811 n-d-808126-2 devstack@n-api.service[109610]: DEBUG nova.compute.api [None req-4ffbdb14-247f-4641-8008-de2fa8a8f1af tempest-DeleteServersAdminTestJSON-997266797 tempest-DeleteServersAdminTestJSON-997266797-project] [instance: f7ad2eb6-88e0-468b-bf3a-8f0814bca767] Fetching instance by UUID {{(pid=109610) get /opt/stack/nova/nova/compute/api.py:2863}}
Sep 10 02:55:37.242446 n-d-808126-2 devstack@n-api.service[109610]: DEBUG oslo_concurrency.lockutils [None req-4ffbdb14-247f-4641-8008-de2fa8a8f1af tempest-DeleteServersAdminTestJSON-997266797 tempest-DeleteServersAdminTestJSON-997266797-project] Lock "9e596e75-57d7-40a6-ae10-9ffa1df118c0" acquired by "nova.context.set_target_cell..get_or_set_cached_cell_and_set_connections" :: waited 0.000s {{(pid=109610) inner /usr/local/lib/python3.8/dist-packages/oslo_concurrency/lockutils.py:355}}
Sep 10 02:55:37.243977 n-d-808126-2 devstack@n-api.service[109610]: DEBUG oslo_concurrency.lockutils [None req-4ffbdb14-247f-4641-8008-de2fa8a8f1af tempest-DeleteServersAdminTestJSON-997266797 tempest-DeleteServersAdminTestJSON-997266797-project] Lock "9e596e75-57d7-40a6-ae10-9ffa1df118c0" released by "nova.context.set_target_cell..get_or_set_cached_cell_and_set_connections" :: held 0.004s {{(pid=109610) inner /usr/local/lib/python3.8/dist-packages/oslo_concurrency/lockutils.py:367}}
Sep 10 02:55:37.245395 n-d-808126-2 devstack@n-api.service[109610]: DEBUG oslo_concurrency.lockutils [None req-4ffbdb14-247f-4641-8008-de2fa8a8f1af tempest-DeleteServersAdminTestJSON-997266797 tempest-DeleteServersAdminTestJSON-997266797-project] Lock "9e596e75-57d7-40a6-ae10-9ffa1df118c0" acquired by "nova.context.set_target_cell..get_or_set_cached_cell_and_set_connections" :: waited 0.000s {{(pid=109610) inner /usr/local/lib/python3.8/dist-packages/oslo_concurrency/lockutils.py:355}}
Sep 10 02:55:37.248095 n-d-808126-2 devstack@n-api.service[109610]: DEBUG oslo_concurrency.lockutils [None req-4ffbdb14-247f-4641-8008-de2fa8a8f1af tempest-DeleteServersAdminTestJSON-997266797 tempest-DeleteServersAdminTestJSON-997266797-project] Lock "9e596e75-57d7-40a6-ae10-9ffa1df118c0" released by "nova.context.set_target_cell..get_or_set_cached_cell_and_set_connections" :: held 0.003s {{(pid=109610) inner /usr/local/lib/python3.8/dist-packages/oslo_concurrency/lockutils.py:367}}
Sep 10 02:55:37.361841 n-d-808126-2 devstack@n-api.service[109610]: DEBUG nova.policy [None req-4ffbdb14-247f-4641-8008-de2fa8a8f1af tempest-DeleteServersAdminTestJSON-997266797 tempest-DeleteServersAdminTestJSON-997266797-project] Policy check for os_compute_api:os-extended-server-attributes failed with credentials {'is_admin': False, 'user_id': '8f204931a724406989c06dc5d33303e8', 'user_domain_id': 'default', 'system_scope': None, 'domain_id': None, 'project_id': 'cd0f2014e6584bc8b270adef7f629044', 'project_domain_id': 'default', 'roles': ['reader', 'member'], 'is_admin_project': True, 'service_user_id': None, 'service_user_domain_id': None, 'service_project_id': None, 'service_project_domain_id': None, 'service_roles': []} {{(pid=109610) authorize /opt/stack/nova/nova/policy.py:199}}
Sep 10 02:55:37.371100 n-d-808126-2 devstack@n-api.service[109610]: INFO nova.api.openstack.requestlog [None req-4ffbdb14-247f-4641-8008-de2fa8a8f1af tempest-DeleteServersAdminTestJSON-997266797 tempest-DeleteServersAdminTestJSON-997266797-project] 10.222.0.23 "GET /compute/v2.1/servers/f7ad2eb6-88e0-468b-bf3a-8f0814bca767" status: 200 len: 1433 microversion: 2.1 time: 0.158797
Sep 10 02:55:37.384260 n-d-808126-2 devstack@n-api.service[109610]: [pid: 109610|app: 0|req: 136/283] 10.222.0.23 () {58 vars in 1236 bytes} [Fri Sep 10 02:55:37 2021] GET /compute/v2.1/servers/f7ad2eb6-88e0-468b-bf3a-8f0814bca767 => generated 1433 bytes in 164 msecs (HTTP/1.1 200) 9 headers in 358 bytes (1 switches on core 0)
Sep 10 02:55:37.395283 n-d-808126-2 devstack@n-api.service[109610]: DEBUG nova.api.openstack.wsgi [None req-8fa275b9-0478-4efc-bf7a-31e7d921c08c tempest-AggregatesAdminNegativeTestJSON-1997078058 tempest-AggregatesAdminNegativeTestJSON-1997078058-project-admin] Calling method '>' {{(pid=109610) _process_stack /opt/stack/nova/nova/api/openstack/wsgi.py:513}}
Sep 10 02:55:37.398317 n-d-808126-2 devstack@n-api.service[109610]: /usr/local/lib/python3.8/dist-packages/oslo_policy/policy.py:1064: UserWarning: Policy os_compute_api:os-aggregates:delete failed scope check. The token used to make the request was project scoped but the policy requires ['system'] scope. This behavior may change in the future where using the intended scope is required
Sep 10 02:55:37.398317 n-d-808126-2 devstack@n-api.service[109610]: warnings.warn(msg)
Sep 10 02:55:37.465052 n-d-808126-2 devstack@n-api.service[109610]: INFO nova.api.openstack.requestlog [None req-8fa275b9-0478-4efc-bf7a-31e7d921c08c tempest-AggregatesAdminNegativeTestJSON-1997078058 tempest-AggregatesAdminNegativeTestJSON-1997078058-project-admin] 10.222.0.23 "DELETE /compute/v2.1/os-aggregates/16" status: 200 len: 0 microversion: 2.1 time: 0.076820
Sep 10 02:55:37.465663 n-d-808126-2 devstack@n-api.service[109610]: [pid: 109610|app: 0|req: 137/284] 10.222.0.23 () {58 vars in 1155 bytes} [Fri Sep 10 02:55:37 2021] DELETE /compute/v2.1/os-aggregates/16 => generated 0 bytes in 79 msecs (HTTP/1.1 200) 9 headers in 355 bytes (1 switches on core 0)
Sep 10 02:55:37.478308 n-d-808126-2 devstack@n-api.service[109610]: DEBUG nova.api.openstack.wsgi [None req-70115826-8e82-4f4c-a361-d6ab400c2020 tempest-AggregatesAdminTestJSON-1093697608 tempest-AggregatesAdminTestJSON-1093697608-project-admin] Calling method '>' {{(pid=109610) _process_stack /opt/stack/nova/nova/api/openstack/wsgi.py:513}}
Sep 10 02:55:37.480462 n-d-808126-2 devstack@n-api.service[109610]: /usr/local/lib/python3.8/dist-packages/oslo_policy/policy.py:1064: UserWarning: Policy os_compute_api:os-aggregates:show failed scope check. The token used to make the request was project scoped but the policy requires ['system'] scope. This behavior may change in the future where using the intended scope is required
Sep 10 02:55:37.480462 n-d-808126-2 devstack@n-api.service[109610]: warnings.warn(msg)
Sep 10 02:55:37.501946 n-d-808126-2 devstack@n-api.service[109610]: INFO nova.api.openstack.requestlog [None req-70115826-8e82-4f4c-a361-d6ab400c2020 tempest-AggregatesAdminTestJSON-1093697608 tempest-AggregatesAdminTestJSON-1093697608-project-admin] 10.222.0.23 "GET /compute/v2.1/os-aggregates/15" status: 200 len: 241 microversion: 2.1 time: 0.034003
Sep 10 02:55:37.503058 n-d-808126-2 devstack@n-api.service[109610]: [pid: 109610|app: 0|req: 138/285] 10.222.0.23 () {58 vars in 1152 bytes} [Fri Sep 10 02:55:37 2021] GET /compute/v2.1/os-aggregates/15 => generated 241 bytes in 37 msecs (HTTP/1.1 200) 9 headers in 357 bytes (1 switches on core 0)
Sep 10 02:55:37.522513 n-d-808126-2 devstack@n-api.service[109610]: DEBUG nova.api.openstack.wsgi [req-c815a146-88f7-4ced-8e21-0c698bca5fb2 req-aca7c3e3-be59-47a7-aadd-14b5f3aae27d service nova] Action: 'create', calling method: >, body: {"events": [{"server_uuid": "f7ad2eb6-88e0-468b-bf3a-8f0814bca767", "name": "network-vif-deleted", "tag": "3eb30784-aa4e-41f1-a154-aaf486dcdec8"}]} {{(pid=109610) _process_stack /opt/stack/nova/nova/api/openstack/wsgi.py:511}}
Sep 10 02:55:37.534878 n-d-808126-2 devstack@n-api.service[109610]: /usr/local/lib/python3.8/dist-packages/oslo_policy/policy.py:1064: UserWarning: Policy os_compute_api:os-server-external-events:create failed scope check. The token used to make the request was project scoped but the policy requires ['system'] scope. This behavior may change in the future where using the intended scope is required
Sep 10 02:55:37.534878 n-d-808126-2 devstack@n-api.service[109610]: warnings.warn(msg)
Sep 10 02:55:37.546801 n-d-808126-2 devstack@n-api.service[109610]: DEBUG oslo_concurrency.lockutils [req-c815a146-88f7-4ced-8e21-0c698bca5fb2 req-aca7c3e3-be59-47a7-aadd-14b5f3aae27d service nova] Lock "9e596e75-57d7-40a6-ae10-9ffa1df118c0" acquired by "nova.context.set_target_cell..get_or_set_cached_cell_and_set_connections" :: waited 0.000s {{(pid=109610) inner /usr/local/lib/python3.8/dist-packages/oslo_concurrency/lockutils.py:355}}
Sep 10 02:55:37.547415 n-d-808126-2 devstack@n-api.service[109610]: DEBUG oslo_concurrency.lockutils [req-c815a146-88f7-4ced-8e21-0c698bca5fb2 req-aca7c3e3-be59-47a7-aadd-14b5f3aae27d service nova] Lock "9e596e75-57d7-40a6-ae10-9ffa1df118c0" released by "nova.context.set_target_cell..get_or_set_cached_cell_and_set_connections" :: held 0.001s {{(pid=109610) inner /usr/local/lib/python3.8/dist-packages/oslo_concurrency/lockutils.py:367}}
Sep 10 02:55:37.569448 n-d-808126-2 devstack@n-api.service[109610]: INFO nova.api.openstack.compute.server_external_events [req-c815a146-88f7-4ced-8e21-0c698bca5fb2 req-aca7c3e3-be59-47a7-aadd-14b5f3aae27d service nova] Creating event network-vif-deleted:3eb30784-aa4e-41f1-a154-aaf486dcdec8 for instance f7ad2eb6-88e0-468b-bf3a-8f0814bca767 on n-h1-808126-2
Sep 10 02:55:37.580490 n-d-808126-2 devstack@n-api.service[109610]: INFO nova.api.openstack.requestlog [req-c815a146-88f7-4ced-8e21-0c698bca5fb2 req-aca7c3e3-be59-47a7-aadd-14b5f3aae27d service nova] 10.222.0.23 "POST /compute/v2.1/os-server-external-events" status: 200 len: 183 microversion: 2.1 time: 0.073751
Sep 10 02:55:37.581504 n-d-808126-2 devstack@n-api.service[109610]: [pid: 109610|app: 0|req: 139/286] 10.222.0.23 () {64 vars in 1318 bytes} [Fri Sep 10 02:55:37 2021] POST /compute/v2.1/os-server-external-events => generated 183 bytes in 77 msecs (HTTP/1.1 200) 9 headers in 357 bytes (1 switches on core 0)
Sep 10 02:55:37.586682 n-d-808126-2 devstack@n-api.service[109610]: DEBUG nova.api.openstack.wsgi [None req-51c1e1ad-ce9a-48b6-bdee-93f6f706f8ff tempest-AggregatesAdminTestJSON-1093697608 tempest-AggregatesAdminTestJSON-1093697608-project-admin] Calling method '>' {{(pid=109610) _process_stack /opt/stack/nova/nova/api/openstack/wsgi.py:513}}
Sep 10 02:55:37.587879 n-d-808126-2 devstack@n-api.service[109610]: /usr/local/lib/python3.8/dist-packages/oslo_policy/policy.py:1064: UserWarning: Policy os_compute_api:os-aggregates:delete failed scope check. The token used to make the request was project scoped but the policy requires ['system'] scope. This behavior may change in the future where using the intended scope is required
Sep 10 02:55:37.587879 n-d-808126-2 devstack@n-api.service[109610]: warnings.warn(msg)
