Sep 16 16:23:39.976583 n-d-807786-3 devstack@n-api.service[110398]: /usr/local/lib/python3.8/dist-packages/oslo_policy/policy.py:1064: UserWarning: Policy os_compute_api:os-aggregates:create failed scope check. The token used to make the request was project scoped but the policy requires ['system'] scope. This behavior may change in the future where using the intended scope is required
Sep 16 16:23:39.976583 n-d-807786-3 devstack@n-api.service[110398]: warnings.warn(msg)
Sep 16 16:23:39.978750 n-d-807786-3 devstack@n-api.service[110398]: DEBUG nova.objects.aggregate [None req-c1fe1d7f-8efe-4bb6-822f-1da81cda0e0a tempest-AggregatesAdminNegativeTestJSON-43694623 tempest-AggregatesAdminNegativeTestJSON-43694623-project-admin] Generated uuid bd19f678-a449-41a1-ab7b-bcd919722e96 for aggregate {{(pid=110398) create /opt/stack/nova/nova/objects/aggregate.py:298}}
Sep 16 16:23:40.037951 n-d-807786-3 devstack@n-api.service[110397]: DEBUG nova.policy [None req-371d11be-bdec-45b5-8949-dff74e273d28 tempest-AggregatesAdminTestJSON-537361684 tempest-AggregatesAdminTestJSON-537361684-project] Policy check for os_compute_api:os-extended-server-attributes failed with credentials {'is_admin': False, 'user_id': '67e483ca82224743ab15a2212f5b61d9', 'user_domain_id': 'default', 'system_scope': None, 'domain_id': None, 'project_id': '45705d94f27f40b6829b681d031d5ae6', 'project_domain_id': 'default', 'roles': ['member', 'reader'], 'is_admin_project': True, 'service_user_id': None, 'service_user_domain_id': None, 'service_project_id': None, 'service_project_domain_id': None, 'service_roles': []} {{(pid=110397) authorize /opt/stack/nova/nova/policy.py:199}}
Sep 16 16:23:40.046031 n-d-807786-3 devstack@n-api.service[110397]: INFO nova.api.openstack.requestlog [None req-371d11be-bdec-45b5-8949-dff74e273d28 tempest-AggregatesAdminTestJSON-537361684 tempest-AggregatesAdminTestJSON-537361684-project] 10.222.0.22 "GET /compute/v2.1/servers/8c9fb630-d53e-4bee-9e50-509e899c234c" status: 200 len: 1473 microversion: 2.1 time: 0.199656
Sep 16 16:23:40.046693 n-d-807786-3 devstack@n-api.service[110397]: [pid: 110397|app: 0|req: 96/217] 10.222.0.22 () {58 vars in 1236 bytes} [Thu Sep 16 16:23:39 2021] GET /compute/v2.1/servers/8c9fb630-d53e-4bee-9e50-509e899c234c => generated 1473 bytes in 201 msecs (HTTP/1.1 200) 9 headers in 358 bytes (1 switches on core 0)
Sep 16 16:23:40.152611 n-d-807786-3 devstack@n-api.service[110398]: INFO nova.api.openstack.requestlog [None req-c1fe1d7f-8efe-4bb6-822f-1da81cda0e0a tempest-AggregatesAdminNegativeTestJSON-43694623 tempest-AggregatesAdminNegativeTestJSON-43694623-project-admin] 10.222.0.22 "POST /compute/v2.1/os-aggregates" status: 200 len: 199 microversion: 2.1 time: 0.183180
Sep 16 16:23:40.153441 n-d-807786-3 devstack@n-api.service[110398]: [pid: 110398|app: 0|req: 122/218] 10.222.0.22 () {60 vars in 1164 bytes} [Thu Sep 16 16:23:39 2021] POST /compute/v2.1/os-aggregates => generated 199 bytes in 185 msecs (HTTP/1.1 200) 9 headers in 357 bytes (1 switches on core 0)
Sep 16 16:23:40.164410 n-d-807786-3 devstack@n-api.service[110397]: DEBUG nova.api.openstack.wsgi [None req-d17807a4-9a92-4c03-9516-2962e1f841d9 tempest-AggregatesAdminNegativeTestJSON-43694623 tempest-AggregatesAdminNegativeTestJSON-43694623-project-admin] Action: 'action', calling method: >, body: {"add_host": {"host": "tempest-nonexist_host-2069808021"}} {{(pid=110397) _process_stack /opt/stack/nova/nova/api/openstack/wsgi.py:511}}
Sep 16 16:23:40.167208 n-d-807786-3 devstack@n-api.service[110397]: /usr/local/lib/python3.8/dist-packages/oslo_policy/policy.py:1064: UserWarning: Policy os_compute_api:os-aggregates:add_host failed scope check. The token used to make the request was project scoped but the policy requires ['system'] scope. This behavior may change in the future where using the intended scope is required
Sep 16 16:23:40.167208 n-d-807786-3 devstack@n-api.service[110397]: warnings.warn(msg)
Sep 16 16:23:40.177383 n-d-807786-3 devstack@n-api.service[110397]: DEBUG oslo_concurrency.lockutils [None req-d17807a4-9a92-4c03-9516-2962e1f841d9 tempest-AggregatesAdminNegativeTestJSON-43694623 tempest-AggregatesAdminNegativeTestJSON-43694623-project-admin] Lock "00000000-0000-0000-0000-000000000000" acquired by "nova.context.set_target_cell..get_or_set_cached_cell_and_set_connections" :: waited 0.000s {{(pid=110397) inner /usr/local/lib/python3.8/dist-packages/oslo_concurrency/lockutils.py:355}}
Sep 16 16:23:40.177930 n-d-807786-3 devstack@n-api.service[110397]: DEBUG oslo_concurrency.lockutils [None req-d17807a4-9a92-4c03-9516-2962e1f841d9 tempest-AggregatesAdminNegativeTestJSON-43694623 tempest-AggregatesAdminNegativeTestJSON-43694623-project-admin] Lock "00000000-0000-0000-0000-000000000000" released by "nova.context.set_target_cell..get_or_set_cached_cell_and_set_connections" :: held 0.001s {{(pid=110397) inner /usr/local/lib/python3.8/dist-packages/oslo_concurrency/lockutils.py:367}}
Sep 16 16:23:40.187308 n-d-807786-3 devstack@n-api.service[110397]: DEBUG oslo_concurrency.lockutils [None req-d17807a4-9a92-4c03-9516-2962e1f841d9 tempest-AggregatesAdminNegativeTestJSON-43694623 tempest-AggregatesAdminNegativeTestJSON-43694623-project-admin] Lock "af6bd23a-80b7-4337-aaec-b0873d7c1b5f" acquired by "nova.context.set_target_cell..get_or_set_cached_cell_and_set_connections" :: waited 0.000s {{(pid=110397) inner /usr/local/lib/python3.8/dist-packages/oslo_concurrency/lockutils.py:355}}
Sep 16 16:23:40.187839 n-d-807786-3 devstack@n-api.service[110397]: DEBUG oslo_concurrency.lockutils [None req-d17807a4-9a92-4c03-9516-2962e1f841d9 tempest-AggregatesAdminNegativeTestJSON-43694623 tempest-AggregatesAdminNegativeTestJSON-43694623-project-admin] Lock "af6bd23a-80b7-4337-aaec-b0873d7c1b5f" released by "nova.context.set_target_cell..get_or_set_cached_cell_and_set_connections" :: held 0.001s {{(pid=110397) inner /usr/local/lib/python3.8/dist-packages/oslo_concurrency/lockutils.py:367}}
Sep 16 16:23:40.204524 n-d-807786-3 devstack@n-api.service[110397]: INFO nova.api.openstack.wsgi [None req-d17807a4-9a92-4c03-9516-2962e1f841d9 tempest-AggregatesAdminNegativeTestJSON-43694623 tempest-AggregatesAdminNegativeTestJSON-43694623-project-admin] HTTP exception thrown: Compute host tempest-nonexist_host-2069808021 could not be found.
Sep 16 16:23:40.205132 n-d-807786-3 devstack@n-api.service[110397]: DEBUG nova.api.openstack.wsgi [None req-d17807a4-9a92-4c03-9516-2962e1f841d9 tempest-AggregatesAdminNegativeTestJSON-43694623 tempest-AggregatesAdminNegativeTestJSON-43694623-project-admin] Returning 404 to user: Compute host tempest-nonexist_host-2069808021 could not be found. {{(pid=110397) __call__ /opt/stack/nova/nova/api/openstack/wsgi.py:936}}
Sep 16 16:23:40.205963 n-d-807786-3 devstack@n-api.service[110397]: INFO nova.api.openstack.requestlog [None req-d17807a4-9a92-4c03-9516-2962e1f841d9 tempest-AggregatesAdminNegativeTestJSON-43694623 tempest-AggregatesAdminNegativeTestJSON-43694623-project-admin] 10.222.0.22 "POST /compute/v2.1/os-aggregates/13/action" status: 404 len: 111 microversion: 2.1 time: 0.046306
Sep 16 16:23:40.206520 n-d-807786-3 devstack@n-api.service[110397]: [pid: 110397|app: 0|req: 97/219] 10.222.0.22 () {60 vars in 1194 bytes} [Thu Sep 16 16:23:40 2021] POST /compute/v2.1/os-aggregates/13/action => generated 111 bytes in 48 msecs (HTTP/1.1 404) 9 headers in 379 bytes (2 switches on core 0)
Sep 16 16:23:40.215503 n-d-807786-3 devstack@n-api.service[110398]: DEBUG nova.api.openstack.wsgi [None req-fb329c37-ab3e-4d49-b71f-d002abdc1bb9 tempest-AggregatesAdminNegativeTestJSON-43694623 tempest-AggregatesAdminNegativeTestJSON-43694623-project-admin] Calling method '>' {{(pid=110398) _process_stack /opt/stack/nova/nova/api/openstack/wsgi.py:513}}
Sep 16 16:23:40.216270 n-d-807786-3 devstack@n-api.service[110398]: /usr/local/lib/python3.8/dist-packages/oslo_policy/policy.py:1064: UserWarning: Policy os_compute_api:os-aggregates:delete failed scope check. The token used to make the request was project scoped but the policy requires ['system'] scope. This behavior may change in the future where using the intended scope is required
Sep 16 16:23:40.216270 n-d-807786-3 devstack@n-api.service[110398]: warnings.warn(msg)
Sep 16 16:23:40.297136 n-d-807786-3 devstack@n-api.service[110398]: INFO nova.api.openstack.requestlog [None req-fb329c37-ab3e-4d49-b71f-d002abdc1bb9 tempest-AggregatesAdminNegativeTestJSON-43694623 tempest-AggregatesAdminNegativeTestJSON-43694623-project-admin] 10.222.0.22 "DELETE /compute/v2.1/os-aggregates/13" status: 200 len: 0 microversion: 2.1 time: 0.086418
Sep 16 16:23:40.297979 n-d-807786-3 devstack@n-api.service[110398]: [pid: 110398|app: 0|req: 123/220] 10.222.0.22 () {58 vars in 1155 bytes} [Thu Sep 16 16:23:40 2021] DELETE /compute/v2.1/os-aggregates/13 => generated 0 bytes in 88 msecs (HTTP/1.1 200) 9 headers in 355 bytes (1 switches on core 0)
Sep 16 16:23:40.307096 n-d-807786-3 devstack@n-api.service[110397]: DEBUG nova.api.openstack.wsgi [None req-2def97ba-1ad3-443f-8e34-145f82d9d736 tempest-AggregatesAdminNegativeTestJSON-43694623 tempest-AggregatesAdminNegativeTestJSON-43694623-project-admin] Action: 'create', calling method: >, body: {"aggregate": {"name": "aaaaaaaaaaaaaaaaaaaaaaaaaaaaaaaaaaaaaaaaaaaaaaaaaaaaaaaaaaaaaaaaaaaaaaaaaaaaaaaaaaaaaaaaaaaaaaaaaaaaaaaaaaaaaaaaaaaaaaaaaaaaaaaaaaaaaaaaaaaaaaaaaaaaaaaaaaaaaaaaaaaaaaaaaaaaaaaaaaaaaaaaaaaaaaaaaaaaaaaaaaaaaaaaaaaaaaaaaaaaaaaaaaaaaaaaaaaaaaaaaaaaaaaaaaaaaaaa"}} {{(pid=110397) _process_stack /opt/stack/nova/nova/api/openstack/wsgi.py:511}}
Sep 16 16:23:40.308300 n-d-807786-3 devstack@n-api.service[110397]: DEBUG nova.api.openstack.wsgi [None req-2def97ba-1ad3-443f-8e34-145f82d9d736 tempest-AggregatesAdminNegativeTestJSON-43694623 tempest-AggregatesAdminNegativeTestJSON-43694623-project-admin] Returning 400 to user: Invalid input for field/attribute name. Value: aaaaaaaaaaaaaaaaaaaaaaaaaaaaaaaaaaaaaaaaaaaaaaaaaaaaaaaaaaaaaaaaaaaaaaaaaaaaaaaaaaaaaaaaaaaaaaaaaaaaaaaaaaaaaaaaaaaaaaaaaaaaaaaaaaaaaaaaaaaaaaaaaaaaaaaaaaaaaaaaaaaaaaaaaaaaaaaaaaaaaaaaaaaaaaaaaaaaaaaaaaaaaaaaaaaaaaaaaaaaaaaaaaaaaaaaaaaaaaaaaaaaaaaaaaaaaaaa. 'aaaaaaaaaaaaaaaaaaaaaaaaaaaaaaaaaaaaaaaaaaaaaaaaaaaaaaaaaaaaaaaaaaaaaaaaaaaaaaaaaaaaaaaaaaaaaaaaaaaaaaaaaaaaaaaaaaaaaaaaaaaaaaaaaaaaaaaaaaaaaaaaaaaaaaaaaaaaaaaaaaaaaaaaaaaaaaaaaaaaaaaaaaaaaaaaaaaaaaaaaaaaaaaaaaaaaaaaaaaaaaaaaaaaaaaaaaaaaaaaaaaaaaaaaaaaaaaa' is too long {{(pid=110397) __call__ /opt/stack/nova/nova/api/openstack/wsgi.py:936}}
Sep 16 16:23:40.309141 n-d-807786-3 devstack@n-api.service[110397]: INFO nova.api.openstack.requestlog [None req-2def97ba-1ad3-443f-8e34-145f82d9d736 tempest-AggregatesAdminNegativeTestJSON-43694623 tempest-AggregatesAdminNegativeTestJSON-43694623-project-admin] 10.222.0.22 "POST /compute/v2.1/os-aggregates" status: 400 len: 619 microversion: 2.1 time: 0.006091
Sep 16 16:23:40.309652 n-d-807786-3 devstack@n-api.service[110397]: [pid: 110397|app: 0|req: 98/221] 10.222.0.22 () {60 vars in 1165 bytes} [Thu Sep 16 16:23:40 2021] POST /compute/v2.1/os-aggregates => generated 619 bytes in 7 msecs (HTTP/1.1 400) 9 headers in 381 bytes (1 switches on core 0)
Sep 16 16:23:40.319584 n-d-807786-3 devstack@n-api.service[110398]: DEBUG nova.api.openstack.wsgi [None req-edc4fe16-75c4-4410-b941-862893d13fd5 tempest-AggregatesAdminNegativeTestJSON-43694623 tempest-AggregatesAdminNegativeTestJSON-43694623-project-admin] Action: 'create', calling method: >, body: {"aggregate": {"name": ""}} {{(pid=110398) _process_stack /opt/stack/nova/nova/api/openstack/wsgi.py:511}}
Sep 16 16:23:40.326628 n-d-807786-3 devstack@n-api.service[110398]: DEBUG nova.api.openstack.wsgi [None req-edc4fe16-75c4-4410-b941-862893d13fd5 tempest-AggregatesAdminNegativeTestJSON-43694623 tempest-AggregatesAdminNegativeTestJSON-43694623-project-admin] Returning 400 to user: Invalid input for field/attribute name. Value: . '' is too short {{(pid=110398) __call__ /opt/stack/nova/nova/api/openstack/wsgi.py:936}}
Sep 16 16:23:40.334885 n-d-807786-3 devstack@n-api.service[110398]: INFO nova.api.openstack.requestlog [None req-edc4fe16-75c4-4410-b941-862893d13fd5 tempest-AggregatesAdminNegativeTestJSON-43694623 tempest-AggregatesAdminNegativeTestJSON-43694623-project-admin] 10.222.0.22 "POST /compute/v2.1/os-aggregates" status: 400 len: 108 microversion: 2.1 time: 0.012966
Sep 16 16:23:40.334885 n-d-807786-3 devstack@n-api.service[110398]: [pid: 110398|app: 0|req: 124/222] 10.222.0.22 () {60 vars in 1164 bytes} [Thu Sep 16 16:23:40 2021] POST /compute/v2.1/os-aggregates => generated 108 bytes in 14 msecs (HTTP/1.1 400) 9 headers in 381 bytes (1 switches on core 0)
Sep 16 16:23:40.339591 n-d-807786-3 devstack@n-api.service[110397]: DEBUG nova.api.openstack.wsgi [None req-2ee147fe-ac22-47ac-ba65-af36b8d53281 tempest-MigrationsAdminTest-1448570163 tempest-MigrationsAdminTest-1448570163-project] Calling method '>' {{(pid=110397) _process_stack /opt/stack/nova/nova/api/openstack/wsgi.py:513}}
Sep 16 16:23:40.339761 n-d-807786-3 devstack@n-api.service[110398]: DEBUG nova.api.openstack.wsgi [None req-54d69b93-4081-48ea-9430-ce3cb0587640 tempest-AggregatesAdminNegativeTestJSON-532860452 tempest-AggregatesAdminNegativeTestJSON-532860452-project] Action: 'create', calling method: >, body: {"aggregate": {"name": "tempest-test_aggregate-903612431"}} {{(pid=110398) _process_stack /opt/stack/nova/nova/api/openstack/wsgi.py:511}}
Sep 16 16:23:40.340527 n-d-807786-3 devstack@n-api.service[110397]: DEBUG nova.compute.api [None req-2ee147fe-ac22-47ac-ba65-af36b8d53281 tempest-MigrationsAdminTest-1448570163 tempest-MigrationsAdminTest-1448570163-project] [instance: 00a45286-bbe3-4792-ba22-00320e42c9a0] Fetching instance by UUID {{(pid=110397) get /opt/stack/nova/nova/compute/api.py:2863}}
Sep 16 16:23:40.341613 n-d-807786-3 devstack@n-api.service[110398]: /usr/local/lib/python3.8/dist-packages/oslo_policy/policy.py:1064: UserWarning: Policy os_compute_api:os-aggregates:create failed scope check. The token used to make the request was project scoped but the policy requires ['system'] scope. This behavior may change in the future where using the intended scope is required
Sep 16 16:23:40.341613 n-d-807786-3 devstack@n-api.service[110398]: warnings.warn(msg)
Sep 16 16:23:40.344129 n-d-807786-3 devstack@n-api.service[110398]: DEBUG nova.policy [None req-54d69b93-4081-48ea-9430-ce3cb0587640 tempest-AggregatesAdminNegativeTestJSON-532860452 tempest-AggregatesAdminNegativeTestJSON-532860452-project] Policy check for os_compute_api:os-aggregates:create failed with credentials {'is_admin': False, 'user_id': '977b15a0dd90407f90f869cdda0c736d', 'user_domain_id': 'default', 'system_scope': None, 'domain_id': None, 'project_id': '2df9f5f3b3f945e090907318859dff44', 'project_domain_id': 'default', 'roles': ['member', 'reader'], 'is_admin_project': True, 'service_user_id': None, 'service_user_domain_id': None, 'service_project_id': None, 'service_project_domain_id': None, 'service_roles': []} {{(pid=110398) authorize /opt/stack/nova/nova/policy.py:199}}
Sep 16 16:23:40.344904 n-d-807786-3 devstack@n-api.service[110398]: DEBUG nova.api.openstack.wsgi [None req-54d69b93-4081-48ea-9430-ce3cb0587640 tempest-AggregatesAdminNegativeTestJSON-532860452 tempest-AggregatesAdminNegativeTestJSON-532860452-project] Returning 403 to user: Policy doesn't allow os_compute_api:os-aggregates:create to be performed. {{(pid=110398) __call__ /opt/stack/nova/nova/api/openstack/wsgi.py:936}}
Sep 16 16:23:40.345734 n-d-807786-3 devstack@n-api.service[110398]: INFO nova.api.openstack.requestlog [None req-54d69b93-4081-48ea-9430-ce3cb0587640 tempest-AggregatesAdminNegativeTestJSON-532860452 tempest-AggregatesAdminNegativeTestJSON-532860452-project] 10.222.0.22 "POST /compute/v2.1/os-aggregates" status: 403 len: 116 microversion: 2.1 time: 0.009771
Sep 16 16:23:40.351184 n-d-807786-3 devstack@n-api.service[110398]: [pid: 110398|app: 0|req: 125/223] 10.222.0.22 () {60 vars in 1164 bytes} [Thu Sep 16 16:23:40 2021] POST /compute/v2.1/os-aggregates => generated 116 bytes in 11 msecs (HTTP/1.1 403) 9 headers in 379 bytes (1 switches on core 0)
Sep 16 16:23:40.352109 n-d-807786-3 devstack@n-api.service[110397]: DEBUG oslo_concurrency.lockutils [None req-2ee147fe-ac22-47ac-ba65-af36b8d53281 tempest-MigrationsAdminTest-1448570163 tempest-MigrationsAdminTest-1448570163-project] Lock "af6bd23a-80b7-4337-aaec-b0873d7c1b5f" acquired by "nova.context.set_target_cell..get_or_set_cached_cell_and_set_connections" :: waited 0.000s {{(pid=110397) inner /usr/local/lib/python3.8/dist-packages/oslo_concurrency/lockutils.py:355}}
Sep 16 16:23:40.353466 n-d-807786-3 devstack@n-api.service[110397]: DEBUG oslo_concurrency.lockutils [None req-2ee147fe-ac22-47ac-ba65-af36b8d53281 tempest-MigrationsAdminTest-1448570163 tempest-MigrationsAdminTest-1448570163-project] Lock "af6bd23a-80b7-4337-aaec-b0873d7c1b5f" released by "nova.context.set_target_cell..get_or_set_cached_cell_and_set_connections" :: held 0.001s {{(pid=110397) inner /usr/local/lib/python3.8/dist-packages/oslo_concurrency/lockutils.py:367}}
Sep 16 16:23:40.354245 n-d-807786-3 devstack@n-api.service[110397]: DEBUG oslo_concurrency.lockutils [None req-2ee147fe-ac22-47ac-ba65-af36b8d53281 tempest-MigrationsAdminTest-1448570163 tempest-MigrationsAdminTest-1448570163-project] Lock "af6bd23a-80b7-4337-aaec-b0873d7c1b5f" acquired by "nova.context.set_target_cell..get_or_set_cached_cell_and_set_connections" :: waited 0.000s {{(pid=110397) inner /usr/local/lib/python3.8/dist-packages/oslo_concurrency/lockutils.py:355}}
Sep 16 16:23:40.354823 n-d-807786-3 devstack@n-api.service[110397]: DEBUG oslo_concurrency.lockutils [None req-2ee147fe-ac22-47ac-ba65-af36b8d53281 tempest-MigrationsAdminTest-1448570163 tempest-MigrationsAdminTest-1448570163-project] Lock "af6bd23a-80b7-4337-aaec-b0873d7c1b5f" released by "nova.context.set_target_cell..get_or_set_cached_cell_and_set_connections" :: held 0.000s {{(pid=110397) inner /usr/local/lib/python3.8/dist-packages/oslo_concurrency/lockutils.py:367}}
Sep 16 16:23:40.356814 n-d-807786-3 devstack@n-api.service[110398]: DEBUG nova.api.openstack.wsgi [None req-00e48bbd-46c7-4b10-a5cb-f847f2c8dfc8 tempest-AggregatesAdminNegativeTestJSON-43694623 tempest-AggregatesAdminNegativeTestJSON-43694623-project-admin] Action: 'create', calling method: >, body: {"aggregate": {"name": "tempest-test_aggregate-1950695218"}} {{(pid=110398) _process_stack /opt/stack/nova/nova/api/openstack/wsgi.py:511}}
Sep 16 16:23:40.365589 n-d-807786-3 devstack@n-api.service[110398]: DEBUG nova.objects.aggregate [None req-00e48bbd-46c7-4b10-a5cb-f847f2c8dfc8 tempest-AggregatesAdminNegativeTestJSON-43694623 tempest-AggregatesAdminNegativeTestJSON-43694623-project-admin] Generated uuid c599f49b-0ed1-4e6d-9f5f-34a026be9568 for aggregate {{(pid=110398) create /opt/stack/nova/nova/objects/aggregate.py:298}}
Sep 16 16:23:40.453620 n-d-807786-3 devstack@n-api.service[110397]: DEBUG nova.policy [None req-2ee147fe-ac22-47ac-ba65-af36b8d53281 tempest-MigrationsAdminTest-1448570163 tempest-MigrationsAdminTest-1448570163-project] Policy check for os_compute_api:os-extended-server-attributes failed with credentials {'is_admin': False, 'user_id': '461180d4117c4dc5a344489343e97f1d', 'user_domain_id': 'default', 'system_scope': None, 'domain_id': None, 'project_id': '64baf66baab943a8acdce99439b67aa5', 'project_domain_id': 'default', 'roles': ['member', 'reader'], 'is_admin_project': True, 'service_user_id': None, 'service_user_domain_id': None, 'service_project_id': None, 'service_project_domain_id': None, 'service_roles': []} {{(pid=110397) authorize /opt/stack/nova/nova/policy.py:199}}
Sep 16 16:23:40.463962 n-d-807786-3 devstack@n-api.service[110397]: INFO nova.api.openstack.requestlog [None req-2ee147fe-ac22-47ac-ba65-af36b8d53281 tempest-MigrationsAdminTest-1448570163 tempest-MigrationsAdminTest-1448570163-project] 10.222.0.22 "GET /compute/v2.1/servers/00a45286-bbe3-4792-ba22-00320e42c9a0" status: 200 len: 1270 microversion: 2.1 time: 0.129643
Sep 16 16:23:40.473924 n-d-807786-3 devstack@n-api.service[110397]: [pid: 110397|app: 0|req: 99/224] 10.222.0.22 () {58 vars in 1236 bytes} [Thu Sep 16 16:23:40 2021] GET /compute/v2.1/servers/00a45286-bbe3-4792-ba22-00320e42c9a0 => generated 1270 bytes in 132 msecs (HTTP/1.1 200) 9 headers in 358 bytes (1 switches on core 0)
Sep 16 16:23:40.487523 n-d-807786-3 devstack@n-api.service[110398]: INFO nova.api.openstack.requestlog [None req-00e48bbd-46c7-4b10-a5cb-f847f2c8dfc8 tempest-AggregatesAdminNegativeTestJSON-43694623 tempest-AggregatesAdminNegativeTestJSON-43694623-project-admin] 10.222.0.22 "POST /compute/v2.1/os-aggregates" status: 200 len: 199 microversion: 2.1 time: 0.135733
Sep 16 16:23:40.489647 n-d-807786-3 devstack@n-api.service[110398]: [pid: 110398|app: 0|req: 126/225] 10.222.0.22 () {60 vars in 1164 bytes} [Thu Sep 16 16:23:40 2021] POST /compute/v2.1/os-aggregates => generated 199 bytes in 139 msecs (HTTP/1.1 200) 9 headers in 357 bytes (1 switches on core 0)
Sep 16 16:23:40.511099 n-d-807786-3 devstack@n-api.service[110397]: DEBUG nova.api.openstack.wsgi [None req-15e82673-2bec-4a1e-82ef-9cb9a124bb05 tempest-AggregatesAdminNegativeTestJSON-43694623 tempest-AggregatesAdminNegativeTestJSON-43694623-project-admin] Action: 'create', calling method: >, body: {"aggregate": {"name": "tempest-test_aggregate-1950695218"}} {{(pid=110397) _process_stack /opt/stack/nova/nova/api/openstack/wsgi.py:511}}
Sep 16 16:23:40.512875 n-d-807786-3 devstack@n-api.service[110397]: /usr/local/lib/python3.8/dist-packages/oslo_policy/policy.py:1064: UserWarning: Policy os_compute_api:os-aggregates:create failed scope check. The token used to make the request was project scoped but the policy requires ['system'] scope. This behavior may change in the future where using the intended scope is required
Sep 16 16:23:40.512875 n-d-807786-3 devstack@n-api.service[110397]: warnings.warn(msg)
Sep 16 16:23:40.513913 n-d-807786-3 devstack@n-api.service[110397]: DEBUG nova.objects.aggregate [None req-15e82673-2bec-4a1e-82ef-9cb9a124bb05 tempest-AggregatesAdminNegativeTestJSON-43694623 tempest-AggregatesAdminNegativeTestJSON-43694623-project-admin] Generated uuid fc26d611-c482-4b5a-9240-7517675c0ca9 for aggregate {{(pid=110397) create /opt/stack/nova/nova/objects/aggregate.py:298}}
Sep 16 16:23:40.527860 n-d-807786-3 devstack@n-api.service[110397]: INFO nova.api.openstack.wsgi [None req-15e82673-2bec-4a1e-82ef-9cb9a124bb05 tempest-AggregatesAdminNegativeTestJSON-43694623 tempest-AggregatesAdminNegativeTestJSON-43694623-project-admin] HTTP exception thrown: Aggregate tempest-test_aggregate-1950695218 already exists.
Sep 16 16:23:40.528588 n-d-807786-3 devstack@n-api.service[110397]: DEBUG nova.api.openstack.wsgi [None req-15e82673-2bec-4a1e-82ef-9cb9a124bb05 tempest-AggregatesAdminNegativeTestJSON-43694623 tempest-AggregatesAdminNegativeTestJSON-43694623-project-admin] Returning 409 to user: Aggregate tempest-test_aggregate-1950695218 already exists. {{(pid=110397) __call__ /opt/stack/nova/nova/api/openstack/wsgi.py:936}}
Sep 16 16:23:40.529501 n-d-807786-3 devstack@n-api.service[110397]: INFO nova.api.openstack.requestlog [None req-15e82673-2bec-4a1e-82ef-9cb9a124bb05 tempest-AggregatesAdminNegativeTestJSON-43694623 tempest-AggregatesAdminNegativeTestJSON-43694623-project-admin] 10.222.0.22 "POST /compute/v2.1/os-aggregates" status: 409 len: 111 microversion: 2.1 time: 0.024162
Sep 16 16:23:40.532428 n-d-807786-3 devstack@n-api.service[110397]: [pid: 110397|app: 0|req: 100/226] 10.222.0.22 () {60 vars in 1164 bytes} [Thu Sep 16 16:23:40 2021] POST /compute/v2.1/os-aggregates => generated 111 bytes in 27 msecs (HTTP/1.1 409) 9 headers in 378 bytes (1 switches on core 0)
Sep 16 16:23:40.539113 n-d-807786-3 devstack@n-api.service[110398]: DEBUG nova.api.openstack.wsgi [None req-6cd5f0de-7ca9-4d2f-8b16-712bc8b8e67f tempest-AggregatesAdminNegativeTestJSON-43694623 tempest-AggregatesAdminNegativeTestJSON-43694623-project-admin] Calling method '>' {{(pid=110398) _process_stack /opt/stack/nova/nova/api/openstack/wsgi.py:513}}
Sep 16 16:23:40.540427 n-d-807786-3 devstack@n-api.service[110398]: /usr/local/lib/python3.8/dist-packages/oslo_policy/policy.py:1064: UserWarning: Policy os_compute_api:os-aggregates:delete failed scope check. The token used to make the request was project scoped but the policy requires ['system'] scope. This behavior may change in the future where using the intended scope is required
Sep 16 16:23:40.540427 n-d-807786-3 devstack@n-api.service[110398]: warnings.warn(msg)
Sep 16 16:23:40.638511 n-d-807786-3 devstack@n-api.service[110397]: DEBUG nova.api.openstack.wsgi [None req-3983b2ef-4850-4611-9ede-9b50cefcdf8c tempest-ServersWithSpecificFlavorTestJSON-293618744 tempest-ServersWithSpecificFlavorTestJSON-293618744-project] Calling method '>' {{(pid=110397) _process_stack /opt/stack/nova/nova/api/openstack/wsgi.py:513}}
Sep 16 16:23:40.638511 n-d-807786-3 devstack@n-api.service[110397]: DEBUG nova.compute.api [None req-3983b2ef-4850-4611-9ede-9b50cefcdf8c tempest-ServersWithSpecificFlavorTestJSON-293618744 tempest-ServersWithSpecificFlavorTestJSON-293618744-project] [instance: 40af86c4-97a4-452a-aa4e-acc4c496710c] Fetching instance by UUID {{(pid=110397) get /opt/stack/nova/nova/compute/api.py:2863}}
Sep 16 16:23:40.644356 n-d-807786-3 devstack@n-api.service[110397]: DEBUG oslo_concurrency.lockutils [None req-3983b2ef-4850-4611-9ede-9b50cefcdf8c tempest-ServersWithSpecificFlavorTestJSON-293618744 tempest-ServersWithSpecificFlavorTestJSON-293618744-project] Lock "af6bd23a-80b7-4337-aaec-b0873d7c1b5f" acquired by "nova.context.set_target_cell..get_or_set_cached_cell_and_set_connections" :: waited 0.000s {{(pid=110397) inner /usr/local/lib/python3.8/dist-packages/oslo_concurrency/lockutils.py:355}}
Sep 16 16:23:40.645052 n-d-807786-3 devstack@n-api.service[110397]: DEBUG oslo_concurrency.lockutils [None req-3983b2ef-4850-4611-9ede-9b50cefcdf8c tempest-ServersWithSpecificFlavorTestJSON-293618744 tempest-ServersWithSpecificFlavorTestJSON-293618744-project] Lock "af6bd23a-80b7-4337-aaec-b0873d7c1b5f" released by "nova.context.set_target_cell..get_or_set_cached_cell_and_set_connections" :: held 0.001s {{(pid=110397) inner /usr/local/lib/python3.8/dist-packages/oslo_concurrency/lockutils.py:367}}
Sep 16 16:23:40.645983 n-d-807786-3 devstack@n-api.service[110397]: DEBUG oslo_concurrency.lockutils [None req-3983b2ef-4850-4611-9ede-9b50cefcdf8c tempest-ServersWithSpecificFlavorTestJSON-293618744 tempest-ServersWithSpecificFlavorTestJSON-293618744-project] Lock "af6bd23a-80b7-4337-aaec-b0873d7c1b5f" acquired by "nova.context.set_target_cell..get_or_set_cached_cell_and_set_connections" :: waited 0.000s {{(pid=110397) inner /usr/local/lib/python3.8/dist-packages/oslo_concurrency/lockutils.py:355}}
Sep 16 16:23:40.646775 n-d-807786-3 devstack@n-api.service[110397]: DEBUG oslo_concurrency.lockutils [None req-3983b2ef-4850-4611-9ede-9b50cefcdf8c tempest-ServersWithSpecificFlavorTestJSON-293618744 tempest-ServersWithSpecificFlavorTestJSON-293618744-project] Lock "af6bd23a-80b7-4337-aaec-b0873d7c1b5f" released by "nova.context.set_target_cell..get_or_set_cached_cell_and_set_connections" :: held 0.001s {{(pid=110397) inner /usr/local/lib/python3.8/dist-packages/oslo_concurrency/lockutils.py:367}}
Sep 16 16:23:40.664029 n-d-807786-3 devstack@n-api.service[110398]: INFO nova.api.openstack.requestlog [None req-6cd5f0de-7ca9-4d2f-8b16-712bc8b8e67f tempest-AggregatesAdminNegativeTestJSON-43694623 tempest-AggregatesAdminNegativeTestJSON-43694623-project-admin] 10.222.0.22 "DELETE /compute/v2.1/os-aggregates/14" status: 200 len: 0 microversion: 2.1 time: 0.129401
Sep 16 16:23:40.664627 n-d-807786-3 devstack@n-api.service[110398]: [pid: 110398|app: 0|req: 127/227] 10.222.0.22 () {58 vars in 1155 bytes} [Thu Sep 16 16:23:40 2021] DELETE /compute/v2.1/os-aggregates/14 => generated 0 bytes in 131 msecs (HTTP/1.1 200) 9 headers in 355 bytes (2 switches on core 0)
Sep 16 16:23:40.676251 n-d-807786-3 devstack@n-api.service[110398]: DEBUG nova.api.openstack.wsgi [None req-e11940f8-b386-46ff-b81a-e90a7244e2d1 tempest-AggregatesAdminNegativeTestJSON-43694623 tempest-AggregatesAdminNegativeTestJSON-43694623-project-admin] Action: 'create', calling method: >, body: {"aggregate": {"name": "tempest-test_aggregate-947178694"}} {{(pid=110398) _process_stack /opt/stack/nova/nova/api/openstack/wsgi.py:511}}
Sep 16 16:23:40.677923 n-d-807786-3 devstack@n-api.service[110398]: /usr/local/lib/python3.8/dist-packages/oslo_policy/policy.py:1064: UserWarning: Policy os_compute_api:os-aggregates:create failed scope check. The token used to make the request was project scoped but the policy requires ['system'] scope. This behavior may change in the future where using the intended scope is required
Sep 16 16:23:40.677923 n-d-807786-3 devstack@n-api.service[110398]: warnings.warn(msg)
Sep 16 16:23:40.679596 n-d-807786-3 devstack@n-api.service[110398]: DEBUG nova.objects.aggregate [None req-e11940f8-b386-46ff-b81a-e90a7244e2d1 tempest-AggregatesAdminNegativeTestJSON-43694623 tempest-AggregatesAdminNegativeTestJSON-43694623-project-admin] Generated uuid afb6b55c-d722-4519-977c-a2095237f0a8 for aggregate {{(pid=110398) create /opt/stack/nova/nova/objects/aggregate.py:298}}
Sep 16 16:23:40.788099 n-d-807786-3 devstack@n-api.service[110398]: INFO nova.api.openstack.requestlog [None req-e11940f8-b386-46ff-b81a-e90a7244e2d1 tempest-AggregatesAdminNegativeTestJSON-43694623 tempest-AggregatesAdminNegativeTestJSON-43694623-project-admin] 10.222.0.22 "POST /compute/v2.1/os-aggregates" status: 200 len: 198 microversion: 2.1 time: 0.116398
Sep 16 16:23:40.788746 n-d-807786-3 devstack@n-api.service[110398]: [pid: 110398|app: 0|req: 128/228] 10.222.0.22 () {60 vars in 1164 bytes} [Thu Sep 16 16:23:40 2021] POST /compute/v2.1/os-aggregates => generated 198 bytes in 119 msecs (HTTP/1.1 200) 9 headers in 357 bytes (1 switches on core 0)
Sep 16 16:23:40.798273 n-d-807786-3 devstack@n-api.service[110398]: DEBUG nova.api.openstack.wsgi [None req-99be8b19-495a-4ea2-8d4c-58b9a123773c tempest-DeleteServersAdminTestJSON-1970986134 tempest-DeleteServersAdminTestJSON-1970986134-project] Calling method '>' {{(pid=110398) _process_stack /opt/stack/nova/nova/api/openstack/wsgi.py:513}}
Sep 16 16:23:40.798896 n-d-807786-3 devstack@n-api.service[110398]: DEBUG nova.compute.api [None req-99be8b19-495a-4ea2-8d4c-58b9a123773c tempest-DeleteServersAdminTestJSON-1970986134 tempest-DeleteServersAdminTestJSON-1970986134-project] [instance: eb0886d0-84d5-4ca3-ad23-37cdf29981f9] Fetching instance by UUID {{(pid=110398) get /opt/stack/nova/nova/compute/api.py:2863}}
Sep 16 16:23:40.807557 n-d-807786-3 devstack@n-api.service[110398]: DEBUG oslo_concurrency.lockutils [None req-99be8b19-495a-4ea2-8d4c-58b9a123773c tempest-DeleteServersAdminTestJSON-1970986134 tempest-DeleteServersAdminTestJSON-1970986134-project] Lock "af6bd23a-80b7-4337-aaec-b0873d7c1b5f" acquired by "nova.context.set_target_cell..get_or_set_cached_cell_and_set_connections" :: waited 0.000s {{(pid=110398) inner /usr/local/lib/python3.8/dist-packages/oslo_concurrency/lockutils.py:355}}
Sep 16 16:23:40.808151 n-d-807786-3 devstack@n-api.service[110398]: DEBUG oslo_concurrency.lockutils [None req-99be8b19-495a-4ea2-8d4c-58b9a123773c tempest-DeleteServersAdminTestJSON-1970986134 tempest-DeleteServersAdminTestJSON-1970986134-project] Lock "af6bd23a-80b7-4337-aaec-b0873d7c1b5f" released by "nova.context.set_target_cell..get_or_set_cached_cell_and_set_connections" :: held 0.001s {{(pid=110398) inner /usr/local/lib/python3.8/dist-packages/oslo_concurrency/lockutils.py:367}}
Sep 16 16:23:40.809234 n-d-807786-3 devstack@n-api.service[110398]: DEBUG oslo_concurrency.lockutils [None req-99be8b19-495a-4ea2-8d4c-58b9a123773c tempest-DeleteServersAdminTestJSON-1970986134 tempest-DeleteServersAdminTestJSON-1970986134-project] Lock "af6bd23a-80b7-4337-aaec-b0873d7c1b5f" acquired by "nova.context.set_target_cell..get_or_set_cached_cell_and_set_connections" :: waited 0.000s {{(pid=110398) inner /usr/local/lib/python3.8/dist-packages/oslo_concurrency/lockutils.py:355}}
Sep 16 16:23:40.809570 n-d-807786-3 devstack@n-api.service[110398]: DEBUG oslo_concurrency.lockutils [None req-99be8b19-495a-4ea2-8d4c-58b9a123773c tempest-DeleteServersAdminTestJSON-1970986134 tempest-DeleteServersAdminTestJSON-1970986134-project] Lock "af6bd23a-80b7-4337-aaec-b0873d7c1b5f" released by "nova.context.set_target_cell..get_or_set_cached_cell_and_set_connections" :: held 0.000s {{(pid=110398) inner /usr/local/lib/python3.8/dist-packages/oslo_concurrency/lockutils.py:367}}
Sep 16 16:23:40.894596 n-d-807786-3 devstack@n-api.service[110397]: DEBUG nova.policy [None req-3983b2ef-4850-4611-9ede-9b50cefcdf8c tempest-ServersWithSpecificFlavorTestJSON-293618744 tempest-ServersWithSpecificFlavorTestJSON-293618744-project] Policy check for os_compute_api:os-extended-server-attributes failed with credentials {'is_admin': False, 'user_id': '033da0d4bb7f44b49d42339f709abeea', 'user_domain_id': 'default', 'system_scope': None, 'domain_id': None, 'project_id': '76941f26b9764e319b0ce37ad4dfbb88', 'project_domain_id': 'default', 'roles': ['member', 'reader'], 'is_admin_project': True, 'service_user_id': None, 'service_user_domain_id': None, 'service_project_id': None, 'service_project_domain_id': None, 'service_roles': []} {{(pid=110397) authorize /opt/stack/nova/nova/policy.py:199}}
Sep 16 16:23:40.906317 n-d-807786-3 devstack@n-api.service[110397]: INFO nova.api.openstack.requestlog [None req-3983b2ef-4850-4611-9ede-9b50cefcdf8c tempest-ServersWithSpecificFlavorTestJSON-293618744 tempest-ServersWithSpecificFlavorTestJSON-293618744-project] 10.222.0.22 "GET /compute/v2.1/servers/40af86c4-97a4-452a-aa4e-acc4c496710c" status: 200 len: 1390 microversion: 2.1 time: 0.275650
Sep 16 16:23:40.908643 n-d-807786-3 devstack@n-api.service[110397]: [pid: 110397|app: 0|req: 101/229] 10.222.0.22 () {58 vars in 1236 bytes} [Thu Sep 16 16:23:40 2021] GET /compute/v2.1/servers/40af86c4-97a4-452a-aa4e-acc4c496710c => generated 1390 bytes in 280 msecs (HTTP/1.1 200) 9 headers in 358 bytes (2 switches on core 0)
Sep 16 16:23:40.914599 n-d-807786-3 devstack@n-api.service[110397]: DEBUG nova.api.openstack.wsgi [None req-6c3805ec-d77e-4bb7-83aa-f4e9ce61778b tempest-AggregatesAdminNegativeTestJSON-532860452 tempest-AggregatesAdminNegativeTestJSON-532860452-project] Calling method '>' {{(pid=110397) _process_stack /opt/stack/nova/nova/api/openstack/wsgi.py:513}}
Sep 16 16:23:40.919446 n-d-807786-3 devstack@n-api.service[110397]: /usr/local/lib/python3.8/dist-packages/oslo_policy/policy.py:1064: UserWarning: Policy os_compute_api:os-aggregates:delete failed scope check. The token used to make the request was project scoped but the policy requires ['system'] scope. This behavior may change in the future where using the intended scope is required
Sep 16 16:23:40.919446 n-d-807786-3 devstack@n-api.service[110397]: warnings.warn(msg)
Sep 16 16:23:40.923497 n-d-807786-3 devstack@n-api.service[110397]: DEBUG nova.policy [None req-6c3805ec-d77e-4bb7-83aa-f4e9ce61778b tempest-AggregatesAdminNegativeTestJSON-532860452 tempest-AggregatesAdminNegativeTestJSON-532860452-project] Policy check for os_compute_api:os-aggregates:delete failed with credentials {'is_admin': False, 'user_id': '977b15a0dd90407f90f869cdda0c736d', 'user_domain_id': 'default', 'system_scope': None, 'domain_id': None, 'project_id': '2df9f5f3b3f945e090907318859dff44', 'project_domain_id': 'default', 'roles': ['member', 'reader'], 'is_admin_project': True, 'service_user_id': None, 'service_user_domain_id': None, 'service_project_id': None, 'service_project_domain_id': None, 'service_roles': []} {{(pid=110397) authorize /opt/stack/nova/nova/policy.py:199}}
Sep 16 16:23:40.924431 n-d-807786-3 devstack@n-api.service[110397]: DEBUG nova.api.openstack.wsgi [None req-6c3805ec-d77e-4bb7-83aa-f4e9ce61778b tempest-AggregatesAdminNegativeTestJSON-532860452 tempest-AggregatesAdminNegativeTestJSON-532860452-project] Returning 403 to user: Policy doesn't allow os_compute_api:os-aggregates:delete to be performed. {{(pid=110397) __call__ /opt/stack/nova/nova/api/openstack/wsgi.py:936}}
Sep 16 16:23:40.925762 n-d-807786-3 devstack@n-api.service[110397]: INFO nova.api.openstack.requestlog [None req-6c3805ec-d77e-4bb7-83aa-f4e9ce61778b tempest-AggregatesAdminNegativeTestJSON-532860452 tempest-AggregatesAdminNegativeTestJSON-532860452-project] 10.222.0.22 "DELETE /compute/v2.1/os-aggregates/15" status: 403 len: 116 microversion: 2.1 time: 0.015938
Sep 16 16:23:40.926865 n-d-807786-3 devstack@n-api.service[110397]: [pid: 110397|app: 0|req: 102/230] 10.222.0.22 () {58 vars in 1155 bytes} [Thu Sep 16 16:23:40 2021] DELETE /compute/v2.1/os-aggregates/15 => generated 116 bytes in 17 msecs (HTTP/1.1 403) 9 headers in 379 bytes (1 switches on core 0)
Sep 16 16:23:40.933249 n-d-807786-3 devstack@n-api.service[110397]: DEBUG nova.api.openstack.wsgi [None req-f71cc5bb-384c-49a7-a37c-427f42a652ca tempest-LiveMigrationTest-1259761701 tempest-LiveMigrationTest-1259761701-project] Calling method '>' {{(pid=110397) _process_stack /opt/stack/nova/nova/api/openstack/wsgi.py:513}}
Sep 16 16:23:40.934161 n-d-807786-3 devstack@n-api.service[110397]: DEBUG nova.compute.api [None req-f71cc5bb-384c-49a7-a37c-427f42a652ca tempest-LiveMigrationTest-1259761701 tempest-LiveMigrationTest-1259761701-project] [instance: b92f8260-1adc-425f-a1a5-8682c3091e00] Fetching instance by UUID {{(pid=110397) get /opt/stack/nova/nova/compute/api.py:2863}}
Sep 16 16:23:40.941045 n-d-807786-3 devstack@n-api.service[110397]: DEBUG oslo_concurrency.lockutils [None req-f71cc5bb-384c-49a7-a37c-427f42a652ca tempest-LiveMigrationTest-1259761701 tempest-LiveMigrationTest-1259761701-project] Lock "af6bd23a-80b7-4337-aaec-b0873d7c1b5f" acquired by "nova.context.set_target_cell..get_or_set_cached_cell_and_set_connections" :: waited 0.000s {{(pid=110397) inner /usr/local/lib/python3.8/dist-packages/oslo_concurrency/lockutils.py:355}}
Sep 16 16:23:40.945013 n-d-807786-3 devstack@n-api.service[110397]: DEBUG oslo_concurrency.lockutils [None req-f71cc5bb-384c-49a7-a37c-427f42a652ca tempest-LiveMigrationTest-1259761701 tempest-LiveMigrationTest-1259761701-project] Lock "af6bd23a-80b7-4337-aaec-b0873d7c1b5f" released by "nova.context.set_target_cell..get_or_set_cached_cell_and_set_connections" :: held 0.001s {{(pid=110397) inner /usr/local/lib/python3.8/dist-packages/oslo_concurrency/lockutils.py:367}}
Sep 16 16:23:40.945013 n-d-807786-3 devstack@n-api.service[110397]: DEBUG oslo_concurrency.lockutils [None req-f71cc5bb-384c-49a7-a37c-427f42a652ca tempest-LiveMigrationTest-1259761701 tempest-LiveMigrationTest-1259761701-project] Lock "af6bd23a-80b7-4337-aaec-b0873d7c1b5f" acquired by "nova.context.set_target_cell..get_or_set_cached_cell_and_set_connections" :: waited 0.000s {{(pid=110397) inner /usr/local/lib/python3.8/dist-packages/oslo_concurrency/lockutils.py:355}}
Sep 16 16:23:40.945013 n-d-807786-3 devstack@n-api.service[110397]: DEBUG oslo_concurrency.lockutils [None req-f71cc5bb-384c-49a7-a37c-427f42a652ca tempest-LiveMigrationTest-1259761701 tempest-LiveMigrationTest-1259761701-project] Lock "af6bd23a-80b7-4337-aaec-b0873d7c1b5f" released by "nova.context.set_target_cell..get_or_set_cached_cell_and_set_connections" :: held 0.000s {{(pid=110397) inner /usr/local/lib/python3.8/dist-packages/oslo_concurrency/lockutils.py:367}}
Sep 16 16:23:41.036155 n-d-807786-3 devstack@n-api.service[110397]: DEBUG nova.policy [None req-f71cc5bb-384c-49a7-a37c-427f42a652ca tempest-LiveMigrationTest-1259761701 tempest-LiveMigrationTest-1259761701-project] Policy check for os_compute_api:os-extended-server-attributes failed with credentials {'is_admin': False, 'user_id': '2ca75ad806e34264bab44bfc733a436f', 'user_domain_id': 'default', 'system_scope': None, 'domain_id': None, 'project_id': 'b83171c97ef440229ffe3f57d2a89529', 'project_domain_id': 'default', 'roles': ['member', 'reader'], 'is_admin_project': True, 'service_user_id': None, 'service_user_domain_id': None, 'service_project_id': None, 'service_project_domain_id': None, 'service_roles': []} {{(pid=110397) authorize /opt/stack/nova/nova/policy.py:199}}
Sep 16 16:23:41.051515 n-d-807786-3 devstack@n-api.service[110397]: INFO nova.api.openstack.requestlog [None req-f71cc5bb-384c-49a7-a37c-427f42a652ca tempest-LiveMigrationTest-1259761701 tempest-LiveMigrationTest-1259761701-project] 10.222.0.22 "GET /compute/v2.1/servers/b92f8260-1adc-425f-a1a5-8682c3091e00" status: 200 len: 1280 microversion: 2.1 time: 0.122910
Sep 16 16:23:41.053517 n-d-807786-3 devstack@n-api.service[110397]: [pid: 110397|app: 0|req: 103/231] 10.222.0.22 () {58 vars in 1236 bytes} [Thu Sep 16 16:23:40 2021] GET /compute/v2.1/servers/b92f8260-1adc-425f-a1a5-8682c3091e00 => generated 1280 bytes in 126 msecs (HTTP/1.1 200) 9 headers in 358 bytes (1 switches on core 0)
Sep 16 16:23:41.063730 n-d-807786-3 devstack@n-api.service[110397]: DEBUG nova.api.openstack.wsgi [None req-796ebfc4-1633-4dcc-9895-85d90868acff tempest-AggregatesAdminNegativeTestJSON-43694623 tempest-AggregatesAdminNegativeTestJSON-43694623-project-admin] Calling method '>' {{(pid=110397) _process_stack /opt/stack/nova/nova/api/openstack/wsgi.py:513}}
Sep 16 16:23:41.065650 n-d-807786-3 devstack@n-api.service[110397]: /usr/local/lib/python3.8/dist-packages/oslo_policy/policy.py:1064: UserWarning: Policy os_compute_api:os-aggregates:delete failed scope check. The token used to make the request was project scoped but the policy requires ['system'] scope. This behavior may change in the future where using the intended scope is required
Sep 16 16:23:41.065650 n-d-807786-3 devstack@n-api.service[110397]: warnings.warn(msg)
Sep 16 16:23:41.092222 n-d-807786-3 devstack@n-api.service[110398]: DEBUG nova.policy [None req-99be8b19-495a-4ea2-8d4c-58b9a123773c tempest-DeleteServersAdminTestJSON-1970986134 tempest-DeleteServersAdminTestJSON-1970986134-project] Policy check for os_compute_api:os-extended-server-attributes failed with credentials {'is_admin': False, 'user_id': '02ffa9b43b4b4ed3953308c2b7f02fcc', 'user_domain_id': 'default', 'system_scope': None, 'domain_id': None, 'project_id': 'f867f03bd58a4507bd71d49a2dea1749', 'project_domain_id': 'default', 'roles': ['member', 'reader'], 'is_admin_project': True, 'service_user_id': None, 'service_user_domain_id': None, 'service_project_id': None, 'service_project_domain_id': None, 'service_roles': []} {{(pid=110398) authorize /opt/stack/nova/nova/policy.py:199}}
Sep 16 16:23:41.099446 n-d-807786-3 devstack@n-api.service[110398]: INFO nova.api.openstack.requestlog [None req-99be8b19-495a-4ea2-8d4c-58b9a123773c tempest-DeleteServersAdminTestJSON-1970986134 tempest-DeleteServersAdminTestJSON-1970986134-project] 10.222.0.22 "GET /compute/v2.1/servers/eb0886d0-84d5-4ca3-ad23-37cdf29981f9" status: 200 len: 1319 microversion: 2.1 time: 0.309763
Sep 16 16:23:41.100008 n-d-807786-3 devstack@n-api.service[110398]: [pid: 110398|app: 0|req: 129/232] 10.222.0.22 () {58 vars in 1236 bytes} [Thu Sep 16 16:23:40 2021] GET /compute/v2.1/servers/eb0886d0-84d5-4ca3-ad23-37cdf29981f9 => generated 1319 bytes in 311 msecs (HTTP/1.1 200) 9 headers in 358 bytes (1 switches on core 0)
Sep 16 16:23:41.104712 n-d-807786-3 devstack@n-api.service[110398]: DEBUG nova.api.openstack.wsgi [None req-2dac7a60-a71b-4393-b28f-6c511678300b tempest-AggregatesAdminTestJSON-537361684 tempest-AggregatesAdminTestJSON-537361684-project] Calling method '>' {{(pid=110398) _process_stack /opt/stack/nova/nova/api/openstack/wsgi.py:513}}
Sep 16 16:23:41.105310 n-d-807786-3 devstack@n-api.service[110398]: DEBUG nova.compute.api [None req-2dac7a60-a71b-4393-b28f-6c511678300b tempest-AggregatesAdminTestJSON-537361684 tempest-AggregatesAdminTestJSON-537361684-project] [instance: 8c9fb630-d53e-4bee-9e50-509e899c234c] Fetching instance by UUID {{(pid=110398) get /opt/stack/nova/nova/compute/api.py:2863}}
Sep 16 16:23:41.111602 n-d-807786-3 devstack@n-api.service[110398]: DEBUG oslo_concurrency.lockutils [None req-2dac7a60-a71b-4393-b28f-6c511678300b tempest-AggregatesAdminTestJSON-537361684 tempest-AggregatesAdminTestJSON-537361684-project] Lock "af6bd23a-80b7-4337-aaec-b0873d7c1b5f" acquired by "nova.context.set_target_cell..get_or_set_cached_cell_and_set_connections" :: waited 0.000s {{(pid=110398) inner /usr/local/lib/python3.8/dist-packages/oslo_concurrency/lockutils.py:355}}
Sep 16 16:23:41.112046 n-d-807786-3 devstack@n-api.service[110398]: DEBUG oslo_concurrency.lockutils [None req-2dac7a60-a71b-4393-b28f-6c511678300b tempest-AggregatesAdminTestJSON-537361684 tempest-AggregatesAdminTestJSON-537361684-project] Lock "af6bd23a-80b7-4337-aaec-b0873d7c1b5f" released by "nova.context.set_target_cell..get_or_set_cached_cell_and_set_connections" :: held 0.001s {{(pid=110398) inner /usr/local/lib/python3.8/dist-packages/oslo_concurrency/lockutils.py:367}}
Sep 16 16:23:41.112837 n-d-807786-3 devstack@n-api.service[110398]: DEBUG oslo_concurrency.lockutils [None req-2dac7a60-a71b-4393-b28f-6c511678300b tempest-AggregatesAdminTestJSON-537361684 tempest-AggregatesAdminTestJSON-537361684-project] Lock "af6bd23a-80b7-4337-aaec-b0873d7c1b5f" acquired by "nova.context.set_target_cell..get_or_set_cached_cell_and_set_connections" :: waited 0.000s {{(pid=110398) inner /usr/local/lib/python3.8/dist-packages/oslo_concurrency/lockutils.py:355}}
Sep 16 16:23:41.113268 n-d-807786-3 devstack@n-api.service[110398]: DEBUG oslo_concurrency.lockutils [None req-2dac7a60-a71b-4393-b28f-6c511678300b tempest-AggregatesAdminTestJSON-537361684 tempest-AggregatesAdminTestJSON-537361684-project] Lock "af6bd23a-80b7-4337-aaec-b0873d7c1b5f" released by "nova.context.set_target_cell..get_or_set_cached_cell_and_set_connections" :: held 0.000s {{(pid=110398) inner /usr/local/lib/python3.8/dist-packages/oslo_concurrency/lockutils.py:367}}
Sep 16 16:23:41.200705 n-d-807786-3 devstack@n-api.service[110397]: INFO nova.api.openstack.requestlog [None req-796ebfc4-1633-4dcc-9895-85d90868acff tempest-AggregatesAdminNegativeTestJSON-43694623 tempest-AggregatesAdminNegativeTestJSON-43694623-project-admin] 10.222.0.22 "DELETE /compute/v2.1/os-aggregates/15" status: 200 len: 0 microversion: 2.1 time: 0.144833
Sep 16 16:23:41.205492 n-d-807786-3 devstack@n-api.service[110397]: [pid: 110397|app: 0|req: 104/233] 10.222.0.22 () {58 vars in 1155 bytes} [Thu Sep 16 16:23:41 2021] DELETE /compute/v2.1/os-aggregates/15 => generated 0 bytes in 147 msecs (HTTP/1.1 200) 9 headers in 355 bytes (1 switches on core 0)
Sep 16 16:23:41.210722 n-d-807786-3 devstack@n-api.service[110397]: DEBUG nova.api.openstack.wsgi [None req-aac780ec-2ed7-4e74-ada8-9f8ef4111b9a tempest-AggregatesAdminNegativeTestJSON-43694623 tempest-AggregatesAdminNegativeTestJSON-43694623-project-admin] Calling method '>' {{(pid=110397) _process_stack /opt/stack/nova/nova/api/openstack/wsgi.py:513}}
Sep 16 16:23:41.214151 n-d-807786-3 devstack@n-api.service[110397]: /usr/local/lib/python3.8/dist-packages/oslo_policy/policy.py:1064: UserWarning: Policy os_compute_api:os-aggregates:delete failed scope check. The token used to make the request was project scoped but the policy requires ['system'] scope. This behavior may change in the future where using the intended scope is required
Sep 16 16:23:41.214151 n-d-807786-3 devstack@n-api.service[110397]: warnings.warn(msg)
Sep 16 16:23:41.231280 n-d-807786-3 devstack@n-api.service[110397]: INFO nova.api.openstack.wsgi [None req-aac780ec-2ed7-4e74-ada8-9f8ef4111b9a tempest-AggregatesAdminNegativeTestJSON-43694623 tempest-AggregatesAdminNegativeTestJSON-43694623-project-admin] HTTP exception thrown: Aggregate -1 could not be found.
Sep 16 16:23:41.231706 n-d-807786-3 devstack@n-api.service[110397]: DEBUG nova.api.openstack.wsgi [None req-aac780ec-2ed7-4e74-ada8-9f8ef4111b9a tempest-AggregatesAdminNegativeTestJSON-43694623 tempest-AggregatesAdminNegativeTestJSON-43694623-project-admin] Returning 404 to user: Aggregate -1 could not be found. {{(pid=110397) __call__ /opt/stack/nova/nova/api/openstack/wsgi.py:936}}
Sep 16 16:23:41.232665 n-d-807786-3 devstack@n-api.service[110397]: INFO nova.api.openstack.requestlog [None req-aac780ec-2ed7-4e74-ada8-9f8ef4111b9a tempest-AggregatesAdminNegativeTestJSON-43694623 tempest-AggregatesAdminNegativeTestJSON-43694623-project-admin] 10.222.0.22 "DELETE /compute/v2.1/os-aggregates/-1" status: 404 len: 78 microversion: 2.1 time: 0.025565
Sep 16 16:23:41.237569 n-d-807786-3 devstack@n-api.service[110397]: [pid: 110397|app: 0|req: 105/234] 10.222.0.22 () {58 vars in 1155 bytes} [Thu Sep 16 16:23:41 2021] DELETE /compute/v2.1/os-aggregates/-1 => generated 78 bytes in 27 msecs (HTTP/1.1 404) 9 headers in 378 bytes (1 switches on core 0)
Sep 16 16:23:41.243842 n-d-807786-3 devstack@n-api.service[110397]: DEBUG nova.api.openstack.wsgi [None req-c25e981d-0343-45d3-b590-2bf7ba426653 tempest-AggregatesAdminNegativeTestJSON-43694623 tempest-AggregatesAdminNegativeTestJSON-43694623-project-admin] Action: 'create', calling method: >, body: {"aggregate": {"name": "tempest-test_aggregate-494960560"}} {{(pid=110397) _process_stack /opt/stack/nova/nova/api/openstack/wsgi.py:511}}
Sep 16 16:23:41.245158 n-d-807786-3 devstack@n-api.service[110397]: /usr/local/lib/python3.8/dist-packages/oslo_policy/policy.py:1064: UserWarning: Policy os_compute_api:os-aggregates:create failed scope check. The token used to make the request was project scoped but the policy requires ['system'] scope. This behavior may change in the future where using the intended scope is required
Sep 16 16:23:41.245158 n-d-807786-3 devstack@n-api.service[110397]: warnings.warn(msg)
