Sep 07 18:43:01.652160 n-d-807786-1 devstack@placement-api.service[101926]: [pid: 101926|app: 0|req: 17/33] 10.222.0.26 () {58 vars in 1275 bytes} [Tue Sep 7 18:43:01 2021] GET /placement/resource_providers?name=n-h2-807786-1 => generated 440 bytes in 17 msecs (HTTP/1.1 200) 6 headers in 224 bytes (1 switches on core 0)
Sep 07 18:43:01.659312 n-d-807786-1 devstack@placement-api.service[101927]: DEBUG placement.requestlog [req-6ad9d602-ada9-46d3-a565-302c051a3c56 req-b66b0fb2-edd0-477c-9984-8fc98e3d525e None None] Starting request: 10.222.0.26 "GET /placement/resource_providers/b79a8190-edf0-4254-be82-791e7a1d8a57/aggregates" {{(pid=101927) __call__ /opt/stack/placement/placement/requestlog.py:55}}
Sep 07 18:43:01.675191 n-d-807786-1 devstack@placement-api.service[101927]: INFO placement.requestlog [req-6ad9d602-ada9-46d3-a565-302c051a3c56 req-b66b0fb2-edd0-477c-9984-8fc98e3d525e service placement] 10.222.0.26 "GET /placement/resource_providers/b79a8190-edf0-4254-be82-791e7a1d8a57/aggregates" status: 200 len: 91 microversion: 1.19
Sep 07 18:43:01.675765 n-d-807786-1 devstack@placement-api.service[101927]: [pid: 101927|app: 0|req: 17/34] 10.222.0.26 () {60 vars in 1426 bytes} [Tue Sep 7 18:43:01 2021] GET /placement/resource_providers/b79a8190-edf0-4254-be82-791e7a1d8a57/aggregates => generated 91 bytes in 17 msecs (HTTP/1.1 200) 8 headers in 295 bytes (1 switches on core 0)
Sep 07 18:43:01.683034 n-d-807786-1 devstack@placement-api.service[101926]: DEBUG placement.requestlog [req-6ad9d602-ada9-46d3-a565-302c051a3c56 req-508132c8-d3ad-44c8-80e9-2882a3e0942c None None] Starting request: 10.222.0.26 "PUT /placement/resource_providers/b79a8190-edf0-4254-be82-791e7a1d8a57/aggregates" {{(pid=101926) __call__ /opt/stack/placement/placement/requestlog.py:55}}
Sep 07 18:43:01.708470 n-d-807786-1 devstack@placement-api.service[101926]: DEBUG placement.objects.resource_provider [req-6ad9d602-ada9-46d3-a565-302c051a3c56 req-508132c8-d3ad-44c8-80e9-2882a3e0942c service placement] Setting aggregates for provider b79a8190-edf0-4254-be82-791e7a1d8a57. Successfully disassociated aggregate c88df0a9-baa7-4f7e-9e8e-986115fb76fc. {{(pid=101926) _set_aggregates /opt/stack/placement/placement/objects/resource_provider.py:403}}
Sep 07 18:43:01.716214 n-d-807786-1 devstack@placement-api.service[101926]: INFO placement.requestlog [req-6ad9d602-ada9-46d3-a565-302c051a3c56 req-508132c8-d3ad-44c8-80e9-2882a3e0942c service placement] 10.222.0.26 "PUT /placement/resource_providers/b79a8190-edf0-4254-be82-791e7a1d8a57/aggregates" status: 200 len: 53 microversion: 1.19
Sep 07 18:43:01.717195 n-d-807786-1 devstack@placement-api.service[101926]: [pid: 101926|app: 0|req: 18/35] 10.222.0.26 () {64 vars in 1478 bytes} [Tue Sep 7 18:43:01 2021] PUT /placement/resource_providers/b79a8190-edf0-4254-be82-791e7a1d8a57/aggregates => generated 53 bytes in 34 msecs (HTTP/1.1 200) 8 headers in 295 bytes (2 switches on core 0)
Sep 07 18:43:02.553949 n-d-807786-1 devstack@placement-api.service[101927]: DEBUG placement.requestlog [None req-4f89fbc3-cc64-4bf0-8c64-63ca5acdf8a1 None None] Starting request: 10.222.0.26 "GET /placement/" {{(pid=101927) __call__ /opt/stack/placement/placement/requestlog.py:55}}
Sep 07 18:43:02.555304 n-d-807786-1 devstack@placement-api.service[101927]: INFO placement.requestlog [None req-4f89fbc3-cc64-4bf0-8c64-63ca5acdf8a1 None None] 10.222.0.26 "GET /placement/" status: 200 len: 136 microversion: 1.0
Sep 07 18:43:02.555829 n-d-807786-1 devstack@placement-api.service[101927]: [pid: 101927|app: 0|req: 18/36] 10.222.0.26 () {54 vars in 907 bytes} [Tue Sep 7 18:43:02 2021] GET /placement => generated 136 bytes in 2 msecs (HTTP/1.1 200) 6 headers in 224 bytes (1 switches on core 0)
Sep 07 18:43:02.579707 n-d-807786-1 devstack@placement-api.service[101926]: DEBUG placement.requestlog [req-368f3e41-6e0c-4799-bf1a-80c67c3a8df0 req-70dd9ead-5691-49d9-b574-c2c4b972d292 None None] Starting request: 10.222.0.26 "GET /placement/resource_providers?name=n-h2-807786-1" {{(pid=101926) __call__ /opt/stack/placement/placement/requestlog.py:55}}
Sep 07 18:43:03.104333 n-d-807786-1 devstack@placement-api.service[101926]: INFO placement.requestlog [req-368f3e41-6e0c-4799-bf1a-80c67c3a8df0 req-70dd9ead-5691-49d9-b574-c2c4b972d292 service placement] 10.222.0.26 "GET /placement/resource_providers?name=n-h2-807786-1" status: 200 len: 440 microversion: 1.0
Sep 07 18:43:03.111980 n-d-807786-1 devstack@placement-api.service[101926]: [pid: 101926|app: 0|req: 19/37] 10.222.0.26 () {58 vars in 1275 bytes} [Tue Sep 7 18:43:02 2021] GET /placement/resource_providers?name=n-h2-807786-1 => generated 440 bytes in 533 msecs (HTTP/1.1 200) 6 headers in 224 bytes (1 switches on core 0)
Sep 07 18:43:03.112306 n-d-807786-1 devstack@placement-api.service[101927]: DEBUG placement.requestlog [req-368f3e41-6e0c-4799-bf1a-80c67c3a8df0 req-1e5e7d06-da1b-43ff-9986-b61ab7aeacca None None] Starting request: 10.222.0.26 "GET /placement/resource_providers/b79a8190-edf0-4254-be82-791e7a1d8a57/aggregates" {{(pid=101927) __call__ /opt/stack/placement/placement/requestlog.py:55}}
Sep 07 18:43:03.149789 n-d-807786-1 devstack@placement-api.service[101927]: INFO placement.requestlog [req-368f3e41-6e0c-4799-bf1a-80c67c3a8df0 req-1e5e7d06-da1b-43ff-9986-b61ab7aeacca service placement] 10.222.0.26 "GET /placement/resource_providers/b79a8190-edf0-4254-be82-791e7a1d8a57/aggregates" status: 200 len: 53 microversion: 1.19
Sep 07 18:43:03.151009 n-d-807786-1 devstack@placement-api.service[101927]: [pid: 101927|app: 0|req: 19/38] 10.222.0.26 () {60 vars in 1426 bytes} [Tue Sep 7 18:43:03 2021] GET /placement/resource_providers/b79a8190-edf0-4254-be82-791e7a1d8a57/aggregates => generated 53 bytes in 39 msecs (HTTP/1.1 200) 8 headers in 295 bytes (2 switches on core 0)
Sep 07 18:43:03.158067 n-d-807786-1 devstack@placement-api.service[101926]: DEBUG placement.requestlog [req-368f3e41-6e0c-4799-bf1a-80c67c3a8df0 req-fe28d0e1-5035-4bdd-bc21-8663268eac5c None None] Starting request: 10.222.0.26 "PUT /placement/resource_providers/b79a8190-edf0-4254-be82-791e7a1d8a57/aggregates" {{(pid=101926) __call__ /opt/stack/placement/placement/requestlog.py:55}}
Sep 07 18:43:03.175139 n-d-807786-1 devstack@placement-api.service[101926]: DEBUG placement.objects.resource_provider [req-368f3e41-6e0c-4799-bf1a-80c67c3a8df0 req-fe28d0e1-5035-4bdd-bc21-8663268eac5c service placement] _ensure_aggregate() did not find aggregate 20339191-1f55-4556-be01-b434ec44a76e. Attempting to create it. {{(pid=101926) _ensure_aggregate /opt/stack/placement/placement/objects/resource_provider.py:320}}
Sep 07 18:43:03.176953 n-d-807786-1 devstack@placement-api.service[101926]: DEBUG placement.objects.resource_provider [req-368f3e41-6e0c-4799-bf1a-80c67c3a8df0 req-fe28d0e1-5035-4bdd-bc21-8663268eac5c service placement] _ensure_aggregate() created new aggregate 20339191-1f55-4556-be01-b434ec44a76e (id=3). {{(pid=101926) _ensure_aggregate /opt/stack/placement/placement/objects/resource_provider.py:326}}
Sep 07 18:43:03.178894 n-d-807786-1 devstack@placement-api.service[101926]: DEBUG placement.objects.resource_provider [req-368f3e41-6e0c-4799-bf1a-80c67c3a8df0 req-fe28d0e1-5035-4bdd-bc21-8663268eac5c service placement] Setting aggregates for provider b79a8190-edf0-4254-be82-791e7a1d8a57. Successfully associated aggregate 20339191-1f55-4556-be01-b434ec44a76e. {{(pid=101926) _set_aggregates /opt/stack/placement/placement/objects/resource_provider.py:388}}
Sep 07 18:43:03.185777 n-d-807786-1 devstack@placement-api.service[101926]: INFO placement.requestlog [req-368f3e41-6e0c-4799-bf1a-80c67c3a8df0 req-fe28d0e1-5035-4bdd-bc21-8663268eac5c service placement] 10.222.0.26 "PUT /placement/resource_providers/b79a8190-edf0-4254-be82-791e7a1d8a57/aggregates" status: 200 len: 91 microversion: 1.19
Sep 07 18:43:03.200870 n-d-807786-1 devstack@placement-api.service[101926]: [pid: 101926|app: 0|req: 20/39] 10.222.0.26 () {64 vars in 1478 bytes} [Tue Sep 7 18:43:03 2021] PUT /placement/resource_providers/b79a8190-edf0-4254-be82-791e7a1d8a57/aggregates => generated 91 bytes in 43 msecs (HTTP/1.1 200) 8 headers in 295 bytes (1 switches on core 0)
Sep 07 18:43:05.740277 n-d-807786-1 devstack@placement-api.service[101927]: DEBUG placement.requestlog [req-f95e567d-a7cf-4880-badb-4ff599bd6590 req-0417cbd5-f38a-41bb-bed9-1a14a578b016 None None] Starting request: 10.222.0.26 "GET /placement/allocation_candidates?limit=1000&member_of=in%3A20339191-1f55-4556-be01-b434ec44a76e&resources=DISK_GB%3A1%2CMEMORY_MB%3A1024%2CVCPU%3A1&root_required=%21COMPUTE_STATUS_DISABLED" {{(pid=101927) __call__ /opt/stack/placement/placement/requestlog.py:55}}
Sep 07 18:43:06.027410 n-d-807786-1 devstack@placement-api.service[101927]: DEBUG placement.objects.research_context [req-f95e567d-a7cf-4880-badb-4ff599bd6590 req-0417cbd5-f38a-41bb-bed9-1a14a578b016 service placement] getting providers with 1 DISK_GB {{(pid=101927) __init__ /opt/stack/placement/placement/objects/research_context.py:126}}
Sep 07 18:43:06.036443 n-d-807786-1 devstack@placement-api.service[101927]: DEBUG placement.objects.research_context [req-f95e567d-a7cf-4880-badb-4ff599bd6590 req-0417cbd5-f38a-41bb-bed9-1a14a578b016 service placement] getting providers with 1024 MEMORY_MB {{(pid=101927) __init__ /opt/stack/placement/placement/objects/research_context.py:126}}
Sep 07 18:43:06.042805 n-d-807786-1 devstack@placement-api.service[101927]: DEBUG placement.objects.research_context [req-f95e567d-a7cf-4880-badb-4ff599bd6590 req-0417cbd5-f38a-41bb-bed9-1a14a578b016 service placement] getting providers with 1 VCPU {{(pid=101927) __init__ /opt/stack/placement/placement/objects/research_context.py:126}}
Sep 07 18:43:06.049293 n-d-807786-1 devstack@placement-api.service[101927]: DEBUG placement.objects.research_context [req-f95e567d-a7cf-4880-badb-4ff599bd6590 req-0417cbd5-f38a-41bb-bed9-1a14a578b016 service placement] found 1 providers after applying required aggregates filter ([{'20339191-1f55-4556-be01-b434ec44a76e'}]) {{(pid=101927) get_provider_ids_for_traits_and_aggs /opt/stack/placement/placement/objects/research_context.py:1070}}
Sep 07 18:43:06.049638 n-d-807786-1 devstack@placement-api.service[101927]: DEBUG placement.objects.research_context [req-f95e567d-a7cf-4880-badb-4ff599bd6590 req-0417cbd5-f38a-41bb-bed9-1a14a578b016 service placement] found 2 providers with available 1 DISK_GB {{(pid=101927) get_provider_ids_matching /opt/stack/placement/placement/objects/research_context.py:549}}
Sep 07 18:43:06.050159 n-d-807786-1 devstack@placement-api.service[101927]: DEBUG placement.objects.research_context [req-f95e567d-a7cf-4880-badb-4ff599bd6590 req-0417cbd5-f38a-41bb-bed9-1a14a578b016 service placement] found 1 providers after applying initial aggregate and trait filters {{(pid=101927) get_provider_ids_matching /opt/stack/placement/placement/objects/research_context.py:561}}
Sep 07 18:43:06.050427 n-d-807786-1 devstack@placement-api.service[101927]: DEBUG placement.objects.research_context [req-f95e567d-a7cf-4880-badb-4ff599bd6590 req-0417cbd5-f38a-41bb-bed9-1a14a578b016 service placement] found 2 providers with available 1024 MEMORY_MB {{(pid=101927) get_provider_ids_matching /opt/stack/placement/placement/objects/research_context.py:549}}
Sep 07 18:43:06.050700 n-d-807786-1 devstack@placement-api.service[101927]: DEBUG placement.objects.research_context [req-f95e567d-a7cf-4880-badb-4ff599bd6590 req-0417cbd5-f38a-41bb-bed9-1a14a578b016 service placement] found 1 providers after filtering by previous result {{(pid=101927) get_provider_ids_matching /opt/stack/placement/placement/objects/research_context.py:580}}
Sep 07 18:43:06.050939 n-d-807786-1 devstack@placement-api.service[101927]: DEBUG placement.objects.research_context [req-f95e567d-a7cf-4880-badb-4ff599bd6590 req-0417cbd5-f38a-41bb-bed9-1a14a578b016 service placement] found 2 providers with available 1 VCPU {{(pid=101927) get_provider_ids_matching /opt/stack/placement/placement/objects/research_context.py:549}}
Sep 07 18:43:06.051366 n-d-807786-1 devstack@placement-api.service[101927]: DEBUG placement.objects.research_context [req-f95e567d-a7cf-4880-badb-4ff599bd6590 req-0417cbd5-f38a-41bb-bed9-1a14a578b016 service placement] found 1 providers after filtering by previous result {{(pid=101927) get_provider_ids_matching /opt/stack/placement/placement/objects/research_context.py:580}}
Sep 07 18:43:06.067176 n-d-807786-1 devstack@placement-api.service[101927]: DEBUG placement.objects.allocation_candidate [req-f95e567d-a7cf-4880-badb-4ff599bd6590 req-0417cbd5-f38a-41bb-bed9-1a14a578b016 service placement] RequestGroup(use_same_provider=False, resources={DISK_GB:1, MEMORY_MB:1024, VCPU:1}, traits=[], aggregates=[[20339191-1f55-4556-be01-b434ec44a76e]]) (suffix '') returned 1 matches {{(pid=101927) _get_by_requests /opt/stack/placement/placement/objects/allocation_candidate.py:145}}
Sep 07 18:43:06.067523 n-d-807786-1 devstack@placement-api.service[101927]: DEBUG placement.objects.allocation_candidate [req-f95e567d-a7cf-4880-badb-4ff599bd6590 req-0417cbd5-f38a-41bb-bed9-1a14a578b016 service placement] Merging candidates yields 1 allocation requests and 1 provider summaries {{(pid=101927) _merge_candidates /opt/stack/placement/placement/objects/allocation_candidate.py:783}}
Sep 07 18:43:06.069483 n-d-807786-1 devstack@placement-api.service[101927]: INFO placement.requestlog [req-f95e567d-a7cf-4880-badb-4ff599bd6590 req-0417cbd5-f38a-41bb-bed9-1a14a578b016 service placement] 10.222.0.26 "GET /placement/allocation_candidates?limit=1000&member_of=in%3A20339191-1f55-4556-be01-b434ec44a76e&resources=DISK_GB%3A1%2CMEMORY_MB%3A1024%2CVCPU%3A1&root_required=%21COMPUTE_STATUS_DISABLED" status: 200 len: 676 microversion: 1.36
Sep 07 18:43:06.069925 n-d-807786-1 devstack@placement-api.service[101927]: [pid: 101927|app: 0|req: 20/40] 10.222.0.26 () {60 vars in 1611 bytes} [Tue Sep 7 18:43:05 2021] GET /placement/allocation_candidates?limit=1000&member_of=in%3A20339191-1f55-4556-be01-b434ec44a76e&resources=DISK_GB%3A1%2CMEMORY_MB%3A1024%2CVCPU%3A1&root_required=%21COMPUTE_STATUS_DISABLED => generated 676 bytes in 330 msecs (HTTP/1.1 200) 8 headers in 296 bytes (1 switches on core 0)
Sep 07 18:43:06.188981 n-d-807786-1 devstack@placement-api.service[101926]: DEBUG placement.requestlog [req-f95e567d-a7cf-4880-badb-4ff599bd6590 req-f6770bd1-6fc7-445f-ac4d-9ad9fc509eb1 None None] Starting request: 10.222.0.26 "GET /placement/allocations/4a5cc78d-f21e-4fdd-8fef-5656e77313e0" {{(pid=101926) __call__ /opt/stack/placement/placement/requestlog.py:55}}
Sep 07 18:43:06.202338 n-d-807786-1 devstack@placement-api.service[101926]: INFO placement.requestlog [req-f95e567d-a7cf-4880-badb-4ff599bd6590 req-f6770bd1-6fc7-445f-ac4d-9ad9fc509eb1 service placement] 10.222.0.26 "GET /placement/allocations/4a5cc78d-f21e-4fdd-8fef-5656e77313e0" status: 200 len: 19 microversion: 1.28
Sep 07 18:43:06.202853 n-d-807786-1 devstack@placement-api.service[101926]: [pid: 101926|app: 0|req: 21/41] 10.222.0.26 () {60 vars in 1381 bytes} [Tue Sep 7 18:43:06 2021] GET /placement/allocations/4a5cc78d-f21e-4fdd-8fef-5656e77313e0 => generated 19 bytes in 14 msecs (HTTP/1.1 200) 8 headers in 295 bytes (1 switches on core 0)
Sep 07 18:43:06.208889 n-d-807786-1 devstack@placement-api.service[101927]: DEBUG placement.requestlog [req-f95e567d-a7cf-4880-badb-4ff599bd6590 req-794e4c2e-235b-443e-b472-bab68fa97853 None None] Starting request: 10.222.0.26 "PUT /placement/allocations/4a5cc78d-f21e-4fdd-8fef-5656e77313e0" {{(pid=101927) __call__ /opt/stack/placement/placement/requestlog.py:55}}
Sep 07 18:43:06.263241 n-d-807786-1 devstack@placement-api.service[101927]: DEBUG placement.handlers.allocation [req-f95e567d-a7cf-4880-badb-4ff599bd6590 req-794e4c2e-235b-443e-b472-bab68fa97853 service placement] Successfully wrote allocations [, , ] {{(pid=101927) _create_allocations /opt/stack/placement/placement/handlers/allocation.py:461}}
Sep 07 18:43:06.267644 n-d-807786-1 devstack@placement-api.service[101927]: INFO placement.requestlog [req-f95e567d-a7cf-4880-badb-4ff599bd6590 req-794e4c2e-235b-443e-b472-bab68fa97853 service placement] 10.222.0.26 "PUT /placement/allocations/4a5cc78d-f21e-4fdd-8fef-5656e77313e0" status: 204 len: 0 microversion: 1.36
Sep 07 18:43:06.268389 n-d-807786-1 devstack@placement-api.service[101927]: [pid: 101927|app: 0|req: 21/42] 10.222.0.26 () {64 vars in 1434 bytes} [Tue Sep 7 18:43:06 2021] PUT /placement/allocations/4a5cc78d-f21e-4fdd-8fef-5656e77313e0 => generated 0 bytes in 60 msecs (HTTP/1.1 204) 5 headers in 199 bytes (2 switches on core 0)
Sep 07 18:43:06.926948 n-d-807786-1 devstack@placement-api.service[101926]: DEBUG placement.requestlog [req-f95e567d-a7cf-4880-badb-4ff599bd6590 req-eef64085-4bfc-4edd-bebe-6349b03b2b88 None None] Starting request: 10.222.0.36 "GET /placement/allocations/4a5cc78d-f21e-4fdd-8fef-5656e77313e0" {{(pid=101926) __call__ /opt/stack/placement/placement/requestlog.py:55}}
Sep 07 18:43:06.954857 n-d-807786-1 devstack@placement-api.service[101926]: INFO placement.requestlog [req-f95e567d-a7cf-4880-badb-4ff599bd6590 req-eef64085-4bfc-4edd-bebe-6349b03b2b88 service placement] 10.222.0.36 "GET /placement/allocations/4a5cc78d-f21e-4fdd-8fef-5656e77313e0" status: 200 len: 258 microversion: 1.28
Sep 07 18:43:06.955434 n-d-807786-1 devstack@placement-api.service[101926]: [pid: 101926|app: 0|req: 22/43] 10.222.0.36 () {60 vars in 1378 bytes} [Tue Sep 7 18:43:06 2021] GET /placement/allocations/4a5cc78d-f21e-4fdd-8fef-5656e77313e0 => generated 258 bytes in 29 msecs (HTTP/1.1 200) 8 headers in 296 bytes (1 switches on core 0)
Sep 07 18:43:12.168014 n-d-807786-1 devstack@placement-api.service[101927]: DEBUG placement.requestlog [req-9105607d-6963-4db8-8b3e-1a855f5beea0 req-ce90d4b0-1238-41a2-a715-98b1d2fdacfa None None] Starting request: 10.222.0.26 "GET /placement/allocation_candidates?limit=1000&resources=DISK_GB%3A1%2CMEMORY_MB%3A1024%2CVCPU%3A1&root_required=%21COMPUTE_STATUS_DISABLED" {{(pid=101927) __call__ /opt/stack/placement/placement/requestlog.py:55}}
Sep 07 18:43:12.226159 n-d-807786-1 devstack@placement-api.service[101927]: DEBUG placement.objects.research_context [req-9105607d-6963-4db8-8b3e-1a855f5beea0 req-ce90d4b0-1238-41a2-a715-98b1d2fdacfa service placement] getting providers with 1 DISK_GB {{(pid=101927) __init__ /opt/stack/placement/placement/objects/research_context.py:126}}
Sep 07 18:43:12.245423 n-d-807786-1 devstack@placement-api.service[101927]: DEBUG placement.objects.research_context [req-9105607d-6963-4db8-8b3e-1a855f5beea0 req-ce90d4b0-1238-41a2-a715-98b1d2fdacfa service placement] getting providers with 1024 MEMORY_MB {{(pid=101927) __init__ /opt/stack/placement/placement/objects/research_context.py:126}}
Sep 07 18:43:12.256722 n-d-807786-1 devstack@placement-api.service[101927]: DEBUG placement.objects.research_context [req-9105607d-6963-4db8-8b3e-1a855f5beea0 req-ce90d4b0-1238-41a2-a715-98b1d2fdacfa service placement] getting providers with 1 VCPU {{(pid=101927) __init__ /opt/stack/placement/placement/objects/research_context.py:126}}
Sep 07 18:43:12.263726 n-d-807786-1 devstack@placement-api.service[101927]: DEBUG placement.objects.research_context [req-9105607d-6963-4db8-8b3e-1a855f5beea0 req-ce90d4b0-1238-41a2-a715-98b1d2fdacfa service placement] found 2 providers with available 1 DISK_GB {{(pid=101927) get_provider_ids_matching /opt/stack/placement/placement/objects/research_context.py:549}}
Sep 07 18:43:12.264238 n-d-807786-1 devstack@placement-api.service[101927]: DEBUG placement.objects.research_context [req-9105607d-6963-4db8-8b3e-1a855f5beea0 req-ce90d4b0-1238-41a2-a715-98b1d2fdacfa service placement] found 2 providers with available 1024 MEMORY_MB {{(pid=101927) get_provider_ids_matching /opt/stack/placement/placement/objects/research_context.py:549}}
Sep 07 18:43:12.264748 n-d-807786-1 devstack@placement-api.service[101927]: DEBUG placement.objects.research_context [req-9105607d-6963-4db8-8b3e-1a855f5beea0 req-ce90d4b0-1238-41a2-a715-98b1d2fdacfa service placement] found 2 providers after filtering by previous result {{(pid=101927) get_provider_ids_matching /opt/stack/placement/placement/objects/research_context.py:580}}
Sep 07 18:43:12.265310 n-d-807786-1 devstack@placement-api.service[101927]: DEBUG placement.objects.research_context [req-9105607d-6963-4db8-8b3e-1a855f5beea0 req-ce90d4b0-1238-41a2-a715-98b1d2fdacfa service placement] found 2 providers with available 1 VCPU {{(pid=101927) get_provider_ids_matching /opt/stack/placement/placement/objects/research_context.py:549}}
Sep 07 18:43:12.265729 n-d-807786-1 devstack@placement-api.service[101927]: DEBUG placement.objects.research_context [req-9105607d-6963-4db8-8b3e-1a855f5beea0 req-ce90d4b0-1238-41a2-a715-98b1d2fdacfa service placement] found 2 providers after filtering by previous result {{(pid=101927) get_provider_ids_matching /opt/stack/placement/placement/objects/research_context.py:580}}
Sep 07 18:43:12.318913 n-d-807786-1 devstack@placement-api.service[101927]: DEBUG placement.objects.allocation_candidate [req-9105607d-6963-4db8-8b3e-1a855f5beea0 req-ce90d4b0-1238-41a2-a715-98b1d2fdacfa service placement] RequestGroup(use_same_provider=False, resources={DISK_GB:1, MEMORY_MB:1024, VCPU:1}, traits=[], aggregates=[]) (suffix '') returned 2 matches {{(pid=101927) _get_by_requests /opt/stack/placement/placement/objects/allocation_candidate.py:145}}
Sep 07 18:43:12.321470 n-d-807786-1 devstack@placement-api.service[101927]: DEBUG placement.objects.allocation_candidate [req-9105607d-6963-4db8-8b3e-1a855f5beea0 req-ce90d4b0-1238-41a2-a715-98b1d2fdacfa service placement] Merging candidates yields 2 allocation requests and 2 provider summaries {{(pid=101927) _merge_candidates /opt/stack/placement/placement/objects/allocation_candidate.py:783}}
Sep 07 18:43:12.337264 n-d-807786-1 devstack@placement-api.service[101927]: INFO placement.requestlog [req-9105607d-6963-4db8-8b3e-1a855f5beea0 req-ce90d4b0-1238-41a2-a715-98b1d2fdacfa service placement] 10.222.0.26 "GET /placement/allocation_candidates?limit=1000&resources=DISK_GB%3A1%2CMEMORY_MB%3A1024%2CVCPU%3A1&root_required=%21COMPUTE_STATUS_DISABLED" status: 200 len: 1306 microversion: 1.36
Sep 07 18:43:12.338194 n-d-807786-1 devstack@placement-api.service[101927]: [pid: 101927|app: 0|req: 22/44] 10.222.0.26 () {60 vars in 1507 bytes} [Tue Sep 7 18:43:12 2021] GET /placement/allocation_candidates?limit=1000&resources=DISK_GB%3A1%2CMEMORY_MB%3A1024%2CVCPU%3A1&root_required=%21COMPUTE_STATUS_DISABLED => generated 1306 bytes in 170 msecs (HTTP/1.1 200) 8 headers in 297 bytes (1 switches on core 0)
Sep 07 18:43:12.340006 n-d-807786-1 devstack@placement-api.service[101926]: DEBUG placement.requestlog [req-83a1712d-dd19-4a66-8a68-a80bb3be1114 req-120aeed7-7ead-4d57-a088-19a44054e2b6 None None] Starting request: 10.222.0.26 "GET /placement/allocation_candidates?limit=1000&resources=DISK_GB%3A1%2CMEMORY_MB%3A1024%2CVCPU%3A1&root_required=%21COMPUTE_STATUS_DISABLED" {{(pid=101926) __call__ /opt/stack/placement/placement/requestlog.py:55}}
Sep 07 18:43:12.438848 n-d-807786-1 devstack@placement-api.service[101926]: DEBUG placement.objects.research_context [req-83a1712d-dd19-4a66-8a68-a80bb3be1114 req-120aeed7-7ead-4d57-a088-19a44054e2b6 service placement] getting providers with 1 DISK_GB {{(pid=101926) __init__ /opt/stack/placement/placement/objects/research_context.py:126}}
Sep 07 18:43:12.455086 n-d-807786-1 devstack@placement-api.service[101926]: DEBUG placement.objects.research_context [req-83a1712d-dd19-4a66-8a68-a80bb3be1114 req-120aeed7-7ead-4d57-a088-19a44054e2b6 service placement] getting providers with 1024 MEMORY_MB {{(pid=101926) __init__ /opt/stack/placement/placement/objects/research_context.py:126}}
Sep 07 18:43:12.468377 n-d-807786-1 devstack@placement-api.service[101926]: DEBUG placement.objects.research_context [req-83a1712d-dd19-4a66-8a68-a80bb3be1114 req-120aeed7-7ead-4d57-a088-19a44054e2b6 service placement] getting providers with 1 VCPU {{(pid=101926) __init__ /opt/stack/placement/placement/objects/research_context.py:126}}
Sep 07 18:43:12.491232 n-d-807786-1 devstack@placement-api.service[101926]: DEBUG placement.objects.research_context [req-83a1712d-dd19-4a66-8a68-a80bb3be1114 req-120aeed7-7ead-4d57-a088-19a44054e2b6 service placement] found 2 providers with available 1 DISK_GB {{(pid=101926) get_provider_ids_matching /opt/stack/placement/placement/objects/research_context.py:549}}
Sep 07 18:43:12.493685 n-d-807786-1 devstack@placement-api.service[101926]: DEBUG placement.objects.research_context [req-83a1712d-dd19-4a66-8a68-a80bb3be1114 req-120aeed7-7ead-4d57-a088-19a44054e2b6 service placement] found 2 providers with available 1024 MEMORY_MB {{(pid=101926) get_provider_ids_matching /opt/stack/placement/placement/objects/research_context.py:549}}
Sep 07 18:43:12.495680 n-d-807786-1 devstack@placement-api.service[101926]: DEBUG placement.objects.research_context [req-83a1712d-dd19-4a66-8a68-a80bb3be1114 req-120aeed7-7ead-4d57-a088-19a44054e2b6 service placement] found 2 providers after filtering by previous result {{(pid=101926) get_provider_ids_matching /opt/stack/placement/placement/objects/research_context.py:580}}
Sep 07 18:43:12.496258 n-d-807786-1 devstack@placement-api.service[101926]: DEBUG placement.objects.research_context [req-83a1712d-dd19-4a66-8a68-a80bb3be1114 req-120aeed7-7ead-4d57-a088-19a44054e2b6 service placement] found 2 providers with available 1 VCPU {{(pid=101926) get_provider_ids_matching /opt/stack/placement/placement/objects/research_context.py:549}}
Sep 07 18:43:12.497603 n-d-807786-1 devstack@placement-api.service[101926]: DEBUG placement.objects.research_context [req-83a1712d-dd19-4a66-8a68-a80bb3be1114 req-120aeed7-7ead-4d57-a088-19a44054e2b6 service placement] found 2 providers after filtering by previous result {{(pid=101926) get_provider_ids_matching /opt/stack/placement/placement/objects/research_context.py:580}}
Sep 07 18:43:12.564892 n-d-807786-1 devstack@placement-api.service[101926]: DEBUG placement.objects.allocation_candidate [req-83a1712d-dd19-4a66-8a68-a80bb3be1114 req-120aeed7-7ead-4d57-a088-19a44054e2b6 service placement] RequestGroup(use_same_provider=False, resources={DISK_GB:1, MEMORY_MB:1024, VCPU:1}, traits=[], aggregates=[]) (suffix '') returned 2 matches {{(pid=101926) _get_by_requests /opt/stack/placement/placement/objects/allocation_candidate.py:145}}
Sep 07 18:43:12.565424 n-d-807786-1 devstack@placement-api.service[101926]: DEBUG placement.objects.allocation_candidate [req-83a1712d-dd19-4a66-8a68-a80bb3be1114 req-120aeed7-7ead-4d57-a088-19a44054e2b6 service placement] Merging candidates yields 2 allocation requests and 2 provider summaries {{(pid=101926) _merge_candidates /opt/stack/placement/placement/objects/allocation_candidate.py:783}}
Sep 07 18:43:12.575319 n-d-807786-1 devstack@placement-api.service[101926]: INFO placement.requestlog [req-83a1712d-dd19-4a66-8a68-a80bb3be1114 req-120aeed7-7ead-4d57-a088-19a44054e2b6 service placement] 10.222.0.26 "GET /placement/allocation_candidates?limit=1000&resources=DISK_GB%3A1%2CMEMORY_MB%3A1024%2CVCPU%3A1&root_required=%21COMPUTE_STATUS_DISABLED" status: 200 len: 1306 microversion: 1.36
Sep 07 18:43:12.575566 n-d-807786-1 devstack@placement-api.service[101926]: [pid: 101926|app: 0|req: 23/45] 10.222.0.26 () {60 vars in 1507 bytes} [Tue Sep 7 18:43:12 2021] GET /placement/allocation_candidates?limit=1000&resources=DISK_GB%3A1%2CMEMORY_MB%3A1024%2CVCPU%3A1&root_required=%21COMPUTE_STATUS_DISABLED => generated 1306 bytes in 236 msecs (HTTP/1.1 200) 8 headers in 297 bytes (1 switches on core 0)
Sep 07 18:43:12.589566 n-d-807786-1 devstack@placement-api.service[101927]: DEBUG placement.requestlog [req-9105607d-6963-4db8-8b3e-1a855f5beea0 req-ad28b19f-eb74-4b18-bb91-821b858950e5 None None] Starting request: 10.222.0.26 "GET /placement/allocations/35abe18e-1043-4c51-bb0a-9e012cb2d5bd" {{(pid=101927) __call__ /opt/stack/placement/placement/requestlog.py:55}}
Sep 07 18:43:12.622665 n-d-807786-1 devstack@placement-api.service[101927]: INFO placement.requestlog [req-9105607d-6963-4db8-8b3e-1a855f5beea0 req-ad28b19f-eb74-4b18-bb91-821b858950e5 service placement] 10.222.0.26 "GET /placement/allocations/35abe18e-1043-4c51-bb0a-9e012cb2d5bd" status: 200 len: 19 microversion: 1.28
Sep 07 18:43:12.623144 n-d-807786-1 devstack@placement-api.service[101927]: [pid: 101927|app: 0|req: 23/46] 10.222.0.26 () {60 vars in 1381 bytes} [Tue Sep 7 18:43:12 2021] GET /placement/allocations/35abe18e-1043-4c51-bb0a-9e012cb2d5bd => generated 19 bytes in 34 msecs (HTTP/1.1 200) 8 headers in 295 bytes (1 switches on core 0)
Sep 07 18:43:12.635416 n-d-807786-1 devstack@placement-api.service[101926]: DEBUG placement.requestlog [req-9105607d-6963-4db8-8b3e-1a855f5beea0 req-c3eb1551-effb-48a4-9d57-8926e61b8809 None None] Starting request: 10.222.0.26 "PUT /placement/allocations/35abe18e-1043-4c51-bb0a-9e012cb2d5bd" {{(pid=101926) __call__ /opt/stack/placement/placement/requestlog.py:55}}
Sep 07 18:43:12.775433 n-d-807786-1 devstack@placement-api.service[101927]: DEBUG placement.requestlog [req-83a1712d-dd19-4a66-8a68-a80bb3be1114 req-d5ed151c-4453-4222-befa-cfe8655c419c None None] Starting request: 10.222.0.26 "GET /placement/allocations/dd039750-c0ef-45cf-acfc-52067bf636ce" {{(pid=101927) __call__ /opt/stack/placement/placement/requestlog.py:55}}
Sep 07 18:43:12.781424 n-d-807786-1 devstack@placement-api.service[101926]: DEBUG placement.handlers.allocation [req-9105607d-6963-4db8-8b3e-1a855f5beea0 req-c3eb1551-effb-48a4-9d57-8926e61b8809 service placement] Successfully wrote allocations [, , ] {{(pid=101926) _create_allocations /opt/stack/placement/placement/handlers/allocation.py:461}}
Sep 07 18:43:12.788861 n-d-807786-1 devstack@placement-api.service[101927]: INFO placement.requestlog [req-83a1712d-dd19-4a66-8a68-a80bb3be1114 req-d5ed151c-4453-4222-befa-cfe8655c419c service placement] 10.222.0.26 "GET /placement/allocations/dd039750-c0ef-45cf-acfc-52067bf636ce" status: 200 len: 19 microversion: 1.28
Sep 07 18:43:12.792816 n-d-807786-1 devstack@placement-api.service[101926]: INFO placement.requestlog [req-9105607d-6963-4db8-8b3e-1a855f5beea0 req-c3eb1551-effb-48a4-9d57-8926e61b8809 service placement] 10.222.0.26 "PUT /placement/allocations/35abe18e-1043-4c51-bb0a-9e012cb2d5bd" status: 204 len: 0 microversion: 1.36
Sep 07 18:43:12.793446 n-d-807786-1 devstack@placement-api.service[101926]: [pid: 101926|app: 0|req: 24/47] 10.222.0.26 () {64 vars in 1434 bytes} [Tue Sep 7 18:43:12 2021] PUT /placement/allocations/35abe18e-1043-4c51-bb0a-9e012cb2d5bd => generated 0 bytes in 158 msecs (HTTP/1.1 204) 5 headers in 199 bytes (1 switches on core 0)
Sep 07 18:43:12.805334 n-d-807786-1 devstack@placement-api.service[101927]: [pid: 101927|app: 0|req: 24/48] 10.222.0.26 () {60 vars in 1381 bytes} [Tue Sep 7 18:43:12 2021] GET /placement/allocations/dd039750-c0ef-45cf-acfc-52067bf636ce => generated 19 bytes in 31 msecs (HTTP/1.1 200) 8 headers in 295 bytes (2 switches on core 0)
Sep 07 18:43:12.819089 n-d-807786-1 devstack@placement-api.service[101926]: DEBUG placement.requestlog [req-83a1712d-dd19-4a66-8a68-a80bb3be1114 req-683b2d46-4ceb-48b2-bdba-d3d2401da3e5 None None] Starting request: 10.222.0.26 "PUT /placement/allocations/dd039750-c0ef-45cf-acfc-52067bf636ce" {{(pid=101926) __call__ /opt/stack/placement/placement/requestlog.py:55}}
Sep 07 18:43:12.926465 n-d-807786-1 devstack@placement-api.service[101926]: DEBUG placement.handlers.allocation [req-83a1712d-dd19-4a66-8a68-a80bb3be1114 req-683b2d46-4ceb-48b2-bdba-d3d2401da3e5 service placement] Successfully wrote allocations [, , ] {{(pid=101926) _create_allocations /opt/stack/placement/placement/handlers/allocation.py:461}}
Sep 07 18:43:12.939671 n-d-807786-1 devstack@placement-api.service[101926]: INFO placement.requestlog [req-83a1712d-dd19-4a66-8a68-a80bb3be1114 req-683b2d46-4ceb-48b2-bdba-d3d2401da3e5 service placement] 10.222.0.26 "PUT /placement/allocations/dd039750-c0ef-45cf-acfc-52067bf636ce" status: 204 len: 0 microversion: 1.36
Sep 07 18:43:12.940157 n-d-807786-1 devstack@placement-api.service[101926]: [pid: 101926|app: 0|req: 25/49] 10.222.0.26 () {64 vars in 1434 bytes} [Tue Sep 7 18:43:12 2021] PUT /placement/allocations/dd039750-c0ef-45cf-acfc-52067bf636ce => generated 0 bytes in 122 msecs (HTTP/1.1 204) 5 headers in 199 bytes (1 switches on core 0)
Sep 07 18:43:13.490394 n-d-807786-1 devstack@placement-api.service[101927]: DEBUG placement.requestlog [req-83a1712d-dd19-4a66-8a68-a80bb3be1114 req-358dba9d-db01-4e10-99b8-1032ea056796 None None] Starting request: 10.222.0.60 "GET /placement/allocations/dd039750-c0ef-45cf-acfc-52067bf636ce" {{(pid=101927) __call__ /opt/stack/placement/placement/requestlog.py:55}}
Sep 07 18:43:13.514011 n-d-807786-1 devstack@placement-api.service[101927]: INFO placement.requestlog [req-83a1712d-dd19-4a66-8a68-a80bb3be1114 req-358dba9d-db01-4e10-99b8-1032ea056796 service placement] 10.222.0.60 "GET /placement/allocations/dd039750-c0ef-45cf-acfc-52067bf636ce" status: 200 len: 258 microversion: 1.28
Sep 07 18:43:13.515319 n-d-807786-1 devstack@placement-api.service[101927]: [pid: 101927|app: 0|req: 25/50] 10.222.0.60 () {60 vars in 1378 bytes} [Tue Sep 7 18:43:13 2021] GET /placement/allocations/dd039750-c0ef-45cf-acfc-52067bf636ce => generated 258 bytes in 25 msecs (HTTP/1.1 200) 8 headers in 296 bytes (1 switches on core 0)
Sep 07 18:43:13.866517 n-d-807786-1 devstack@placement-api.service[101926]: DEBUG placement.requestlog [req-9105607d-6963-4db8-8b3e-1a855f5beea0 req-a182eb07-4adf-4691-ab08-b831bbf7fbab None None] Starting request: 10.222.0.60 "GET /placement/allocations/35abe18e-1043-4c51-bb0a-9e012cb2d5bd" {{(pid=101926) __call__ /opt/stack/placement/placement/requestlog.py:55}}
Sep 07 18:43:13.910619 n-d-807786-1 devstack@placement-api.service[101926]: INFO placement.requestlog [req-9105607d-6963-4db8-8b3e-1a855f5beea0 req-a182eb07-4adf-4691-ab08-b831bbf7fbab service placement] 10.222.0.60 "GET /placement/allocations/35abe18e-1043-4c51-bb0a-9e012cb2d5bd" status: 200 len: 258 microversion: 1.28
Sep 07 18:43:13.911062 n-d-807786-1 devstack@placement-api.service[101926]: [pid: 101926|app: 0|req: 26/51] 10.222.0.60 () {60 vars in 1378 bytes} [Tue Sep 7 18:43:13 2021] GET /placement/allocations/35abe18e-1043-4c51-bb0a-9e012cb2d5bd => generated 258 bytes in 45 msecs (HTTP/1.1 200) 8 headers in 296 bytes (1 switches on core 0)
Sep 07 18:43:33.817115 n-d-807786-1 devstack@placement-api.service[101927]: DEBUG placement.requestlog [req-f5448b24-56af-4078-baf9-b92d62be9bce req-df6c8ebd-0ff1-454e-ae8f-4c3735296f5d None None] Starting request: 10.222.0.26 "GET /placement/resource_providers?name=n-h2-807786-1" {{(pid=101927) __call__ /opt/stack/placement/placement/requestlog.py:55}}
Sep 07 18:43:33.832557 n-d-807786-1 devstack@placement-api.service[101927]: INFO placement.requestlog [req-f5448b24-56af-4078-baf9-b92d62be9bce req-df6c8ebd-0ff1-454e-ae8f-4c3735296f5d service placement] 10.222.0.26 "GET /placement/resource_providers?name=n-h2-807786-1" status: 200 len: 440 microversion: 1.0
Sep 07 18:43:33.833436 n-d-807786-1 devstack@placement-api.service[101927]: [pid: 101927|app: 0|req: 26/52] 10.222.0.26 () {58 vars in 1275 bytes} [Tue Sep 7 18:43:33 2021] GET /placement/resource_providers?name=n-h2-807786-1 => generated 440 bytes in 16 msecs (HTTP/1.1 200) 6 headers in 224 bytes (1 switches on core 0)
Sep 07 18:43:33.842010 n-d-807786-1 devstack@placement-api.service[101926]: DEBUG placement.requestlog [req-f5448b24-56af-4078-baf9-b92d62be9bce req-8f60b19f-e3e6-4f51-b6b5-166502a1f9c2 None None] Starting request: 10.222.0.26 "GET /placement/resource_providers/b79a8190-edf0-4254-be82-791e7a1d8a57/aggregates" {{(pid=101926) __call__ /opt/stack/placement/placement/requestlog.py:55}}
Sep 07 18:43:33.857250 n-d-807786-1 devstack@placement-api.service[101926]: INFO placement.requestlog [req-f5448b24-56af-4078-baf9-b92d62be9bce req-8f60b19f-e3e6-4f51-b6b5-166502a1f9c2 service placement] 10.222.0.26 "GET /placement/resource_providers/b79a8190-edf0-4254-be82-791e7a1d8a57/aggregates" status: 200 len: 91 microversion: 1.19
Sep 07 18:43:33.864316 n-d-807786-1 devstack@placement-api.service[101926]: [pid: 101926|app: 0|req: 27/53] 10.222.0.26 () {60 vars in 1426 bytes} [Tue Sep 7 18:43:33 2021] GET /placement/resource_providers/b79a8190-edf0-4254-be82-791e7a1d8a57/aggregates => generated 91 bytes in 22 msecs (HTTP/1.1 200) 8 headers in 295 bytes (1 switches on core 0)
Sep 07 18:43:33.864837 n-d-807786-1 devstack@placement-api.service[101927]: DEBUG placement.requestlog [req-f5448b24-56af-4078-baf9-b92d62be9bce req-e3de7142-6ef6-489a-9e9d-965cd559fd47 None None] Starting request: 10.222.0.26 "PUT /placement/resource_providers/b79a8190-edf0-4254-be82-791e7a1d8a57/aggregates" {{(pid=101927) __call__ /opt/stack/placement/placement/requestlog.py:55}}
Sep 07 18:43:33.889179 n-d-807786-1 devstack@placement-api.service[101927]: DEBUG placement.objects.resource_provider [req-f5448b24-56af-4078-baf9-b92d62be9bce req-e3de7142-6ef6-489a-9e9d-965cd559fd47 service placement] Setting aggregates for provider b79a8190-edf0-4254-be82-791e7a1d8a57. Successfully disassociated aggregate 20339191-1f55-4556-be01-b434ec44a76e. {{(pid=101927) _set_aggregates /opt/stack/placement/placement/objects/resource_provider.py:403}}
Sep 07 18:43:33.901701 n-d-807786-1 devstack@placement-api.service[101927]: INFO placement.requestlog [req-f5448b24-56af-4078-baf9-b92d62be9bce req-e3de7142-6ef6-489a-9e9d-965cd559fd47 service placement] 10.222.0.26 "PUT /placement/resource_providers/b79a8190-edf0-4254-be82-791e7a1d8a57/aggregates" status: 200 len: 53 microversion: 1.19
Sep 07 18:43:33.901980 n-d-807786-1 devstack@placement-api.service[101927]: [pid: 101927|app: 0|req: 27/54] 10.222.0.26 () {64 vars in 1478 bytes} [Tue Sep 7 18:43:33 2021] PUT /placement/resource_providers/b79a8190-edf0-4254-be82-791e7a1d8a57/aggregates => generated 53 bytes in 38 msecs (HTTP/1.1 200) 8 headers in 295 bytes (2 switches on core 0)
Sep 07 18:43:34.473709 n-d-807786-1 devstack@placement-api.service[101926]: DEBUG placement.requestlog [req-20b05545-ff7d-484b-a877-a6462ef0d53a req-50b3d506-f532-4cb3-a825-45b9a36d0376 None None] Starting request: 10.222.0.26 "GET /placement/resource_providers?name=n-h2-807786-1" {{(pid=101926) __call__ /opt/stack/placement/placement/requestlog.py:55}}
Sep 07 18:43:34.487822 n-d-807786-1 devstack@placement-api.service[101926]: INFO placement.requestlog [req-20b05545-ff7d-484b-a877-a6462ef0d53a req-50b3d506-f532-4cb3-a825-45b9a36d0376 service placement] 10.222.0.26 "GET /placement/resource_providers?name=n-h2-807786-1" status: 200 len: 440 microversion: 1.0
Sep 07 18:43:34.488561 n-d-807786-1 devstack@placement-api.service[101926]: [pid: 101926|app: 0|req: 28/55] 10.222.0.26 () {58 vars in 1275 bytes} [Tue Sep 7 18:43:34 2021] GET /placement/resource_providers?name=n-h2-807786-1 => generated 440 bytes in 15 msecs (HTTP/1.1 200) 6 headers in 224 bytes (1 switches on core 0)
Sep 07 18:43:34.496096 n-d-807786-1 devstack@placement-api.service[101927]: DEBUG placement.requestlog [req-20b05545-ff7d-484b-a877-a6462ef0d53a req-ed591768-46c6-41e8-8fd0-84451899aee8 None None] Starting request: 10.222.0.26 "GET /placement/resource_providers/b79a8190-edf0-4254-be82-791e7a1d8a57/aggregates" {{(pid=101927) __call__ /opt/stack/placement/placement/requestlog.py:55}}
Sep 07 18:43:34.512293 n-d-807786-1 devstack@placement-api.service[101927]: INFO placement.requestlog [req-20b05545-ff7d-484b-a877-a6462ef0d53a req-ed591768-46c6-41e8-8fd0-84451899aee8 service placement] 10.222.0.26 "GET /placement/resource_providers/b79a8190-edf0-4254-be82-791e7a1d8a57/aggregates" status: 200 len: 53 microversion: 1.19
Sep 07 18:43:34.512553 n-d-807786-1 devstack@placement-api.service[101927]: [pid: 101927|app: 0|req: 28/56] 10.222.0.26 () {60 vars in 1426 bytes} [Tue Sep 7 18:43:34 2021] GET /placement/resource_providers/b79a8190-edf0-4254-be82-791e7a1d8a57/aggregates => generated 53 bytes in 17 msecs (HTTP/1.1 200) 8 headers in 295 bytes (1 switches on core 0)
Sep 07 18:43:34.519905 n-d-807786-1 devstack@placement-api.service[101926]: DEBUG placement.requestlog [req-20b05545-ff7d-484b-a877-a6462ef0d53a req-00af51f5-5801-4777-a111-0e74b8ac7951 None None] Starting request: 10.222.0.26 "PUT /placement/resource_providers/b79a8190-edf0-4254-be82-791e7a1d8a57/aggregates" {{(pid=101926) __call__ /opt/stack/placement/placement/requestlog.py:55}}
Sep 07 18:43:34.548872 n-d-807786-1 devstack@placement-api.service[101926]: DEBUG placement.objects.resource_provider [req-20b05545-ff7d-484b-a877-a6462ef0d53a req-00af51f5-5801-4777-a111-0e74b8ac7951 service placement] _ensure_aggregate() did not find aggregate 8dbcc308-9144-482b-b3e6-341ca388c342. Attempting to create it. {{(pid=101926) _ensure_aggregate /opt/stack/placement/placement/objects/resource_provider.py:320}}
Sep 07 18:43:34.550289 n-d-807786-1 devstack@placement-api.service[101926]: DEBUG placement.objects.resource_provider [req-20b05545-ff7d-484b-a877-a6462ef0d53a req-00af51f5-5801-4777-a111-0e74b8ac7951 service placement] _ensure_aggregate() created new aggregate 8dbcc308-9144-482b-b3e6-341ca388c342 (id=4). {{(pid=101926) _ensure_aggregate /opt/stack/placement/placement/objects/resource_provider.py:326}}
Sep 07 18:43:34.552151 n-d-807786-1 devstack@placement-api.service[101926]: DEBUG placement.objects.resource_provider [req-20b05545-ff7d-484b-a877-a6462ef0d53a req-00af51f5-5801-4777-a111-0e74b8ac7951 service placement] Setting aggregates for provider b79a8190-edf0-4254-be82-791e7a1d8a57. Successfully associated aggregate 8dbcc308-9144-482b-b3e6-341ca388c342. {{(pid=101926) _set_aggregates /opt/stack/placement/placement/objects/resource_provider.py:388}}
Sep 07 18:43:34.559159 n-d-807786-1 devstack@placement-api.service[101926]: INFO placement.requestlog [req-20b05545-ff7d-484b-a877-a6462ef0d53a req-00af51f5-5801-4777-a111-0e74b8ac7951 service placement] 10.222.0.26 "PUT /placement/resource_providers/b79a8190-edf0-4254-be82-791e7a1d8a57/aggregates" status: 200 len: 92 microversion: 1.19
Sep 07 18:43:34.570967 n-d-807786-1 devstack@placement-api.service[101926]: [pid: 101926|app: 0|req: 29/57] 10.222.0.26 () {64 vars in 1478 bytes} [Tue Sep 7 18:43:34 2021] PUT /placement/resource_providers/b79a8190-edf0-4254-be82-791e7a1d8a57/aggregates => generated 92 bytes in 51 msecs (HTTP/1.1 200) 8 headers in 295 bytes (1 switches on core 0)
Sep 07 18:43:34.714373 n-d-807786-1 devstack@placement-api.service[101927]: DEBUG placement.requestlog [req-a851bf53-04d3-43ed-b48a-779ae95d7d9f req-5b946765-f4ce-48fb-9e39-84dff04c88b8 None None] Starting request: 10.222.0.26 "GET /placement/resource_providers?name=n-h2-807786-1" {{(pid=101927) __call__ /opt/stack/placement/placement/requestlog.py:55}}
Sep 07 18:43:34.726999 n-d-807786-1 devstack@placement-api.service[101927]: INFO placement.requestlog [req-a851bf53-04d3-43ed-b48a-779ae95d7d9f req-5b946765-f4ce-48fb-9e39-84dff04c88b8 service placement] 10.222.0.26 "GET /placement/resource_providers?name=n-h2-807786-1" status: 200 len: 441 microversion: 1.0
Sep 07 18:43:34.727351 n-d-807786-1 devstack@placement-api.service[101927]: [pid: 101927|app: 0|req: 29/58] 10.222.0.26 () {58 vars in 1275 bytes} [Tue Sep 7 18:43:34 2021] GET /placement/resource_providers?name=n-h2-807786-1 => generated 441 bytes in 13 msecs (HTTP/1.1 200) 6 headers in 224 bytes (1 switches on core 0)
Sep 07 18:43:34.734405 n-d-807786-1 devstack@placement-api.service[101926]: DEBUG placement.requestlog [req-a851bf53-04d3-43ed-b48a-779ae95d7d9f req-47d5a180-fa9e-4fd8-8943-74f001a86390 None None] Starting request: 10.222.0.26 "GET /placement/resource_providers/b79a8190-edf0-4254-be82-791e7a1d8a57/aggregates" {{(pid=101926) __call__ /opt/stack/placement/placement/requestlog.py:55}}
Sep 07 18:43:34.748661 n-d-807786-1 devstack@placement-api.service[101926]: INFO placement.requestlog [req-a851bf53-04d3-43ed-b48a-779ae95d7d9f req-47d5a180-fa9e-4fd8-8943-74f001a86390 service placement] 10.222.0.26 "GET /placement/resource_providers/b79a8190-edf0-4254-be82-791e7a1d8a57/aggregates" status: 200 len: 92 microversion: 1.19
Sep 07 18:43:34.749037 n-d-807786-1 devstack@placement-api.service[101926]: [pid: 101926|app: 0|req: 30/59] 10.222.0.26 () {60 vars in 1426 bytes} [Tue Sep 7 18:43:34 2021] GET /placement/resource_providers/b79a8190-edf0-4254-be82-791e7a1d8a57/aggregates => generated 92 bytes in 15 msecs (HTTP/1.1 200) 8 headers in 295 bytes (1 switches on core 0)
Sep 07 18:43:34.757803 n-d-807786-1 devstack@placement-api.service[101927]: DEBUG placement.requestlog [req-a851bf53-04d3-43ed-b48a-779ae95d7d9f req-72a4b225-6af4-4e41-8f2e-8db99faa1ee1 None None] Starting request: 10.222.0.26 "PUT /placement/resource_providers/b79a8190-edf0-4254-be82-791e7a1d8a57/aggregates" {{(pid=101927) __call__ /opt/stack/placement/placement/requestlog.py:55}}
Sep 07 18:43:34.773381 n-d-807786-1 devstack@placement-api.service[101927]: DEBUG placement.objects.resource_provider [req-a851bf53-04d3-43ed-b48a-779ae95d7d9f req-72a4b225-6af4-4e41-8f2e-8db99faa1ee1 service placement] Setting aggregates for provider b79a8190-edf0-4254-be82-791e7a1d8a57. Successfully disassociated aggregate 8dbcc308-9144-482b-b3e6-341ca388c342. {{(pid=101927) _set_aggregates /opt/stack/placement/placement/objects/resource_provider.py:403}}
Sep 07 18:43:34.786015 n-d-807786-1 devstack@placement-api.service[101927]: INFO placement.requestlog [req-a851bf53-04d3-43ed-b48a-779ae95d7d9f req-72a4b225-6af4-4e41-8f2e-8db99faa1ee1 service placement] 10.222.0.26 "PUT /placement/resource_providers/b79a8190-edf0-4254-be82-791e7a1d8a57/aggregates" status: 200 len: 54 microversion: 1.19
Sep 07 18:43:34.786375 n-d-807786-1 devstack@placement-api.service[101927]: [pid: 101927|app: 0|req: 30/60] 10.222.0.26 () {64 vars in 1478 bytes} [Tue Sep 7 18:43:34 2021] PUT /placement/resource_providers/b79a8190-edf0-4254-be82-791e7a1d8a57/aggregates => generated 54 bytes in 29 msecs (HTTP/1.1 200) 8 headers in 295 bytes (1 switches on core 0)
Sep 07 18:43:35.268563 n-d-807786-1 devstack@placement-api.service[101926]: DEBUG placement.requestlog [req-572d2264-49f2-4890-8656-e8b907c269f4 req-d02bc70e-383e-4828-81af-802bff49bcc1 None None] Starting request: 10.222.0.26 "GET /placement/resource_providers?name=n-h2-807786-1" {{(pid=101926) __call__ /opt/stack/placement/placement/requestlog.py:55}}
Sep 07 18:43:35.279727 n-d-807786-1 devstack@placement-api.service[101926]: INFO placement.requestlog [req-572d2264-49f2-4890-8656-e8b907c269f4 req-d02bc70e-383e-4828-81af-802bff49bcc1 service placement] 10.222.0.26 "GET /placement/resource_providers?name=n-h2-807786-1" status: 200 len: 441 microversion: 1.0
Sep 07 18:43:35.287809 n-d-807786-1 devstack@placement-api.service[101926]: [pid: 101926|app: 0|req: 31/61] 10.222.0.26 () {58 vars in 1275 bytes} [Tue Sep 7 18:43:35 2021] GET /placement/resource_providers?name=n-h2-807786-1 => generated 441 bytes in 19 msecs (HTTP/1.1 200) 6 headers in 224 bytes (1 switches on core 0)
Sep 07 18:43:35.290014 n-d-807786-1 devstack@placement-api.service[101927]: DEBUG placement.requestlog [req-572d2264-49f2-4890-8656-e8b907c269f4 req-fa2dd030-c9d0-459f-bbf3-0d63102ad336 None None] Starting request: 10.222.0.26 "GET /placement/resource_providers/b79a8190-edf0-4254-be82-791e7a1d8a57/aggregates" {{(pid=101927) __call__ /opt/stack/placement/placement/requestlog.py:55}}
Sep 07 18:43:35.308420 n-d-807786-1 devstack@placement-api.service[101927]: INFO placement.requestlog [req-572d2264-49f2-4890-8656-e8b907c269f4 req-fa2dd030-c9d0-459f-bbf3-0d63102ad336 service placement] 10.222.0.26 "GET /placement/resource_providers/b79a8190-edf0-4254-be82-791e7a1d8a57/aggregates" status: 200 len: 54 microversion: 1.19
Sep 07 18:43:35.315604 n-d-807786-1 devstack@placement-api.service[101926]: DEBUG placement.requestlog [req-572d2264-49f2-4890-8656-e8b907c269f4 req-65851606-9ff9-4caa-bb5a-5f2aede575c2 None None] Starting request: 10.222.0.26 "PUT /placement/resource_providers/b79a8190-edf0-4254-be82-791e7a1d8a57/aggregates" {{(pid=101926) __call__ /opt/stack/placement/placement/requestlog.py:55}}
Sep 07 18:43:35.325490 n-d-807786-1 devstack@placement-api.service[101927]: [pid: 101927|app: 0|req: 31/62] 10.222.0.26 () {60 vars in 1426 bytes} [Tue Sep 7 18:43:35 2021] GET /placement/resource_providers/b79a8190-edf0-4254-be82-791e7a1d8a57/aggregates => generated 54 bytes in 36 msecs (HTTP/1.1 200) 8 headers in 295 bytes (1 switches on core 0)
Sep 07 18:43:35.336675 n-d-807786-1 devstack@placement-api.service[101926]: DEBUG placement.objects.resource_provider [req-572d2264-49f2-4890-8656-e8b907c269f4 req-65851606-9ff9-4caa-bb5a-5f2aede575c2 service placement] _ensure_aggregate() did not find aggregate 55ce2827-c3c8-416b-81be-894ce55aef98. Attempting to create it. {{(pid=101926) _ensure_aggregate /opt/stack/placement/placement/objects/resource_provider.py:320}}
Sep 07 18:43:35.338447 n-d-807786-1 devstack@placement-api.service[101926]: DEBUG placement.objects.resource_provider [req-572d2264-49f2-4890-8656-e8b907c269f4 req-65851606-9ff9-4caa-bb5a-5f2aede575c2 service placement] _ensure_aggregate() created new aggregate 55ce2827-c3c8-416b-81be-894ce55aef98 (id=5). {{(pid=101926) _ensure_aggregate /opt/stack/placement/placement/objects/resource_provider.py:326}}
Sep 07 18:43:35.339940 n-d-807786-1 devstack@placement-api.service[101926]: DEBUG placement.objects.resource_provider [req-572d2264-49f2-4890-8656-e8b907c269f4 req-65851606-9ff9-4caa-bb5a-5f2aede575c2 service placement] Setting aggregates for provider b79a8190-edf0-4254-be82-791e7a1d8a57. Successfully associated aggregate 55ce2827-c3c8-416b-81be-894ce55aef98. {{(pid=101926) _set_aggregates /opt/stack/placement/placement/objects/resource_provider.py:388}}
