Sep 06 12:06:12.164305 n-d-807564-1 devstack@placement-api.service[101734]: DEBUG placement.requestlog [req-d20cc1a4-ea99-49d4-a462-a90ccd3ddae0 req-05b341b7-ba28-49a8-9435-fae623c5fa67 None None] Starting request: 10.222.0.53 "DELETE /placement/allocations/82b224af-e19c-45ea-8583-8203cd74d665" {{(pid=101734) __call__ /opt/stack/placement/placement/requestlog.py:55}}
Sep 06 12:06:12.197258 n-d-807564-1 devstack@placement-api.service[101734]: DEBUG placement.handlers.allocation [req-d20cc1a4-ea99-49d4-a462-a90ccd3ddae0 req-05b341b7-ba28-49a8-9435-fae623c5fa67 service placement] Successfully deleted allocations [, , ] {{(pid=101734) delete_allocations /opt/stack/placement/placement/handlers/allocation.py:603}}
Sep 06 12:06:12.198153 n-d-807564-1 devstack@placement-api.service[101734]: INFO placement.requestlog [req-d20cc1a4-ea99-49d4-a462-a90ccd3ddae0 req-05b341b7-ba28-49a8-9435-fae623c5fa67 service placement] 10.222.0.53 "DELETE /placement/allocations/82b224af-e19c-45ea-8583-8203cd74d665" status: 204 len: 0 microversion: 1.0
Sep 06 12:06:12.198970 n-d-807564-1 devstack@placement-api.service[101734]: [pid: 101734|app: 0|req: 359/722] 10.222.0.53 () {60 vars in 1356 bytes} [Mon Sep 6 12:06:12 2021] DELETE /placement/allocations/82b224af-e19c-45ea-8583-8203cd74d665 => generated 0 bytes in 35 msecs (HTTP/1.1 204) 5 headers in 198 bytes (1 switches on core 0)
Sep 06 12:06:14.556444 n-d-807564-1 devstack@placement-api.service[101735]: DEBUG placement.requestlog [req-ba8d64be-bc98-4a7b-8a1f-8b452d8d8bc0 req-1b19b910-94da-4863-953f-3866305e3a15 None None] Starting request: 10.222.0.48 "GET /placement/allocation_candidates?limit=1000&resources=DISK_GB%3A1%2CMEMORY_MB%3A1024%2CVCPU%3A1&root_required=%21COMPUTE_STATUS_DISABLED" {{(pid=101735) __call__ /opt/stack/placement/placement/requestlog.py:55}}
Sep 06 12:06:14.595243 n-d-807564-1 devstack@placement-api.service[101735]: DEBUG placement.objects.research_context [req-ba8d64be-bc98-4a7b-8a1f-8b452d8d8bc0 req-1b19b910-94da-4863-953f-3866305e3a15 service placement] getting providers with 1 DISK_GB {{(pid=101735) __init__ /opt/stack/placement/placement/objects/research_context.py:126}}
Sep 06 12:06:14.601309 n-d-807564-1 devstack@placement-api.service[101735]: DEBUG placement.objects.research_context [req-ba8d64be-bc98-4a7b-8a1f-8b452d8d8bc0 req-1b19b910-94da-4863-953f-3866305e3a15 service placement] getting providers with 1024 MEMORY_MB {{(pid=101735) __init__ /opt/stack/placement/placement/objects/research_context.py:126}}
Sep 06 12:06:14.606752 n-d-807564-1 devstack@placement-api.service[101735]: DEBUG placement.objects.research_context [req-ba8d64be-bc98-4a7b-8a1f-8b452d8d8bc0 req-1b19b910-94da-4863-953f-3866305e3a15 service placement] getting providers with 1 VCPU {{(pid=101735) __init__ /opt/stack/placement/placement/objects/research_context.py:126}}
Sep 06 12:06:14.613818 n-d-807564-1 devstack@placement-api.service[101735]: DEBUG placement.objects.research_context [req-ba8d64be-bc98-4a7b-8a1f-8b452d8d8bc0 req-1b19b910-94da-4863-953f-3866305e3a15 service placement] found 2 providers with available 1 DISK_GB {{(pid=101735) get_provider_ids_matching /opt/stack/placement/placement/objects/research_context.py:549}}
Sep 06 12:06:14.614149 n-d-807564-1 devstack@placement-api.service[101735]: DEBUG placement.objects.research_context [req-ba8d64be-bc98-4a7b-8a1f-8b452d8d8bc0 req-1b19b910-94da-4863-953f-3866305e3a15 service placement] found 2 providers with available 1024 MEMORY_MB {{(pid=101735) get_provider_ids_matching /opt/stack/placement/placement/objects/research_context.py:549}}
Sep 06 12:06:14.614428 n-d-807564-1 devstack@placement-api.service[101735]: DEBUG placement.objects.research_context [req-ba8d64be-bc98-4a7b-8a1f-8b452d8d8bc0 req-1b19b910-94da-4863-953f-3866305e3a15 service placement] found 2 providers after filtering by previous result {{(pid=101735) get_provider_ids_matching /opt/stack/placement/placement/objects/research_context.py:580}}
Sep 06 12:06:14.614761 n-d-807564-1 devstack@placement-api.service[101735]: DEBUG placement.objects.research_context [req-ba8d64be-bc98-4a7b-8a1f-8b452d8d8bc0 req-1b19b910-94da-4863-953f-3866305e3a15 service placement] found 2 providers with available 1 VCPU {{(pid=101735) get_provider_ids_matching /opt/stack/placement/placement/objects/research_context.py:549}}
Sep 06 12:06:14.615025 n-d-807564-1 devstack@placement-api.service[101735]: DEBUG placement.objects.research_context [req-ba8d64be-bc98-4a7b-8a1f-8b452d8d8bc0 req-1b19b910-94da-4863-953f-3866305e3a15 service placement] found 2 providers after filtering by previous result {{(pid=101735) get_provider_ids_matching /opt/stack/placement/placement/objects/research_context.py:580}}
Sep 06 12:06:14.628986 n-d-807564-1 devstack@placement-api.service[101735]: DEBUG placement.objects.allocation_candidate [req-ba8d64be-bc98-4a7b-8a1f-8b452d8d8bc0 req-1b19b910-94da-4863-953f-3866305e3a15 service placement] RequestGroup(use_same_provider=False, resources={DISK_GB:1, MEMORY_MB:1024, VCPU:1}, traits=[], aggregates=[]) (suffix '') returned 2 matches {{(pid=101735) _get_by_requests /opt/stack/placement/placement/objects/allocation_candidate.py:145}}
Sep 06 12:06:14.629412 n-d-807564-1 devstack@placement-api.service[101735]: DEBUG placement.objects.allocation_candidate [req-ba8d64be-bc98-4a7b-8a1f-8b452d8d8bc0 req-1b19b910-94da-4863-953f-3866305e3a15 service placement] Merging candidates yields 2 allocation requests and 2 provider summaries {{(pid=101735) _merge_candidates /opt/stack/placement/placement/objects/allocation_candidate.py:783}}
Sep 06 12:06:14.634583 n-d-807564-1 devstack@placement-api.service[101735]: INFO placement.requestlog [req-ba8d64be-bc98-4a7b-8a1f-8b452d8d8bc0 req-1b19b910-94da-4863-953f-3866305e3a15 service placement] 10.222.0.48 "GET /placement/allocation_candidates?limit=1000&resources=DISK_GB%3A1%2CMEMORY_MB%3A1024%2CVCPU%3A1&root_required=%21COMPUTE_STATUS_DISABLED" status: 200 len: 1309 microversion: 1.36
Sep 06 12:06:14.635433 n-d-807564-1 devstack@placement-api.service[101735]: [pid: 101735|app: 0|req: 364/723] 10.222.0.48 () {60 vars in 1507 bytes} [Mon Sep 6 12:06:14 2021] GET /placement/allocation_candidates?limit=1000&resources=DISK_GB%3A1%2CMEMORY_MB%3A1024%2CVCPU%3A1&root_required=%21COMPUTE_STATUS_DISABLED => generated 1309 bytes in 79 msecs (HTTP/1.1 200) 8 headers in 297 bytes (1 switches on core 0)
Sep 06 12:06:14.714909 n-d-807564-1 devstack@placement-api.service[101734]: DEBUG placement.requestlog [req-ba8d64be-bc98-4a7b-8a1f-8b452d8d8bc0 req-41744e3f-d47a-4ade-967a-68c68abf2bda None None] Starting request: 10.222.0.48 "GET /placement/allocations/65f264bb-a882-42c1-80b0-186138c96068" {{(pid=101734) __call__ /opt/stack/placement/placement/requestlog.py:55}}
Sep 06 12:06:14.739131 n-d-807564-1 devstack@placement-api.service[101734]: INFO placement.requestlog [req-ba8d64be-bc98-4a7b-8a1f-8b452d8d8bc0 req-41744e3f-d47a-4ade-967a-68c68abf2bda service placement] 10.222.0.48 "GET /placement/allocations/65f264bb-a882-42c1-80b0-186138c96068" status: 200 len: 19 microversion: 1.28
Sep 06 12:06:14.739869 n-d-807564-1 devstack@placement-api.service[101734]: [pid: 101734|app: 0|req: 360/724] 10.222.0.48 () {60 vars in 1381 bytes} [Mon Sep 6 12:06:14 2021] GET /placement/allocations/65f264bb-a882-42c1-80b0-186138c96068 => generated 19 bytes in 25 msecs (HTTP/1.1 200) 8 headers in 295 bytes (1 switches on core 0)
Sep 06 12:06:14.746086 n-d-807564-1 devstack@placement-api.service[101735]: DEBUG placement.requestlog [req-ba8d64be-bc98-4a7b-8a1f-8b452d8d8bc0 req-75b6fb9c-8b39-49c0-9a24-70d953e4f881 None None] Starting request: 10.222.0.48 "PUT /placement/allocations/65f264bb-a882-42c1-80b0-186138c96068" {{(pid=101735) __call__ /opt/stack/placement/placement/requestlog.py:55}}
Sep 06 12:06:14.823632 n-d-807564-1 devstack@placement-api.service[101735]: DEBUG placement.handlers.allocation [req-ba8d64be-bc98-4a7b-8a1f-8b452d8d8bc0 req-75b6fb9c-8b39-49c0-9a24-70d953e4f881 service placement] Successfully wrote allocations [, , ] {{(pid=101735) _create_allocations /opt/stack/placement/placement/handlers/allocation.py:461}}
Sep 06 12:06:14.831465 n-d-807564-1 devstack@placement-api.service[101735]: INFO placement.requestlog [req-ba8d64be-bc98-4a7b-8a1f-8b452d8d8bc0 req-75b6fb9c-8b39-49c0-9a24-70d953e4f881 service placement] 10.222.0.48 "PUT /placement/allocations/65f264bb-a882-42c1-80b0-186138c96068" status: 204 len: 0 microversion: 1.36
Sep 06 12:06:14.839582 n-d-807564-1 devstack@placement-api.service[101735]: [pid: 101735|app: 0|req: 365/725] 10.222.0.48 () {64 vars in 1434 bytes} [Mon Sep 6 12:06:14 2021] PUT /placement/allocations/65f264bb-a882-42c1-80b0-186138c96068 => generated 0 bytes in 93 msecs (HTTP/1.1 204) 5 headers in 199 bytes (1 switches on core 0)
Sep 06 12:06:15.261772 n-d-807564-1 devstack@placement-api.service[101734]: DEBUG placement.requestlog [req-ba8d64be-bc98-4a7b-8a1f-8b452d8d8bc0 req-3df99c0e-086f-48e6-a08e-8910909ce9e2 None None] Starting request: 10.222.0.53 "GET /placement/allocations/65f264bb-a882-42c1-80b0-186138c96068" {{(pid=101734) __call__ /opt/stack/placement/placement/requestlog.py:55}}
Sep 06 12:06:15.285605 n-d-807564-1 devstack@placement-api.service[101734]: INFO placement.requestlog [req-ba8d64be-bc98-4a7b-8a1f-8b452d8d8bc0 req-3df99c0e-086f-48e6-a08e-8910909ce9e2 service placement] 10.222.0.53 "GET /placement/allocations/65f264bb-a882-42c1-80b0-186138c96068" status: 200 len: 259 microversion: 1.28
Sep 06 12:06:15.286320 n-d-807564-1 devstack@placement-api.service[101734]: [pid: 101734|app: 0|req: 361/726] 10.222.0.53 () {60 vars in 1378 bytes} [Mon Sep 6 12:06:15 2021] GET /placement/allocations/65f264bb-a882-42c1-80b0-186138c96068 => generated 259 bytes in 25 msecs (HTTP/1.1 200) 8 headers in 296 bytes (2 switches on core 0)
Sep 06 12:06:19.325640 n-d-807564-1 devstack@placement-api.service[101735]: DEBUG placement.requestlog [req-beed52ac-667a-4bb4-8593-838a5b6ad709 req-c15f8f42-0831-4ae8-8566-621b9a63f08d None None] Starting request: 10.222.0.53 "DELETE /placement/allocations/e0d49ee4-cdfc-4c66-94d5-9cf551c5e0f0" {{(pid=101735) __call__ /opt/stack/placement/placement/requestlog.py:55}}
Sep 06 12:06:19.386260 n-d-807564-1 devstack@placement-api.service[101735]: DEBUG placement.handlers.allocation [req-beed52ac-667a-4bb4-8593-838a5b6ad709 req-c15f8f42-0831-4ae8-8566-621b9a63f08d service placement] Successfully deleted allocations [, ] {{(pid=101735) delete_allocations /opt/stack/placement/placement/handlers/allocation.py:603}}
Sep 06 12:06:19.386744 n-d-807564-1 devstack@placement-api.service[101735]: INFO placement.requestlog [req-beed52ac-667a-4bb4-8593-838a5b6ad709 req-c15f8f42-0831-4ae8-8566-621b9a63f08d service placement] 10.222.0.53 "DELETE /placement/allocations/e0d49ee4-cdfc-4c66-94d5-9cf551c5e0f0" status: 204 len: 0 microversion: 1.0
Sep 06 12:06:19.387248 n-d-807564-1 devstack@placement-api.service[101735]: [pid: 101735|app: 0|req: 366/727] 10.222.0.53 () {60 vars in 1356 bytes} [Mon Sep 6 12:06:19 2021] DELETE /placement/allocations/e0d49ee4-cdfc-4c66-94d5-9cf551c5e0f0 => generated 0 bytes in 62 msecs (HTTP/1.1 204) 5 headers in 198 bytes (1 switches on core 0)
Sep 06 12:06:23.076485 n-d-807564-1 devstack@placement-api.service[101734]: DEBUG placement.requestlog [req-a2e16e10-c667-4e53-bdd4-ef80811fb6ef req-32e78da4-ea03-4854-99da-3ed8d5faaf08 None None] Starting request: 10.222.0.53 "GET /placement/resource_providers/35ef6609-236d-4e14-ac43-e0d1a94062e0/allocations" {{(pid=101734) __call__ /opt/stack/placement/placement/requestlog.py:55}}
Sep 06 12:06:23.110212 n-d-807564-1 devstack@placement-api.service[101734]: INFO placement.requestlog [req-a2e16e10-c667-4e53-bdd4-ef80811fb6ef req-32e78da4-ea03-4854-99da-3ed8d5faaf08 service placement] 10.222.0.53 "GET /placement/resource_providers/35ef6609-236d-4e14-ac43-e0d1a94062e0/allocations" status: 200 len: 255 microversion: 1.0
Sep 06 12:06:23.111752 n-d-807564-1 devstack@placement-api.service[101734]: [pid: 101734|app: 0|req: 362/728] 10.222.0.53 () {58 vars in 1391 bytes} [Mon Sep 6 12:06:23 2021] GET /placement/resource_providers/35ef6609-236d-4e14-ac43-e0d1a94062e0/allocations => generated 255 bytes in 35 msecs (HTTP/1.1 200) 6 headers in 224 bytes (1 switches on core 0)
Sep 06 12:06:25.051790 n-d-807564-1 devstack@placement-api.service[101735]: DEBUG placement.requestlog [req-fa0d3483-a45f-49c4-9b28-7390a6a609c8 req-3d9e7331-84e8-4150-ae9d-add9a3f9819e None None] Starting request: 10.222.0.18 "GET /placement/resource_providers/0a1eaf11-deca-4fab-b3d0-3e998ba05c71/allocations" {{(pid=101735) __call__ /opt/stack/placement/placement/requestlog.py:55}}
Sep 06 12:06:25.258443 n-d-807564-1 devstack@placement-api.service[101735]: INFO placement.requestlog [req-fa0d3483-a45f-49c4-9b28-7390a6a609c8 req-3d9e7331-84e8-4150-ae9d-add9a3f9819e service placement] 10.222.0.18 "GET /placement/resource_providers/0a1eaf11-deca-4fab-b3d0-3e998ba05c71/allocations" status: 200 len: 342 microversion: 1.0
Sep 06 12:06:25.259239 n-d-807564-1 devstack@placement-api.service[101735]: [pid: 101735|app: 0|req: 367/729] 10.222.0.18 () {58 vars in 1391 bytes} [Mon Sep 6 12:06:25 2021] GET /placement/resource_providers/0a1eaf11-deca-4fab-b3d0-3e998ba05c71/allocations => generated 342 bytes in 208 msecs (HTTP/1.1 200) 6 headers in 224 bytes (1 switches on core 0)
Sep 06 12:06:25.318200 n-d-807564-1 devstack@placement-api.service[101734]: DEBUG placement.requestlog [req-fa0d3483-a45f-49c4-9b28-7390a6a609c8 req-eb485b15-d995-42be-a088-044c3db098d1 None None] Starting request: 10.222.0.18 "GET /placement/resource_providers?in_tree=0a1eaf11-deca-4fab-b3d0-3e998ba05c71" {{(pid=101734) __call__ /opt/stack/placement/placement/requestlog.py:55}}
Sep 06 12:06:25.344866 n-d-807564-1 devstack@placement-api.service[101734]: INFO placement.requestlog [req-fa0d3483-a45f-49c4-9b28-7390a6a609c8 req-eb485b15-d995-42be-a088-044c3db098d1 service placement] 10.222.0.18 "GET /placement/resource_providers?in_tree=0a1eaf11-deca-4fab-b3d0-3e998ba05c71" status: 200 len: 863 microversion: 1.14
Sep 06 12:06:25.346811 n-d-807564-1 devstack@placement-api.service[101734]: [pid: 101734|app: 0|req: 363/730] 10.222.0.18 () {60 vars in 1377 bytes} [Mon Sep 6 12:06:25 2021] GET /placement/resource_providers?in_tree=0a1eaf11-deca-4fab-b3d0-3e998ba05c71 => generated 863 bytes in 33 msecs (HTTP/1.1 200) 6 headers in 225 bytes (1 switches on core 0)
Sep 06 12:06:25.356727 n-d-807564-1 devstack@placement-api.service[101735]: DEBUG placement.requestlog [req-fa0d3483-a45f-49c4-9b28-7390a6a609c8 req-b1ce4944-642e-4fe1-b4a1-7d2f0dc8fe12 None None] Starting request: 10.222.0.18 "GET /placement/resource_providers/0a1eaf11-deca-4fab-b3d0-3e998ba05c71/inventories" {{(pid=101735) __call__ /opt/stack/placement/placement/requestlog.py:55}}
Sep 06 12:06:25.388075 n-d-807564-1 devstack@placement-api.service[101735]: INFO placement.requestlog [req-fa0d3483-a45f-49c4-9b28-7390a6a609c8 req-b1ce4944-642e-4fe1-b4a1-7d2f0dc8fe12 service placement] 10.222.0.18 "GET /placement/resource_providers/0a1eaf11-deca-4fab-b3d0-3e998ba05c71/inventories" status: 200 len: 398 microversion: 1.0
Sep 06 12:06:25.388872 n-d-807564-1 devstack@placement-api.service[101735]: [pid: 101735|app: 0|req: 368/731] 10.222.0.18 () {58 vars in 1391 bytes} [Mon Sep 6 12:06:25 2021] GET /placement/resource_providers/0a1eaf11-deca-4fab-b3d0-3e998ba05c71/inventories => generated 398 bytes in 32 msecs (HTTP/1.1 200) 6 headers in 224 bytes (1 switches on core 0)
Sep 06 12:06:25.398336 n-d-807564-1 devstack@placement-api.service[101734]: DEBUG placement.requestlog [req-fa0d3483-a45f-49c4-9b28-7390a6a609c8 req-a02e1b6a-be76-4220-86d8-1f843ce0e2b3 None None] Starting request: 10.222.0.18 "GET /placement/resource_providers/0a1eaf11-deca-4fab-b3d0-3e998ba05c71/aggregates" {{(pid=101734) __call__ /opt/stack/placement/placement/requestlog.py:55}}
Sep 06 12:06:25.419957 n-d-807564-1 devstack@placement-api.service[101734]: INFO placement.requestlog [req-fa0d3483-a45f-49c4-9b28-7390a6a609c8 req-a02e1b6a-be76-4220-86d8-1f843ce0e2b3 service placement] 10.222.0.18 "GET /placement/resource_providers/0a1eaf11-deca-4fab-b3d0-3e998ba05c71/aggregates" status: 200 len: 54 microversion: 1.19
Sep 06 12:06:25.420486 n-d-807564-1 devstack@placement-api.service[101734]: [pid: 101734|app: 0|req: 364/732] 10.222.0.18 () {60 vars in 1432 bytes} [Mon Sep 6 12:06:25 2021] GET /placement/resource_providers/0a1eaf11-deca-4fab-b3d0-3e998ba05c71/aggregates => generated 54 bytes in 22 msecs (HTTP/1.1 200) 8 headers in 295 bytes (1 switches on core 0)
Sep 06 12:06:25.432555 n-d-807564-1 devstack@placement-api.service[101735]: DEBUG placement.requestlog [req-fa0d3483-a45f-49c4-9b28-7390a6a609c8 req-16a84c74-3a90-4708-9560-761b80b9ccde None None] Starting request: 10.222.0.18 "GET /placement/resource_providers/0a1eaf11-deca-4fab-b3d0-3e998ba05c71/traits" {{(pid=101735) __call__ /opt/stack/placement/placement/requestlog.py:55}}
Sep 06 12:06:25.466823 n-d-807564-1 devstack@placement-api.service[101735]: INFO placement.requestlog [req-fa0d3483-a45f-49c4-9b28-7390a6a609c8 req-16a84c74-3a90-4708-9560-761b80b9ccde service placement] 10.222.0.18 "GET /placement/resource_providers/0a1eaf11-deca-4fab-b3d0-3e998ba05c71/traits" status: 200 len: 212 microversion: 1.6
Sep 06 12:06:25.467934 n-d-807564-1 devstack@placement-api.service[101735]: [pid: 101735|app: 0|req: 369/733] 10.222.0.18 () {60 vars in 1419 bytes} [Mon Sep 6 12:06:25 2021] GET /placement/resource_providers/0a1eaf11-deca-4fab-b3d0-3e998ba05c71/traits => generated 212 bytes in 35 msecs (HTTP/1.1 200) 6 headers in 224 bytes (1 switches on core 0)
Sep 06 12:06:29.843886 n-d-807564-1 devstack@placement-api.service[101734]: DEBUG placement.requestlog [req-fdec9a76-a4ac-4811-a48f-022e56813931 req-de01a9ef-3611-4696-abbe-b427f2ab7eb9 None None] Starting request: 10.222.0.53 "DELETE /placement/allocations/65f264bb-a882-42c1-80b0-186138c96068" {{(pid=101734) __call__ /opt/stack/placement/placement/requestlog.py:55}}
Sep 06 12:06:29.905171 n-d-807564-1 devstack@placement-api.service[101734]: DEBUG placement.handlers.allocation [req-fdec9a76-a4ac-4811-a48f-022e56813931 req-de01a9ef-3611-4696-abbe-b427f2ab7eb9 service placement] Successfully deleted allocations [, , ] {{(pid=101734) delete_allocations /opt/stack/placement/placement/handlers/allocation.py:603}}
Sep 06 12:06:29.905955 n-d-807564-1 devstack@placement-api.service[101734]: INFO placement.requestlog [req-fdec9a76-a4ac-4811-a48f-022e56813931 req-de01a9ef-3611-4696-abbe-b427f2ab7eb9 service placement] 10.222.0.53 "DELETE /placement/allocations/65f264bb-a882-42c1-80b0-186138c96068" status: 204 len: 0 microversion: 1.0
Sep 06 12:06:29.906302 n-d-807564-1 devstack@placement-api.service[101734]: [pid: 101734|app: 0|req: 365/734] 10.222.0.53 () {60 vars in 1356 bytes} [Mon Sep 6 12:06:29 2021] DELETE /placement/allocations/65f264bb-a882-42c1-80b0-186138c96068 => generated 0 bytes in 63 msecs (HTTP/1.1 204) 5 headers in 198 bytes (1 switches on core 0)
Sep 06 12:06:32.271134 n-d-807564-1 devstack@placement-api.service[101735]: DEBUG placement.requestlog [req-4ab07878-7fae-4fb9-b98a-1ee20ffb2173 req-d68c50f3-0fd5-4a2c-9294-895d581f64e7 None None] Starting request: 10.222.0.48 "GET /placement/allocation_candidates?limit=1000&resources=DISK_GB%3A1%2CMEMORY_MB%3A1024%2CVCPU%3A1&root_required=%21COMPUTE_STATUS_DISABLED" {{(pid=101735) __call__ /opt/stack/placement/placement/requestlog.py:55}}
Sep 06 12:06:32.311038 n-d-807564-1 devstack@placement-api.service[101735]: DEBUG placement.objects.research_context [req-4ab07878-7fae-4fb9-b98a-1ee20ffb2173 req-d68c50f3-0fd5-4a2c-9294-895d581f64e7 service placement] getting providers with 1 DISK_GB {{(pid=101735) __init__ /opt/stack/placement/placement/objects/research_context.py:126}}
Sep 06 12:06:32.318181 n-d-807564-1 devstack@placement-api.service[101735]: DEBUG placement.objects.research_context [req-4ab07878-7fae-4fb9-b98a-1ee20ffb2173 req-d68c50f3-0fd5-4a2c-9294-895d581f64e7 service placement] getting providers with 1024 MEMORY_MB {{(pid=101735) __init__ /opt/stack/placement/placement/objects/research_context.py:126}}
Sep 06 12:06:32.328067 n-d-807564-1 devstack@placement-api.service[101735]: DEBUG placement.objects.research_context [req-4ab07878-7fae-4fb9-b98a-1ee20ffb2173 req-d68c50f3-0fd5-4a2c-9294-895d581f64e7 service placement] getting providers with 1 VCPU {{(pid=101735) __init__ /opt/stack/placement/placement/objects/research_context.py:126}}
Sep 06 12:06:32.339615 n-d-807564-1 devstack@placement-api.service[101735]: DEBUG placement.objects.research_context [req-4ab07878-7fae-4fb9-b98a-1ee20ffb2173 req-d68c50f3-0fd5-4a2c-9294-895d581f64e7 service placement] found 2 providers with available 1 DISK_GB {{(pid=101735) get_provider_ids_matching /opt/stack/placement/placement/objects/research_context.py:549}}
Sep 06 12:06:32.340085 n-d-807564-1 devstack@placement-api.service[101735]: DEBUG placement.objects.research_context [req-4ab07878-7fae-4fb9-b98a-1ee20ffb2173 req-d68c50f3-0fd5-4a2c-9294-895d581f64e7 service placement] found 2 providers with available 1024 MEMORY_MB {{(pid=101735) get_provider_ids_matching /opt/stack/placement/placement/objects/research_context.py:549}}
Sep 06 12:06:32.340783 n-d-807564-1 devstack@placement-api.service[101735]: DEBUG placement.objects.research_context [req-4ab07878-7fae-4fb9-b98a-1ee20ffb2173 req-d68c50f3-0fd5-4a2c-9294-895d581f64e7 service placement] found 2 providers after filtering by previous result {{(pid=101735) get_provider_ids_matching /opt/stack/placement/placement/objects/research_context.py:580}}
Sep 06 12:06:32.341243 n-d-807564-1 devstack@placement-api.service[101735]: DEBUG placement.objects.research_context [req-4ab07878-7fae-4fb9-b98a-1ee20ffb2173 req-d68c50f3-0fd5-4a2c-9294-895d581f64e7 service placement] found 2 providers with available 1 VCPU {{(pid=101735) get_provider_ids_matching /opt/stack/placement/placement/objects/research_context.py:549}}
Sep 06 12:06:32.341905 n-d-807564-1 devstack@placement-api.service[101735]: DEBUG placement.objects.research_context [req-4ab07878-7fae-4fb9-b98a-1ee20ffb2173 req-d68c50f3-0fd5-4a2c-9294-895d581f64e7 service placement] found 2 providers after filtering by previous result {{(pid=101735) get_provider_ids_matching /opt/stack/placement/placement/objects/research_context.py:580}}
Sep 06 12:06:32.358290 n-d-807564-1 devstack@placement-api.service[101735]: DEBUG placement.objects.allocation_candidate [req-4ab07878-7fae-4fb9-b98a-1ee20ffb2173 req-d68c50f3-0fd5-4a2c-9294-895d581f64e7 service placement] RequestGroup(use_same_provider=False, resources={DISK_GB:1, MEMORY_MB:1024, VCPU:1}, traits=[], aggregates=[]) (suffix '') returned 2 matches {{(pid=101735) _get_by_requests /opt/stack/placement/placement/objects/allocation_candidate.py:145}}
Sep 06 12:06:32.358863 n-d-807564-1 devstack@placement-api.service[101735]: DEBUG placement.objects.allocation_candidate [req-4ab07878-7fae-4fb9-b98a-1ee20ffb2173 req-d68c50f3-0fd5-4a2c-9294-895d581f64e7 service placement] Merging candidates yields 2 allocation requests and 2 provider summaries {{(pid=101735) _merge_candidates /opt/stack/placement/placement/objects/allocation_candidate.py:783}}
Sep 06 12:06:32.364660 n-d-807564-1 devstack@placement-api.service[101735]: INFO placement.requestlog [req-4ab07878-7fae-4fb9-b98a-1ee20ffb2173 req-d68c50f3-0fd5-4a2c-9294-895d581f64e7 service placement] 10.222.0.48 "GET /placement/allocation_candidates?limit=1000&resources=DISK_GB%3A1%2CMEMORY_MB%3A1024%2CVCPU%3A1&root_required=%21COMPUTE_STATUS_DISABLED" status: 200 len: 1309 microversion: 1.36
Sep 06 12:06:32.365398 n-d-807564-1 devstack@placement-api.service[101735]: [pid: 101735|app: 0|req: 370/735] 10.222.0.48 () {60 vars in 1507 bytes} [Mon Sep 6 12:06:32 2021] GET /placement/allocation_candidates?limit=1000&resources=DISK_GB%3A1%2CMEMORY_MB%3A1024%2CVCPU%3A1&root_required=%21COMPUTE_STATUS_DISABLED => generated 1309 bytes in 95 msecs (HTTP/1.1 200) 8 headers in 297 bytes (1 switches on core 0)
Sep 06 12:06:32.442995 n-d-807564-1 devstack@placement-api.service[101734]: DEBUG placement.requestlog [req-4ab07878-7fae-4fb9-b98a-1ee20ffb2173 req-139fee82-de09-47dc-a21d-02b89ac0bff2 None None] Starting request: 10.222.0.48 "GET /placement/allocations/62dcb03b-1fad-498a-b8df-aab76d877178" {{(pid=101734) __call__ /opt/stack/placement/placement/requestlog.py:55}}
Sep 06 12:06:32.456145 n-d-807564-1 devstack@placement-api.service[101734]: INFO placement.requestlog [req-4ab07878-7fae-4fb9-b98a-1ee20ffb2173 req-139fee82-de09-47dc-a21d-02b89ac0bff2 service placement] 10.222.0.48 "GET /placement/allocations/62dcb03b-1fad-498a-b8df-aab76d877178" status: 200 len: 19 microversion: 1.28
Sep 06 12:06:32.460220 n-d-807564-1 devstack@placement-api.service[101734]: [pid: 101734|app: 0|req: 366/736] 10.222.0.48 () {60 vars in 1381 bytes} [Mon Sep 6 12:06:32 2021] GET /placement/allocations/62dcb03b-1fad-498a-b8df-aab76d877178 => generated 19 bytes in 17 msecs (HTTP/1.1 200) 8 headers in 295 bytes (1 switches on core 0)
Sep 06 12:06:32.463344 n-d-807564-1 devstack@placement-api.service[101735]: DEBUG placement.requestlog [req-4ab07878-7fae-4fb9-b98a-1ee20ffb2173 req-273ed539-4d92-4e74-9109-a3a909e347d8 None None] Starting request: 10.222.0.48 "PUT /placement/allocations/62dcb03b-1fad-498a-b8df-aab76d877178" {{(pid=101735) __call__ /opt/stack/placement/placement/requestlog.py:55}}
Sep 06 12:06:32.506299 n-d-807564-1 devstack@placement-api.service[101735]: DEBUG placement.handlers.allocation [req-4ab07878-7fae-4fb9-b98a-1ee20ffb2173 req-273ed539-4d92-4e74-9109-a3a909e347d8 service placement] Successfully wrote allocations [, , ] {{(pid=101735) _create_allocations /opt/stack/placement/placement/handlers/allocation.py:461}}
Sep 06 12:06:32.510598 n-d-807564-1 devstack@placement-api.service[101735]: INFO placement.requestlog [req-4ab07878-7fae-4fb9-b98a-1ee20ffb2173 req-273ed539-4d92-4e74-9109-a3a909e347d8 service placement] 10.222.0.48 "PUT /placement/allocations/62dcb03b-1fad-498a-b8df-aab76d877178" status: 204 len: 0 microversion: 1.36
Sep 06 12:06:32.511192 n-d-807564-1 devstack@placement-api.service[101735]: [pid: 101735|app: 0|req: 371/737] 10.222.0.48 () {64 vars in 1434 bytes} [Mon Sep 6 12:06:32 2021] PUT /placement/allocations/62dcb03b-1fad-498a-b8df-aab76d877178 => generated 0 bytes in 48 msecs (HTTP/1.1 204) 5 headers in 199 bytes (1 switches on core 0)
Sep 06 12:06:32.841874 n-d-807564-1 devstack@placement-api.service[101734]: DEBUG placement.requestlog [req-4ab07878-7fae-4fb9-b98a-1ee20ffb2173 req-91e6c316-e726-49ae-93e6-01a566f20657 None None] Starting request: 10.222.0.53 "GET /placement/allocations/62dcb03b-1fad-498a-b8df-aab76d877178" {{(pid=101734) __call__ /opt/stack/placement/placement/requestlog.py:55}}
Sep 06 12:06:32.864654 n-d-807564-1 devstack@placement-api.service[101734]: INFO placement.requestlog [req-4ab07878-7fae-4fb9-b98a-1ee20ffb2173 req-91e6c316-e726-49ae-93e6-01a566f20657 service placement] 10.222.0.53 "GET /placement/allocations/62dcb03b-1fad-498a-b8df-aab76d877178" status: 200 len: 259 microversion: 1.28
Sep 06 12:06:32.865757 n-d-807564-1 devstack@placement-api.service[101734]: [pid: 101734|app: 0|req: 367/738] 10.222.0.53 () {60 vars in 1378 bytes} [Mon Sep 6 12:06:32 2021] GET /placement/allocations/62dcb03b-1fad-498a-b8df-aab76d877178 => generated 259 bytes in 24 msecs (HTTP/1.1 200) 8 headers in 296 bytes (1 switches on core 0)
Sep 06 12:06:48.210787 n-d-807564-1 devstack@placement-api.service[101735]: DEBUG placement.requestlog [req-dfe30809-a239-4303-9c38-38903bb18c5f req-59c82511-3e00-4553-ad0a-8d674b8d72d8 None None] Starting request: 10.222.0.48 "GET /placement/allocation_candidates?limit=1000&resources=DISK_GB%3A1%2CMEMORY_MB%3A1024%2CVCPU%3A1&root_required=%21COMPUTE_STATUS_DISABLED" {{(pid=101735) __call__ /opt/stack/placement/placement/requestlog.py:55}}
Sep 06 12:06:48.215618 n-d-807564-1 devstack@placement-api.service[101734]: DEBUG placement.requestlog [req-3264114b-2e0d-462d-8574-2422e6a8ead8 req-72ad6d93-4980-46f9-8be0-488342cd3486 None None] Starting request: 10.222.0.48 "GET /placement/allocation_candidates?limit=1000&resources=DISK_GB%3A1%2CMEMORY_MB%3A1024%2CVCPU%3A1&root_required=%21COMPUTE_STATUS_DISABLED" {{(pid=101734) __call__ /opt/stack/placement/placement/requestlog.py:55}}
Sep 06 12:06:48.278122 n-d-807564-1 devstack@placement-api.service[101734]: DEBUG placement.objects.research_context [req-3264114b-2e0d-462d-8574-2422e6a8ead8 req-72ad6d93-4980-46f9-8be0-488342cd3486 service placement] getting providers with 1 DISK_GB {{(pid=101734) __init__ /opt/stack/placement/placement/objects/research_context.py:126}}
Sep 06 12:06:48.284070 n-d-807564-1 devstack@placement-api.service[101735]: DEBUG placement.objects.research_context [req-dfe30809-a239-4303-9c38-38903bb18c5f req-59c82511-3e00-4553-ad0a-8d674b8d72d8 service placement] getting providers with 1 DISK_GB {{(pid=101735) __init__ /opt/stack/placement/placement/objects/research_context.py:126}}
Sep 06 12:06:48.292210 n-d-807564-1 devstack@placement-api.service[101735]: DEBUG placement.objects.research_context [req-dfe30809-a239-4303-9c38-38903bb18c5f req-59c82511-3e00-4553-ad0a-8d674b8d72d8 service placement] getting providers with 1024 MEMORY_MB {{(pid=101735) __init__ /opt/stack/placement/placement/objects/research_context.py:126}}
Sep 06 12:06:48.293325 n-d-807564-1 devstack@placement-api.service[101734]: DEBUG placement.objects.research_context [req-3264114b-2e0d-462d-8574-2422e6a8ead8 req-72ad6d93-4980-46f9-8be0-488342cd3486 service placement] getting providers with 1024 MEMORY_MB {{(pid=101734) __init__ /opt/stack/placement/placement/objects/research_context.py:126}}
Sep 06 12:06:48.311768 n-d-807564-1 devstack@placement-api.service[101735]: DEBUG placement.objects.research_context [req-dfe30809-a239-4303-9c38-38903bb18c5f req-59c82511-3e00-4553-ad0a-8d674b8d72d8 service placement] getting providers with 1 VCPU {{(pid=101735) __init__ /opt/stack/placement/placement/objects/research_context.py:126}}
Sep 06 12:06:48.312754 n-d-807564-1 devstack@placement-api.service[101734]: DEBUG placement.objects.research_context [req-3264114b-2e0d-462d-8574-2422e6a8ead8 req-72ad6d93-4980-46f9-8be0-488342cd3486 service placement] getting providers with 1 VCPU {{(pid=101734) __init__ /opt/stack/placement/placement/objects/research_context.py:126}}
Sep 06 12:06:48.328352 n-d-807564-1 devstack@placement-api.service[101734]: DEBUG placement.objects.research_context [req-3264114b-2e0d-462d-8574-2422e6a8ead8 req-72ad6d93-4980-46f9-8be0-488342cd3486 service placement] found 2 providers with available 1 DISK_GB {{(pid=101734) get_provider_ids_matching /opt/stack/placement/placement/objects/research_context.py:549}}
Sep 06 12:06:48.328912 n-d-807564-1 devstack@placement-api.service[101734]: DEBUG placement.objects.research_context [req-3264114b-2e0d-462d-8574-2422e6a8ead8 req-72ad6d93-4980-46f9-8be0-488342cd3486 service placement] found 2 providers with available 1024 MEMORY_MB {{(pid=101734) get_provider_ids_matching /opt/stack/placement/placement/objects/research_context.py:549}}
Sep 06 12:06:48.329367 n-d-807564-1 devstack@placement-api.service[101734]: DEBUG placement.objects.research_context [req-3264114b-2e0d-462d-8574-2422e6a8ead8 req-72ad6d93-4980-46f9-8be0-488342cd3486 service placement] found 2 providers after filtering by previous result {{(pid=101734) get_provider_ids_matching /opt/stack/placement/placement/objects/research_context.py:580}}
Sep 06 12:06:48.329814 n-d-807564-1 devstack@placement-api.service[101734]: DEBUG placement.objects.research_context [req-3264114b-2e0d-462d-8574-2422e6a8ead8 req-72ad6d93-4980-46f9-8be0-488342cd3486 service placement] found 2 providers with available 1 VCPU {{(pid=101734) get_provider_ids_matching /opt/stack/placement/placement/objects/research_context.py:549}}
Sep 06 12:06:48.332269 n-d-807564-1 devstack@placement-api.service[101734]: DEBUG placement.objects.research_context [req-3264114b-2e0d-462d-8574-2422e6a8ead8 req-72ad6d93-4980-46f9-8be0-488342cd3486 service placement] found 2 providers after filtering by previous result {{(pid=101734) get_provider_ids_matching /opt/stack/placement/placement/objects/research_context.py:580}}
Sep 06 12:06:48.332887 n-d-807564-1 devstack@placement-api.service[101735]: DEBUG placement.objects.research_context [req-dfe30809-a239-4303-9c38-38903bb18c5f req-59c82511-3e00-4553-ad0a-8d674b8d72d8 service placement] found 2 providers with available 1 DISK_GB {{(pid=101735) get_provider_ids_matching /opt/stack/placement/placement/objects/research_context.py:549}}
Sep 06 12:06:48.333173 n-d-807564-1 devstack@placement-api.service[101735]: DEBUG placement.objects.research_context [req-dfe30809-a239-4303-9c38-38903bb18c5f req-59c82511-3e00-4553-ad0a-8d674b8d72d8 service placement] found 2 providers with available 1024 MEMORY_MB {{(pid=101735) get_provider_ids_matching /opt/stack/placement/placement/objects/research_context.py:549}}
Sep 06 12:06:48.333730 n-d-807564-1 devstack@placement-api.service[101735]: DEBUG placement.objects.research_context [req-dfe30809-a239-4303-9c38-38903bb18c5f req-59c82511-3e00-4553-ad0a-8d674b8d72d8 service placement] found 2 providers after filtering by previous result {{(pid=101735) get_provider_ids_matching /opt/stack/placement/placement/objects/research_context.py:580}}
Sep 06 12:06:48.334019 n-d-807564-1 devstack@placement-api.service[101735]: DEBUG placement.objects.research_context [req-dfe30809-a239-4303-9c38-38903bb18c5f req-59c82511-3e00-4553-ad0a-8d674b8d72d8 service placement] found 2 providers with available 1 VCPU {{(pid=101735) get_provider_ids_matching /opt/stack/placement/placement/objects/research_context.py:549}}
Sep 06 12:06:48.334282 n-d-807564-1 devstack@placement-api.service[101735]: DEBUG placement.objects.research_context [req-dfe30809-a239-4303-9c38-38903bb18c5f req-59c82511-3e00-4553-ad0a-8d674b8d72d8 service placement] found 2 providers after filtering by previous result {{(pid=101735) get_provider_ids_matching /opt/stack/placement/placement/objects/research_context.py:580}}
Sep 06 12:06:48.361648 n-d-807564-1 devstack@placement-api.service[101734]: DEBUG placement.objects.allocation_candidate [req-3264114b-2e0d-462d-8574-2422e6a8ead8 req-72ad6d93-4980-46f9-8be0-488342cd3486 service placement] RequestGroup(use_same_provider=False, resources={DISK_GB:1, MEMORY_MB:1024, VCPU:1}, traits=[], aggregates=[]) (suffix '') returned 2 matches {{(pid=101734) _get_by_requests /opt/stack/placement/placement/objects/allocation_candidate.py:145}}
Sep 06 12:06:48.362799 n-d-807564-1 devstack@placement-api.service[101734]: DEBUG placement.objects.allocation_candidate [req-3264114b-2e0d-462d-8574-2422e6a8ead8 req-72ad6d93-4980-46f9-8be0-488342cd3486 service placement] Merging candidates yields 2 allocation requests and 2 provider summaries {{(pid=101734) _merge_candidates /opt/stack/placement/placement/objects/allocation_candidate.py:783}}
Sep 06 12:06:48.364554 n-d-807564-1 devstack@placement-api.service[101735]: DEBUG placement.objects.allocation_candidate [req-dfe30809-a239-4303-9c38-38903bb18c5f req-59c82511-3e00-4553-ad0a-8d674b8d72d8 service placement] RequestGroup(use_same_provider=False, resources={DISK_GB:1, MEMORY_MB:1024, VCPU:1}, traits=[], aggregates=[]) (suffix '') returned 2 matches {{(pid=101735) _get_by_requests /opt/stack/placement/placement/objects/allocation_candidate.py:145}}
Sep 06 12:06:48.364935 n-d-807564-1 devstack@placement-api.service[101735]: DEBUG placement.objects.allocation_candidate [req-dfe30809-a239-4303-9c38-38903bb18c5f req-59c82511-3e00-4553-ad0a-8d674b8d72d8 service placement] Merging candidates yields 2 allocation requests and 2 provider summaries {{(pid=101735) _merge_candidates /opt/stack/placement/placement/objects/allocation_candidate.py:783}}
Sep 06 12:06:48.366245 n-d-807564-1 devstack@placement-api.service[101734]: INFO placement.requestlog [req-3264114b-2e0d-462d-8574-2422e6a8ead8 req-72ad6d93-4980-46f9-8be0-488342cd3486 service placement] 10.222.0.48 "GET /placement/allocation_candidates?limit=1000&resources=DISK_GB%3A1%2CMEMORY_MB%3A1024%2CVCPU%3A1&root_required=%21COMPUTE_STATUS_DISABLED" status: 200 len: 1309 microversion: 1.36
Sep 06 12:06:48.369178 n-d-807564-1 devstack@placement-api.service[101734]: [pid: 101734|app: 0|req: 368/739] 10.222.0.48 () {60 vars in 1507 bytes} [Mon Sep 6 12:06:48 2021] GET /placement/allocation_candidates?limit=1000&resources=DISK_GB%3A1%2CMEMORY_MB%3A1024%2CVCPU%3A1&root_required=%21COMPUTE_STATUS_DISABLED => generated 1309 bytes in 154 msecs (HTTP/1.1 200) 8 headers in 297 bytes (2 switches on core 0)
Sep 06 12:06:48.370054 n-d-807564-1 devstack@placement-api.service[101735]: INFO placement.requestlog [req-dfe30809-a239-4303-9c38-38903bb18c5f req-59c82511-3e00-4553-ad0a-8d674b8d72d8 service placement] 10.222.0.48 "GET /placement/allocation_candidates?limit=1000&resources=DISK_GB%3A1%2CMEMORY_MB%3A1024%2CVCPU%3A1&root_required=%21COMPUTE_STATUS_DISABLED" status: 200 len: 1309 microversion: 1.36
Sep 06 12:06:48.370591 n-d-807564-1 devstack@placement-api.service[101735]: [pid: 101735|app: 0|req: 372/740] 10.222.0.48 () {60 vars in 1507 bytes} [Mon Sep 6 12:06:48 2021] GET /placement/allocation_candidates?limit=1000&resources=DISK_GB%3A1%2CMEMORY_MB%3A1024%2CVCPU%3A1&root_required=%21COMPUTE_STATUS_DISABLED => generated 1309 bytes in 160 msecs (HTTP/1.1 200) 8 headers in 297 bytes (1 switches on core 0)
Sep 06 12:06:48.485803 n-d-807564-1 devstack@placement-api.service[101734]: DEBUG placement.requestlog [req-3264114b-2e0d-462d-8574-2422e6a8ead8 req-c7ea6bcf-cd21-4a62-929e-467dd13da914 None None] Starting request: 10.222.0.48 "GET /placement/allocations/e10a8c98-1acc-41b9-98fb-f04a99410b4d" {{(pid=101734) __call__ /opt/stack/placement/placement/requestlog.py:55}}
Sep 06 12:06:48.502929 n-d-807564-1 devstack@placement-api.service[101734]: INFO placement.requestlog [req-3264114b-2e0d-462d-8574-2422e6a8ead8 req-c7ea6bcf-cd21-4a62-929e-467dd13da914 service placement] 10.222.0.48 "GET /placement/allocations/e10a8c98-1acc-41b9-98fb-f04a99410b4d" status: 200 len: 19 microversion: 1.28
Sep 06 12:06:48.503269 n-d-807564-1 devstack@placement-api.service[101734]: [pid: 101734|app: 0|req: 369/741] 10.222.0.48 () {60 vars in 1381 bytes} [Mon Sep 6 12:06:48 2021] GET /placement/allocations/e10a8c98-1acc-41b9-98fb-f04a99410b4d => generated 19 bytes in 18 msecs (HTTP/1.1 200) 8 headers in 295 bytes (1 switches on core 0)
Sep 06 12:06:48.511408 n-d-807564-1 devstack@placement-api.service[101735]: DEBUG placement.requestlog [req-3264114b-2e0d-462d-8574-2422e6a8ead8 req-ad6e948f-79e6-431e-beb6-66126680dca1 None None] Starting request: 10.222.0.48 "PUT /placement/allocations/e10a8c98-1acc-41b9-98fb-f04a99410b4d" {{(pid=101735) __call__ /opt/stack/placement/placement/requestlog.py:55}}
Sep 06 12:06:48.517572 n-d-807564-1 devstack@placement-api.service[101734]: DEBUG placement.requestlog [req-dfe30809-a239-4303-9c38-38903bb18c5f req-7985f831-6b25-48fb-82b4-689e5723aed4 None None] Starting request: 10.222.0.48 "GET /placement/allocations/91e2a3b5-763c-48ea-971c-911588f55bd9" {{(pid=101734) __call__ /opt/stack/placement/placement/requestlog.py:55}}
Sep 06 12:06:48.531841 n-d-807564-1 devstack@placement-api.service[101734]: INFO placement.requestlog [req-dfe30809-a239-4303-9c38-38903bb18c5f req-7985f831-6b25-48fb-82b4-689e5723aed4 service placement] 10.222.0.48 "GET /placement/allocations/91e2a3b5-763c-48ea-971c-911588f55bd9" status: 200 len: 19 microversion: 1.28
Sep 06 12:06:48.533650 n-d-807564-1 devstack@placement-api.service[101734]: [pid: 101734|app: 0|req: 370/742] 10.222.0.48 () {60 vars in 1381 bytes} [Mon Sep 6 12:06:48 2021] GET /placement/allocations/91e2a3b5-763c-48ea-971c-911588f55bd9 => generated 19 bytes in 17 msecs (HTTP/1.1 200) 8 headers in 295 bytes (2 switches on core 0)
Sep 06 12:06:48.542267 n-d-807564-1 devstack@placement-api.service[101734]: DEBUG placement.requestlog [req-dfe30809-a239-4303-9c38-38903bb18c5f req-f543e578-1946-4e6d-a830-de1fa36646a3 None None] Starting request: 10.222.0.48 "PUT /placement/allocations/91e2a3b5-763c-48ea-971c-911588f55bd9" {{(pid=101734) __call__ /opt/stack/placement/placement/requestlog.py:55}}
Sep 06 12:06:48.617993 n-d-807564-1 devstack@placement-api.service[101735]: DEBUG placement.handlers.allocation [req-3264114b-2e0d-462d-8574-2422e6a8ead8 req-ad6e948f-79e6-431e-beb6-66126680dca1 service placement] Successfully wrote allocations [, , ] {{(pid=101735) _create_allocations /opt/stack/placement/placement/handlers/allocation.py:461}}
Sep 06 12:06:48.625299 n-d-807564-1 devstack@placement-api.service[101735]: INFO placement.requestlog [req-3264114b-2e0d-462d-8574-2422e6a8ead8 req-ad6e948f-79e6-431e-beb6-66126680dca1 service placement] 10.222.0.48 "PUT /placement/allocations/e10a8c98-1acc-41b9-98fb-f04a99410b4d" status: 204 len: 0 microversion: 1.36
Sep 06 12:06:48.626806 n-d-807564-1 devstack@placement-api.service[101735]: [pid: 101735|app: 0|req: 373/743] 10.222.0.48 () {64 vars in 1434 bytes} [Mon Sep 6 12:06:48 2021] PUT /placement/allocations/e10a8c98-1acc-41b9-98fb-f04a99410b4d => generated 0 bytes in 116 msecs (HTTP/1.1 204) 5 headers in 199 bytes (1 switches on core 0)
Sep 06 12:06:48.636242 n-d-807564-1 devstack@placement-api.service[101734]: DEBUG placement.objects.allocation [req-dfe30809-a239-4303-9c38-38903bb18c5f req-f543e578-1946-4e6d-a830-de1fa36646a3 service placement] Retrying allocations write on resource provider generation conflict {{(pid=101734) replace_all /opt/stack/placement/placement/objects/allocation.py:507}}
Sep 06 12:06:48.655341 n-d-807564-1 devstack@placement-api.service[101734]: DEBUG placement.objects.allocation [req-dfe30809-a239-4303-9c38-38903bb18c5f req-f543e578-1946-4e6d-a830-de1fa36646a3 service placement] Retrying allocations write on resource provider generation conflict {{(pid=101734) replace_all /opt/stack/placement/placement/objects/allocation.py:507}}
Sep 06 12:06:48.676728 n-d-807564-1 devstack@placement-api.service[101734]: DEBUG placement.objects.allocation [req-dfe30809-a239-4303-9c38-38903bb18c5f req-f543e578-1946-4e6d-a830-de1fa36646a3 service placement] Retrying allocations write on resource provider generation conflict {{(pid=101734) replace_all /opt/stack/placement/placement/objects/allocation.py:507}}
Sep 06 12:06:48.695448 n-d-807564-1 devstack@placement-api.service[101734]: DEBUG placement.objects.allocation [req-dfe30809-a239-4303-9c38-38903bb18c5f req-f543e578-1946-4e6d-a830-de1fa36646a3 service placement] Retrying allocations write on resource provider generation conflict {{(pid=101734) replace_all /opt/stack/placement/placement/objects/allocation.py:507}}
Sep 06 12:06:48.713927 n-d-807564-1 devstack@placement-api.service[101734]: DEBUG placement.objects.allocation [req-dfe30809-a239-4303-9c38-38903bb18c5f req-f543e578-1946-4e6d-a830-de1fa36646a3 service placement] Retrying allocations write on resource provider generation conflict {{(pid=101734) replace_all /opt/stack/placement/placement/objects/allocation.py:507}}
Sep 06 12:06:48.746487 n-d-807564-1 devstack@placement-api.service[101734]: DEBUG placement.objects.allocation [req-dfe30809-a239-4303-9c38-38903bb18c5f req-f543e578-1946-4e6d-a830-de1fa36646a3 service placement] Retrying allocations write on resource provider generation conflict {{(pid=101734) replace_all /opt/stack/placement/placement/objects/allocation.py:507}}
Sep 06 12:06:48.769833 n-d-807564-1 devstack@placement-api.service[101734]: DEBUG placement.objects.allocation [req-dfe30809-a239-4303-9c38-38903bb18c5f req-f543e578-1946-4e6d-a830-de1fa36646a3 service placement] Retrying allocations write on resource provider generation conflict {{(pid=101734) replace_all /opt/stack/placement/placement/objects/allocation.py:507}}
Sep 06 12:06:48.789521 n-d-807564-1 devstack@placement-api.service[101734]: DEBUG placement.objects.allocation [req-dfe30809-a239-4303-9c38-38903bb18c5f req-f543e578-1946-4e6d-a830-de1fa36646a3 service placement] Retrying allocations write on resource provider generation conflict {{(pid=101734) replace_all /opt/stack/placement/placement/objects/allocation.py:507}}
Sep 06 12:06:48.828517 n-d-807564-1 devstack@placement-api.service[101734]: DEBUG placement.objects.allocation [req-dfe30809-a239-4303-9c38-38903bb18c5f req-f543e578-1946-4e6d-a830-de1fa36646a3 service placement] Retrying allocations write on resource provider generation conflict {{(pid=101734) replace_all /opt/stack/placement/placement/objects/allocation.py:507}}
Sep 06 12:06:48.855780 n-d-807564-1 devstack@placement-api.service[101734]: DEBUG placement.objects.allocation [req-dfe30809-a239-4303-9c38-38903bb18c5f req-f543e578-1946-4e6d-a830-de1fa36646a3 service placement] Retrying allocations write on resource provider generation conflict {{(pid=101734) replace_all /opt/stack/placement/placement/objects/allocation.py:507}}
Sep 06 12:06:48.861319 n-d-807564-1 devstack@placement-api.service[101734]: WARNING placement.objects.allocation [req-dfe30809-a239-4303-9c38-38903bb18c5f req-f543e578-1946-4e6d-a830-de1fa36646a3 service placement] Exceeded retry limit of 10 on allocations write
Sep 06 12:06:48.864073 n-d-807564-1 devstack@placement-api.service[101734]: DEBUG placement.handlers.allocation [req-dfe30809-a239-4303-9c38-38903bb18c5f req-f543e578-1946-4e6d-a830-de1fa36646a3 service placement] Deleted auto-created consumer with consumer UUID 91e2a3b5-763c-48ea-971c-911588f55bd9 after failed allocation {{(pid=101734) delete_consumers /opt/stack/placement/placement/handlers/allocation.py:374}}
Sep 06 12:06:48.872016 n-d-807564-1 devstack@placement-api.service[101734]: DEBUG placement.wsgi_wrapper [req-dfe30809-a239-4303-9c38-38903bb18c5f req-f543e578-1946-4e6d-a830-de1fa36646a3 service placement] Placement API returning an error response: Inventory and/or allocations changed while attempting to allocate: Another thread concurrently updated the resource provider data. Please retry your update {{(pid=101734) call_func /opt/stack/placement/placement/wsgi_wrapper.py:31}}
Sep 06 12:06:48.872650 n-d-807564-1 devstack@placement-api.service[101734]: INFO placement.requestlog [req-dfe30809-a239-4303-9c38-38903bb18c5f req-f543e578-1946-4e6d-a830-de1fa36646a3 service placement] 10.222.0.48 "PUT /placement/allocations/91e2a3b5-763c-48ea-971c-911588f55bd9" status: 409 len: 381 microversion: 1.36
Sep 06 12:06:48.873206 n-d-807564-1 devstack@placement-api.service[101734]: [pid: 101734|app: 0|req: 371/744] 10.222.0.48 () {64 vars in 1434 bytes} [Mon Sep 6 12:06:48 2021] PUT /placement/allocations/91e2a3b5-763c-48ea-971c-911588f55bd9 => generated 381 bytes in 331 msecs (HTTP/1.1 409) 6 headers in 231 bytes (1 switches on core 0)
Sep 06 12:06:49.064884 n-d-807564-1 devstack@placement-api.service[101735]: DEBUG placement.requestlog [req-3264114b-2e0d-462d-8574-2422e6a8ead8 req-38620acb-481c-4adf-a5ea-70c3a0d551fb None None] Starting request: 10.222.0.18 "GET /placement/allocations/e10a8c98-1acc-41b9-98fb-f04a99410b4d" {{(pid=101735) __call__ /opt/stack/placement/placement/requestlog.py:55}}
Sep 06 12:06:49.088435 n-d-807564-1 devstack@placement-api.service[101735]: INFO placement.requestlog [req-3264114b-2e0d-462d-8574-2422e6a8ead8 req-38620acb-481c-4adf-a5ea-70c3a0d551fb service placement] 10.222.0.18 "GET /placement/allocations/e10a8c98-1acc-41b9-98fb-f04a99410b4d" status: 200 len: 259 microversion: 1.28
Sep 06 12:06:49.089314 n-d-807564-1 devstack@placement-api.service[101735]: [pid: 101735|app: 0|req: 374/745] 10.222.0.18 () {60 vars in 1378 bytes} [Mon Sep 6 12:06:49 2021] GET /placement/allocations/e10a8c98-1acc-41b9-98fb-f04a99410b4d => generated 259 bytes in 26 msecs (HTTP/1.1 200) 8 headers in 296 bytes (1 switches on core 0)
Sep 06 12:06:50.679585 n-d-807564-1 devstack@placement-api.service[101734]: DEBUG placement.requestlog [req-dfe30809-a239-4303-9c38-38903bb18c5f req-8c94eef8-c5b1-4a33-8907-76bd79c1dac9 None None] Starting request: 10.222.0.48 "GET /placement/allocations/91e2a3b5-763c-48ea-971c-911588f55bd9" {{(pid=101734) __call__ /opt/stack/placement/placement/requestlog.py:55}}
Sep 06 12:06:50.726280 n-d-807564-1 devstack@placement-api.service[101734]: INFO placement.requestlog [req-dfe30809-a239-4303-9c38-38903bb18c5f req-8c94eef8-c5b1-4a33-8907-76bd79c1dac9 service placement] 10.222.0.48 "GET /placement/allocations/91e2a3b5-763c-48ea-971c-911588f55bd9" status: 200 len: 19 microversion: 1.28
Sep 06 12:06:50.738643 n-d-807564-1 devstack@placement-api.service[101735]: DEBUG placement.requestlog [req-dfe30809-a239-4303-9c38-38903bb18c5f req-bc0bd8a6-fac1-4bb7-bcc0-8a23b3356600 None None] Starting request: 10.222.0.48 "PUT /placement/allocations/91e2a3b5-763c-48ea-971c-911588f55bd9" {{(pid=101735) __call__ /opt/stack/placement/placement/requestlog.py:55}}
Sep 06 12:06:50.749401 n-d-807564-1 devstack@placement-api.service[101734]: [pid: 101734|app: 0|req: 372/746] 10.222.0.48 () {60 vars in 1381 bytes} [Mon Sep 6 12:06:50 2021] GET /placement/allocations/91e2a3b5-763c-48ea-971c-911588f55bd9 => generated 19 bytes in 70 msecs (HTTP/1.1 200) 8 headers in 295 bytes (1 switches on core 0)
Sep 06 12:06:50.874252 n-d-807564-1 devstack@placement-api.service[101735]: DEBUG placement.handlers.allocation [req-dfe30809-a239-4303-9c38-38903bb18c5f req-bc0bd8a6-fac1-4bb7-bcc0-8a23b3356600 service placement] Successfully wrote allocations [, , ] {{(pid=101735) _create_allocations /opt/stack/placement/placement/handlers/allocation.py:461}}
Sep 06 12:06:50.883358 n-d-807564-1 devstack@placement-api.service[101735]: INFO placement.requestlog [req-dfe30809-a239-4303-9c38-38903bb18c5f req-bc0bd8a6-fac1-4bb7-bcc0-8a23b3356600 service placement] 10.222.0.48 "PUT /placement/allocations/91e2a3b5-763c-48ea-971c-911588f55bd9" status: 204 len: 0 microversion: 1.36
