Sep 06 11:54:26.262232 n-d-807564-1 devstack@placement-api.service[101735]: [pid: 101735|app: 0|req: 187/373] 10.222.0.53 () {60 vars in 1356 bytes} [Mon Sep 6 11:54:26 2021] DELETE /placement/allocations/3f2847c1-b9f9-4361-991d-0378dde1f861 => generated 0 bytes in 63 msecs (HTTP/1.1 204) 5 headers in 198 bytes (1 switches on core 0)
Sep 06 11:54:33.400891 n-d-807564-1 devstack@placement-api.service[101734]: DEBUG placement.requestlog [req-d09565f9-79a0-48bf-a0a0-f0295341a6c6 req-659f348f-9e30-496b-89e4-20fb985dda5c None None] Starting request: 10.222.0.18 "GET /placement/allocations/9eb40f23-85ac-4a1f-841a-c5061c9fd910" {{(pid=101734) __call__ /opt/stack/placement/placement/requestlog.py:55}}
Sep 06 11:54:33.457821 n-d-807564-1 devstack@placement-api.service[101734]: INFO placement.requestlog [req-d09565f9-79a0-48bf-a0a0-f0295341a6c6 req-659f348f-9e30-496b-89e4-20fb985dda5c service placement] 10.222.0.18 "GET /placement/allocations/9eb40f23-85ac-4a1f-841a-c5061c9fd910" status: 200 len: 259 microversion: 1.28
Sep 06 11:54:33.460614 n-d-807564-1 devstack@placement-api.service[101734]: [pid: 101734|app: 0|req: 187/374] 10.222.0.18 () {60 vars in 1378 bytes} [Mon Sep 6 11:54:33 2021] GET /placement/allocations/9eb40f23-85ac-4a1f-841a-c5061c9fd910 => generated 259 bytes in 60 msecs (HTTP/1.1 200) 8 headers in 296 bytes (1 switches on core 0)
Sep 06 11:54:33.470677 n-d-807564-1 devstack@placement-api.service[101735]: DEBUG placement.requestlog [req-d09565f9-79a0-48bf-a0a0-f0295341a6c6 req-ca794af2-aacb-4cb1-a2ca-ab8402c71ef8 None None] Starting request: 10.222.0.18 "GET /placement/allocations/9eb40f23-85ac-4a1f-841a-c5061c9fd910" {{(pid=101735) __call__ /opt/stack/placement/placement/requestlog.py:55}}
Sep 06 11:54:33.495304 n-d-807564-1 devstack@placement-api.service[101735]: INFO placement.requestlog [req-d09565f9-79a0-48bf-a0a0-f0295341a6c6 req-ca794af2-aacb-4cb1-a2ca-ab8402c71ef8 service placement] 10.222.0.18 "GET /placement/allocations/9eb40f23-85ac-4a1f-841a-c5061c9fd910" status: 200 len: 259 microversion: 1.28
Sep 06 11:54:33.495672 n-d-807564-1 devstack@placement-api.service[101735]: [pid: 101735|app: 0|req: 188/375] 10.222.0.18 () {60 vars in 1378 bytes} [Mon Sep 6 11:54:33 2021] GET /placement/allocations/9eb40f23-85ac-4a1f-841a-c5061c9fd910 => generated 259 bytes in 25 msecs (HTTP/1.1 200) 8 headers in 296 bytes (1 switches on core 0)
Sep 06 11:54:33.504633 n-d-807564-1 devstack@placement-api.service[101734]: DEBUG placement.requestlog [req-d09565f9-79a0-48bf-a0a0-f0295341a6c6 req-16c2ec09-835e-496f-95db-d0cff9762add None None] Starting request: 10.222.0.18 "GET /placement/allocations/7f51d5d5-d127-4687-a161-8ed84f22cb09" {{(pid=101734) __call__ /opt/stack/placement/placement/requestlog.py:55}}
Sep 06 11:54:33.554882 n-d-807564-1 devstack@placement-api.service[101734]: INFO placement.requestlog [req-d09565f9-79a0-48bf-a0a0-f0295341a6c6 req-16c2ec09-835e-496f-95db-d0cff9762add service placement] 10.222.0.18 "GET /placement/allocations/7f51d5d5-d127-4687-a161-8ed84f22cb09" status: 200 len: 259 microversion: 1.28
Sep 06 11:54:33.559804 n-d-807564-1 devstack@placement-api.service[101734]: [pid: 101734|app: 0|req: 188/376] 10.222.0.18 () {60 vars in 1378 bytes} [Mon Sep 6 11:54:33 2021] GET /placement/allocations/7f51d5d5-d127-4687-a161-8ed84f22cb09 => generated 259 bytes in 56 msecs (HTTP/1.1 200) 8 headers in 296 bytes (1 switches on core 0)
Sep 06 11:54:33.565063 n-d-807564-1 devstack@placement-api.service[101735]: DEBUG placement.requestlog [req-d09565f9-79a0-48bf-a0a0-f0295341a6c6 req-81a3bc66-ebb0-4d90-8570-24eb58d20c64 None None] Starting request: 10.222.0.18 "POST /placement/allocations" {{(pid=101735) __call__ /opt/stack/placement/placement/requestlog.py:55}}
Sep 06 11:54:33.700784 n-d-807564-1 devstack@placement-api.service[101735]: DEBUG placement.handlers.allocation [req-d09565f9-79a0-48bf-a0a0-f0295341a6c6 req-81a3bc66-ebb0-4d90-8570-24eb58d20c64 service placement] Successfully wrote allocations [, , , , , ] {{(pid=101735) _create_allocations /opt/stack/placement/placement/handlers/allocation.py:555}}
Sep 06 11:54:33.702373 n-d-807564-1 devstack@placement-api.service[101735]: INFO placement.requestlog [req-d09565f9-79a0-48bf-a0a0-f0295341a6c6 req-81a3bc66-ebb0-4d90-8570-24eb58d20c64 service placement] 10.222.0.18 "POST /placement/allocations" status: 204 len: 0 microversion: 1.28
Sep 06 11:54:33.703430 n-d-807564-1 devstack@placement-api.service[101735]: [pid: 101735|app: 0|req: 189/377] 10.222.0.18 () {64 vars in 1321 bytes} [Mon Sep 6 11:54:33 2021] POST /placement/allocations => generated 0 bytes in 138 msecs (HTTP/1.1 204) 5 headers in 199 bytes (1 switches on core 0)
Sep 06 11:54:46.885339 n-d-807564-1 devstack@placement-api.service[101734]: DEBUG placement.requestlog [req-547a14ed-4e6b-4a37-a2a6-953347f9d0ac req-b72cefa8-bc91-483b-ac79-e12f11a7f2d2 None None] Starting request: 10.222.0.53 "GET /placement/resource_providers/35ef6609-236d-4e14-ac43-e0d1a94062e0/allocations" {{(pid=101734) __call__ /opt/stack/placement/placement/requestlog.py:55}}
Sep 06 11:54:46.967494 n-d-807564-1 devstack@placement-api.service[101734]: INFO placement.requestlog [req-547a14ed-4e6b-4a37-a2a6-953347f9d0ac req-b72cefa8-bc91-483b-ac79-e12f11a7f2d2 service placement] 10.222.0.53 "GET /placement/resource_providers/35ef6609-236d-4e14-ac43-e0d1a94062e0/allocations" status: 200 len: 255 microversion: 1.0
Sep 06 11:54:46.970144 n-d-807564-1 devstack@placement-api.service[101734]: [pid: 101734|app: 0|req: 189/378] 10.222.0.53 () {58 vars in 1391 bytes} [Mon Sep 6 11:54:46 2021] GET /placement/resource_providers/35ef6609-236d-4e14-ac43-e0d1a94062e0/allocations => generated 255 bytes in 85 msecs (HTTP/1.1 200) 6 headers in 224 bytes (1 switches on core 0)
Sep 06 11:54:47.316112 n-d-807564-1 devstack@placement-api.service[101735]: DEBUG placement.requestlog [req-547a14ed-4e6b-4a37-a2a6-953347f9d0ac req-31dddfae-12d9-4545-9978-482ec0f1e096 None None] Starting request: 10.222.0.53 "GET /placement/allocations/ffd5e267-aaf3-48f1-b90b-18d1e8ae79ab" {{(pid=101735) __call__ /opt/stack/placement/placement/requestlog.py:55}}
Sep 06 11:54:47.343800 n-d-807564-1 devstack@placement-api.service[101735]: INFO placement.requestlog [req-547a14ed-4e6b-4a37-a2a6-953347f9d0ac req-31dddfae-12d9-4545-9978-482ec0f1e096 service placement] 10.222.0.53 "GET /placement/allocations/ffd5e267-aaf3-48f1-b90b-18d1e8ae79ab" status: 200 len: 259 microversion: 1.28
Sep 06 11:54:47.344303 n-d-807564-1 devstack@placement-api.service[101735]: [pid: 101735|app: 0|req: 190/379] 10.222.0.53 () {60 vars in 1378 bytes} [Mon Sep 6 11:54:47 2021] GET /placement/allocations/ffd5e267-aaf3-48f1-b90b-18d1e8ae79ab => generated 259 bytes in 30 msecs (HTTP/1.1 200) 8 headers in 296 bytes (1 switches on core 0)
Sep 06 11:54:47.354431 n-d-807564-1 devstack@placement-api.service[101734]: DEBUG placement.requestlog [req-547a14ed-4e6b-4a37-a2a6-953347f9d0ac req-ed0364ca-1c57-4b66-9f97-36f9f0ff8765 None None] Starting request: 10.222.0.53 "PUT /placement/allocations/ffd5e267-aaf3-48f1-b90b-18d1e8ae79ab" {{(pid=101734) __call__ /opt/stack/placement/placement/requestlog.py:55}}
Sep 06 11:54:47.455876 n-d-807564-1 devstack@placement-api.service[101734]: DEBUG placement.handlers.allocation [req-547a14ed-4e6b-4a37-a2a6-953347f9d0ac req-ed0364ca-1c57-4b66-9f97-36f9f0ff8765 service placement] Successfully wrote allocations [, , ] {{(pid=101734) _create_allocations /opt/stack/placement/placement/handlers/allocation.py:461}}
Sep 06 11:54:47.463103 n-d-807564-1 devstack@placement-api.service[101734]: INFO placement.requestlog [req-547a14ed-4e6b-4a37-a2a6-953347f9d0ac req-ed0364ca-1c57-4b66-9f97-36f9f0ff8765 service placement] 10.222.0.53 "PUT /placement/allocations/ffd5e267-aaf3-48f1-b90b-18d1e8ae79ab" status: 204 len: 0 microversion: 1.28
Sep 06 11:54:47.463630 n-d-807564-1 devstack@placement-api.service[101734]: [pid: 101734|app: 0|req: 190/380] 10.222.0.53 () {64 vars in 1431 bytes} [Mon Sep 6 11:54:47 2021] PUT /placement/allocations/ffd5e267-aaf3-48f1-b90b-18d1e8ae79ab => generated 0 bytes in 109 msecs (HTTP/1.1 204) 5 headers in 199 bytes (2 switches on core 0)
Sep 06 11:54:52.904518 n-d-807564-1 devstack@placement-api.service[101735]: DEBUG placement.requestlog [req-28797bcf-5188-452b-b0df-fdcc3a34ca0c req-036a5867-23e7-4356-ad59-3375e9b7e7d5 None None] Starting request: 10.222.0.48 "GET /placement/allocation_candidates?limit=1000&resources=DISK_GB%3A1%2CMEMORY_MB%3A1024%2CVCPU%3A1&root_required=%21COMPUTE_STATUS_DISABLED" {{(pid=101735) __call__ /opt/stack/placement/placement/requestlog.py:55}}
Sep 06 11:54:52.974774 n-d-807564-1 devstack@placement-api.service[101735]: DEBUG placement.objects.research_context [req-28797bcf-5188-452b-b0df-fdcc3a34ca0c req-036a5867-23e7-4356-ad59-3375e9b7e7d5 service placement] getting providers with 1 DISK_GB {{(pid=101735) __init__ /opt/stack/placement/placement/objects/research_context.py:126}}
Sep 06 11:54:52.992036 n-d-807564-1 devstack@placement-api.service[101735]: DEBUG placement.objects.research_context [req-28797bcf-5188-452b-b0df-fdcc3a34ca0c req-036a5867-23e7-4356-ad59-3375e9b7e7d5 service placement] getting providers with 1024 MEMORY_MB {{(pid=101735) __init__ /opt/stack/placement/placement/objects/research_context.py:126}}
Sep 06 11:54:53.005188 n-d-807564-1 devstack@placement-api.service[101735]: DEBUG placement.objects.research_context [req-28797bcf-5188-452b-b0df-fdcc3a34ca0c req-036a5867-23e7-4356-ad59-3375e9b7e7d5 service placement] getting providers with 1 VCPU {{(pid=101735) __init__ /opt/stack/placement/placement/objects/research_context.py:126}}
Sep 06 11:54:53.012382 n-d-807564-1 devstack@placement-api.service[101735]: DEBUG placement.objects.research_context [req-28797bcf-5188-452b-b0df-fdcc3a34ca0c req-036a5867-23e7-4356-ad59-3375e9b7e7d5 service placement] found 2 providers with available 1 DISK_GB {{(pid=101735) get_provider_ids_matching /opt/stack/placement/placement/objects/research_context.py:549}}
Sep 06 11:54:53.012644 n-d-807564-1 devstack@placement-api.service[101735]: DEBUG placement.objects.research_context [req-28797bcf-5188-452b-b0df-fdcc3a34ca0c req-036a5867-23e7-4356-ad59-3375e9b7e7d5 service placement] found 2 providers with available 1024 MEMORY_MB {{(pid=101735) get_provider_ids_matching /opt/stack/placement/placement/objects/research_context.py:549}}
Sep 06 11:54:53.012919 n-d-807564-1 devstack@placement-api.service[101735]: DEBUG placement.objects.research_context [req-28797bcf-5188-452b-b0df-fdcc3a34ca0c req-036a5867-23e7-4356-ad59-3375e9b7e7d5 service placement] found 2 providers after filtering by previous result {{(pid=101735) get_provider_ids_matching /opt/stack/placement/placement/objects/research_context.py:580}}
Sep 06 11:54:53.013174 n-d-807564-1 devstack@placement-api.service[101735]: DEBUG placement.objects.research_context [req-28797bcf-5188-452b-b0df-fdcc3a34ca0c req-036a5867-23e7-4356-ad59-3375e9b7e7d5 service placement] found 2 providers with available 1 VCPU {{(pid=101735) get_provider_ids_matching /opt/stack/placement/placement/objects/research_context.py:549}}
Sep 06 11:54:53.018915 n-d-807564-1 devstack@placement-api.service[101735]: DEBUG placement.objects.research_context [req-28797bcf-5188-452b-b0df-fdcc3a34ca0c req-036a5867-23e7-4356-ad59-3375e9b7e7d5 service placement] found 2 providers after filtering by previous result {{(pid=101735) get_provider_ids_matching /opt/stack/placement/placement/objects/research_context.py:580}}
Sep 06 11:54:53.046075 n-d-807564-1 devstack@placement-api.service[101735]: DEBUG placement.objects.allocation_candidate [req-28797bcf-5188-452b-b0df-fdcc3a34ca0c req-036a5867-23e7-4356-ad59-3375e9b7e7d5 service placement] RequestGroup(use_same_provider=False, resources={DISK_GB:1, MEMORY_MB:1024, VCPU:1}, traits=[], aggregates=[]) (suffix '') returned 2 matches {{(pid=101735) _get_by_requests /opt/stack/placement/placement/objects/allocation_candidate.py:145}}
Sep 06 11:54:53.046888 n-d-807564-1 devstack@placement-api.service[101735]: DEBUG placement.objects.allocation_candidate [req-28797bcf-5188-452b-b0df-fdcc3a34ca0c req-036a5867-23e7-4356-ad59-3375e9b7e7d5 service placement] Merging candidates yields 2 allocation requests and 2 provider summaries {{(pid=101735) _merge_candidates /opt/stack/placement/placement/objects/allocation_candidate.py:783}}
Sep 06 11:54:53.062629 n-d-807564-1 devstack@placement-api.service[101735]: INFO placement.requestlog [req-28797bcf-5188-452b-b0df-fdcc3a34ca0c req-036a5867-23e7-4356-ad59-3375e9b7e7d5 service placement] 10.222.0.48 "GET /placement/allocation_candidates?limit=1000&resources=DISK_GB%3A1%2CMEMORY_MB%3A1024%2CVCPU%3A1&root_required=%21COMPUTE_STATUS_DISABLED" status: 200 len: 1309 microversion: 1.36
Sep 06 11:54:53.063342 n-d-807564-1 devstack@placement-api.service[101735]: [pid: 101735|app: 0|req: 191/381] 10.222.0.48 () {60 vars in 1507 bytes} [Mon Sep 6 11:54:52 2021] GET /placement/allocation_candidates?limit=1000&resources=DISK_GB%3A1%2CMEMORY_MB%3A1024%2CVCPU%3A1&root_required=%21COMPUTE_STATUS_DISABLED => generated 1309 bytes in 161 msecs (HTTP/1.1 200) 8 headers in 297 bytes (2 switches on core 0)
Sep 06 11:54:53.126885 n-d-807564-1 devstack@placement-api.service[101734]: DEBUG placement.requestlog [req-28797bcf-5188-452b-b0df-fdcc3a34ca0c req-4fff381e-e8a5-4637-9cc8-29a6d098445b None None] Starting request: 10.222.0.48 "GET /placement/allocations/4a88dbd1-db44-4b78-9ffe-0660addd1e2c" {{(pid=101734) __call__ /opt/stack/placement/placement/requestlog.py:55}}
Sep 06 11:54:53.146872 n-d-807564-1 devstack@placement-api.service[101734]: INFO placement.requestlog [req-28797bcf-5188-452b-b0df-fdcc3a34ca0c req-4fff381e-e8a5-4637-9cc8-29a6d098445b service placement] 10.222.0.48 "GET /placement/allocations/4a88dbd1-db44-4b78-9ffe-0660addd1e2c" status: 200 len: 19 microversion: 1.28
Sep 06 11:54:53.147182 n-d-807564-1 devstack@placement-api.service[101734]: [pid: 101734|app: 0|req: 191/382] 10.222.0.48 () {60 vars in 1381 bytes} [Mon Sep 6 11:54:53 2021] GET /placement/allocations/4a88dbd1-db44-4b78-9ffe-0660addd1e2c => generated 19 bytes in 21 msecs (HTTP/1.1 200) 8 headers in 295 bytes (1 switches on core 0)
Sep 06 11:54:53.153914 n-d-807564-1 devstack@placement-api.service[101735]: DEBUG placement.requestlog [req-28797bcf-5188-452b-b0df-fdcc3a34ca0c req-d9ece70e-23ae-4b27-b0bd-2599b52ebc6a None None] Starting request: 10.222.0.48 "PUT /placement/allocations/4a88dbd1-db44-4b78-9ffe-0660addd1e2c" {{(pid=101735) __call__ /opt/stack/placement/placement/requestlog.py:55}}
Sep 06 11:54:53.175350 n-d-807564-1 devstack@placement-api.service[101734]: DEBUG placement.requestlog [req-af0de62e-561c-4b1c-824e-d990750148eb req-190a690a-8d5d-43f0-8cd9-2a56df5a98c1 None None] Starting request: 10.222.0.18 "DELETE /placement/allocations/7f51d5d5-d127-4687-a161-8ed84f22cb09" {{(pid=101734) __call__ /opt/stack/placement/placement/requestlog.py:55}}
Sep 06 11:54:53.227524 n-d-807564-1 devstack@placement-api.service[101735]: DEBUG placement.handlers.allocation [req-28797bcf-5188-452b-b0df-fdcc3a34ca0c req-d9ece70e-23ae-4b27-b0bd-2599b52ebc6a service placement] Successfully wrote allocations [, , ] {{(pid=101735) _create_allocations /opt/stack/placement/placement/handlers/allocation.py:461}}
Sep 06 11:54:53.236305 n-d-807564-1 devstack@placement-api.service[101735]: INFO placement.requestlog [req-28797bcf-5188-452b-b0df-fdcc3a34ca0c req-d9ece70e-23ae-4b27-b0bd-2599b52ebc6a service placement] 10.222.0.48 "PUT /placement/allocations/4a88dbd1-db44-4b78-9ffe-0660addd1e2c" status: 204 len: 0 microversion: 1.36
Sep 06 11:54:53.237129 n-d-807564-1 devstack@placement-api.service[101735]: [pid: 101735|app: 0|req: 192/383] 10.222.0.48 () {64 vars in 1434 bytes} [Mon Sep 6 11:54:53 2021] PUT /placement/allocations/4a88dbd1-db44-4b78-9ffe-0660addd1e2c => generated 0 bytes in 83 msecs (HTTP/1.1 204) 5 headers in 199 bytes (1 switches on core 0)
Sep 06 11:54:53.261177 n-d-807564-1 devstack@placement-api.service[101734]: DEBUG placement.handlers.allocation [req-af0de62e-561c-4b1c-824e-d990750148eb req-190a690a-8d5d-43f0-8cd9-2a56df5a98c1 service placement] Successfully deleted allocations [, , ] {{(pid=101734) delete_allocations /opt/stack/placement/placement/handlers/allocation.py:603}}
Sep 06 11:54:53.261673 n-d-807564-1 devstack@placement-api.service[101734]: INFO placement.requestlog [req-af0de62e-561c-4b1c-824e-d990750148eb req-190a690a-8d5d-43f0-8cd9-2a56df5a98c1 service placement] 10.222.0.18 "DELETE /placement/allocations/7f51d5d5-d127-4687-a161-8ed84f22cb09" status: 204 len: 0 microversion: 1.0
Sep 06 11:54:53.262200 n-d-807564-1 devstack@placement-api.service[101734]: [pid: 101734|app: 0|req: 192/384] 10.222.0.18 () {60 vars in 1356 bytes} [Mon Sep 6 11:54:53 2021] DELETE /placement/allocations/7f51d5d5-d127-4687-a161-8ed84f22cb09 => generated 0 bytes in 87 msecs (HTTP/1.1 204) 5 headers in 198 bytes (1 switches on core 0)
Sep 06 11:54:53.814816 n-d-807564-1 devstack@placement-api.service[101735]: DEBUG placement.requestlog [req-28797bcf-5188-452b-b0df-fdcc3a34ca0c req-6c978bbd-aeb9-48f4-91b6-e8deac90cfe8 None None] Starting request: 10.222.0.53 "GET /placement/allocations/4a88dbd1-db44-4b78-9ffe-0660addd1e2c" {{(pid=101735) __call__ /opt/stack/placement/placement/requestlog.py:55}}
Sep 06 11:54:53.849391 n-d-807564-1 devstack@placement-api.service[101735]: INFO placement.requestlog [req-28797bcf-5188-452b-b0df-fdcc3a34ca0c req-6c978bbd-aeb9-48f4-91b6-e8deac90cfe8 service placement] 10.222.0.53 "GET /placement/allocations/4a88dbd1-db44-4b78-9ffe-0660addd1e2c" status: 200 len: 259 microversion: 1.28
Sep 06 11:54:53.855645 n-d-807564-1 devstack@placement-api.service[101735]: [pid: 101735|app: 0|req: 193/385] 10.222.0.53 () {60 vars in 1378 bytes} [Mon Sep 6 11:54:53 2021] GET /placement/allocations/4a88dbd1-db44-4b78-9ffe-0660addd1e2c => generated 259 bytes in 41 msecs (HTTP/1.1 200) 8 headers in 296 bytes (1 switches on core 0)
Sep 06 11:55:01.888515 n-d-807564-1 devstack@placement-api.service[101734]: DEBUG placement.requestlog [req-69ec7443-6140-4ff9-aa4a-b6b41bcbbfeb req-36aa61f4-48c9-4694-966f-075ef027dde5 None None] Starting request: 10.222.0.48 "GET /placement/allocation_candidates?limit=1000&resources=DISK_GB%3A1%2CMEMORY_MB%3A1024%2CVCPU%3A1&root_required=%21COMPUTE_STATUS_DISABLED" {{(pid=101734) __call__ /opt/stack/placement/placement/requestlog.py:55}}
Sep 06 11:55:01.980565 n-d-807564-1 devstack@placement-api.service[101734]: DEBUG placement.objects.research_context [req-69ec7443-6140-4ff9-aa4a-b6b41bcbbfeb req-36aa61f4-48c9-4694-966f-075ef027dde5 service placement] getting providers with 1 DISK_GB {{(pid=101734) __init__ /opt/stack/placement/placement/objects/research_context.py:126}}
Sep 06 11:55:02.007921 n-d-807564-1 devstack@placement-api.service[101734]: DEBUG placement.objects.research_context [req-69ec7443-6140-4ff9-aa4a-b6b41bcbbfeb req-36aa61f4-48c9-4694-966f-075ef027dde5 service placement] getting providers with 1024 MEMORY_MB {{(pid=101734) __init__ /opt/stack/placement/placement/objects/research_context.py:126}}
Sep 06 11:55:02.032989 n-d-807564-1 devstack@placement-api.service[101734]: DEBUG placement.objects.research_context [req-69ec7443-6140-4ff9-aa4a-b6b41bcbbfeb req-36aa61f4-48c9-4694-966f-075ef027dde5 service placement] getting providers with 1 VCPU {{(pid=101734) __init__ /opt/stack/placement/placement/objects/research_context.py:126}}
Sep 06 11:55:02.039850 n-d-807564-1 devstack@placement-api.service[101734]: DEBUG placement.objects.research_context [req-69ec7443-6140-4ff9-aa4a-b6b41bcbbfeb req-36aa61f4-48c9-4694-966f-075ef027dde5 service placement] found 2 providers with available 1 DISK_GB {{(pid=101734) get_provider_ids_matching /opt/stack/placement/placement/objects/research_context.py:549}}
Sep 06 11:55:02.040693 n-d-807564-1 devstack@placement-api.service[101734]: DEBUG placement.objects.research_context [req-69ec7443-6140-4ff9-aa4a-b6b41bcbbfeb req-36aa61f4-48c9-4694-966f-075ef027dde5 service placement] found 2 providers with available 1024 MEMORY_MB {{(pid=101734) get_provider_ids_matching /opt/stack/placement/placement/objects/research_context.py:549}}
Sep 06 11:55:02.041392 n-d-807564-1 devstack@placement-api.service[101734]: DEBUG placement.objects.research_context [req-69ec7443-6140-4ff9-aa4a-b6b41bcbbfeb req-36aa61f4-48c9-4694-966f-075ef027dde5 service placement] found 2 providers after filtering by previous result {{(pid=101734) get_provider_ids_matching /opt/stack/placement/placement/objects/research_context.py:580}}
Sep 06 11:55:02.045065 n-d-807564-1 devstack@placement-api.service[101734]: DEBUG placement.objects.research_context [req-69ec7443-6140-4ff9-aa4a-b6b41bcbbfeb req-36aa61f4-48c9-4694-966f-075ef027dde5 service placement] found 2 providers with available 1 VCPU {{(pid=101734) get_provider_ids_matching /opt/stack/placement/placement/objects/research_context.py:549}}
Sep 06 11:55:02.045541 n-d-807564-1 devstack@placement-api.service[101734]: DEBUG placement.objects.research_context [req-69ec7443-6140-4ff9-aa4a-b6b41bcbbfeb req-36aa61f4-48c9-4694-966f-075ef027dde5 service placement] found 2 providers after filtering by previous result {{(pid=101734) get_provider_ids_matching /opt/stack/placement/placement/objects/research_context.py:580}}
Sep 06 11:55:02.069489 n-d-807564-1 devstack@placement-api.service[101734]: DEBUG placement.objects.allocation_candidate [req-69ec7443-6140-4ff9-aa4a-b6b41bcbbfeb req-36aa61f4-48c9-4694-966f-075ef027dde5 service placement] RequestGroup(use_same_provider=False, resources={DISK_GB:1, MEMORY_MB:1024, VCPU:1}, traits=[], aggregates=[]) (suffix '') returned 2 matches {{(pid=101734) _get_by_requests /opt/stack/placement/placement/objects/allocation_candidate.py:145}}
Sep 06 11:55:02.070158 n-d-807564-1 devstack@placement-api.service[101734]: DEBUG placement.objects.allocation_candidate [req-69ec7443-6140-4ff9-aa4a-b6b41bcbbfeb req-36aa61f4-48c9-4694-966f-075ef027dde5 service placement] Merging candidates yields 2 allocation requests and 2 provider summaries {{(pid=101734) _merge_candidates /opt/stack/placement/placement/objects/allocation_candidate.py:783}}
Sep 06 11:55:02.075580 n-d-807564-1 devstack@placement-api.service[101734]: INFO placement.requestlog [req-69ec7443-6140-4ff9-aa4a-b6b41bcbbfeb req-36aa61f4-48c9-4694-966f-075ef027dde5 service placement] 10.222.0.48 "GET /placement/allocation_candidates?limit=1000&resources=DISK_GB%3A1%2CMEMORY_MB%3A1024%2CVCPU%3A1&root_required=%21COMPUTE_STATUS_DISABLED" status: 200 len: 1309 microversion: 1.36
Sep 06 11:55:02.076389 n-d-807564-1 devstack@placement-api.service[101734]: [pid: 101734|app: 0|req: 193/386] 10.222.0.48 () {60 vars in 1507 bytes} [Mon Sep 6 11:55:01 2021] GET /placement/allocation_candidates?limit=1000&resources=DISK_GB%3A1%2CMEMORY_MB%3A1024%2CVCPU%3A1&root_required=%21COMPUTE_STATUS_DISABLED => generated 1309 bytes in 188 msecs (HTTP/1.1 200) 8 headers in 297 bytes (1 switches on core 0)
Sep 06 11:55:02.193611 n-d-807564-1 devstack@placement-api.service[101735]: DEBUG placement.requestlog [req-69ec7443-6140-4ff9-aa4a-b6b41bcbbfeb req-991affa3-044e-412f-ba65-6bbe2c0ccdb2 None None] Starting request: 10.222.0.48 "GET /placement/allocations/7bb2b567-ff2b-4708-a43e-73a66b1a725e" {{(pid=101735) __call__ /opt/stack/placement/placement/requestlog.py:55}}
Sep 06 11:55:02.234193 n-d-807564-1 devstack@placement-api.service[101735]: INFO placement.requestlog [req-69ec7443-6140-4ff9-aa4a-b6b41bcbbfeb req-991affa3-044e-412f-ba65-6bbe2c0ccdb2 service placement] 10.222.0.48 "GET /placement/allocations/7bb2b567-ff2b-4708-a43e-73a66b1a725e" status: 200 len: 19 microversion: 1.28
Sep 06 11:55:02.241409 n-d-807564-1 devstack@placement-api.service[101734]: DEBUG placement.requestlog [req-69ec7443-6140-4ff9-aa4a-b6b41bcbbfeb req-6f10371a-16a8-4b5b-947f-10d37c968634 None None] Starting request: 10.222.0.48 "PUT /placement/allocations/7bb2b567-ff2b-4708-a43e-73a66b1a725e" {{(pid=101734) __call__ /opt/stack/placement/placement/requestlog.py:55}}
Sep 06 11:55:02.256156 n-d-807564-1 devstack@placement-api.service[101735]: [pid: 101735|app: 0|req: 194/387] 10.222.0.48 () {60 vars in 1381 bytes} [Mon Sep 6 11:55:02 2021] GET /placement/allocations/7bb2b567-ff2b-4708-a43e-73a66b1a725e => generated 19 bytes in 62 msecs (HTTP/1.1 200) 8 headers in 295 bytes (1 switches on core 0)
Sep 06 11:55:02.296279 n-d-807564-1 devstack@placement-api.service[101735]: DEBUG placement.requestlog [req-5c3b7f00-3374-4e34-bc1f-993e53f82fdf req-1c89ce91-2d9f-4990-a7e4-891db930d435 None None] Starting request: 10.222.0.18 "DELETE /placement/allocations/fb04ff85-e405-4009-8ac3-fe5c77d53aa6" {{(pid=101735) __call__ /opt/stack/placement/placement/requestlog.py:55}}
Sep 06 11:55:02.425358 n-d-807564-1 devstack@placement-api.service[101735]: DEBUG placement.handlers.allocation [req-5c3b7f00-3374-4e34-bc1f-993e53f82fdf req-1c89ce91-2d9f-4990-a7e4-891db930d435 service placement] Successfully deleted allocations [, , ] {{(pid=101735) delete_allocations /opt/stack/placement/placement/handlers/allocation.py:603}}
Sep 06 11:55:02.425358 n-d-807564-1 devstack@placement-api.service[101735]: INFO placement.requestlog [req-5c3b7f00-3374-4e34-bc1f-993e53f82fdf req-1c89ce91-2d9f-4990-a7e4-891db930d435 service placement] 10.222.0.18 "DELETE /placement/allocations/fb04ff85-e405-4009-8ac3-fe5c77d53aa6" status: 204 len: 0 microversion: 1.0
Sep 06 11:55:02.425358 n-d-807564-1 devstack@placement-api.service[101735]: [pid: 101735|app: 0|req: 195/388] 10.222.0.18 () {60 vars in 1356 bytes} [Mon Sep 6 11:55:02 2021] DELETE /placement/allocations/fb04ff85-e405-4009-8ac3-fe5c77d53aa6 => generated 0 bytes in 122 msecs (HTTP/1.1 204) 5 headers in 198 bytes (1 switches on core 0)
Sep 06 11:55:02.425731 n-d-807564-1 devstack@placement-api.service[101734]: DEBUG placement.handlers.allocation [req-69ec7443-6140-4ff9-aa4a-b6b41bcbbfeb req-6f10371a-16a8-4b5b-947f-10d37c968634 service placement] Successfully wrote allocations [, , ] {{(pid=101734) _create_allocations /opt/stack/placement/placement/handlers/allocation.py:461}}
Sep 06 11:55:02.446127 n-d-807564-1 devstack@placement-api.service[101734]: INFO placement.requestlog [req-69ec7443-6140-4ff9-aa4a-b6b41bcbbfeb req-6f10371a-16a8-4b5b-947f-10d37c968634 service placement] 10.222.0.48 "PUT /placement/allocations/7bb2b567-ff2b-4708-a43e-73a66b1a725e" status: 204 len: 0 microversion: 1.36
Sep 06 11:55:02.450961 n-d-807564-1 devstack@placement-api.service[101734]: [pid: 101734|app: 0|req: 194/389] 10.222.0.48 () {64 vars in 1434 bytes} [Mon Sep 6 11:55:02 2021] PUT /placement/allocations/7bb2b567-ff2b-4708-a43e-73a66b1a725e => generated 0 bytes in 206 msecs (HTTP/1.1 204) 5 headers in 199 bytes (2 switches on core 0)
Sep 06 11:55:03.399321 n-d-807564-1 devstack@placement-api.service[101735]: DEBUG placement.requestlog [req-69ec7443-6140-4ff9-aa4a-b6b41bcbbfeb req-bac5d811-6033-4e98-b2f3-8d89954ef906 None None] Starting request: 10.222.0.18 "GET /placement/allocations/7bb2b567-ff2b-4708-a43e-73a66b1a725e" {{(pid=101735) __call__ /opt/stack/placement/placement/requestlog.py:55}}
Sep 06 11:55:03.446961 n-d-807564-1 devstack@placement-api.service[101735]: INFO placement.requestlog [req-69ec7443-6140-4ff9-aa4a-b6b41bcbbfeb req-bac5d811-6033-4e98-b2f3-8d89954ef906 service placement] 10.222.0.18 "GET /placement/allocations/7bb2b567-ff2b-4708-a43e-73a66b1a725e" status: 200 len: 259 microversion: 1.28
Sep 06 11:55:03.448952 n-d-807564-1 devstack@placement-api.service[101735]: [pid: 101735|app: 0|req: 196/390] 10.222.0.18 () {60 vars in 1378 bytes} [Mon Sep 6 11:55:03 2021] GET /placement/allocations/7bb2b567-ff2b-4708-a43e-73a66b1a725e => generated 259 bytes in 52 msecs (HTTP/1.1 200) 8 headers in 296 bytes (1 switches on core 0)
Sep 06 11:55:11.601687 n-d-807564-1 devstack@placement-api.service[101734]: DEBUG placement.requestlog [req-500f4512-52f0-4fbf-afc6-936c15028219 req-e61e3928-23a2-4c0d-b329-501f643262af None None] Starting request: 10.222.0.18 "DELETE /placement/allocations/d109319d-e50f-4bff-9f18-893dec898f6a" {{(pid=101734) __call__ /opt/stack/placement/placement/requestlog.py:55}}
Sep 06 11:55:11.656766 n-d-807564-1 devstack@placement-api.service[101734]: DEBUG placement.handlers.allocation [req-500f4512-52f0-4fbf-afc6-936c15028219 req-e61e3928-23a2-4c0d-b329-501f643262af service placement] Successfully deleted allocations [, , ] {{(pid=101734) delete_allocations /opt/stack/placement/placement/handlers/allocation.py:603}}
Sep 06 11:55:11.658108 n-d-807564-1 devstack@placement-api.service[101734]: INFO placement.requestlog [req-500f4512-52f0-4fbf-afc6-936c15028219 req-e61e3928-23a2-4c0d-b329-501f643262af service placement] 10.222.0.18 "DELETE /placement/allocations/d109319d-e50f-4bff-9f18-893dec898f6a" status: 204 len: 0 microversion: 1.0
Sep 06 11:55:11.658479 n-d-807564-1 devstack@placement-api.service[101734]: [pid: 101734|app: 0|req: 195/391] 10.222.0.18 () {60 vars in 1356 bytes} [Mon Sep 6 11:55:11 2021] DELETE /placement/allocations/d109319d-e50f-4bff-9f18-893dec898f6a => generated 0 bytes in 57 msecs (HTTP/1.1 204) 5 headers in 198 bytes (1 switches on core 0)
Sep 06 11:55:12.153444 n-d-807564-1 devstack@placement-api.service[101735]: DEBUG placement.requestlog [req-ff0e0e15-421d-4aa9-bc04-8b51c535b4d8 req-4a08ab94-87c2-4946-a647-c67e287d69f1 None None] Starting request: 10.222.0.18 "GET /placement/resource_providers/0a1eaf11-deca-4fab-b3d0-3e998ba05c71/allocations" {{(pid=101735) __call__ /opt/stack/placement/placement/requestlog.py:55}}
Sep 06 11:55:12.218725 n-d-807564-1 devstack@placement-api.service[101735]: INFO placement.requestlog [req-ff0e0e15-421d-4aa9-bc04-8b51c535b4d8 req-4a08ab94-87c2-4946-a647-c67e287d69f1 service placement] 10.222.0.18 "GET /placement/resource_providers/0a1eaf11-deca-4fab-b3d0-3e998ba05c71/allocations" status: 200 len: 356 microversion: 1.0
Sep 06 11:55:12.219876 n-d-807564-1 devstack@placement-api.service[101735]: [pid: 101735|app: 0|req: 197/392] 10.222.0.18 () {58 vars in 1391 bytes} [Mon Sep 6 11:55:12 2021] GET /placement/resource_providers/0a1eaf11-deca-4fab-b3d0-3e998ba05c71/allocations => generated 356 bytes in 67 msecs (HTTP/1.1 200) 6 headers in 224 bytes (1 switches on core 0)
Sep 06 11:55:16.159087 n-d-807564-1 devstack@placement-api.service[101734]: DEBUG placement.requestlog [req-b28218b2-e97f-42f0-85b5-399101efb348 req-67e5f690-2b13-4c74-8ca7-394eda88ead4 None None] Starting request: 10.222.0.48 "GET /placement/allocation_candidates?limit=1000&resources=DISK_GB%3A1%2CMEMORY_MB%3A1024%2CVCPU%3A1&root_required=%21COMPUTE_STATUS_DISABLED" {{(pid=101734) __call__ /opt/stack/placement/placement/requestlog.py:55}}
Sep 06 11:55:16.214953 n-d-807564-1 devstack@placement-api.service[101734]: DEBUG placement.objects.research_context [req-b28218b2-e97f-42f0-85b5-399101efb348 req-67e5f690-2b13-4c74-8ca7-394eda88ead4 service placement] getting providers with 1 DISK_GB {{(pid=101734) __init__ /opt/stack/placement/placement/objects/research_context.py:126}}
Sep 06 11:55:16.224664 n-d-807564-1 devstack@placement-api.service[101734]: DEBUG placement.objects.research_context [req-b28218b2-e97f-42f0-85b5-399101efb348 req-67e5f690-2b13-4c74-8ca7-394eda88ead4 service placement] getting providers with 1024 MEMORY_MB {{(pid=101734) __init__ /opt/stack/placement/placement/objects/research_context.py:126}}
Sep 06 11:55:16.247918 n-d-807564-1 devstack@placement-api.service[101734]: DEBUG placement.objects.research_context [req-b28218b2-e97f-42f0-85b5-399101efb348 req-67e5f690-2b13-4c74-8ca7-394eda88ead4 service placement] getting providers with 1 VCPU {{(pid=101734) __init__ /opt/stack/placement/placement/objects/research_context.py:126}}
Sep 06 11:55:16.254002 n-d-807564-1 devstack@placement-api.service[101734]: DEBUG placement.objects.research_context [req-b28218b2-e97f-42f0-85b5-399101efb348 req-67e5f690-2b13-4c74-8ca7-394eda88ead4 service placement] found 2 providers with available 1 DISK_GB {{(pid=101734) get_provider_ids_matching /opt/stack/placement/placement/objects/research_context.py:549}}
Sep 06 11:55:16.254419 n-d-807564-1 devstack@placement-api.service[101734]: DEBUG placement.objects.research_context [req-b28218b2-e97f-42f0-85b5-399101efb348 req-67e5f690-2b13-4c74-8ca7-394eda88ead4 service placement] found 2 providers with available 1024 MEMORY_MB {{(pid=101734) get_provider_ids_matching /opt/stack/placement/placement/objects/research_context.py:549}}
Sep 06 11:55:16.255314 n-d-807564-1 devstack@placement-api.service[101734]: DEBUG placement.objects.research_context [req-b28218b2-e97f-42f0-85b5-399101efb348 req-67e5f690-2b13-4c74-8ca7-394eda88ead4 service placement] found 2 providers after filtering by previous result {{(pid=101734) get_provider_ids_matching /opt/stack/placement/placement/objects/research_context.py:580}}
Sep 06 11:55:16.255494 n-d-807564-1 devstack@placement-api.service[101734]: DEBUG placement.objects.research_context [req-b28218b2-e97f-42f0-85b5-399101efb348 req-67e5f690-2b13-4c74-8ca7-394eda88ead4 service placement] found 2 providers with available 1 VCPU {{(pid=101734) get_provider_ids_matching /opt/stack/placement/placement/objects/research_context.py:549}}
Sep 06 11:55:16.256138 n-d-807564-1 devstack@placement-api.service[101734]: DEBUG placement.objects.research_context [req-b28218b2-e97f-42f0-85b5-399101efb348 req-67e5f690-2b13-4c74-8ca7-394eda88ead4 service placement] found 2 providers after filtering by previous result {{(pid=101734) get_provider_ids_matching /opt/stack/placement/placement/objects/research_context.py:580}}
Sep 06 11:55:16.279012 n-d-807564-1 devstack@placement-api.service[101734]: DEBUG placement.objects.allocation_candidate [req-b28218b2-e97f-42f0-85b5-399101efb348 req-67e5f690-2b13-4c74-8ca7-394eda88ead4 service placement] RequestGroup(use_same_provider=False, resources={DISK_GB:1, MEMORY_MB:1024, VCPU:1}, traits=[], aggregates=[]) (suffix '') returned 2 matches {{(pid=101734) _get_by_requests /opt/stack/placement/placement/objects/allocation_candidate.py:145}}
Sep 06 11:55:16.279335 n-d-807564-1 devstack@placement-api.service[101734]: DEBUG placement.objects.allocation_candidate [req-b28218b2-e97f-42f0-85b5-399101efb348 req-67e5f690-2b13-4c74-8ca7-394eda88ead4 service placement] Merging candidates yields 2 allocation requests and 2 provider summaries {{(pid=101734) _merge_candidates /opt/stack/placement/placement/objects/allocation_candidate.py:783}}
Sep 06 11:55:16.283480 n-d-807564-1 devstack@placement-api.service[101734]: INFO placement.requestlog [req-b28218b2-e97f-42f0-85b5-399101efb348 req-67e5f690-2b13-4c74-8ca7-394eda88ead4 service placement] 10.222.0.48 "GET /placement/allocation_candidates?limit=1000&resources=DISK_GB%3A1%2CMEMORY_MB%3A1024%2CVCPU%3A1&root_required=%21COMPUTE_STATUS_DISABLED" status: 200 len: 1309 microversion: 1.36
Sep 06 11:55:16.283855 n-d-807564-1 devstack@placement-api.service[101734]: [pid: 101734|app: 0|req: 196/393] 10.222.0.48 () {60 vars in 1507 bytes} [Mon Sep 6 11:55:16 2021] GET /placement/allocation_candidates?limit=1000&resources=DISK_GB%3A1%2CMEMORY_MB%3A1024%2CVCPU%3A1&root_required=%21COMPUTE_STATUS_DISABLED => generated 1309 bytes in 125 msecs (HTTP/1.1 200) 8 headers in 297 bytes (1 switches on core 0)
Sep 06 11:55:16.399417 n-d-807564-1 devstack@placement-api.service[101735]: DEBUG placement.requestlog [req-b28218b2-e97f-42f0-85b5-399101efb348 req-ac396ba9-3bbe-4775-b629-e344be6dcfdf None None] Starting request: 10.222.0.48 "GET /placement/allocations/149b5d8e-31ce-431d-b73a-2bac6f736eef" {{(pid=101735) __call__ /opt/stack/placement/placement/requestlog.py:55}}
Sep 06 11:55:16.417144 n-d-807564-1 devstack@placement-api.service[101735]: INFO placement.requestlog [req-b28218b2-e97f-42f0-85b5-399101efb348 req-ac396ba9-3bbe-4775-b629-e344be6dcfdf service placement] 10.222.0.48 "GET /placement/allocations/149b5d8e-31ce-431d-b73a-2bac6f736eef" status: 200 len: 19 microversion: 1.28
Sep 06 11:55:16.417688 n-d-807564-1 devstack@placement-api.service[101735]: [pid: 101735|app: 0|req: 198/394] 10.222.0.48 () {60 vars in 1381 bytes} [Mon Sep 6 11:55:16 2021] GET /placement/allocations/149b5d8e-31ce-431d-b73a-2bac6f736eef => generated 19 bytes in 18 msecs (HTTP/1.1 200) 8 headers in 295 bytes (1 switches on core 0)
Sep 06 11:55:16.424469 n-d-807564-1 devstack@placement-api.service[101734]: DEBUG placement.requestlog [req-b28218b2-e97f-42f0-85b5-399101efb348 req-740f7ee8-0714-4e65-ae3a-6286157197fe None None] Starting request: 10.222.0.48 "PUT /placement/allocations/149b5d8e-31ce-431d-b73a-2bac6f736eef" {{(pid=101734) __call__ /opt/stack/placement/placement/requestlog.py:55}}
Sep 06 11:55:16.491386 n-d-807564-1 devstack@placement-api.service[101734]: DEBUG placement.handlers.allocation [req-b28218b2-e97f-42f0-85b5-399101efb348 req-740f7ee8-0714-4e65-ae3a-6286157197fe service placement] Successfully wrote allocations [, , ] {{(pid=101734) _create_allocations /opt/stack/placement/placement/handlers/allocation.py:461}}
Sep 06 11:55:16.499014 n-d-807564-1 devstack@placement-api.service[101734]: INFO placement.requestlog [req-b28218b2-e97f-42f0-85b5-399101efb348 req-740f7ee8-0714-4e65-ae3a-6286157197fe service placement] 10.222.0.48 "PUT /placement/allocations/149b5d8e-31ce-431d-b73a-2bac6f736eef" status: 204 len: 0 microversion: 1.36
Sep 06 11:55:16.500093 n-d-807564-1 devstack@placement-api.service[101734]: [pid: 101734|app: 0|req: 197/395] 10.222.0.48 () {64 vars in 1434 bytes} [Mon Sep 6 11:55:16 2021] PUT /placement/allocations/149b5d8e-31ce-431d-b73a-2bac6f736eef => generated 0 bytes in 76 msecs (HTTP/1.1 204) 5 headers in 199 bytes (2 switches on core 0)
Sep 06 11:55:16.994139 n-d-807564-1 devstack@placement-api.service[101735]: DEBUG placement.requestlog [req-b28218b2-e97f-42f0-85b5-399101efb348 req-1b3111ed-ff2a-4a3f-824c-a040d30b9418 None None] Starting request: 10.222.0.53 "GET /placement/allocations/149b5d8e-31ce-431d-b73a-2bac6f736eef" {{(pid=101735) __call__ /opt/stack/placement/placement/requestlog.py:55}}
Sep 06 11:55:17.020377 n-d-807564-1 devstack@placement-api.service[101734]: DEBUG placement.requestlog [req-34b4dd65-a132-499e-87f0-bc855693c39b req-e2e26842-60b1-44cb-a5af-ba24b2c90af8 None None] Starting request: 10.222.0.53 "GET /placement/resource_providers/35ef6609-236d-4e14-ac43-e0d1a94062e0/allocations" {{(pid=101734) __call__ /opt/stack/placement/placement/requestlog.py:55}}
Sep 06 11:55:17.025681 n-d-807564-1 devstack@placement-api.service[101735]: INFO placement.requestlog [req-b28218b2-e97f-42f0-85b5-399101efb348 req-1b3111ed-ff2a-4a3f-824c-a040d30b9418 service placement] 10.222.0.53 "GET /placement/allocations/149b5d8e-31ce-431d-b73a-2bac6f736eef" status: 200 len: 259 microversion: 1.28
Sep 06 11:55:17.027178 n-d-807564-1 devstack@placement-api.service[101735]: [pid: 101735|app: 0|req: 199/396] 10.222.0.53 () {60 vars in 1378 bytes} [Mon Sep 6 11:55:16 2021] GET /placement/allocations/149b5d8e-31ce-431d-b73a-2bac6f736eef => generated 259 bytes in 33 msecs (HTTP/1.1 200) 8 headers in 296 bytes (2 switches on core 0)
Sep 06 11:55:17.049903 n-d-807564-1 devstack@placement-api.service[101734]: INFO placement.requestlog [req-34b4dd65-a132-499e-87f0-bc855693c39b req-e2e26842-60b1-44cb-a5af-ba24b2c90af8 service placement] 10.222.0.53 "GET /placement/resource_providers/35ef6609-236d-4e14-ac43-e0d1a94062e0/allocations" status: 200 len: 356 microversion: 1.0
Sep 06 11:55:17.051320 n-d-807564-1 devstack@placement-api.service[101734]: [pid: 101734|app: 0|req: 198/397] 10.222.0.53 () {58 vars in 1391 bytes} [Mon Sep 6 11:55:17 2021] GET /placement/resource_providers/35ef6609-236d-4e14-ac43-e0d1a94062e0/allocations => generated 356 bytes in 31 msecs (HTTP/1.1 200) 6 headers in 224 bytes (1 switches on core 0)
Sep 06 11:55:17.647525 n-d-807564-1 devstack@placement-api.service[101735]: DEBUG placement.requestlog [req-d85949f1-f26d-4780-9295-9125712ff358 req-ac6a342e-7f55-4a87-bbee-5c0b0122e9c5 None None] Starting request: 10.222.0.18 "DELETE /placement/allocations/94f00b38-3fcd-4157-99d9-a4c3e3cd1a57" {{(pid=101735) __call__ /opt/stack/placement/placement/requestlog.py:55}}
Sep 06 11:55:17.797164 n-d-807564-1 devstack@placement-api.service[101735]: DEBUG placement.handlers.allocation [req-d85949f1-f26d-4780-9295-9125712ff358 req-ac6a342e-7f55-4a87-bbee-5c0b0122e9c5 service placement] Successfully deleted allocations [, , ] {{(pid=101735) delete_allocations /opt/stack/placement/placement/handlers/allocation.py:603}}
Sep 06 11:55:17.797780 n-d-807564-1 devstack@placement-api.service[101735]: INFO placement.requestlog [req-d85949f1-f26d-4780-9295-9125712ff358 req-ac6a342e-7f55-4a87-bbee-5c0b0122e9c5 service placement] 10.222.0.18 "DELETE /placement/allocations/94f00b38-3fcd-4157-99d9-a4c3e3cd1a57" status: 204 len: 0 microversion: 1.0
Sep 06 11:55:17.798599 n-d-807564-1 devstack@placement-api.service[101735]: [pid: 101735|app: 0|req: 200/398] 10.222.0.18 () {60 vars in 1356 bytes} [Mon Sep 6 11:55:17 2021] DELETE /placement/allocations/94f00b38-3fcd-4157-99d9-a4c3e3cd1a57 => generated 0 bytes in 151 msecs (HTTP/1.1 204) 5 headers in 198 bytes (1 switches on core 0)
Sep 06 11:55:18.342801 n-d-807564-1 devstack@placement-api.service[101734]: DEBUG placement.requestlog [req-28d5c8a3-62e3-4e1f-b107-72dd4a26decd req-092e47ce-c499-4637-9814-a0922a1f44e2 None None] Starting request: 10.222.0.53 "DELETE /placement/allocations/53a5fef2-7af2-4a32-a0c3-d8e5ad115f26" {{(pid=101734) __call__ /opt/stack/placement/placement/requestlog.py:55}}
Sep 06 11:55:18.394895 n-d-807564-1 devstack@placement-api.service[101734]: DEBUG placement.handlers.allocation [req-28d5c8a3-62e3-4e1f-b107-72dd4a26decd req-092e47ce-c499-4637-9814-a0922a1f44e2 service placement] Successfully deleted allocations [, , ] {{(pid=101734) delete_allocations /opt/stack/placement/placement/handlers/allocation.py:603}}
Sep 06 11:55:18.396221 n-d-807564-1 devstack@placement-api.service[101734]: INFO placement.requestlog [req-28d5c8a3-62e3-4e1f-b107-72dd4a26decd req-092e47ce-c499-4637-9814-a0922a1f44e2 service placement] 10.222.0.53 "DELETE /placement/allocations/53a5fef2-7af2-4a32-a0c3-d8e5ad115f26" status: 204 len: 0 microversion: 1.0
Sep 06 11:55:18.396692 n-d-807564-1 devstack@placement-api.service[101734]: [pid: 101734|app: 0|req: 199/399] 10.222.0.53 () {60 vars in 1356 bytes} [Mon Sep 6 11:55:18 2021] DELETE /placement/allocations/53a5fef2-7af2-4a32-a0c3-d8e5ad115f26 => generated 0 bytes in 54 msecs (HTTP/1.1 204) 5 headers in 198 bytes (1 switches on core 0)
Sep 06 11:55:19.198752 n-d-807564-1 devstack@placement-api.service[101735]: DEBUG placement.requestlog [req-d5a0e2a8-046d-48eb-8edc-5f565ee1924a req-b9098835-c952-4dcc-b0f6-f376916610f4 None None] Starting request: 10.222.0.48 "GET /placement/allocation_candidates?limit=1000&resources=DISK_GB%3A1%2CMEMORY_MB%3A1024%2CVCPU%3A1&root_required=%21COMPUTE_STATUS_DISABLED" {{(pid=101735) __call__ /opt/stack/placement/placement/requestlog.py:55}}
Sep 06 11:55:19.288991 n-d-807564-1 devstack@placement-api.service[101735]: DEBUG placement.objects.research_context [req-d5a0e2a8-046d-48eb-8edc-5f565ee1924a req-b9098835-c952-4dcc-b0f6-f376916610f4 service placement] getting providers with 1 DISK_GB {{(pid=101735) __init__ /opt/stack/placement/placement/objects/research_context.py:126}}
Sep 06 11:55:19.299871 n-d-807564-1 devstack@placement-api.service[101735]: DEBUG placement.objects.research_context [req-d5a0e2a8-046d-48eb-8edc-5f565ee1924a req-b9098835-c952-4dcc-b0f6-f376916610f4 service placement] getting providers with 1024 MEMORY_MB {{(pid=101735) __init__ /opt/stack/placement/placement/objects/research_context.py:126}}
Sep 06 11:55:19.315786 n-d-807564-1 devstack@placement-api.service[101735]: DEBUG placement.objects.research_context [req-d5a0e2a8-046d-48eb-8edc-5f565ee1924a req-b9098835-c952-4dcc-b0f6-f376916610f4 service placement] getting providers with 1 VCPU {{(pid=101735) __init__ /opt/stack/placement/placement/objects/research_context.py:126}}
Sep 06 11:55:19.343568 n-d-807564-1 devstack@placement-api.service[101735]: DEBUG placement.objects.research_context [req-d5a0e2a8-046d-48eb-8edc-5f565ee1924a req-b9098835-c952-4dcc-b0f6-f376916610f4 service placement] found 2 providers with available 1 DISK_GB {{(pid=101735) get_provider_ids_matching /opt/stack/placement/placement/objects/research_context.py:549}}
Sep 06 11:55:19.343945 n-d-807564-1 devstack@placement-api.service[101735]: DEBUG placement.objects.research_context [req-d5a0e2a8-046d-48eb-8edc-5f565ee1924a req-b9098835-c952-4dcc-b0f6-f376916610f4 service placement] found 2 providers with available 1024 MEMORY_MB {{(pid=101735) get_provider_ids_matching /opt/stack/placement/placement/objects/research_context.py:549}}
Sep 06 11:55:19.344327 n-d-807564-1 devstack@placement-api.service[101735]: DEBUG placement.objects.research_context [req-d5a0e2a8-046d-48eb-8edc-5f565ee1924a req-b9098835-c952-4dcc-b0f6-f376916610f4 service placement] found 2 providers after filtering by previous result {{(pid=101735) get_provider_ids_matching /opt/stack/placement/placement/objects/research_context.py:580}}
Sep 06 11:55:19.344710 n-d-807564-1 devstack@placement-api.service[101735]: DEBUG placement.objects.research_context [req-d5a0e2a8-046d-48eb-8edc-5f565ee1924a req-b9098835-c952-4dcc-b0f6-f376916610f4 service placement] found 2 providers with available 1 VCPU {{(pid=101735) get_provider_ids_matching /opt/stack/placement/placement/objects/research_context.py:549}}
Sep 06 11:55:19.345064 n-d-807564-1 devstack@placement-api.service[101735]: DEBUG placement.objects.research_context [req-d5a0e2a8-046d-48eb-8edc-5f565ee1924a req-b9098835-c952-4dcc-b0f6-f376916610f4 service placement] found 2 providers after filtering by previous result {{(pid=101735) get_provider_ids_matching /opt/stack/placement/placement/objects/research_context.py:580}}
Sep 06 11:55:19.369618 n-d-807564-1 devstack@placement-api.service[101735]: DEBUG placement.objects.allocation_candidate [req-d5a0e2a8-046d-48eb-8edc-5f565ee1924a req-b9098835-c952-4dcc-b0f6-f376916610f4 service placement] RequestGroup(use_same_provider=False, resources={DISK_GB:1, MEMORY_MB:1024, VCPU:1}, traits=[], aggregates=[]) (suffix '') returned 2 matches {{(pid=101735) _get_by_requests /opt/stack/placement/placement/objects/allocation_candidate.py:145}}
Sep 06 11:55:19.370120 n-d-807564-1 devstack@placement-api.service[101735]: DEBUG placement.objects.allocation_candidate [req-d5a0e2a8-046d-48eb-8edc-5f565ee1924a req-b9098835-c952-4dcc-b0f6-f376916610f4 service placement] Merging candidates yields 2 allocation requests and 2 provider summaries {{(pid=101735) _merge_candidates /opt/stack/placement/placement/objects/allocation_candidate.py:783}}
Sep 06 11:55:19.371934 n-d-807564-1 devstack@placement-api.service[101735]: INFO placement.requestlog [req-d5a0e2a8-046d-48eb-8edc-5f565ee1924a req-b9098835-c952-4dcc-b0f6-f376916610f4 service placement] 10.222.0.48 "GET /placement/allocation_candidates?limit=1000&resources=DISK_GB%3A1%2CMEMORY_MB%3A1024%2CVCPU%3A1&root_required=%21COMPUTE_STATUS_DISABLED" status: 200 len: 1309 microversion: 1.36
Sep 06 11:55:19.397279 n-d-807564-1 devstack@placement-api.service[101735]: [pid: 101735|app: 0|req: 201/400] 10.222.0.48 () {60 vars in 1507 bytes} [Mon Sep 6 11:55:19 2021] GET /placement/allocation_candidates?limit=1000&resources=DISK_GB%3A1%2CMEMORY_MB%3A1024%2CVCPU%3A1&root_required=%21COMPUTE_STATUS_DISABLED => generated 1309 bytes in 199 msecs (HTTP/1.1 200) 8 headers in 297 bytes (1 switches on core 0)
Sep 06 11:55:19.513287 n-d-807564-1 devstack@placement-api.service[101734]: DEBUG placement.requestlog [req-d5a0e2a8-046d-48eb-8edc-5f565ee1924a req-b4cf8ee2-d914-4727-ad65-d8c8cd4d6222 None None] Starting request: 10.222.0.48 "GET /placement/allocations/969d4f40-a600-47d1-98e6-f955df9cb0e5" {{(pid=101734) __call__ /opt/stack/placement/placement/requestlog.py:55}}
Sep 06 11:55:19.539831 n-d-807564-1 devstack@placement-api.service[101734]: INFO placement.requestlog [req-d5a0e2a8-046d-48eb-8edc-5f565ee1924a req-b4cf8ee2-d914-4727-ad65-d8c8cd4d6222 service placement] 10.222.0.48 "GET /placement/allocations/969d4f40-a600-47d1-98e6-f955df9cb0e5" status: 200 len: 19 microversion: 1.28
Sep 06 11:55:19.540918 n-d-807564-1 devstack@placement-api.service[101734]: [pid: 101734|app: 0|req: 200/401] 10.222.0.48 () {60 vars in 1381 bytes} [Mon Sep 6 11:55:19 2021] GET /placement/allocations/969d4f40-a600-47d1-98e6-f955df9cb0e5 => generated 19 bytes in 28 msecs (HTTP/1.1 200) 8 headers in 295 bytes (1 switches on core 0)
Sep 06 11:55:19.546691 n-d-807564-1 devstack@placement-api.service[101735]: DEBUG placement.requestlog [req-d5a0e2a8-046d-48eb-8edc-5f565ee1924a req-d98b7c96-7a78-4302-9bed-5700af39c4a9 None None] Starting request: 10.222.0.48 "PUT /placement/allocations/969d4f40-a600-47d1-98e6-f955df9cb0e5" {{(pid=101735) __call__ /opt/stack/placement/placement/requestlog.py:55}}
Sep 06 11:55:19.625437 n-d-807564-1 devstack@placement-api.service[101735]: DEBUG placement.handlers.allocation [req-d5a0e2a8-046d-48eb-8edc-5f565ee1924a req-d98b7c96-7a78-4302-9bed-5700af39c4a9 service placement] Successfully wrote allocations [, , ] {{(pid=101735) _create_allocations /opt/stack/placement/placement/handlers/allocation.py:461}}
Sep 06 11:55:19.632696 n-d-807564-1 devstack@placement-api.service[101735]: INFO placement.requestlog [req-d5a0e2a8-046d-48eb-8edc-5f565ee1924a req-d98b7c96-7a78-4302-9bed-5700af39c4a9 service placement] 10.222.0.48 "PUT /placement/allocations/969d4f40-a600-47d1-98e6-f955df9cb0e5" status: 204 len: 0 microversion: 1.36
Sep 06 11:55:19.641552 n-d-807564-1 devstack@placement-api.service[101735]: [pid: 101735|app: 0|req: 202/402] 10.222.0.48 () {64 vars in 1434 bytes} [Mon Sep 6 11:55:19 2021] PUT /placement/allocations/969d4f40-a600-47d1-98e6-f955df9cb0e5 => generated 0 bytes in 87 msecs (HTTP/1.1 204) 5 headers in 199 bytes (1 switches on core 0)
