Nov 11 11:49:50.896557 n-d-807359-3 neutron-server[109155]: DEBUG neutron.plugins.ml2.rpc [None req-a599ea6f-b20e-4f4b-a360-586220b9861d None None] Returning: {'device': '7921ff65-2a0d-466a-9540-8023a148f10f', 'network_id': '66e7bcbb-7be3-4178-a259-9aa5f21e019f', 'port_id': '7921ff65-2a0d-466a-9540-8023a148f10f', 'mac_address': 'fa:16:3e:6b:b8:1d', 'admin_state_up': True, 'network_type': 'vlan', 'segmentation_id': 1080, 'physical_network': 'physnet1', 'mtu': 1500, 'fixed_ips': [{'subnet_id': '8cb0e59d-b107-441a-944c-ad5fb63bdfbb', 'ip_address': '192.168.233.37'}], 'device_owner': 'compute:nova', 'allowed_address_pairs': [], 'port_security_enabled': True, 'qos_policy_id': None, 'network_qos_policy_id': None, 'profile': {}, 'propagate_uplink_status': False} {{(pid=109155) _get_device_details /opt/stack/neutron/neutron/plugins/ml2/rpc.py:184}}
Nov 11 11:49:50.922658 n-d-807359-3 neutron-server[109153]: DEBUG neutron.pecan_wsgi.hooks.policy_enforcement [req-079de0b3-48cb-4234-a4e2-5f6398d574e7 req-23f4f5b6-e02b-4f6b-8c32-87d3a9884d4b tempest-ServersWithSpecificFlavorTestJSON-755571288 tempest-ServersWithSpecificFlavorTestJSON-755571288-project] Attributes excluded by policy engine: ['standard_attr_id', 'binding:profile', 'binding:host_id', 'binding:vif_type', 'binding:vif_details'] {{(pid=109153) _exclude_attributes_by_policy /opt/stack/neutron/neutron/pecan_wsgi/hooks/policy_enforcement.py:255}}
Nov 11 11:49:50.924267 n-d-807359-3 neutron-server[109153]: INFO neutron.wsgi [req-079de0b3-48cb-4234-a4e2-5f6398d574e7 req-23f4f5b6-e02b-4f6b-8c32-87d3a9884d4b tempest-ServersWithSpecificFlavorTestJSON-755571288 tempest-ServersWithSpecificFlavorTestJSON-755571288-project] 10.222.0.65 "GET /v2.0/ports?device_id=9c7b1557-c156-4fcf-b68c-dee2d89c8dbd HTTP/1.1" status: 200 len: 945 time: 0.2622619
Nov 11 11:49:50.937566 n-d-807359-3 neutron-server[109153]: DEBUG neutron_lib.callbacks.manager [None req-f23d4d9e-2564-4cdc-b8ff-a4d8a24cf79a admin admin] Publish callbacks [] for security_group, before_delete {{(pid=109153) _notify_loop /usr/local/lib/python3.8/dist-packages/neutron_lib/callbacks/manager.py:175}}
Nov 11 11:49:50.950396 n-d-807359-3 neutron-server[109155]: DEBUG neutron_lib.callbacks.manager [None req-a599ea6f-b20e-4f4b-a360-586220b9861d None None] Publish callbacks ['neutron.plugins.ml2.plugin.SecurityGroupDbMixin._ensure_default_security_group_handler-1028208'] for port, before_update {{(pid=109155) _notify_loop /usr/local/lib/python3.8/dist-packages/neutron_lib/callbacks/manager.py:175}}
Nov 11 11:49:50.967925 n-d-807359-3 neutron-server[109155]: DEBUG neutron.notifiers.nova [None req-a599ea6f-b20e-4f4b-a360-586220b9861d None None] Ignoring state change previous_port_status: DOWN current_port_status: BUILD port_id 7921ff65-2a0d-466a-9540-8023a148f10f {{(pid=109155) record_port_status_changed /opt/stack/neutron/neutron/notifiers/nova.py:224}}
Nov 11 11:49:50.999016 n-d-807359-3 neutron-server[109154]: DEBUG neutron.plugins.ml2.managers [req-44bbe8b7-df3b-4206-b6c3-c0f35d13086a req-4a52f19d-61b6-46a0-a5ca-7ac9c04da090 service neutron] Attempting to bind port ffa66d02-bae5-4526-9a52-d64c0950b644 on host n-h1-807359-3 for vnic_type normal with profile {{(pid=109154) bind_port /opt/stack/neutron/neutron/plugins/ml2/managers.py:795}}
Nov 11 11:49:50.999732 n-d-807359-3 neutron-server[109154]: DEBUG neutron.plugins.ml2.managers [req-44bbe8b7-df3b-4206-b6c3-c0f35d13086a req-4a52f19d-61b6-46a0-a5ca-7ac9c04da090 service neutron] Attempting to bind port ffa66d02-bae5-4526-9a52-d64c0950b644 by drivers openvswitch,hyperv on host n-h1-807359-3 at level 0 using segments [{'id': 'a44bc2a2-c983-425b-af3b-d9b9ff4daacd', 'network_type': 'vlan', 'physical_network': 'physnet1', 'segmentation_id': 1080, 'network_id': '66e7bcbb-7be3-4178-a259-9aa5f21e019f'}] {{(pid=109154) _bind_port_level /opt/stack/neutron/neutron/plugins/ml2/managers.py:820}}
Nov 11 11:49:51.000226 n-d-807359-3 neutron-server[109154]: DEBUG neutron.plugins.ml2.drivers.mech_agent [req-44bbe8b7-df3b-4206-b6c3-c0f35d13086a req-4a52f19d-61b6-46a0-a5ca-7ac9c04da090 service neutron] Attempting to bind port ffa66d02-bae5-4526-9a52-d64c0950b644 on network 66e7bcbb-7be3-4178-a259-9aa5f21e019f {{(pid=109154) bind_port /opt/stack/neutron/neutron/plugins/ml2/drivers/mech_agent.py:91}}
Nov 11 11:49:51.005606 n-d-807359-3 neutron-server[109155]: DEBUG neutron.plugins.ml2.db [None req-a599ea6f-b20e-4f4b-a360-586220b9861d None None] For port 7921ff65-2a0d-466a-9540-8023a148f10f, host n-h1-807359-3, got binding levels [PortBindingLevel(driver='hyperv',host='n-h1-807359-3',level=0,port_id=7921ff65-2a0d-466a-9540-8023a148f10f,segment=NetworkSegment(a44bc2a2-c983-425b-af3b-d9b9ff4daacd),segment_id=a44bc2a2-c983-425b-af3b-d9b9ff4daacd)] {{(pid=109155) get_binding_level_objs /opt/stack/neutron/neutron/plugins/ml2/db.py:74}}
Nov 11 11:49:51.010604 n-d-807359-3 neutron-server[109154]: DEBUG neutron.api.rpc.handlers.resources_rpc [None req-4a52f19d-61b6-46a0-a5ca-7ac9c04da090 service neutron] Pushing event updated for resources: {'Port': ['ID=ffa66d02-bae5-4526-9a52-d64c0950b644,revision_number=2']} {{(pid=109154) push /opt/stack/neutron/neutron/api/rpc/handlers/resources_rpc.py:237}}
Nov 11 11:49:51.014281 n-d-807359-3 neutron-server[109154]: DEBUG neutron.plugins.ml2.drivers.mech_agent [req-44bbe8b7-df3b-4206-b6c3-c0f35d13086a req-4a52f19d-61b6-46a0-a5ca-7ac9c04da090 service neutron] Port ffa66d02-bae5-4526-9a52-d64c0950b644 on network 66e7bcbb-7be3-4178-a259-9aa5f21e019f not bound, no agent of type Open vSwitch agent registered on host n-h1-807359-3 {{(pid=109154) bind_port /opt/stack/neutron/neutron/plugins/ml2/drivers/mech_agent.py:103}}
Nov 11 11:49:51.019539 n-d-807359-3 neutron-server[109154]: DEBUG neutron.plugins.ml2.drivers.mech_agent [req-44bbe8b7-df3b-4206-b6c3-c0f35d13086a req-4a52f19d-61b6-46a0-a5ca-7ac9c04da090 service neutron] Attempting to bind port ffa66d02-bae5-4526-9a52-d64c0950b644 on network 66e7bcbb-7be3-4178-a259-9aa5f21e019f {{(pid=109154) bind_port /opt/stack/neutron/neutron/plugins/ml2/drivers/mech_agent.py:91}}
Nov 11 11:49:51.025626 n-d-807359-3 neutron-server[109155]: DEBUG neutron_lib.callbacks.manager [None req-a599ea6f-b20e-4f4b-a360-586220b9861d None None] Publish callbacks ['neutron.plugins.ml2.plugin.SecurityGroupServerNotifierRpcMixin._notify_sg_on_port_change-1034699', 'neutron.plugins.ml2.ovo_rpc._ObjectChangeHandler.handle_event-39071', 'neutron.api.rpc.agentnotifiers.dhcp_rpc_agent_api.DhcpAgentNotifyAPI._native_event_send_dhcp_notification-1600158', 'neutron.db.l3_db.L3RpcNotifierMixin._notify_gateway_port_ip_changed-8732443579275', 'neutron.db.l3_dvrscheduler_db._notify_l3_agent_port_update-8732443168642', 'neutron.db.l3_hascheduler_db._notify_l3_agent_ha_port_update-8732443168660'] for port, after_update {{(pid=109155) _notify_loop /usr/local/lib/python3.8/dist-packages/neutron_lib/callbacks/manager.py:175}}
Nov 11 11:49:51.026702 n-d-807359-3 neutron-server[109154]: DEBUG neutron.plugins.ml2.drivers.mech_agent [req-44bbe8b7-df3b-4206-b6c3-c0f35d13086a req-4a52f19d-61b6-46a0-a5ca-7ac9c04da090 service neutron] Checking agent: {'id': 'cf65110f-853d-41f2-b8b8-8490c200beab', 'agent_type': 'HyperV agent', 'binary': 'neutron-hyperv-agent', 'topic': 'N/A', 'host': 'n-h1-807359-3', 'admin_state_up': True, 'created_at': datetime.datetime(2021, 11, 11, 11, 46, 51), 'started_at': datetime.datetime(2021, 11, 11, 11, 46, 51), 'heartbeat_timestamp': datetime.datetime(2021, 11, 11, 11, 49, 21), 'description': None, 'resources_synced': None, 'availability_zone': None, 'alive': True, 'configurations': {'vswitch_mappings': {'physnet1$': 'br-data'}}, 'resource_versions': {}} {{(pid=109154) bind_port /opt/stack/neutron/neutron/plugins/ml2/drivers/mech_agent.py:110}}
Nov 11 11:49:51.026842 n-d-807359-3 neutron-server[109154]: DEBUG neutron.plugins.ml2.drivers.mech_agent [req-44bbe8b7-df3b-4206-b6c3-c0f35d13086a req-4a52f19d-61b6-46a0-a5ca-7ac9c04da090 service neutron] Checking segment: {'id': 'a44bc2a2-c983-425b-af3b-d9b9ff4daacd', 'network_type': 'vlan', 'physical_network': 'physnet1', 'segmentation_id': 1080, 'network_id': '66e7bcbb-7be3-4178-a259-9aa5f21e019f'} for mappings: {'physnet1$': 'br-data'} with network types: ['local', 'flat', 'vlan'] {{(pid=109154) check_segment_for_agent /opt/stack/neutron/neutron/plugins/ml2/drivers/mech_agent.py:371}}
Nov 11 11:49:51.027496 n-d-807359-3 neutron-server[109154]: DEBUG neutron.plugins.ml2.drivers.mech_agent [req-44bbe8b7-df3b-4206-b6c3-c0f35d13086a req-4a52f19d-61b6-46a0-a5ca-7ac9c04da090 service neutron] Bound using segment: {'id': 'a44bc2a2-c983-425b-af3b-d9b9ff4daacd', 'network_type': 'vlan', 'physical_network': 'physnet1', 'segmentation_id': 1080, 'network_id': '66e7bcbb-7be3-4178-a259-9aa5f21e019f'} {{(pid=109154) bind_port /opt/stack/neutron/neutron/plugins/ml2/drivers/mech_agent.py:120}}
Nov 11 11:49:51.027997 n-d-807359-3 neutron-server[109154]: DEBUG neutron.plugins.ml2.managers [req-44bbe8b7-df3b-4206-b6c3-c0f35d13086a req-4a52f19d-61b6-46a0-a5ca-7ac9c04da090 service neutron] Bound port: ffa66d02-bae5-4526-9a52-d64c0950b644, host: n-h1-807359-3, vif_type: hyperv, vif_details: {"connectivity": "legacy", "port_filter": false}, binding_levels: [{'bound_driver': 'hyperv', 'bound_segment': {'id': 'a44bc2a2-c983-425b-af3b-d9b9ff4daacd', 'network_type': 'vlan', 'physical_network': 'physnet1', 'segmentation_id': 1080, 'network_id': '66e7bcbb-7be3-4178-a259-9aa5f21e019f'}}] {{(pid=109154) _bind_port_level /opt/stack/neutron/neutron/plugins/ml2/managers.py:932}}
Nov 11 11:49:51.028532 n-d-807359-3 neutron-server[109154]: DEBUG neutron_lib.callbacks.manager [req-44bbe8b7-df3b-4206-b6c3-c0f35d13086a req-4a52f19d-61b6-46a0-a5ca-7ac9c04da090 service neutron] Publish callbacks ['neutron.plugins.ml2.plugin.SecurityGroupDbMixin._ensure_default_security_group_handler-1028208'] for port, before_update {{(pid=109154) _notify_loop /usr/local/lib/python3.8/dist-packages/neutron_lib/callbacks/manager.py:175}}
Nov 11 11:49:51.059880 n-d-807359-3 neutron-server[109153]: DEBUG neutron_lib.callbacks.manager [None req-f23d4d9e-2564-4cdc-b8ff-a4d8a24cf79a admin admin] Publish callbacks [] for security_group, precommit_delete {{(pid=109153) _notify_loop /usr/local/lib/python3.8/dist-packages/neutron_lib/callbacks/manager.py:175}}
Nov 11 11:49:51.116821 n-d-807359-3 neutron-server[109155]: DEBUG neutron.api.rpc.handlers.resources_rpc [None req-a599ea6f-b20e-4f4b-a360-586220b9861d None None] Pushing event updated for resources: {'Port': ['ID=7921ff65-2a0d-466a-9540-8023a148f10f,revision_number=4']} {{(pid=109155) push /opt/stack/neutron/neutron/api/rpc/handlers/resources_rpc.py:237}}
Nov 11 11:49:51.138393 n-d-807359-3 neutron-server[109153]: DEBUG neutron_lib.callbacks.manager [None req-b187a967-58ac-4699-bd10-906e63b70b73 admin admin] Publish callbacks [] for security_group, before_delete {{(pid=109153) _notify_loop /usr/local/lib/python3.8/dist-packages/neutron_lib/callbacks/manager.py:175}}
Nov 11 11:49:51.149271 n-d-807359-3 neutron-server[109153]: DEBUG neutron.pecan_wsgi.hooks.policy_enforcement [req-c55193ed-7f57-4731-b1d9-1bd8c605788c req-6f704406-4198-4eba-be5e-db3cf5b83348 tempest-DeleteServersAdminTestJSON-324113704 tempest-DeleteServersAdminTestJSON-324113704-project] Attributes excluded by policy engine: ['standard_attr_id', 'binding:profile', 'binding:host_id', 'binding:vif_type', 'binding:vif_details'] {{(pid=109153) _exclude_attributes_by_policy /opt/stack/neutron/neutron/pecan_wsgi/hooks/policy_enforcement.py:255}}
Nov 11 11:49:51.156960 n-d-807359-3 neutron-server[109153]: INFO neutron.wsgi [req-c55193ed-7f57-4731-b1d9-1bd8c605788c req-6f704406-4198-4eba-be5e-db3cf5b83348 tempest-DeleteServersAdminTestJSON-324113704 tempest-DeleteServersAdminTestJSON-324113704-project] 10.222.0.65 "GET /v2.0/ports?device_id=69efc6f7-2e23-457d-a331-b5023ea63b1c HTTP/1.1" status: 200 len: 947 time: 0.3242111
Nov 11 11:49:51.158546 n-d-807359-3 neutron-server[109154]: DEBUG neutron.plugins.ml2.db [req-44bbe8b7-df3b-4206-b6c3-c0f35d13086a req-4a52f19d-61b6-46a0-a5ca-7ac9c04da090 service neutron] For port ffa66d02-bae5-4526-9a52-d64c0950b644, host n-h1-807359-3, cleared binding levels {{(pid=109154) clear_binding_levels /opt/stack/neutron/neutron/plugins/ml2/db.py:87}}
Nov 11 11:49:51.162386 n-d-807359-3 neutron-server[109154]: DEBUG neutron.plugins.ml2.db [req-44bbe8b7-df3b-4206-b6c3-c0f35d13086a req-4a52f19d-61b6-46a0-a5ca-7ac9c04da090 service neutron] For port ffa66d02-bae5-4526-9a52-d64c0950b644, host n-h1-807359-3, set binding levels [PortBindingLevel(driver='hyperv',host='n-h1-807359-3',level=0,port_id=ffa66d02-bae5-4526-9a52-d64c0950b644,segment=NetworkSegment(a44bc2a2-c983-425b-af3b-d9b9ff4daacd),segment_id=a44bc2a2-c983-425b-af3b-d9b9ff4daacd)] {{(pid=109154) set_binding_levels /opt/stack/neutron/neutron/plugins/ml2/db.py:59}}
Nov 11 11:49:51.171362 n-d-807359-3 neutron-server[109154]: DEBUG neutron_lib.callbacks.manager [req-44bbe8b7-df3b-4206-b6c3-c0f35d13086a req-4a52f19d-61b6-46a0-a5ca-7ac9c04da090 service neutron] Publish callbacks ['neutron.plugins.ml2.plugin.SecurityGroupServerNotifierRpcMixin._notify_sg_on_port_change-1034699', 'neutron.plugins.ml2.ovo_rpc._ObjectChangeHandler.handle_event-39071', 'neutron.api.rpc.agentnotifiers.dhcp_rpc_agent_api.DhcpAgentNotifyAPI._native_event_send_dhcp_notification-1600158', 'neutron.db.l3_db.L3RpcNotifierMixin._notify_gateway_port_ip_changed-8732443579275', 'neutron.db.l3_dvrscheduler_db._notify_l3_agent_port_update-8732443168642', 'neutron.db.l3_hascheduler_db._notify_l3_agent_ha_port_update-8732443168660'] for port, after_update {{(pid=109154) _notify_loop /usr/local/lib/python3.8/dist-packages/neutron_lib/callbacks/manager.py:175}}
Nov 11 11:49:51.226497 n-d-807359-3 neutron-server[109154]: DEBUG neutron.pecan_wsgi.hooks.policy_enforcement [req-44bbe8b7-df3b-4206-b6c3-c0f35d13086a req-4a52f19d-61b6-46a0-a5ca-7ac9c04da090 service neutron] Attributes excluded by policy engine: ['standard_attr_id'] {{(pid=109154) _exclude_attributes_by_policy /opt/stack/neutron/neutron/pecan_wsgi/hooks/policy_enforcement.py:255}}
Nov 11 11:49:51.227536 n-d-807359-3 neutron-server[109154]: DEBUG neutron_lib.callbacks.manager [req-44bbe8b7-df3b-4206-b6c3-c0f35d13086a req-4a52f19d-61b6-46a0-a5ca-7ac9c04da090 service neutron] Publish callbacks ['neutron.notifiers.nova.Notifier._send_nova_notification-501650'] for port, before_response {{(pid=109154) _notify_loop /usr/local/lib/python3.8/dist-packages/neutron_lib/callbacks/manager.py:175}}
Nov 11 11:49:51.229688 n-d-807359-3 neutron-server[109154]: INFO neutron.wsgi [req-44bbe8b7-df3b-4206-b6c3-c0f35d13086a req-4a52f19d-61b6-46a0-a5ca-7ac9c04da090 service neutron] 10.222.0.62 "PUT /v2.0/ports/ffa66d02-bae5-4526-9a52-d64c0950b644 HTTP/1.1" status: 200 len: 1096 time: 1.3094196
Nov 11 11:49:51.230182 n-d-807359-3 neutron-server[109154]: DEBUG neutron.notifiers.nova [-] Sending events: [{'name': 'network-changed', 'server_uuid': 'f2370679-1714-4a83-8806-c192c60db0e0', 'tag': 'ffa66d02-bae5-4526-9a52-d64c0950b644'}] {{(pid=109154) send_events /opt/stack/neutron/neutron/notifiers/nova.py:262}}
Nov 11 11:49:51.230286 n-d-807359-3 neutron-server[109155]: DEBUG neutron_lib.callbacks.manager [None req-a599ea6f-b20e-4f4b-a360-586220b9861d None None] Publish callbacks ['neutron.services.segments.db._update_segment_host_mapping_for_agent-8732443731411', 'neutron.plugins.ml2.plugin.Ml2Plugin._retry_binding_revived_agents-917833'] for agent, after_update {{(pid=109155) _notify_loop /usr/local/lib/python3.8/dist-packages/neutron_lib/callbacks/manager.py:175}}
Nov 11 11:49:51.232674 n-d-807359-3 neutron-server[109154]: DEBUG novaclient.v2.client [-] REQ: curl -g -i --cacert "/opt/stack/data/ca-bundle.pem" -X POST http://10.222.0.65/compute/v2.1/os-server-external-events -H "Accept: application/json" -H "Content-Type: application/json" -H "User-Agent: python-novaclient" -H "X-Auth-Token: {SHA256}f1788de64f76e3bd8c34ce4e7bce34dffa84bbe3ecfa44d9462074bec476efec" -H "X-OpenStack-Nova-API-Version: 2.1" -H "X-OpenStack-Request-ID: req-b9866e48-4b5a-44ad-a394-37f8b10c28a3" -d '{"events": [{"name": "network-changed", "server_uuid": "f2370679-1714-4a83-8806-c192c60db0e0", "tag": "ffa66d02-bae5-4526-9a52-d64c0950b644"}]}' {{(pid=109154) _http_log_request /usr/local/lib/python3.8/dist-packages/keystoneauth1/session.py:519}}
Nov 11 11:49:51.266310 n-d-807359-3 neutron-server[109153]: DEBUG neutron_lib.callbacks.manager [None req-b187a967-58ac-4699-bd10-906e63b70b73 admin admin] Publish callbacks [] for security_group, precommit_delete {{(pid=109153) _notify_loop /usr/local/lib/python3.8/dist-packages/neutron_lib/callbacks/manager.py:175}}
Nov 11 11:49:51.271484 n-d-807359-3 neutron-server[109154]: DEBUG neutron.api.rpc.handlers.resources_rpc [None req-4a52f19d-61b6-46a0-a5ca-7ac9c04da090 service neutron] Pushing event updated for resources: {'Port': ['ID=ffa66d02-bae5-4526-9a52-d64c0950b644,revision_number=3']} {{(pid=109154) push /opt/stack/neutron/neutron/api/rpc/handlers/resources_rpc.py:237}}
Nov 11 11:49:51.276224 n-d-807359-3 neutron-server[109155]: DEBUG neutron.plugins.ml2.db [None req-a599ea6f-b20e-4f4b-a360-586220b9861d None None] get_ports_and_sgs() called for port_ids ['7921ff65-2a0d-466a-9540-8023a148f10f'] {{(pid=109155) get_ports_and_sgs /opt/stack/neutron/neutron/plugins/ml2/db.py:156}}
Nov 11 11:49:51.319293 n-d-807359-3 neutron-server[109153]: INFO neutron.wsgi [req-079de0b3-48cb-4234-a4e2-5f6398d574e7 req-455d1b5f-034c-451e-92b6-20395449dc69 tempest-ServersWithSpecificFlavorTestJSON-755571288 tempest-ServersWithSpecificFlavorTestJSON-755571288-project] 10.222.0.65 "GET /v2.0/security-groups?id=2b1eb3c4-5ac5-4ada-b30c-b269dda4dfa2&fields=id&fields=name HTTP/1.1" status: 200 len: 312 time: 0.3825419
Nov 11 11:49:51.327879 n-d-807359-3 neutron-server[109155]: DEBUG neutron.plugins.ml2.db [None req-a599ea6f-b20e-4f4b-a360-586220b9861d None None] get_ports_and_sgs() called for port_ids ['1628a034-27cd-458d-bc63-161bd24a66e8'] {{(pid=109155) get_ports_and_sgs /opt/stack/neutron/neutron/plugins/ml2/db.py:156}}
Nov 11 11:49:51.364859 n-d-807359-3 neutron-server[109154]: DEBUG neutron.pecan_wsgi.hooks.policy_enforcement [req-44bbe8b7-df3b-4206-b6c3-c0f35d13086a req-4417eadd-dbd2-4a21-a0ad-919c3041ed19 service neutron] Attributes excluded by policy engine: ['standard_attr_id'] {{(pid=109154) _exclude_attributes_by_policy /opt/stack/neutron/neutron/pecan_wsgi/hooks/policy_enforcement.py:255}}
Nov 11 11:49:51.366744 n-d-807359-3 neutron-server[109154]: INFO neutron.wsgi [req-44bbe8b7-df3b-4206-b6c3-c0f35d13086a req-4417eadd-dbd2-4a21-a0ad-919c3041ed19 service neutron] 10.222.0.62 "GET /v2.0/ports?tenant_id=08700ee2934140278345d972bc355944&device_id=f2370679-1714-4a83-8806-c192c60db0e0 HTTP/1.1" status: 200 len: 1099 time: 0.0833936
Nov 11 11:49:51.374750 n-d-807359-3 neutron-server[109153]: DEBUG neutron_lib.callbacks.manager [None req-f23d4d9e-2564-4cdc-b8ff-a4d8a24cf79a admin admin] Publish callbacks ['neutron.plugins.ml2.ovo_rpc._ObjectChangeHandler.handle_event-1952983'] for security_group, after_delete {{(pid=109153) _notify_loop /usr/local/lib/python3.8/dist-packages/neutron_lib/callbacks/manager.py:175}}
Nov 11 11:49:51.387645 n-d-807359-3 neutron-server[109153]: DEBUG neutron_lib.callbacks.manager [None req-f23d4d9e-2564-4cdc-b8ff-a4d8a24cf79a admin admin] Publish callbacks [] for security_group, before_response {{(pid=109153) _notify_loop /usr/local/lib/python3.8/dist-packages/neutron_lib/callbacks/manager.py:175}}
Nov 11 11:49:51.392793 n-d-807359-3 neutron-server[109153]: INFO neutron.wsgi [None req-f23d4d9e-2564-4cdc-b8ff-a4d8a24cf79a admin admin] 10.222.0.65 "DELETE /v2.0/security-groups/98c2eefc-010e-4861-a270-0850fbdc9527 HTTP/1.1" status: 204 len: 168 time: 0.6670527
Nov 11 11:49:51.429819 n-d-807359-3 neutron-server[109153]: DEBUG neutron.api.rpc.handlers.resources_rpc [None req-f23d4d9e-2564-4cdc-b8ff-a4d8a24cf79a admin admin] Pushing event deleted for resources: {'SecurityGroup': ['ID=98c2eefc-010e-4861-a270-0850fbdc9527,revision_number=None']} {{(pid=109153) push /opt/stack/neutron/neutron/api/rpc/handlers/resources_rpc.py:237}}
Nov 11 11:49:51.472753 n-d-807359-3 neutron-server[109153]: INFO neutron.wsgi [req-c55193ed-7f57-4731-b1d9-1bd8c605788c req-24613561-602c-4b46-9ffe-ee314d946bfa tempest-DeleteServersAdminTestJSON-324113704 tempest-DeleteServersAdminTestJSON-324113704-project] 10.222.0.65 "GET /v2.0/security-groups?id=d212748d-f27c-4702-a3d4-725e0fdc7636&fields=id&fields=name HTTP/1.1" status: 200 len: 286 time: 0.2939093
Nov 11 11:49:51.477637 n-d-807359-3 neutron-server[109154]: INFO neutron.wsgi [req-44bbe8b7-df3b-4206-b6c3-c0f35d13086a req-5986c457-e593-4101-8999-6e07045c7665 service neutron] 10.222.0.62 "GET /v2.0/floatingips?fixed_ip_address=192.168.233.156&port_id=ffa66d02-bae5-4526-9a52-d64c0950b644 HTTP/1.1" status: 200 len: 217 time: 0.0973148
Nov 11 11:49:51.497234 n-d-807359-3 neutron-server[109153]: DEBUG neutron_lib.callbacks.manager [None req-b187a967-58ac-4699-bd10-906e63b70b73 admin admin] Publish callbacks ['neutron.plugins.ml2.ovo_rpc._ObjectChangeHandler.handle_event-1952983'] for security_group, after_delete {{(pid=109153) _notify_loop /usr/local/lib/python3.8/dist-packages/neutron_lib/callbacks/manager.py:175}}
Nov 11 11:49:51.500750 n-d-807359-3 neutron-server[109153]: DEBUG neutron_lib.callbacks.manager [None req-b187a967-58ac-4699-bd10-906e63b70b73 admin admin] Publish callbacks [] for security_group, before_response {{(pid=109153) _notify_loop /usr/local/lib/python3.8/dist-packages/neutron_lib/callbacks/manager.py:175}}
Nov 11 11:49:51.502362 n-d-807359-3 neutron-server[109153]: INFO neutron.wsgi [None req-b187a967-58ac-4699-bd10-906e63b70b73 admin admin] 10.222.0.65 "DELETE /v2.0/security-groups/fb366a19-1d0d-4b25-831d-7afd7ac4c7ab HTTP/1.1" status: 204 len: 168 time: 0.6164527
Nov 11 11:49:51.511667 n-d-807359-3 neutron-server[109153]: DEBUG neutron.api.rpc.handlers.resources_rpc [None req-b187a967-58ac-4699-bd10-906e63b70b73 admin admin] Pushing event deleted for resources: {'SecurityGroup': ['ID=fb366a19-1d0d-4b25-831d-7afd7ac4c7ab,revision_number=None']} {{(pid=109153) push /opt/stack/neutron/neutron/api/rpc/handlers/resources_rpc.py:237}}
Nov 11 11:49:51.541945 n-d-807359-3 neutron-server[109154]: DEBUG novaclient.v2.client [-] RESP: [200] Connection: close Content-Length: 179 Content-Type: application/json Date: Thu, 11 Nov 2021 11:49:51 GMT OpenStack-API-Version: compute 2.1 Server: Apache/2.4.41 (Ubuntu) Vary: OpenStack-API-Version,X-OpenStack-Nova-API-Version X-OpenStack-Nova-API-Version: 2.1 x-compute-request-id: req-11e4360c-eca5-498f-9f8c-31f6394baeb1 x-openstack-request-id: req-11e4360c-eca5-498f-9f8c-31f6394baeb1 {{(pid=109154) _http_log_response /usr/local/lib/python3.8/dist-packages/keystoneauth1/session.py:550}}
Nov 11 11:49:51.542337 n-d-807359-3 neutron-server[109154]: DEBUG novaclient.v2.client [-] RESP BODY: {"events": [{"name": "network-changed", "server_uuid": "f2370679-1714-4a83-8806-c192c60db0e0", "tag": "ffa66d02-bae5-4526-9a52-d64c0950b644", "status": "completed", "code": 200}]} {{(pid=109154) _http_log_response /usr/local/lib/python3.8/dist-packages/keystoneauth1/session.py:582}}
Nov 11 11:49:51.544726 n-d-807359-3 neutron-server[109154]: DEBUG novaclient.v2.client [-] POST call to compute for http://10.222.0.65/compute/v2.1/os-server-external-events used request id req-11e4360c-eca5-498f-9f8c-31f6394baeb1 {{(pid=109154) request /usr/local/lib/python3.8/dist-packages/keystoneauth1/session.py:954}}
Nov 11 11:49:51.545287 n-d-807359-3 neutron-server[109154]: INFO neutron.notifiers.nova [-] Nova event response: {'name': 'network-changed', 'server_uuid': 'f2370679-1714-4a83-8806-c192c60db0e0', 'tag': 'ffa66d02-bae5-4526-9a52-d64c0950b644', 'status': 'completed', 'code': 200}
Nov 11 11:49:51.612554 n-d-807359-3 neutron-server[109154]: INFO neutron.wsgi [req-42724475-5d33-4304-ae0d-54974ecadcdb req-77222b50-5966-4453-a035-8d1fe39df0c2 service neutron] 10.222.0.62 "GET /v2.0/ports?device_id=af909a72-60c5-4e32-9aa4-a08393da1345&fields=binding%3Ahost_id&fields=binding%3Avif_type HTTP/1.1" status: 200 len: 273 time: 0.1319716
Nov 11 11:49:51.618443 n-d-807359-3 neutron-server[109154]: DEBUG neutron.pecan_wsgi.hooks.policy_enforcement [req-44bbe8b7-df3b-4206-b6c3-c0f35d13086a req-8ba8f20b-dd6e-49a8-8cce-bebde8e25656 service neutron] Attributes excluded by policy engine: ['standard_attr_id', 'shared'] {{(pid=109154) _exclude_attributes_by_policy /opt/stack/neutron/neutron/pecan_wsgi/hooks/policy_enforcement.py:255}}
Nov 11 11:49:51.619886 n-d-807359-3 neutron-server[109154]: INFO neutron.wsgi [req-44bbe8b7-df3b-4206-b6c3-c0f35d13086a req-8ba8f20b-dd6e-49a8-8cce-bebde8e25656 service neutron] 10.222.0.62 "GET /v2.0/subnets?id=8cb0e59d-b107-441a-944c-ad5fb63bdfbb HTTP/1.1" status: 200 len: 843 time: 0.0712299
Nov 11 11:49:51.727591 n-d-807359-3 neutron-server[109154]: DEBUG neutron.pecan_wsgi.hooks.policy_enforcement [req-44bbe8b7-df3b-4206-b6c3-c0f35d13086a req-93ba6193-502f-4dec-b5fc-6ad0e498d41e service neutron] Attributes excluded by policy engine: ['standard_attr_id'] {{(pid=109154) _exclude_attributes_by_policy /opt/stack/neutron/neutron/pecan_wsgi/hooks/policy_enforcement.py:255}}
Nov 11 11:49:51.729024 n-d-807359-3 neutron-server[109154]: INFO neutron.wsgi [req-44bbe8b7-df3b-4206-b6c3-c0f35d13086a req-93ba6193-502f-4dec-b5fc-6ad0e498d41e service neutron] 10.222.0.62 "GET /v2.0/ports?network_id=66e7bcbb-7be3-4178-a259-9aa5f21e019f&device_owner=network%3Adhcp HTTP/1.1" status: 200 len: 1166 time: 0.0999119
Nov 11 11:49:51.736207 n-d-807359-3 neutron-server[109154]: DEBUG neutron.pecan_wsgi.hooks.policy_enforcement [req-42724475-5d33-4304-ae0d-54974ecadcdb req-4b7b49e7-1c04-4d75-9118-87f223723c00 service neutron] Attributes excluded by policy engine: ['standard_attr_id'] {{(pid=109154) _exclude_attributes_by_policy /opt/stack/neutron/neutron/pecan_wsgi/hooks/policy_enforcement.py:255}}
Nov 11 11:49:51.737769 n-d-807359-3 neutron-server[109154]: INFO neutron.wsgi [req-42724475-5d33-4304-ae0d-54974ecadcdb req-4b7b49e7-1c04-4d75-9118-87f223723c00 service neutron] 10.222.0.62 "GET /v2.0/ports?tenant_id=08700ee2934140278345d972bc355944&device_id=af909a72-60c5-4e32-9aa4-a08393da1345 HTTP/1.1" status: 200 len: 1101 time: 0.0606494
Nov 11 11:49:51.774585 n-d-807359-3 neutron-server[109153]: DEBUG neutron.pecan_wsgi.hooks.policy_enforcement [req-76e67339-c372-4f34-9704-fac812716360 req-150277eb-2837-4d6e-83f0-aed4c830a1f6 tempest-MigrationsAdminTest-162312999 tempest-MigrationsAdminTest-162312999-project] Attributes excluded by policy engine: ['standard_attr_id', 'binding:profile', 'binding:host_id', 'binding:vif_type', 'binding:vif_details'] {{(pid=109153) _exclude_attributes_by_policy /opt/stack/neutron/neutron/pecan_wsgi/hooks/policy_enforcement.py:255}}
Nov 11 11:49:51.776234 n-d-807359-3 neutron-server[109153]: INFO neutron.wsgi [req-76e67339-c372-4f34-9704-fac812716360 req-150277eb-2837-4d6e-83f0-aed4c830a1f6 tempest-MigrationsAdminTest-162312999 tempest-MigrationsAdminTest-162312999-project] 10.222.0.65 "GET /v2.0/ports?device_id=6a956e6b-bb4b-4b46-9d47-77d88d8c70f9 HTTP/1.1" status: 200 len: 971 time: 0.0917134
Nov 11 11:49:51.844139 n-d-807359-3 neutron-server[109153]: INFO neutron.wsgi [req-76e67339-c372-4f34-9704-fac812716360 req-2e4c3dd2-8099-49a2-b96f-356f5e21f1cc tempest-MigrationsAdminTest-162312999 tempest-MigrationsAdminTest-162312999-project] 10.222.0.65 "GET /v2.0/security-groups?id=0c870b73-e652-4ebd-b1f1-a742bf4fcb6d&fields=id&fields=name HTTP/1.1" status: 200 len: 286 time: 0.0589013
Nov 11 11:49:51.922461 n-d-807359-3 neutron-server[109154]: INFO neutron.wsgi [req-44bbe8b7-df3b-4206-b6c3-c0f35d13086a req-b3bacad8-0026-40da-9aed-1283222405e7 service neutron] 10.222.0.62 "GET /v2.0/networks/66e7bcbb-7be3-4178-a259-9aa5f21e019f?fields=segments HTTP/1.1" status: 200 len: 212 time: 0.1835930
Nov 11 11:49:51.947112 n-d-807359-3 neutron-server[109154]: DEBUG neutron.pecan_wsgi.hooks.policy_enforcement [req-42724475-5d33-4304-ae0d-54974ecadcdb req-4399adb5-bb5a-4166-a28e-126bf4f5a4af service neutron] Attributes excluded by policy engine: ['standard_attr_id', 'vlan_transparent'] {{(pid=109154) _exclude_attributes_by_policy /opt/stack/neutron/neutron/pecan_wsgi/hooks/policy_enforcement.py:255}}
Nov 11 11:49:51.948794 n-d-807359-3 neutron-server[109154]: INFO neutron.wsgi [req-42724475-5d33-4304-ae0d-54974ecadcdb req-4399adb5-bb5a-4166-a28e-126bf4f5a4af service neutron] 10.222.0.62 "GET /v2.0/networks?id=66e7bcbb-7be3-4178-a259-9aa5f21e019f HTTP/1.1" status: 200 len: 871 time: 0.1875033
Nov 11 11:49:51.992846 n-d-807359-3 neutron-server[109153]: DEBUG neutron.pecan_wsgi.hooks.policy_enforcement [req-2b98bad8-bfcc-4793-a9df-fa7871e15763 req-16209d09-b91e-40f2-a4b2-bca5c6692200 tempest-ServersAdminTestJSON-1449269144 tempest-ServersAdminTestJSON-1449269144-project] Attributes excluded by policy engine: ['standard_attr_id', 'binding:profile', 'binding:host_id', 'binding:vif_type', 'binding:vif_details'] {{(pid=109153) _exclude_attributes_by_policy /opt/stack/neutron/neutron/pecan_wsgi/hooks/policy_enforcement.py:255}}
Nov 11 11:49:52.001011 n-d-807359-3 neutron-server[109153]: INFO neutron.wsgi [req-2b98bad8-bfcc-4793-a9df-fa7871e15763 req-16209d09-b91e-40f2-a4b2-bca5c6692200 tempest-ServersAdminTestJSON-1449269144 tempest-ServersAdminTestJSON-1449269144-project] 10.222.0.65 "GET /v2.0/ports?device_id=f2370679-1714-4a83-8806-c192c60db0e0 HTTP/1.1" status: 200 len: 948 time: 0.0610442
Nov 11 11:49:52.012299 n-d-807359-3 neutron-server[109154]: INFO neutron.wsgi [req-42724475-5d33-4304-ae0d-54974ecadcdb req-665f111c-3d2d-44b2-b2fc-e883f5f242b4 service neutron] 10.222.0.62 "GET /v2.0/floatingips?fixed_ip_address=192.168.233.254&port_id=29dd9fd9-7ace-45de-a7b0-ff0df4b91cc5 HTTP/1.1" status: 200 len: 217 time: 0.0506065
Nov 11 11:49:52.059580 n-d-807359-3 neutron-server[109153]: INFO neutron.wsgi [req-2b98bad8-bfcc-4793-a9df-fa7871e15763 req-2116f160-99a8-4dcf-81e4-ce02fae1eae0 tempest-ServersAdminTestJSON-1449269144 tempest-ServersAdminTestJSON-1449269144-project] 10.222.0.65 "GET /v2.0/security-groups?id=0663a672-2b9b-4ddc-8f27-36518eaaccda&fields=id&fields=name HTTP/1.1" status: 200 len: 286 time: 0.0556438
Nov 11 11:49:52.118852 n-d-807359-3 neutron-server[109154]: DEBUG neutron.pecan_wsgi.hooks.policy_enforcement [req-42724475-5d33-4304-ae0d-54974ecadcdb req-c74c8907-dead-4168-862f-4ea0a24be0ee service neutron] Attributes excluded by policy engine: ['standard_attr_id', 'shared'] {{(pid=109154) _exclude_attributes_by_policy /opt/stack/neutron/neutron/pecan_wsgi/hooks/policy_enforcement.py:255}}
Nov 11 11:49:52.125397 n-d-807359-3 neutron-server[109154]: INFO neutron.wsgi [req-42724475-5d33-4304-ae0d-54974ecadcdb req-c74c8907-dead-4168-862f-4ea0a24be0ee service neutron] 10.222.0.62 "GET /v2.0/subnets?id=8cb0e59d-b107-441a-944c-ad5fb63bdfbb HTTP/1.1" status: 200 len: 843 time: 0.0707471
Nov 11 11:49:52.157671 n-d-807359-3 neutron-server[109154]: INFO neutron.wsgi [req-44bbe8b7-df3b-4206-b6c3-c0f35d13086a req-4c4560d2-022b-429a-a8fe-672e0be394a1 service neutron] 10.222.0.62 "GET /v2.0/networks/66e7bcbb-7be3-4178-a259-9aa5f21e019f?fields=provider%3Aphysical_network&fields=provider%3Anetwork_type HTTP/1.1" status: 200 len: 281 time: 0.2236910
Nov 11 11:49:52.173672 n-d-807359-3 neutron-server[109154]: DEBUG neutron.pecan_wsgi.hooks.policy_enforcement [req-42724475-5d33-4304-ae0d-54974ecadcdb req-ad761b5c-737e-4550-8dc5-0d74ad537c1b service neutron] Attributes excluded by policy engine: ['standard_attr_id'] {{(pid=109154) _exclude_attributes_by_policy /opt/stack/neutron/neutron/pecan_wsgi/hooks/policy_enforcement.py:255}}
Nov 11 11:49:52.175062 n-d-807359-3 neutron-server[109154]: INFO neutron.wsgi [req-42724475-5d33-4304-ae0d-54974ecadcdb req-ad761b5c-737e-4550-8dc5-0d74ad537c1b service neutron] 10.222.0.62 "GET /v2.0/ports?network_id=66e7bcbb-7be3-4178-a259-9aa5f21e019f&device_owner=network%3Adhcp HTTP/1.1" status: 200 len: 1166 time: 0.0454772
Nov 11 11:49:52.183518 n-d-807359-3 neutron-server[109153]: DEBUG neutron.wsgi [-] (109153) accepted ('10.222.0.65', 38828) {{(pid=109153) server /usr/local/lib/python3.8/dist-packages/eventlet/wsgi.py:982}}
Nov 11 11:49:52.198008 n-d-807359-3 neutron-server[109153]: DEBUG neutron_lib.callbacks.manager [None req-3e9647c5-ed53-48f3-ae30-4c01f5b0ee7d admin admin] Publish callbacks [] for security_group, before_create {{(pid=109153) _notify_loop /usr/local/lib/python3.8/dist-packages/neutron_lib/callbacks/manager.py:175}}
Nov 11 11:49:52.336544 n-d-807359-3 neutron-server[109154]: DEBUG neutron.pecan_wsgi.hooks.policy_enforcement [req-b9866e48-4b5a-44ad-a394-37f8b10c28a3 req-2691e608-4c9d-4d3d-8077-880c07ae49ae service neutron] Attributes excluded by policy engine: ['standard_attr_id'] {{(pid=109154) _exclude_attributes_by_policy /opt/stack/neutron/neutron/pecan_wsgi/hooks/policy_enforcement.py:255}}
Nov 11 11:49:52.338853 n-d-807359-3 neutron-server[109153]: DEBUG neutron_lib.callbacks.manager [None req-3e9647c5-ed53-48f3-ae30-4c01f5b0ee7d admin admin] Publish callbacks [] for security_group, precommit_create {{(pid=109153) _notify_loop /usr/local/lib/python3.8/dist-packages/neutron_lib/callbacks/manager.py:175}}
Nov 11 11:49:52.340319 n-d-807359-3 neutron-server[109154]: INFO neutron.wsgi [req-b9866e48-4b5a-44ad-a394-37f8b10c28a3 req-2691e608-4c9d-4d3d-8077-880c07ae49ae service neutron] 10.222.0.62 "GET /v2.0/ports?tenant_id=08700ee2934140278345d972bc355944&device_id=f2370679-1714-4a83-8806-c192c60db0e0 HTTP/1.1" status: 200 len: 1099 time: 0.1199429
Nov 11 11:49:52.346766 n-d-807359-3 neutron-server[109153]: DEBUG neutron_lib.callbacks.manager [None req-3e9647c5-ed53-48f3-ae30-4c01f5b0ee7d admin admin] Publish callbacks ['neutron.plugins.ml2.ovo_rpc._ObjectChangeHandler.handle_event-1952983'] for security_group, after_create {{(pid=109153) _notify_loop /usr/local/lib/python3.8/dist-packages/neutron_lib/callbacks/manager.py:175}}
Nov 11 11:49:52.358569 n-d-807359-3 neutron-server[109154]: INFO neutron.wsgi [req-42724475-5d33-4304-ae0d-54974ecadcdb req-ed0cef8f-f377-4131-8ea9-a9dead75d48d service neutron] 10.222.0.62 "GET /v2.0/networks/66e7bcbb-7be3-4178-a259-9aa5f21e019f?fields=segments HTTP/1.1" status: 200 len: 212 time: 0.1745143
Nov 11 11:49:52.395131 n-d-807359-3 neutron-server[109153]: INFO neutron.wsgi [None req-3e9647c5-ed53-48f3-ae30-4c01f5b0ee7d admin admin] 10.222.0.65 "GET /v2.0/security-groups?tenant_id=98c6f72add7d42f3bbeab11d665d32d9&name=default HTTP/1.1" status: 200 len: 2996 time: 0.2104568
Nov 11 11:49:52.396208 n-d-807359-3 neutron-server[109153]: DEBUG neutron.api.rpc.handlers.resources_rpc [None req-3e9647c5-ed53-48f3-ae30-4c01f5b0ee7d admin admin] Pushing event updated for resources: {'SecurityGroup': ['ID=2b3b8f7b-7f31-407c-a3ea-8493ba959e15,revision_number=1']} {{(pid=109153) push /opt/stack/neutron/neutron/api/rpc/handlers/resources_rpc.py:237}}
Nov 11 11:49:52.398836 n-d-807359-3 neutron-server[109153]: DEBUG neutron.wsgi [-] (109153) accepted ('10.222.0.65', 38838) {{(pid=109153) server /usr/local/lib/python3.8/dist-packages/eventlet/wsgi.py:982}}
Nov 11 11:49:52.475910 n-d-807359-3 neutron-server[109153]: DEBUG neutron.wsgi [-] (109153) accepted ('10.222.0.65', 38842) {{(pid=109153) server /usr/local/lib/python3.8/dist-packages/eventlet/wsgi.py:982}}
Nov 11 11:49:52.523592 n-d-807359-3 neutron-server[109154]: INFO neutron.wsgi [req-42724475-5d33-4304-ae0d-54974ecadcdb req-e45090c4-facb-46e4-bac1-39f937b5273f service neutron] 10.222.0.62 "GET /v2.0/networks/66e7bcbb-7be3-4178-a259-9aa5f21e019f?fields=provider%3Aphysical_network&fields=provider%3Anetwork_type HTTP/1.1" status: 200 len: 281 time: 0.1359305
Nov 11 11:49:52.526626 n-d-807359-3 neutron-server[109153]: DEBUG neutron_lib.callbacks.manager [None req-9dab1ddf-d7a8-48d1-8cbe-87d5b941819b admin admin] Publish callbacks [] for security_group, before_delete {{(pid=109153) _notify_loop /usr/local/lib/python3.8/dist-packages/neutron_lib/callbacks/manager.py:175}}
Nov 11 11:49:52.595565 n-d-807359-3 neutron-server[109154]: DEBUG neutron.pecan_wsgi.hooks.policy_enforcement [req-b9866e48-4b5a-44ad-a394-37f8b10c28a3 req-c8b44969-01b3-4603-a08d-2c1805a4849c service neutron] Attributes excluded by policy engine: ['standard_attr_id', 'vlan_transparent'] {{(pid=109154) _exclude_attributes_by_policy /opt/stack/neutron/neutron/pecan_wsgi/hooks/policy_enforcement.py:255}}
Nov 11 11:49:52.597337 n-d-807359-3 neutron-server[109154]: INFO neutron.wsgi [req-b9866e48-4b5a-44ad-a394-37f8b10c28a3 req-c8b44969-01b3-4603-a08d-2c1805a4849c service neutron] 10.222.0.62 "GET /v2.0/networks?id=66e7bcbb-7be3-4178-a259-9aa5f21e019f HTTP/1.1" status: 200 len: 871 time: 0.2377169
Nov 11 11:49:52.625215 n-d-807359-3 neutron-server[109153]: INFO neutron.wsgi [None req-5d13098b-65c7-4ba8-a999-50c260bd97e5 admin admin] 10.222.0.65 "GET /v2.0/security-groups?tenant_id=884f3dfb290547f28964acca0dea51f7&name=default HTTP/1.1" status: 200 len: 2996 time: 0.1465018
Nov 11 11:49:52.631484 n-d-807359-3 neutron-server[109153]: DEBUG neutron.wsgi [-] (109153) accepted ('10.222.0.65', 38852) {{(pid=109153) server /usr/local/lib/python3.8/dist-packages/eventlet/wsgi.py:982}}
Nov 11 11:49:52.640074 n-d-807359-3 neutron-server[109153]: DEBUG neutron_lib.callbacks.manager [None req-9dab1ddf-d7a8-48d1-8cbe-87d5b941819b admin admin] Publish callbacks [] for security_group, precommit_delete {{(pid=109153) _notify_loop /usr/local/lib/python3.8/dist-packages/neutron_lib/callbacks/manager.py:175}}
Nov 11 11:49:52.655281 n-d-807359-3 neutron-server[109154]: INFO neutron.wsgi [req-b9866e48-4b5a-44ad-a394-37f8b10c28a3 req-29308de6-4eba-4921-8c50-6bac537cdcc8 service neutron] 10.222.0.62 "GET /v2.0/floatingips?fixed_ip_address=192.168.233.156&port_id=ffa66d02-bae5-4526-9a52-d64c0950b644 HTTP/1.1" status: 200 len: 217 time: 0.0477700
Nov 11 11:49:52.690942 n-d-807359-3 neutron-server[109153]: DEBUG neutron.pecan_wsgi.hooks.policy_enforcement [req-dcf6d78b-2d5f-494d-a9eb-35944fe235ed req-0bf35dfc-7b1f-49a8-b687-174ddf177660 tempest-ServersWithSpecificFlavorTestJSON-755571288 tempest-ServersWithSpecificFlavorTestJSON-755571288-project] Attributes excluded by policy engine: ['standard_attr_id', 'binding:profile', 'binding:host_id', 'binding:vif_type', 'binding:vif_details'] {{(pid=109153) _exclude_attributes_by_policy /opt/stack/neutron/neutron/pecan_wsgi/hooks/policy_enforcement.py:255}}
Nov 11 11:49:52.692488 n-d-807359-3 neutron-server[109153]: INFO neutron.wsgi [req-dcf6d78b-2d5f-494d-a9eb-35944fe235ed req-0bf35dfc-7b1f-49a8-b687-174ddf177660 tempest-ServersWithSpecificFlavorTestJSON-755571288 tempest-ServersWithSpecificFlavorTestJSON-755571288-project] 10.222.0.65 "GET /v2.0/ports?device_id=9c7b1557-c156-4fcf-b68c-dee2d89c8dbd HTTP/1.1" status: 200 len: 945 time: 0.2363575
Nov 11 11:49:52.718970 n-d-807359-3 neutron-server[109154]: DEBUG neutron.pecan_wsgi.hooks.policy_enforcement [req-b9866e48-4b5a-44ad-a394-37f8b10c28a3 req-1dd25645-a86d-4b7d-b244-d09f5c40c210 service neutron] Attributes excluded by policy engine: ['standard_attr_id', 'shared'] {{(pid=109154) _exclude_attributes_by_policy /opt/stack/neutron/neutron/pecan_wsgi/hooks/policy_enforcement.py:255}}
Nov 11 11:49:52.723177 n-d-807359-3 neutron-server[109154]: INFO neutron.wsgi [req-b9866e48-4b5a-44ad-a394-37f8b10c28a3 req-1dd25645-a86d-4b7d-b244-d09f5c40c210 service neutron] 10.222.0.62 "GET /v2.0/subnets?id=8cb0e59d-b107-441a-944c-ad5fb63bdfbb HTTP/1.1" status: 200 len: 843 time: 0.0579557
Nov 11 11:49:52.744418 n-d-807359-3 neutron-server[109153]: DEBUG neutron.pecan_wsgi.hooks.policy_enforcement [req-ee8e0091-f2a8-488c-bbde-6b4b097c06d5 req-130af972-a48c-4552-82e1-0bce326214a2 tempest-DeleteServersAdminTestJSON-324113704 tempest-DeleteServersAdminTestJSON-324113704-project] Attributes excluded by policy engine: ['standard_attr_id', 'binding:profile', 'binding:host_id', 'binding:vif_type', 'binding:vif_details'] {{(pid=109153) _exclude_attributes_by_policy /opt/stack/neutron/neutron/pecan_wsgi/hooks/policy_enforcement.py:255}}
Nov 11 11:49:52.745927 n-d-807359-3 neutron-server[109153]: INFO neutron.wsgi [req-ee8e0091-f2a8-488c-bbde-6b4b097c06d5 req-130af972-a48c-4552-82e1-0bce326214a2 tempest-DeleteServersAdminTestJSON-324113704 tempest-DeleteServersAdminTestJSON-324113704-project] 10.222.0.65 "GET /v2.0/ports?device_id=69efc6f7-2e23-457d-a331-b5023ea63b1c HTTP/1.1" status: 200 len: 948 time: 0.1861246
Nov 11 11:49:52.779816 n-d-807359-3 neutron-server[109154]: DEBUG neutron.pecan_wsgi.hooks.policy_enforcement [req-b9866e48-4b5a-44ad-a394-37f8b10c28a3 req-09d884ae-6ec2-4626-bb17-5d4f41d3d66d service neutron] Attributes excluded by policy engine: ['standard_attr_id'] {{(pid=109154) _exclude_attributes_by_policy /opt/stack/neutron/neutron/pecan_wsgi/hooks/policy_enforcement.py:255}}
Nov 11 11:49:52.781508 n-d-807359-3 neutron-server[109154]: INFO neutron.wsgi [req-b9866e48-4b5a-44ad-a394-37f8b10c28a3 req-09d884ae-6ec2-4626-bb17-5d4f41d3d66d service neutron] 10.222.0.62 "GET /v2.0/ports?network_id=66e7bcbb-7be3-4178-a259-9aa5f21e019f&device_owner=network%3Adhcp HTTP/1.1" status: 200 len: 1166 time: 0.0516734
Nov 11 11:49:52.820217 n-d-807359-3 neutron-server[109153]: INFO neutron.wsgi [req-dcf6d78b-2d5f-494d-a9eb-35944fe235ed req-75188b59-73a6-430c-b65d-c6b29489b761 tempest-ServersWithSpecificFlavorTestJSON-755571288 tempest-ServersWithSpecificFlavorTestJSON-755571288-project] 10.222.0.65 "GET /v2.0/security-groups?id=2b1eb3c4-5ac5-4ada-b30c-b269dda4dfa2&fields=id&fields=name HTTP/1.1" status: 200 len: 312 time: 0.1179168
Nov 11 11:49:52.827994 n-d-807359-3 neutron-server[109153]: DEBUG neutron_lib.callbacks.manager [None req-883ee1ac-5b04-48c1-ad66-411057381dc4 admin admin] Publish callbacks [] for security_group, before_delete {{(pid=109153) _notify_loop /usr/local/lib/python3.8/dist-packages/neutron_lib/callbacks/manager.py:175}}
Nov 11 11:49:52.833471 n-d-807359-3 neutron-server[109153]: DEBUG neutron_lib.callbacks.manager [None req-9dab1ddf-d7a8-48d1-8cbe-87d5b941819b admin admin] Publish callbacks ['neutron.plugins.ml2.ovo_rpc._ObjectChangeHandler.handle_event-1952983'] for security_group, after_delete {{(pid=109153) _notify_loop /usr/local/lib/python3.8/dist-packages/neutron_lib/callbacks/manager.py:175}}
Nov 11 11:49:52.836095 n-d-807359-3 neutron-server[109153]: DEBUG neutron_lib.callbacks.manager [None req-9dab1ddf-d7a8-48d1-8cbe-87d5b941819b admin admin] Publish callbacks [] for security_group, before_response {{(pid=109153) _notify_loop /usr/local/lib/python3.8/dist-packages/neutron_lib/callbacks/manager.py:175}}
Nov 11 11:49:52.837533 n-d-807359-3 neutron-server[109153]: INFO neutron.wsgi [None req-9dab1ddf-d7a8-48d1-8cbe-87d5b941819b admin admin] 10.222.0.65 "DELETE /v2.0/security-groups/2b3b8f7b-7f31-407c-a3ea-8493ba959e15 HTTP/1.1" status: 204 len: 168 time: 0.4375908
Nov 11 11:49:52.872007 n-d-807359-3 neutron-server[109153]: DEBUG neutron.api.rpc.handlers.resources_rpc [None req-9dab1ddf-d7a8-48d1-8cbe-87d5b941819b admin admin] Pushing event deleted for resources: {'SecurityGroup': ['ID=2b3b8f7b-7f31-407c-a3ea-8493ba959e15,revision_number=None']} {{(pid=109153) push /opt/stack/neutron/neutron/api/rpc/handlers/resources_rpc.py:237}}
Nov 11 11:49:52.886902 n-d-807359-3 neutron-server[109153]: INFO neutron.wsgi [req-ee8e0091-f2a8-488c-bbde-6b4b097c06d5 req-2d325501-b9a1-4dee-b378-862be934a1d6 tempest-DeleteServersAdminTestJSON-324113704 tempest-DeleteServersAdminTestJSON-324113704-project] 10.222.0.65 "GET /v2.0/security-groups?id=d212748d-f27c-4702-a3d4-725e0fdc7636&fields=id&fields=name HTTP/1.1" status: 200 len: 286 time: 0.1287844
Nov 11 11:49:52.907210 n-d-807359-3 neutron-server[109153]: DEBUG neutron_lib.callbacks.manager [None req-883ee1ac-5b04-48c1-ad66-411057381dc4 admin admin] Publish callbacks [] for security_group, precommit_delete {{(pid=109153) _notify_loop /usr/local/lib/python3.8/dist-packages/neutron_lib/callbacks/manager.py:175}}
Nov 11 11:49:52.959772 n-d-807359-3 neutron-server[109154]: INFO neutron.wsgi [req-b9866e48-4b5a-44ad-a394-37f8b10c28a3 req-f0e58f16-a72c-40ce-986a-febe8ff3b722 service neutron] 10.222.0.62 "GET /v2.0/networks/66e7bcbb-7be3-4178-a259-9aa5f21e019f?fields=segments HTTP/1.1" status: 200 len: 212 time: 0.1631954
Nov 11 11:49:53.008873 n-d-807359-3 neutron-server[109153]: DEBUG neutron_lib.callbacks.manager [None req-883ee1ac-5b04-48c1-ad66-411057381dc4 admin admin] Publish callbacks ['neutron.plugins.ml2.ovo_rpc._ObjectChangeHandler.handle_event-1952983'] for security_group, after_delete {{(pid=109153) _notify_loop /usr/local/lib/python3.8/dist-packages/neutron_lib/callbacks/manager.py:175}}
Nov 11 11:49:53.011625 n-d-807359-3 neutron-server[109153]: DEBUG neutron_lib.callbacks.manager [None req-883ee1ac-5b04-48c1-ad66-411057381dc4 admin admin] Publish callbacks [] for security_group, before_response {{(pid=109153) _notify_loop /usr/local/lib/python3.8/dist-packages/neutron_lib/callbacks/manager.py:175}}
Nov 11 11:49:53.012770 n-d-807359-3 neutron-server[109153]: INFO neutron.wsgi [None req-883ee1ac-5b04-48c1-ad66-411057381dc4 admin admin] 10.222.0.65 "DELETE /v2.0/security-groups/c288fb91-b76f-4b7a-8281-a0af00131f75 HTTP/1.1" status: 204 len: 168 time: 0.3803778
Nov 11 11:49:53.026106 n-d-807359-3 neutron-server[109153]: DEBUG neutron.api.rpc.handlers.resources_rpc [None req-883ee1ac-5b04-48c1-ad66-411057381dc4 admin admin] Pushing event deleted for resources: {'SecurityGroup': ['ID=c288fb91-b76f-4b7a-8281-a0af00131f75,revision_number=None']} {{(pid=109153) push /opt/stack/neutron/neutron/api/rpc/handlers/resources_rpc.py:237}}
Nov 11 11:49:53.045080 n-d-807359-3 neutron-server[109153]: DEBUG neutron.pecan_wsgi.hooks.policy_enforcement [req-fdfa7244-39de-4752-8a65-c082ab5b52d8 req-c471867e-e95f-4c57-bc1b-cee3954d43e3 tempest-MigrationsAdminTest-162312999 tempest-MigrationsAdminTest-162312999-project] Attributes excluded by policy engine: ['standard_attr_id', 'binding:profile', 'binding:host_id', 'binding:vif_type', 'binding:vif_details'] {{(pid=109153) _exclude_attributes_by_policy /opt/stack/neutron/neutron/pecan_wsgi/hooks/policy_enforcement.py:255}}
Nov 11 11:49:53.053367 n-d-807359-3 neutron-server[109153]: INFO neutron.wsgi [req-fdfa7244-39de-4752-8a65-c082ab5b52d8 req-c471867e-e95f-4c57-bc1b-cee3954d43e3 tempest-MigrationsAdminTest-162312999 tempest-MigrationsAdminTest-162312999-project] 10.222.0.65 "GET /v2.0/ports?device_id=6a956e6b-bb4b-4b46-9d47-77d88d8c70f9 HTTP/1.1" status: 200 len: 971 time: 0.0809178
Nov 11 11:49:53.087700 n-d-807359-3 neutron-server[109154]: INFO neutron.wsgi [req-b9866e48-4b5a-44ad-a394-37f8b10c28a3 req-2478c1e9-8908-4825-a2d0-ece2a2ee6d17 service neutron] 10.222.0.62 "GET /v2.0/networks/66e7bcbb-7be3-4178-a259-9aa5f21e019f?fields=provider%3Aphysical_network&fields=provider%3Anetwork_type HTTP/1.1" status: 200 len: 281 time: 0.1200092
Nov 11 11:49:53.110266 n-d-807359-3 neutron-server[109153]: INFO neutron.wsgi [req-fdfa7244-39de-4752-8a65-c082ab5b52d8 req-645ee26a-e3c6-40ff-b351-800cac79280a tempest-MigrationsAdminTest-162312999 tempest-MigrationsAdminTest-162312999-project] 10.222.0.65 "GET /v2.0/security-groups?id=0c870b73-e652-4ebd-b1f1-a742bf4fcb6d&fields=id&fields=name HTTP/1.1" status: 200 len: 286 time: 0.0558553
Nov 11 11:49:53.209556 n-d-807359-3 neutron-server[109153]: DEBUG neutron.pecan_wsgi.hooks.policy_enforcement [req-8c85fc3c-9922-45a3-895f-38ba767c0030 req-05d1f7e1-17c7-4ad1-ae6f-4a548733b143 tempest-ServersAdminTestJSON-1449269144 tempest-ServersAdminTestJSON-1449269144-project] Attributes excluded by policy engine: ['standard_attr_id', 'binding:profile', 'binding:host_id', 'binding:vif_type', 'binding:vif_details'] {{(pid=109153) _exclude_attributes_by_policy /opt/stack/neutron/neutron/pecan_wsgi/hooks/policy_enforcement.py:255}}
Nov 11 11:49:53.211218 n-d-807359-3 neutron-server[109153]: INFO neutron.wsgi [req-8c85fc3c-9922-45a3-895f-38ba767c0030 req-05d1f7e1-17c7-4ad1-ae6f-4a548733b143 tempest-ServersAdminTestJSON-1449269144 tempest-ServersAdminTestJSON-1449269144-project] 10.222.0.65 "GET /v2.0/ports?device_id=f2370679-1714-4a83-8806-c192c60db0e0 HTTP/1.1" status: 200 len: 948 time: 0.0602329
Nov 11 11:49:53.258589 n-d-807359-3 neutron-server[109153]: INFO neutron.wsgi [req-8c85fc3c-9922-45a3-895f-38ba767c0030 req-874a0dcc-37da-4e00-bfcb-b3e5308342f5 tempest-ServersAdminTestJSON-1449269144 tempest-ServersAdminTestJSON-1449269144-project] 10.222.0.65 "GET /v2.0/security-groups?id=0663a672-2b9b-4ddc-8f27-36518eaaccda&fields=id&fields=name HTTP/1.1" status: 200 len: 286 time: 0.0406802
Nov 11 11:49:53.471067 n-d-807359-3 neutron-server[109153]: DEBUG neutron.wsgi [-] (109153) accepted ('10.222.0.65', 38884) {{(pid=109153) server /usr/local/lib/python3.8/dist-packages/eventlet/wsgi.py:982}}
Nov 11 11:49:53.608092 n-d-807359-3 neutron-server[109153]: DEBUG neutron_lib.callbacks.manager [None req-5a3929bc-b5b2-4e9c-946f-6d91e52ed9e6 admin admin] Publish callbacks [] for security_group, before_create {{(pid=109153) _notify_loop /usr/local/lib/python3.8/dist-packages/neutron_lib/callbacks/manager.py:175}}
Nov 11 11:49:53.692186 n-d-807359-3 neutron-server[109153]: DEBUG neutron_lib.callbacks.manager [None req-5a3929bc-b5b2-4e9c-946f-6d91e52ed9e6 admin admin] Publish callbacks [] for security_group, precommit_create {{(pid=109153) _notify_loop /usr/local/lib/python3.8/dist-packages/neutron_lib/callbacks/manager.py:175}}
Nov 11 11:49:53.696583 n-d-807359-3 neutron-server[109153]: DEBUG neutron_lib.callbacks.manager [None req-5a3929bc-b5b2-4e9c-946f-6d91e52ed9e6 admin admin] Publish callbacks ['neutron.plugins.ml2.ovo_rpc._ObjectChangeHandler.handle_event-1952983'] for security_group, after_create {{(pid=109153) _notify_loop /usr/local/lib/python3.8/dist-packages/neutron_lib/callbacks/manager.py:175}}
