Sep 03 16:38:11.637106 n-d-807359-1 devstack@placement-api.service[95134]: [pid: 95134|app: 0|req: 294/583] 10.222.0.21 () {60 vars in 1381 bytes} [Fri Sep 3 16:38:11 2021] GET /placement/allocations/389730eb-9f5e-4c03-afc0-2f53866668e6 => generated 19 bytes in 17 msecs (HTTP/1.1 200) 8 headers in 295 bytes (1 switches on core 0)
Sep 03 16:38:11.639423 n-d-807359-1 devstack@placement-api.service[95135]: DEBUG placement.requestlog [req-8ef35059-6077-41e9-8a14-164532e986bb req-f4a269ea-2e89-440c-b177-ea28f84d1c70 None None] Starting request: 10.222.0.21 "PUT /placement/allocations/389730eb-9f5e-4c03-afc0-2f53866668e6" {{(pid=95135) __call__ /opt/stack/placement/placement/requestlog.py:55}}
Sep 03 16:38:11.678572 n-d-807359-1 devstack@placement-api.service[95135]: DEBUG placement.handlers.allocation [req-8ef35059-6077-41e9-8a14-164532e986bb req-f4a269ea-2e89-440c-b177-ea28f84d1c70 service placement] Successfully wrote allocations [, , ] {{(pid=95135) _create_allocations /opt/stack/placement/placement/handlers/allocation.py:461}}
Sep 03 16:38:11.682047 n-d-807359-1 devstack@placement-api.service[95135]: INFO placement.requestlog [req-8ef35059-6077-41e9-8a14-164532e986bb req-f4a269ea-2e89-440c-b177-ea28f84d1c70 service placement] 10.222.0.21 "PUT /placement/allocations/389730eb-9f5e-4c03-afc0-2f53866668e6" status: 204 len: 0 microversion: 1.36
Sep 03 16:38:11.682364 n-d-807359-1 devstack@placement-api.service[95135]: [pid: 95135|app: 0|req: 290/584] 10.222.0.21 () {64 vars in 1434 bytes} [Fri Sep 3 16:38:11 2021] PUT /placement/allocations/389730eb-9f5e-4c03-afc0-2f53866668e6 => generated 0 bytes in 45 msecs (HTTP/1.1 204) 5 headers in 199 bytes (1 switches on core 0)
Sep 03 16:38:11.954585 n-d-807359-1 devstack@placement-api.service[95134]: DEBUG placement.requestlog [req-8ef35059-6077-41e9-8a14-164532e986bb req-698df850-0c88-41c5-8c77-9b187744e902 None None] Starting request: 10.222.0.59 "GET /placement/allocations/389730eb-9f5e-4c03-afc0-2f53866668e6" {{(pid=95134) __call__ /opt/stack/placement/placement/requestlog.py:55}}
Sep 03 16:38:11.969439 n-d-807359-1 devstack@placement-api.service[95134]: INFO placement.requestlog [req-8ef35059-6077-41e9-8a14-164532e986bb req-698df850-0c88-41c5-8c77-9b187744e902 service placement] 10.222.0.59 "GET /placement/allocations/389730eb-9f5e-4c03-afc0-2f53866668e6" status: 200 len: 259 microversion: 1.28
Sep 03 16:38:11.969771 n-d-807359-1 devstack@placement-api.service[95134]: [pid: 95134|app: 0|req: 295/585] 10.222.0.59 () {60 vars in 1378 bytes} [Fri Sep 3 16:38:11 2021] GET /placement/allocations/389730eb-9f5e-4c03-afc0-2f53866668e6 => generated 259 bytes in 15 msecs (HTTP/1.1 200) 8 headers in 296 bytes (1 switches on core 0)
Sep 03 16:38:24.586007 n-d-807359-1 devstack@placement-api.service[95135]: DEBUG placement.requestlog [req-a110f1a5-cc09-4458-be2b-77782ebea9aa req-0be8c9a8-c657-423d-9cc0-6a87aa3a12bf None None] Starting request: 10.222.0.21 "GET /placement/allocation_candidates?limit=1000&resources=DISK_GB%3A1%2CMEMORY_MB%3A1024%2CVCPU%3A1&root_required=%21COMPUTE_STATUS_DISABLED" {{(pid=95135) __call__ /opt/stack/placement/placement/requestlog.py:55}}
Sep 03 16:38:24.633136 n-d-807359-1 devstack@placement-api.service[95135]: DEBUG placement.objects.research_context [req-a110f1a5-cc09-4458-be2b-77782ebea9aa req-0be8c9a8-c657-423d-9cc0-6a87aa3a12bf service placement] getting providers with 1 DISK_GB {{(pid=95135) __init__ /opt/stack/placement/placement/objects/research_context.py:126}}
Sep 03 16:38:24.639916 n-d-807359-1 devstack@placement-api.service[95135]: DEBUG placement.objects.research_context [req-a110f1a5-cc09-4458-be2b-77782ebea9aa req-0be8c9a8-c657-423d-9cc0-6a87aa3a12bf service placement] getting providers with 1024 MEMORY_MB {{(pid=95135) __init__ /opt/stack/placement/placement/objects/research_context.py:126}}
Sep 03 16:38:24.645564 n-d-807359-1 devstack@placement-api.service[95135]: DEBUG placement.objects.research_context [req-a110f1a5-cc09-4458-be2b-77782ebea9aa req-0be8c9a8-c657-423d-9cc0-6a87aa3a12bf service placement] getting providers with 1 VCPU {{(pid=95135) __init__ /opt/stack/placement/placement/objects/research_context.py:126}}
Sep 03 16:38:24.652850 n-d-807359-1 devstack@placement-api.service[95135]: DEBUG placement.objects.research_context [req-a110f1a5-cc09-4458-be2b-77782ebea9aa req-0be8c9a8-c657-423d-9cc0-6a87aa3a12bf service placement] found 2 providers with available 1 DISK_GB {{(pid=95135) get_provider_ids_matching /opt/stack/placement/placement/objects/research_context.py:549}}
Sep 03 16:38:24.653126 n-d-807359-1 devstack@placement-api.service[95135]: DEBUG placement.objects.research_context [req-a110f1a5-cc09-4458-be2b-77782ebea9aa req-0be8c9a8-c657-423d-9cc0-6a87aa3a12bf service placement] found 2 providers with available 1024 MEMORY_MB {{(pid=95135) get_provider_ids_matching /opt/stack/placement/placement/objects/research_context.py:549}}
Sep 03 16:38:24.653389 n-d-807359-1 devstack@placement-api.service[95135]: DEBUG placement.objects.research_context [req-a110f1a5-cc09-4458-be2b-77782ebea9aa req-0be8c9a8-c657-423d-9cc0-6a87aa3a12bf service placement] found 2 providers after filtering by previous result {{(pid=95135) get_provider_ids_matching /opt/stack/placement/placement/objects/research_context.py:580}}
Sep 03 16:38:24.653653 n-d-807359-1 devstack@placement-api.service[95135]: DEBUG placement.objects.research_context [req-a110f1a5-cc09-4458-be2b-77782ebea9aa req-0be8c9a8-c657-423d-9cc0-6a87aa3a12bf service placement] found 2 providers with available 1 VCPU {{(pid=95135) get_provider_ids_matching /opt/stack/placement/placement/objects/research_context.py:549}}
Sep 03 16:38:24.653897 n-d-807359-1 devstack@placement-api.service[95135]: DEBUG placement.objects.research_context [req-a110f1a5-cc09-4458-be2b-77782ebea9aa req-0be8c9a8-c657-423d-9cc0-6a87aa3a12bf service placement] found 2 providers after filtering by previous result {{(pid=95135) get_provider_ids_matching /opt/stack/placement/placement/objects/research_context.py:580}}
Sep 03 16:38:24.664532 n-d-807359-1 devstack@placement-api.service[95135]: DEBUG placement.objects.allocation_candidate [req-a110f1a5-cc09-4458-be2b-77782ebea9aa req-0be8c9a8-c657-423d-9cc0-6a87aa3a12bf service placement] RequestGroup(use_same_provider=False, resources={DISK_GB:1, MEMORY_MB:1024, VCPU:1}, traits=[], aggregates=[]) (suffix '') returned 2 matches {{(pid=95135) _get_by_requests /opt/stack/placement/placement/objects/allocation_candidate.py:145}}
Sep 03 16:38:24.664923 n-d-807359-1 devstack@placement-api.service[95135]: DEBUG placement.objects.allocation_candidate [req-a110f1a5-cc09-4458-be2b-77782ebea9aa req-0be8c9a8-c657-423d-9cc0-6a87aa3a12bf service placement] Merging candidates yields 2 allocation requests and 2 provider summaries {{(pid=95135) _merge_candidates /opt/stack/placement/placement/objects/allocation_candidate.py:783}}
Sep 03 16:38:24.666689 n-d-807359-1 devstack@placement-api.service[95135]: INFO placement.requestlog [req-a110f1a5-cc09-4458-be2b-77782ebea9aa req-0be8c9a8-c657-423d-9cc0-6a87aa3a12bf service placement] 10.222.0.21 "GET /placement/allocation_candidates?limit=1000&resources=DISK_GB%3A1%2CMEMORY_MB%3A1024%2CVCPU%3A1&root_required=%21COMPUTE_STATUS_DISABLED" status: 200 len: 1309 microversion: 1.36
Sep 03 16:38:24.666949 n-d-807359-1 devstack@placement-api.service[95135]: [pid: 95135|app: 0|req: 291/586] 10.222.0.21 () {60 vars in 1507 bytes} [Fri Sep 3 16:38:24 2021] GET /placement/allocation_candidates?limit=1000&resources=DISK_GB%3A1%2CMEMORY_MB%3A1024%2CVCPU%3A1&root_required=%21COMPUTE_STATUS_DISABLED => generated 1309 bytes in 81 msecs (HTTP/1.1 200) 8 headers in 297 bytes (2 switches on core 0)
Sep 03 16:38:24.705696 n-d-807359-1 devstack@placement-api.service[95134]: DEBUG placement.requestlog [req-f29c75c6-87b0-4750-87c3-8c51bcff95c7 req-a82047d9-61cf-4c8c-a468-c54cc07d090e None None] Starting request: 10.222.0.59 "DELETE /placement/allocations/577b5598-f6cb-49c4-9e42-380965584d1f" {{(pid=95134) __call__ /opt/stack/placement/placement/requestlog.py:55}}
Sep 03 16:38:24.723139 n-d-807359-1 devstack@placement-api.service[95135]: DEBUG placement.requestlog [req-a110f1a5-cc09-4458-be2b-77782ebea9aa req-0ffe2433-47ca-4272-b3b6-4ceb5caaeba9 None None] Starting request: 10.222.0.21 "GET /placement/allocations/0f972709-31e7-4860-b99b-a3e2fad832e3" {{(pid=95135) __call__ /opt/stack/placement/placement/requestlog.py:55}}
Sep 03 16:38:24.737348 n-d-807359-1 devstack@placement-api.service[95135]: INFO placement.requestlog [req-a110f1a5-cc09-4458-be2b-77782ebea9aa req-0ffe2433-47ca-4272-b3b6-4ceb5caaeba9 service placement] 10.222.0.21 "GET /placement/allocations/0f972709-31e7-4860-b99b-a3e2fad832e3" status: 200 len: 19 microversion: 1.28
Sep 03 16:38:24.737670 n-d-807359-1 devstack@placement-api.service[95135]: [pid: 95135|app: 0|req: 292/587] 10.222.0.21 () {60 vars in 1381 bytes} [Fri Sep 3 16:38:24 2021] GET /placement/allocations/0f972709-31e7-4860-b99b-a3e2fad832e3 => generated 19 bytes in 15 msecs (HTTP/1.1 200) 8 headers in 295 bytes (2 switches on core 0)
Sep 03 16:38:24.745379 n-d-807359-1 devstack@placement-api.service[95135]: DEBUG placement.requestlog [req-a110f1a5-cc09-4458-be2b-77782ebea9aa req-cf7397c1-47ca-4eda-a26f-b7b6e6e4ad5b None None] Starting request: 10.222.0.21 "PUT /placement/allocations/0f972709-31e7-4860-b99b-a3e2fad832e3" {{(pid=95135) __call__ /opt/stack/placement/placement/requestlog.py:55}}
Sep 03 16:38:24.748032 n-d-807359-1 devstack@placement-api.service[95134]: DEBUG placement.handlers.allocation [req-f29c75c6-87b0-4750-87c3-8c51bcff95c7 req-a82047d9-61cf-4c8c-a468-c54cc07d090e service placement] Successfully deleted allocations [, , ] {{(pid=95134) delete_allocations /opt/stack/placement/placement/handlers/allocation.py:603}}
Sep 03 16:38:24.749429 n-d-807359-1 devstack@placement-api.service[95134]: INFO placement.requestlog [req-f29c75c6-87b0-4750-87c3-8c51bcff95c7 req-a82047d9-61cf-4c8c-a468-c54cc07d090e service placement] 10.222.0.59 "DELETE /placement/allocations/577b5598-f6cb-49c4-9e42-380965584d1f" status: 204 len: 0 microversion: 1.0
Sep 03 16:38:24.750156 n-d-807359-1 devstack@placement-api.service[95134]: [pid: 95134|app: 0|req: 296/588] 10.222.0.59 () {60 vars in 1356 bytes} [Fri Sep 3 16:38:24 2021] DELETE /placement/allocations/577b5598-f6cb-49c4-9e42-380965584d1f => generated 0 bytes in 51 msecs (HTTP/1.1 204) 5 headers in 198 bytes (1 switches on core 0)
Sep 03 16:38:24.827122 n-d-807359-1 devstack@placement-api.service[95135]: DEBUG placement.handlers.allocation [req-a110f1a5-cc09-4458-be2b-77782ebea9aa req-cf7397c1-47ca-4eda-a26f-b7b6e6e4ad5b service placement] Successfully wrote allocations [, , ] {{(pid=95135) _create_allocations /opt/stack/placement/placement/handlers/allocation.py:461}}
Sep 03 16:38:24.835863 n-d-807359-1 devstack@placement-api.service[95135]: INFO placement.requestlog [req-a110f1a5-cc09-4458-be2b-77782ebea9aa req-cf7397c1-47ca-4eda-a26f-b7b6e6e4ad5b service placement] 10.222.0.21 "PUT /placement/allocations/0f972709-31e7-4860-b99b-a3e2fad832e3" status: 204 len: 0 microversion: 1.36
Sep 03 16:38:24.836651 n-d-807359-1 devstack@placement-api.service[95135]: [pid: 95135|app: 0|req: 293/589] 10.222.0.21 () {64 vars in 1434 bytes} [Fri Sep 3 16:38:24 2021] PUT /placement/allocations/0f972709-31e7-4860-b99b-a3e2fad832e3 => generated 0 bytes in 91 msecs (HTTP/1.1 204) 5 headers in 199 bytes (1 switches on core 0)
Sep 03 16:38:25.168340 n-d-807359-1 devstack@placement-api.service[95134]: DEBUG placement.requestlog [req-a110f1a5-cc09-4458-be2b-77782ebea9aa req-67958d17-9dbe-4566-8389-9c2d26080b6b None None] Starting request: 10.222.0.59 "GET /placement/allocations/0f972709-31e7-4860-b99b-a3e2fad832e3" {{(pid=95134) __call__ /opt/stack/placement/placement/requestlog.py:55}}
Sep 03 16:38:25.183205 n-d-807359-1 devstack@placement-api.service[95134]: INFO placement.requestlog [req-a110f1a5-cc09-4458-be2b-77782ebea9aa req-67958d17-9dbe-4566-8389-9c2d26080b6b service placement] 10.222.0.59 "GET /placement/allocations/0f972709-31e7-4860-b99b-a3e2fad832e3" status: 200 len: 259 microversion: 1.28
Sep 03 16:38:25.183406 n-d-807359-1 devstack@placement-api.service[95134]: [pid: 95134|app: 0|req: 297/590] 10.222.0.59 () {60 vars in 1378 bytes} [Fri Sep 3 16:38:25 2021] GET /placement/allocations/0f972709-31e7-4860-b99b-a3e2fad832e3 => generated 259 bytes in 15 msecs (HTTP/1.1 200) 8 headers in 296 bytes (1 switches on core 0)
Sep 03 16:38:27.282634 n-d-807359-1 devstack@placement-api.service[95135]: DEBUG placement.requestlog [req-8fd3cd3f-5f2d-4acd-a9a7-4cf72ebcdcc4 req-c2833b71-c9ba-41c4-af20-0bacc33aed08 None None] Starting request: 10.222.0.59 "DELETE /placement/allocations/f76dd6f8-e6f2-402d-830f-9da8e19fc13b" {{(pid=95135) __call__ /opt/stack/placement/placement/requestlog.py:55}}
Sep 03 16:38:27.350443 n-d-807359-1 devstack@placement-api.service[95135]: DEBUG placement.handlers.allocation [req-8fd3cd3f-5f2d-4acd-a9a7-4cf72ebcdcc4 req-c2833b71-c9ba-41c4-af20-0bacc33aed08 service placement] Successfully deleted allocations [, , ] {{(pid=95135) delete_allocations /opt/stack/placement/placement/handlers/allocation.py:603}}
Sep 03 16:38:27.352786 n-d-807359-1 devstack@placement-api.service[95135]: INFO placement.requestlog [req-8fd3cd3f-5f2d-4acd-a9a7-4cf72ebcdcc4 req-c2833b71-c9ba-41c4-af20-0bacc33aed08 service placement] 10.222.0.59 "DELETE /placement/allocations/f76dd6f8-e6f2-402d-830f-9da8e19fc13b" status: 204 len: 0 microversion: 1.0
Sep 03 16:38:27.353297 n-d-807359-1 devstack@placement-api.service[95135]: [pid: 95135|app: 0|req: 294/591] 10.222.0.59 () {60 vars in 1356 bytes} [Fri Sep 3 16:38:27 2021] DELETE /placement/allocations/f76dd6f8-e6f2-402d-830f-9da8e19fc13b => generated 0 bytes in 72 msecs (HTTP/1.1 204) 5 headers in 198 bytes (1 switches on core 0)
Sep 03 16:38:27.790354 n-d-807359-1 devstack@placement-api.service[95134]: DEBUG placement.requestlog [req-ce9ea8aa-4fb4-42f0-bac1-9aa6a30c6e47 req-b997038a-199d-449e-88ee-a744cf6bcf0b None None] Starting request: 10.222.0.47 "DELETE /placement/allocations/3a168001-a0f5-448c-8d7b-1b5f749250ab" {{(pid=95134) __call__ /opt/stack/placement/placement/requestlog.py:55}}
Sep 03 16:38:27.832719 n-d-807359-1 devstack@placement-api.service[95134]: DEBUG placement.handlers.allocation [req-ce9ea8aa-4fb4-42f0-bac1-9aa6a30c6e47 req-b997038a-199d-449e-88ee-a744cf6bcf0b service placement] Successfully deleted allocations [, , ] {{(pid=95134) delete_allocations /opt/stack/placement/placement/handlers/allocation.py:603}}
Sep 03 16:38:27.832981 n-d-807359-1 devstack@placement-api.service[95134]: INFO placement.requestlog [req-ce9ea8aa-4fb4-42f0-bac1-9aa6a30c6e47 req-b997038a-199d-449e-88ee-a744cf6bcf0b service placement] 10.222.0.47 "DELETE /placement/allocations/3a168001-a0f5-448c-8d7b-1b5f749250ab" status: 204 len: 0 microversion: 1.0
Sep 03 16:38:27.833768 n-d-807359-1 devstack@placement-api.service[95134]: [pid: 95134|app: 0|req: 298/592] 10.222.0.47 () {60 vars in 1356 bytes} [Fri Sep 3 16:38:27 2021] DELETE /placement/allocations/3a168001-a0f5-448c-8d7b-1b5f749250ab => generated 0 bytes in 43 msecs (HTTP/1.1 204) 5 headers in 198 bytes (1 switches on core 0)
Sep 03 16:38:30.455087 n-d-807359-1 devstack@placement-api.service[95135]: DEBUG placement.requestlog [req-d2e75535-792c-44b0-bfe1-c8d83ad93250 req-50cb33d8-05ed-4496-8d3c-5ffd888af6e0 None None] Starting request: 10.222.0.21 "GET /placement/allocation_candidates?limit=1000&resources=DISK_GB%3A1%2CMEMORY_MB%3A1024%2CVCPU%3A1&root_required=%21COMPUTE_STATUS_DISABLED" {{(pid=95135) __call__ /opt/stack/placement/placement/requestlog.py:55}}
Sep 03 16:38:30.484454 n-d-807359-1 devstack@placement-api.service[95135]: DEBUG placement.objects.research_context [req-d2e75535-792c-44b0-bfe1-c8d83ad93250 req-50cb33d8-05ed-4496-8d3c-5ffd888af6e0 service placement] getting providers with 1 DISK_GB {{(pid=95135) __init__ /opt/stack/placement/placement/objects/research_context.py:126}}
Sep 03 16:38:30.492277 n-d-807359-1 devstack@placement-api.service[95135]: DEBUG placement.objects.research_context [req-d2e75535-792c-44b0-bfe1-c8d83ad93250 req-50cb33d8-05ed-4496-8d3c-5ffd888af6e0 service placement] getting providers with 1024 MEMORY_MB {{(pid=95135) __init__ /opt/stack/placement/placement/objects/research_context.py:126}}
Sep 03 16:38:30.498229 n-d-807359-1 devstack@placement-api.service[95135]: DEBUG placement.objects.research_context [req-d2e75535-792c-44b0-bfe1-c8d83ad93250 req-50cb33d8-05ed-4496-8d3c-5ffd888af6e0 service placement] getting providers with 1 VCPU {{(pid=95135) __init__ /opt/stack/placement/placement/objects/research_context.py:126}}
Sep 03 16:38:30.503944 n-d-807359-1 devstack@placement-api.service[95135]: DEBUG placement.objects.research_context [req-d2e75535-792c-44b0-bfe1-c8d83ad93250 req-50cb33d8-05ed-4496-8d3c-5ffd888af6e0 service placement] found 2 providers with available 1 DISK_GB {{(pid=95135) get_provider_ids_matching /opt/stack/placement/placement/objects/research_context.py:549}}
Sep 03 16:38:30.504219 n-d-807359-1 devstack@placement-api.service[95135]: DEBUG placement.objects.research_context [req-d2e75535-792c-44b0-bfe1-c8d83ad93250 req-50cb33d8-05ed-4496-8d3c-5ffd888af6e0 service placement] found 2 providers with available 1024 MEMORY_MB {{(pid=95135) get_provider_ids_matching /opt/stack/placement/placement/objects/research_context.py:549}}
Sep 03 16:38:30.504488 n-d-807359-1 devstack@placement-api.service[95135]: DEBUG placement.objects.research_context [req-d2e75535-792c-44b0-bfe1-c8d83ad93250 req-50cb33d8-05ed-4496-8d3c-5ffd888af6e0 service placement] found 2 providers after filtering by previous result {{(pid=95135) get_provider_ids_matching /opt/stack/placement/placement/objects/research_context.py:580}}
Sep 03 16:38:30.504743 n-d-807359-1 devstack@placement-api.service[95135]: DEBUG placement.objects.research_context [req-d2e75535-792c-44b0-bfe1-c8d83ad93250 req-50cb33d8-05ed-4496-8d3c-5ffd888af6e0 service placement] found 2 providers with available 1 VCPU {{(pid=95135) get_provider_ids_matching /opt/stack/placement/placement/objects/research_context.py:549}}
Sep 03 16:38:30.505005 n-d-807359-1 devstack@placement-api.service[95135]: DEBUG placement.objects.research_context [req-d2e75535-792c-44b0-bfe1-c8d83ad93250 req-50cb33d8-05ed-4496-8d3c-5ffd888af6e0 service placement] found 2 providers after filtering by previous result {{(pid=95135) get_provider_ids_matching /opt/stack/placement/placement/objects/research_context.py:580}}
Sep 03 16:38:30.516676 n-d-807359-1 devstack@placement-api.service[95135]: DEBUG placement.objects.allocation_candidate [req-d2e75535-792c-44b0-bfe1-c8d83ad93250 req-50cb33d8-05ed-4496-8d3c-5ffd888af6e0 service placement] RequestGroup(use_same_provider=False, resources={DISK_GB:1, MEMORY_MB:1024, VCPU:1}, traits=[], aggregates=[]) (suffix '') returned 2 matches {{(pid=95135) _get_by_requests /opt/stack/placement/placement/objects/allocation_candidate.py:145}}
Sep 03 16:38:30.517041 n-d-807359-1 devstack@placement-api.service[95135]: DEBUG placement.objects.allocation_candidate [req-d2e75535-792c-44b0-bfe1-c8d83ad93250 req-50cb33d8-05ed-4496-8d3c-5ffd888af6e0 service placement] Merging candidates yields 2 allocation requests and 2 provider summaries {{(pid=95135) _merge_candidates /opt/stack/placement/placement/objects/allocation_candidate.py:783}}
Sep 03 16:38:30.518899 n-d-807359-1 devstack@placement-api.service[95135]: INFO placement.requestlog [req-d2e75535-792c-44b0-bfe1-c8d83ad93250 req-50cb33d8-05ed-4496-8d3c-5ffd888af6e0 service placement] 10.222.0.21 "GET /placement/allocation_candidates?limit=1000&resources=DISK_GB%3A1%2CMEMORY_MB%3A1024%2CVCPU%3A1&root_required=%21COMPUTE_STATUS_DISABLED" status: 200 len: 1309 microversion: 1.36
Sep 03 16:38:30.523394 n-d-807359-1 devstack@placement-api.service[95135]: [pid: 95135|app: 0|req: 295/593] 10.222.0.21 () {60 vars in 1507 bytes} [Fri Sep 3 16:38:30 2021] GET /placement/allocation_candidates?limit=1000&resources=DISK_GB%3A1%2CMEMORY_MB%3A1024%2CVCPU%3A1&root_required=%21COMPUTE_STATUS_DISABLED => generated 1309 bytes in 68 msecs (HTTP/1.1 200) 8 headers in 297 bytes (1 switches on core 0)
Sep 03 16:38:30.570749 n-d-807359-1 devstack@placement-api.service[95134]: DEBUG placement.requestlog [req-d2e75535-792c-44b0-bfe1-c8d83ad93250 req-176afdd8-7a76-4bb7-a09c-275eea18d47f None None] Starting request: 10.222.0.21 "GET /placement/allocations/be084ef5-6865-49d8-b26b-a161d7cb93e3" {{(pid=95134) __call__ /opt/stack/placement/placement/requestlog.py:55}}
Sep 03 16:38:30.582730 n-d-807359-1 devstack@placement-api.service[95134]: INFO placement.requestlog [req-d2e75535-792c-44b0-bfe1-c8d83ad93250 req-176afdd8-7a76-4bb7-a09c-275eea18d47f service placement] 10.222.0.21 "GET /placement/allocations/be084ef5-6865-49d8-b26b-a161d7cb93e3" status: 200 len: 19 microversion: 1.28
Sep 03 16:38:30.583283 n-d-807359-1 devstack@placement-api.service[95134]: [pid: 95134|app: 0|req: 299/594] 10.222.0.21 () {60 vars in 1381 bytes} [Fri Sep 3 16:38:30 2021] GET /placement/allocations/be084ef5-6865-49d8-b26b-a161d7cb93e3 => generated 19 bytes in 13 msecs (HTTP/1.1 200) 8 headers in 295 bytes (1 switches on core 0)
Sep 03 16:38:30.589937 n-d-807359-1 devstack@placement-api.service[95135]: DEBUG placement.requestlog [req-d2e75535-792c-44b0-bfe1-c8d83ad93250 req-1308572e-b7c3-4f53-a7ae-bd8a2068750e None None] Starting request: 10.222.0.21 "PUT /placement/allocations/be084ef5-6865-49d8-b26b-a161d7cb93e3" {{(pid=95135) __call__ /opt/stack/placement/placement/requestlog.py:55}}
Sep 03 16:38:30.643647 n-d-807359-1 devstack@placement-api.service[95135]: DEBUG placement.handlers.allocation [req-d2e75535-792c-44b0-bfe1-c8d83ad93250 req-1308572e-b7c3-4f53-a7ae-bd8a2068750e service placement] Successfully wrote allocations [, , ] {{(pid=95135) _create_allocations /opt/stack/placement/placement/handlers/allocation.py:461}}
Sep 03 16:38:30.649060 n-d-807359-1 devstack@placement-api.service[95135]: INFO placement.requestlog [req-d2e75535-792c-44b0-bfe1-c8d83ad93250 req-1308572e-b7c3-4f53-a7ae-bd8a2068750e service placement] 10.222.0.21 "PUT /placement/allocations/be084ef5-6865-49d8-b26b-a161d7cb93e3" status: 204 len: 0 microversion: 1.36
Sep 03 16:38:30.649897 n-d-807359-1 devstack@placement-api.service[95135]: [pid: 95135|app: 0|req: 296/595] 10.222.0.21 () {64 vars in 1434 bytes} [Fri Sep 3 16:38:30 2021] PUT /placement/allocations/be084ef5-6865-49d8-b26b-a161d7cb93e3 => generated 0 bytes in 60 msecs (HTTP/1.1 204) 5 headers in 199 bytes (2 switches on core 0)
Sep 03 16:38:31.046428 n-d-807359-1 devstack@placement-api.service[95134]: DEBUG placement.requestlog [req-d2e75535-792c-44b0-bfe1-c8d83ad93250 req-6e1d8ecd-aba8-452e-aee5-268468ec53a4 None None] Starting request: 10.222.0.59 "GET /placement/allocations/be084ef5-6865-49d8-b26b-a161d7cb93e3" {{(pid=95134) __call__ /opt/stack/placement/placement/requestlog.py:55}}
Sep 03 16:38:31.074577 n-d-807359-1 devstack@placement-api.service[95134]: INFO placement.requestlog [req-d2e75535-792c-44b0-bfe1-c8d83ad93250 req-6e1d8ecd-aba8-452e-aee5-268468ec53a4 service placement] 10.222.0.59 "GET /placement/allocations/be084ef5-6865-49d8-b26b-a161d7cb93e3" status: 200 len: 259 microversion: 1.28
Sep 03 16:38:31.074970 n-d-807359-1 devstack@placement-api.service[95134]: [pid: 95134|app: 0|req: 300/596] 10.222.0.59 () {60 vars in 1378 bytes} [Fri Sep 3 16:38:31 2021] GET /placement/allocations/be084ef5-6865-49d8-b26b-a161d7cb93e3 => generated 259 bytes in 29 msecs (HTTP/1.1 200) 8 headers in 296 bytes (1 switches on core 0)
Sep 03 16:38:31.762201 n-d-807359-1 devstack@placement-api.service[95135]: DEBUG placement.requestlog [req-a9351339-1cc9-47b9-a245-1dbf54254883 req-fd25dba0-5330-4bd9-b06c-7c905db86a7c None None] Starting request: 10.222.0.47 "DELETE /placement/allocations/75ad053b-4793-4ee8-8a18-8044675279cf" {{(pid=95135) __call__ /opt/stack/placement/placement/requestlog.py:55}}
Sep 03 16:38:31.797266 n-d-807359-1 devstack@placement-api.service[95135]: DEBUG placement.handlers.allocation [req-a9351339-1cc9-47b9-a245-1dbf54254883 req-fd25dba0-5330-4bd9-b06c-7c905db86a7c service placement] Successfully deleted allocations [, , ] {{(pid=95135) delete_allocations /opt/stack/placement/placement/handlers/allocation.py:603}}
Sep 03 16:38:31.797764 n-d-807359-1 devstack@placement-api.service[95135]: INFO placement.requestlog [req-a9351339-1cc9-47b9-a245-1dbf54254883 req-fd25dba0-5330-4bd9-b06c-7c905db86a7c service placement] 10.222.0.47 "DELETE /placement/allocations/75ad053b-4793-4ee8-8a18-8044675279cf" status: 204 len: 0 microversion: 1.0
Sep 03 16:38:31.797995 n-d-807359-1 devstack@placement-api.service[95135]: [pid: 95135|app: 0|req: 297/597] 10.222.0.47 () {60 vars in 1356 bytes} [Fri Sep 3 16:38:31 2021] DELETE /placement/allocations/75ad053b-4793-4ee8-8a18-8044675279cf => generated 0 bytes in 36 msecs (HTTP/1.1 204) 5 headers in 198 bytes (2 switches on core 0)
Sep 03 16:38:35.715881 n-d-807359-1 devstack@placement-api.service[95134]: DEBUG placement.requestlog [req-72d676d8-24e2-4b97-ab77-b47a0542c0ee req-86d9435d-693c-45a8-a6b6-3254e691a604 None None] Starting request: 10.222.0.59 "DELETE /placement/allocations/47fd7a69-50a1-4337-86ff-4ac4c09c4144" {{(pid=95134) __call__ /opt/stack/placement/placement/requestlog.py:55}}
Sep 03 16:38:35.732972 n-d-807359-1 devstack@placement-api.service[95135]: DEBUG placement.requestlog [req-0cdb452d-8012-481e-9a99-12c85d0651e2 req-fccba0b6-1414-4ec7-9803-514127d4932f None None] Starting request: 10.222.0.47 "DELETE /placement/allocations/dc582adf-cdba-4b3c-b17e-7a92c5df4bab" {{(pid=95135) __call__ /opt/stack/placement/placement/requestlog.py:55}}
Sep 03 16:38:35.756225 n-d-807359-1 devstack@placement-api.service[95134]: DEBUG placement.handlers.allocation [req-72d676d8-24e2-4b97-ab77-b47a0542c0ee req-86d9435d-693c-45a8-a6b6-3254e691a604 service placement] Successfully deleted allocations [, , ] {{(pid=95134) delete_allocations /opt/stack/placement/placement/handlers/allocation.py:603}}
Sep 03 16:38:35.757271 n-d-807359-1 devstack@placement-api.service[95134]: INFO placement.requestlog [req-72d676d8-24e2-4b97-ab77-b47a0542c0ee req-86d9435d-693c-45a8-a6b6-3254e691a604 service placement] 10.222.0.59 "DELETE /placement/allocations/47fd7a69-50a1-4337-86ff-4ac4c09c4144" status: 204 len: 0 microversion: 1.0
Sep 03 16:38:35.758504 n-d-807359-1 devstack@placement-api.service[95134]: [pid: 95134|app: 0|req: 301/598] 10.222.0.59 () {60 vars in 1356 bytes} [Fri Sep 3 16:38:35 2021] DELETE /placement/allocations/47fd7a69-50a1-4337-86ff-4ac4c09c4144 => generated 0 bytes in 43 msecs (HTTP/1.1 204) 5 headers in 198 bytes (1 switches on core 0)
Sep 03 16:38:35.780762 n-d-807359-1 devstack@placement-api.service[95135]: DEBUG placement.handlers.allocation [req-0cdb452d-8012-481e-9a99-12c85d0651e2 req-fccba0b6-1414-4ec7-9803-514127d4932f service placement] Successfully deleted allocations [, , ] {{(pid=95135) delete_allocations /opt/stack/placement/placement/handlers/allocation.py:603}}
Sep 03 16:38:35.781607 n-d-807359-1 devstack@placement-api.service[95135]: INFO placement.requestlog [req-0cdb452d-8012-481e-9a99-12c85d0651e2 req-fccba0b6-1414-4ec7-9803-514127d4932f service placement] 10.222.0.47 "DELETE /placement/allocations/dc582adf-cdba-4b3c-b17e-7a92c5df4bab" status: 204 len: 0 microversion: 1.0
Sep 03 16:38:35.782026 n-d-807359-1 devstack@placement-api.service[95135]: [pid: 95135|app: 0|req: 298/599] 10.222.0.47 () {60 vars in 1356 bytes} [Fri Sep 3 16:38:35 2021] DELETE /placement/allocations/dc582adf-cdba-4b3c-b17e-7a92c5df4bab => generated 0 bytes in 50 msecs (HTTP/1.1 204) 5 headers in 198 bytes (1 switches on core 0)
Sep 03 16:38:35.869406 n-d-807359-1 devstack@placement-api.service[95134]: DEBUG placement.requestlog [req-9d3366b1-ca70-481f-af92-cf67f9483a7a req-fadef3e8-2366-41af-b677-f041b2967b35 None None] Starting request: 10.222.0.47 "GET /placement/resource_providers/3bc1963b-bc49-48f5-8172-0efb7697fd9f/allocations" {{(pid=95134) __call__ /opt/stack/placement/placement/requestlog.py:55}}
Sep 03 16:38:35.912620 n-d-807359-1 devstack@placement-api.service[95134]: INFO placement.requestlog [req-9d3366b1-ca70-481f-af92-cf67f9483a7a req-fadef3e8-2366-41af-b677-f041b2967b35 service placement] 10.222.0.47 "GET /placement/resource_providers/3bc1963b-bc49-48f5-8172-0efb7697fd9f/allocations" status: 200 len: 631 microversion: 1.0
Sep 03 16:38:35.913493 n-d-807359-1 devstack@placement-api.service[95134]: [pid: 95134|app: 0|req: 302/600] 10.222.0.47 () {58 vars in 1391 bytes} [Fri Sep 3 16:38:35 2021] GET /placement/resource_providers/3bc1963b-bc49-48f5-8172-0efb7697fd9f/allocations => generated 631 bytes in 44 msecs (HTTP/1.1 200) 6 headers in 224 bytes (2 switches on core 0)
Sep 03 16:38:36.987902 n-d-807359-1 devstack@placement-api.service[95135]: DEBUG placement.requestlog [req-93e0c938-8b92-472c-9bbb-ef1b732a00ff req-d64bf958-77b9-4f66-bd9d-88fc4379caac None None] Starting request: 10.222.0.59 "DELETE /placement/allocations/389730eb-9f5e-4c03-afc0-2f53866668e6" {{(pid=95135) __call__ /opt/stack/placement/placement/requestlog.py:55}}
Sep 03 16:38:37.031630 n-d-807359-1 devstack@placement-api.service[95135]: DEBUG placement.handlers.allocation [req-93e0c938-8b92-472c-9bbb-ef1b732a00ff req-d64bf958-77b9-4f66-bd9d-88fc4379caac service placement] Successfully deleted allocations [, , ] {{(pid=95135) delete_allocations /opt/stack/placement/placement/handlers/allocation.py:603}}
Sep 03 16:38:37.032580 n-d-807359-1 devstack@placement-api.service[95135]: INFO placement.requestlog [req-93e0c938-8b92-472c-9bbb-ef1b732a00ff req-d64bf958-77b9-4f66-bd9d-88fc4379caac service placement] 10.222.0.59 "DELETE /placement/allocations/389730eb-9f5e-4c03-afc0-2f53866668e6" status: 204 len: 0 microversion: 1.0
Sep 03 16:38:37.033031 n-d-807359-1 devstack@placement-api.service[95135]: [pid: 95135|app: 0|req: 299/601] 10.222.0.59 () {60 vars in 1356 bytes} [Fri Sep 3 16:38:36 2021] DELETE /placement/allocations/389730eb-9f5e-4c03-afc0-2f53866668e6 => generated 0 bytes in 45 msecs (HTTP/1.1 204) 5 headers in 198 bytes (1 switches on core 0)
Sep 03 16:38:37.998928 n-d-807359-1 devstack@placement-api.service[95134]: DEBUG placement.requestlog [req-0618092e-6441-4238-843e-c78f3e59294d req-336478b3-2051-468d-8bd7-a423fd59fc57 None None] Starting request: 10.222.0.59 "GET /placement/resource_providers/51158f17-eb9e-4627-ab56-8b17a96b7a06/allocations" {{(pid=95134) __call__ /opt/stack/placement/placement/requestlog.py:55}}
Sep 03 16:38:38.020051 n-d-807359-1 devstack@placement-api.service[95134]: INFO placement.requestlog [req-0618092e-6441-4238-843e-c78f3e59294d req-336478b3-2051-468d-8bd7-a423fd59fc57 service placement] 10.222.0.59 "GET /placement/resource_providers/51158f17-eb9e-4627-ab56-8b17a96b7a06/allocations" status: 200 len: 457 microversion: 1.0
Sep 03 16:38:38.020545 n-d-807359-1 devstack@placement-api.service[95134]: [pid: 95134|app: 0|req: 303/602] 10.222.0.59 () {58 vars in 1391 bytes} [Fri Sep 3 16:38:37 2021] GET /placement/resource_providers/51158f17-eb9e-4627-ab56-8b17a96b7a06/allocations => generated 457 bytes in 22 msecs (HTTP/1.1 200) 6 headers in 224 bytes (1 switches on core 0)
Sep 03 16:38:40.477286 n-d-807359-1 devstack@placement-api.service[95135]: DEBUG placement.requestlog [req-00d409d0-4a10-4b7e-babc-d75859f4002d req-60aecc22-5292-420f-8c53-a33bb60fb173 None None] Starting request: 10.222.0.47 "DELETE /placement/allocations/7882c86c-436c-45eb-b5c7-a90275bd810d" {{(pid=95135) __call__ /opt/stack/placement/placement/requestlog.py:55}}
Sep 03 16:38:40.545757 n-d-807359-1 devstack@placement-api.service[95135]: DEBUG placement.handlers.allocation [req-00d409d0-4a10-4b7e-babc-d75859f4002d req-60aecc22-5292-420f-8c53-a33bb60fb173 service placement] Successfully deleted allocations [, , ] {{(pid=95135) delete_allocations /opt/stack/placement/placement/handlers/allocation.py:603}}
Sep 03 16:38:40.547514 n-d-807359-1 devstack@placement-api.service[95135]: INFO placement.requestlog [req-00d409d0-4a10-4b7e-babc-d75859f4002d req-60aecc22-5292-420f-8c53-a33bb60fb173 service placement] 10.222.0.47 "DELETE /placement/allocations/7882c86c-436c-45eb-b5c7-a90275bd810d" status: 204 len: 0 microversion: 1.0
Sep 03 16:38:40.549170 n-d-807359-1 devstack@placement-api.service[95135]: [pid: 95135|app: 0|req: 300/603] 10.222.0.47 () {60 vars in 1356 bytes} [Fri Sep 3 16:38:40 2021] DELETE /placement/allocations/7882c86c-436c-45eb-b5c7-a90275bd810d => generated 0 bytes in 72 msecs (HTTP/1.1 204) 5 headers in 198 bytes (1 switches on core 0)
Sep 03 16:38:41.622450 n-d-807359-1 devstack@placement-api.service[95134]: DEBUG placement.requestlog [req-61c5ce2b-6829-4215-adcc-f8e452bd5c00 req-669e3273-4087-46cc-b191-2c637cfc5405 None None] Starting request: 10.222.0.59 "DELETE /placement/allocations/18ff71de-c786-467b-930c-f147aede5a24" {{(pid=95134) __call__ /opt/stack/placement/placement/requestlog.py:55}}
Sep 03 16:38:41.654181 n-d-807359-1 devstack@placement-api.service[95134]: DEBUG placement.handlers.allocation [req-61c5ce2b-6829-4215-adcc-f8e452bd5c00 req-669e3273-4087-46cc-b191-2c637cfc5405 service placement] Successfully deleted allocations [, , ] {{(pid=95134) delete_allocations /opt/stack/placement/placement/handlers/allocation.py:603}}
Sep 03 16:38:41.655102 n-d-807359-1 devstack@placement-api.service[95134]: INFO placement.requestlog [req-61c5ce2b-6829-4215-adcc-f8e452bd5c00 req-669e3273-4087-46cc-b191-2c637cfc5405 service placement] 10.222.0.59 "DELETE /placement/allocations/18ff71de-c786-467b-930c-f147aede5a24" status: 204 len: 0 microversion: 1.0
Sep 03 16:38:41.655375 n-d-807359-1 devstack@placement-api.service[95134]: [pid: 95134|app: 0|req: 304/604] 10.222.0.59 () {60 vars in 1356 bytes} [Fri Sep 3 16:38:41 2021] DELETE /placement/allocations/18ff71de-c786-467b-930c-f147aede5a24 => generated 0 bytes in 34 msecs (HTTP/1.1 204) 5 headers in 198 bytes (2 switches on core 0)
Sep 03 16:38:43.659091 n-d-807359-1 devstack@placement-api.service[95135]: DEBUG placement.requestlog [req-0773a180-2a02-451a-b2fd-9d7f393aa603 req-c32fbb56-517e-4da9-9bf6-b081489779f6 None None] Starting request: 10.222.0.21 "GET /placement/allocation_candidates?resources=DISK_GB%3A1%2CMEMORY_MB%3A1024%2CVCPU%3A1&root_required=%21COMPUTE_STATUS_DISABLED" {{(pid=95135) __call__ /opt/stack/placement/placement/requestlog.py:55}}
Sep 03 16:38:43.692232 n-d-807359-1 devstack@placement-api.service[95135]: DEBUG placement.objects.research_context [req-0773a180-2a02-451a-b2fd-9d7f393aa603 req-c32fbb56-517e-4da9-9bf6-b081489779f6 service placement] getting providers with 1 DISK_GB {{(pid=95135) __init__ /opt/stack/placement/placement/objects/research_context.py:126}}
Sep 03 16:38:43.697805 n-d-807359-1 devstack@placement-api.service[95135]: DEBUG placement.objects.research_context [req-0773a180-2a02-451a-b2fd-9d7f393aa603 req-c32fbb56-517e-4da9-9bf6-b081489779f6 service placement] getting providers with 1024 MEMORY_MB {{(pid=95135) __init__ /opt/stack/placement/placement/objects/research_context.py:126}}
Sep 03 16:38:43.704265 n-d-807359-1 devstack@placement-api.service[95135]: DEBUG placement.objects.research_context [req-0773a180-2a02-451a-b2fd-9d7f393aa603 req-c32fbb56-517e-4da9-9bf6-b081489779f6 service placement] getting providers with 1 VCPU {{(pid=95135) __init__ /opt/stack/placement/placement/objects/research_context.py:126}}
Sep 03 16:38:43.710759 n-d-807359-1 devstack@placement-api.service[95135]: DEBUG placement.objects.research_context [req-0773a180-2a02-451a-b2fd-9d7f393aa603 req-c32fbb56-517e-4da9-9bf6-b081489779f6 service placement] found 2 providers with available 1 DISK_GB {{(pid=95135) get_provider_ids_matching /opt/stack/placement/placement/objects/research_context.py:549}}
Sep 03 16:38:43.711218 n-d-807359-1 devstack@placement-api.service[95135]: DEBUG placement.objects.research_context [req-0773a180-2a02-451a-b2fd-9d7f393aa603 req-c32fbb56-517e-4da9-9bf6-b081489779f6 service placement] found 2 providers with available 1024 MEMORY_MB {{(pid=95135) get_provider_ids_matching /opt/stack/placement/placement/objects/research_context.py:549}}
Sep 03 16:38:43.712048 n-d-807359-1 devstack@placement-api.service[95135]: DEBUG placement.objects.research_context [req-0773a180-2a02-451a-b2fd-9d7f393aa603 req-c32fbb56-517e-4da9-9bf6-b081489779f6 service placement] found 2 providers after filtering by previous result {{(pid=95135) get_provider_ids_matching /opt/stack/placement/placement/objects/research_context.py:580}}
Sep 03 16:38:43.712249 n-d-807359-1 devstack@placement-api.service[95135]: DEBUG placement.objects.research_context [req-0773a180-2a02-451a-b2fd-9d7f393aa603 req-c32fbb56-517e-4da9-9bf6-b081489779f6 service placement] found 2 providers with available 1 VCPU {{(pid=95135) get_provider_ids_matching /opt/stack/placement/placement/objects/research_context.py:549}}
Sep 03 16:38:43.712488 n-d-807359-1 devstack@placement-api.service[95135]: DEBUG placement.objects.research_context [req-0773a180-2a02-451a-b2fd-9d7f393aa603 req-c32fbb56-517e-4da9-9bf6-b081489779f6 service placement] found 2 providers after filtering by previous result {{(pid=95135) get_provider_ids_matching /opt/stack/placement/placement/objects/research_context.py:580}}
Sep 03 16:38:43.725986 n-d-807359-1 devstack@placement-api.service[95135]: DEBUG placement.objects.allocation_candidate [req-0773a180-2a02-451a-b2fd-9d7f393aa603 req-c32fbb56-517e-4da9-9bf6-b081489779f6 service placement] RequestGroup(use_same_provider=False, resources={DISK_GB:1, MEMORY_MB:1024, VCPU:1}, traits=[], aggregates=[]) (suffix '') returned 2 matches {{(pid=95135) _get_by_requests /opt/stack/placement/placement/objects/allocation_candidate.py:145}}
Sep 03 16:38:43.726990 n-d-807359-1 devstack@placement-api.service[95135]: DEBUG placement.objects.allocation_candidate [req-0773a180-2a02-451a-b2fd-9d7f393aa603 req-c32fbb56-517e-4da9-9bf6-b081489779f6 service placement] Merging candidates yields 2 allocation requests and 2 provider summaries {{(pid=95135) _merge_candidates /opt/stack/placement/placement/objects/allocation_candidate.py:783}}
Sep 03 16:38:43.731123 n-d-807359-1 devstack@placement-api.service[95135]: INFO placement.requestlog [req-0773a180-2a02-451a-b2fd-9d7f393aa603 req-c32fbb56-517e-4da9-9bf6-b081489779f6 service placement] 10.222.0.21 "GET /placement/allocation_candidates?resources=DISK_GB%3A1%2CMEMORY_MB%3A1024%2CVCPU%3A1&root_required=%21COMPUTE_STATUS_DISABLED" status: 200 len: 1309 microversion: 1.36
Sep 03 16:38:43.731679 n-d-807359-1 devstack@placement-api.service[95135]: [pid: 95135|app: 0|req: 301/605] 10.222.0.21 () {60 vars in 1485 bytes} [Fri Sep 3 16:38:43 2021] GET /placement/allocation_candidates?resources=DISK_GB%3A1%2CMEMORY_MB%3A1024%2CVCPU%3A1&root_required=%21COMPUTE_STATUS_DISABLED => generated 1309 bytes in 74 msecs (HTTP/1.1 200) 8 headers in 297 bytes (1 switches on core 0)
Sep 03 16:38:43.797638 n-d-807359-1 devstack@placement-api.service[95134]: DEBUG placement.requestlog [req-0773a180-2a02-451a-b2fd-9d7f393aa603 req-a6974e1f-dad7-40f6-b55d-bd47c751e504 None None] Starting request: 10.222.0.21 "GET /placement/allocations/20800685-4825-40bf-9652-27958a6c4b9b" {{(pid=95134) __call__ /opt/stack/placement/placement/requestlog.py:55}}
Sep 03 16:38:43.812139 n-d-807359-1 devstack@placement-api.service[95134]: INFO placement.requestlog [req-0773a180-2a02-451a-b2fd-9d7f393aa603 req-a6974e1f-dad7-40f6-b55d-bd47c751e504 service placement] 10.222.0.21 "GET /placement/allocations/20800685-4825-40bf-9652-27958a6c4b9b" status: 200 len: 19 microversion: 1.28
Sep 03 16:38:43.817495 n-d-807359-1 devstack@placement-api.service[95134]: [pid: 95134|app: 0|req: 305/606] 10.222.0.21 () {60 vars in 1381 bytes} [Fri Sep 3 16:38:43 2021] GET /placement/allocations/20800685-4825-40bf-9652-27958a6c4b9b => generated 19 bytes in 20 msecs (HTTP/1.1 200) 8 headers in 295 bytes (1 switches on core 0)
Sep 03 16:38:43.837390 n-d-807359-1 devstack@placement-api.service[95135]: DEBUG placement.requestlog [req-0773a180-2a02-451a-b2fd-9d7f393aa603 req-8e12c6e0-cd60-435c-b287-44c963009265 None None] Starting request: 10.222.0.21 "PUT /placement/allocations/20800685-4825-40bf-9652-27958a6c4b9b" {{(pid=95135) __call__ /opt/stack/placement/placement/requestlog.py:55}}
Sep 03 16:38:43.888341 n-d-807359-1 devstack@placement-api.service[95135]: DEBUG placement.handlers.allocation [req-0773a180-2a02-451a-b2fd-9d7f393aa603 req-8e12c6e0-cd60-435c-b287-44c963009265 service placement] Successfully wrote allocations [, , ] {{(pid=95135) _create_allocations /opt/stack/placement/placement/handlers/allocation.py:461}}
Sep 03 16:38:43.894405 n-d-807359-1 devstack@placement-api.service[95135]: INFO placement.requestlog [req-0773a180-2a02-451a-b2fd-9d7f393aa603 req-8e12c6e0-cd60-435c-b287-44c963009265 service placement] 10.222.0.21 "PUT /placement/allocations/20800685-4825-40bf-9652-27958a6c4b9b" status: 204 len: 0 microversion: 1.36
Sep 03 16:38:43.895322 n-d-807359-1 devstack@placement-api.service[95135]: [pid: 95135|app: 0|req: 302/607] 10.222.0.21 () {64 vars in 1434 bytes} [Fri Sep 3 16:38:43 2021] PUT /placement/allocations/20800685-4825-40bf-9652-27958a6c4b9b => generated 0 bytes in 58 msecs (HTTP/1.1 204) 5 headers in 199 bytes (2 switches on core 0)
Sep 03 16:38:44.212029 n-d-807359-1 devstack@placement-api.service[95134]: DEBUG placement.requestlog [req-0773a180-2a02-451a-b2fd-9d7f393aa603 req-daf19860-8ff4-4cb8-88ca-f81135fed209 None None] Starting request: 10.222.0.47 "GET /placement/allocations/20800685-4825-40bf-9652-27958a6c4b9b" {{(pid=95134) __call__ /opt/stack/placement/placement/requestlog.py:55}}
Sep 03 16:38:44.233659 n-d-807359-1 devstack@placement-api.service[95134]: INFO placement.requestlog [req-0773a180-2a02-451a-b2fd-9d7f393aa603 req-daf19860-8ff4-4cb8-88ca-f81135fed209 service placement] 10.222.0.47 "GET /placement/allocations/20800685-4825-40bf-9652-27958a6c4b9b" status: 200 len: 259 microversion: 1.28
Sep 03 16:38:44.233979 n-d-807359-1 devstack@placement-api.service[95134]: [pid: 95134|app: 0|req: 306/608] 10.222.0.47 () {60 vars in 1378 bytes} [Fri Sep 3 16:38:44 2021] GET /placement/allocations/20800685-4825-40bf-9652-27958a6c4b9b => generated 259 bytes in 23 msecs (HTTP/1.1 200) 8 headers in 296 bytes (2 switches on core 0)
Sep 03 16:38:46.349805 n-d-807359-1 devstack@placement-api.service[95135]: DEBUG placement.requestlog [req-af4cc824-05eb-408c-9243-572326cd9149 req-5533ab3e-47b0-484b-9de7-734b98b44f37 None None] Starting request: 10.222.0.21 "GET /placement/allocation_candidates?limit=1000&resources=DISK_GB%3A1%2CMEMORY_MB%3A1024%2CVCPU%3A1&root_required=%21COMPUTE_STATUS_DISABLED" {{(pid=95135) __call__ /opt/stack/placement/placement/requestlog.py:55}}
Sep 03 16:38:46.391782 n-d-807359-1 devstack@placement-api.service[95135]: DEBUG placement.objects.research_context [req-af4cc824-05eb-408c-9243-572326cd9149 req-5533ab3e-47b0-484b-9de7-734b98b44f37 service placement] getting providers with 1 DISK_GB {{(pid=95135) __init__ /opt/stack/placement/placement/objects/research_context.py:126}}
Sep 03 16:38:46.398516 n-d-807359-1 devstack@placement-api.service[95135]: DEBUG placement.objects.research_context [req-af4cc824-05eb-408c-9243-572326cd9149 req-5533ab3e-47b0-484b-9de7-734b98b44f37 service placement] getting providers with 1024 MEMORY_MB {{(pid=95135) __init__ /opt/stack/placement/placement/objects/research_context.py:126}}
Sep 03 16:38:46.404814 n-d-807359-1 devstack@placement-api.service[95135]: DEBUG placement.objects.research_context [req-af4cc824-05eb-408c-9243-572326cd9149 req-5533ab3e-47b0-484b-9de7-734b98b44f37 service placement] getting providers with 1 VCPU {{(pid=95135) __init__ /opt/stack/placement/placement/objects/research_context.py:126}}
Sep 03 16:38:46.412368 n-d-807359-1 devstack@placement-api.service[95135]: DEBUG placement.objects.research_context [req-af4cc824-05eb-408c-9243-572326cd9149 req-5533ab3e-47b0-484b-9de7-734b98b44f37 service placement] found 2 providers with available 1 DISK_GB {{(pid=95135) get_provider_ids_matching /opt/stack/placement/placement/objects/research_context.py:549}}
Sep 03 16:38:46.412921 n-d-807359-1 devstack@placement-api.service[95135]: DEBUG placement.objects.research_context [req-af4cc824-05eb-408c-9243-572326cd9149 req-5533ab3e-47b0-484b-9de7-734b98b44f37 service placement] found 2 providers with available 1024 MEMORY_MB {{(pid=95135) get_provider_ids_matching /opt/stack/placement/placement/objects/research_context.py:549}}
Sep 03 16:38:46.413406 n-d-807359-1 devstack@placement-api.service[95135]: DEBUG placement.objects.research_context [req-af4cc824-05eb-408c-9243-572326cd9149 req-5533ab3e-47b0-484b-9de7-734b98b44f37 service placement] found 2 providers after filtering by previous result {{(pid=95135) get_provider_ids_matching /opt/stack/placement/placement/objects/research_context.py:580}}
Sep 03 16:38:46.416280 n-d-807359-1 devstack@placement-api.service[95135]: DEBUG placement.objects.research_context [req-af4cc824-05eb-408c-9243-572326cd9149 req-5533ab3e-47b0-484b-9de7-734b98b44f37 service placement] found 2 providers with available 1 VCPU {{(pid=95135) get_provider_ids_matching /opt/stack/placement/placement/objects/research_context.py:549}}
Sep 03 16:38:46.416813 n-d-807359-1 devstack@placement-api.service[95135]: DEBUG placement.objects.research_context [req-af4cc824-05eb-408c-9243-572326cd9149 req-5533ab3e-47b0-484b-9de7-734b98b44f37 service placement] found 2 providers after filtering by previous result {{(pid=95135) get_provider_ids_matching /opt/stack/placement/placement/objects/research_context.py:580}}
Sep 03 16:38:46.429629 n-d-807359-1 devstack@placement-api.service[95135]: DEBUG placement.objects.allocation_candidate [req-af4cc824-05eb-408c-9243-572326cd9149 req-5533ab3e-47b0-484b-9de7-734b98b44f37 service placement] RequestGroup(use_same_provider=False, resources={DISK_GB:1, MEMORY_MB:1024, VCPU:1}, traits=[], aggregates=[]) (suffix '') returned 2 matches {{(pid=95135) _get_by_requests /opt/stack/placement/placement/objects/allocation_candidate.py:145}}
Sep 03 16:38:46.430635 n-d-807359-1 devstack@placement-api.service[95135]: DEBUG placement.objects.allocation_candidate [req-af4cc824-05eb-408c-9243-572326cd9149 req-5533ab3e-47b0-484b-9de7-734b98b44f37 service placement] Merging candidates yields 2 allocation requests and 2 provider summaries {{(pid=95135) _merge_candidates /opt/stack/placement/placement/objects/allocation_candidate.py:783}}
Sep 03 16:38:46.447212 n-d-807359-1 devstack@placement-api.service[95135]: INFO placement.requestlog [req-af4cc824-05eb-408c-9243-572326cd9149 req-5533ab3e-47b0-484b-9de7-734b98b44f37 service placement] 10.222.0.21 "GET /placement/allocation_candidates?limit=1000&resources=DISK_GB%3A1%2CMEMORY_MB%3A1024%2CVCPU%3A1&root_required=%21COMPUTE_STATUS_DISABLED" status: 200 len: 1309 microversion: 1.36
Sep 03 16:38:46.453150 n-d-807359-1 devstack@placement-api.service[95135]: [pid: 95135|app: 0|req: 303/609] 10.222.0.21 () {60 vars in 1507 bytes} [Fri Sep 3 16:38:46 2021] GET /placement/allocation_candidates?limit=1000&resources=DISK_GB%3A1%2CMEMORY_MB%3A1024%2CVCPU%3A1&root_required=%21COMPUTE_STATUS_DISABLED => generated 1309 bytes in 103 msecs (HTTP/1.1 200) 8 headers in 297 bytes (1 switches on core 0)
Sep 03 16:38:46.521932 n-d-807359-1 devstack@placement-api.service[95134]: DEBUG placement.requestlog [req-af4cc824-05eb-408c-9243-572326cd9149 req-c3b2e42c-87dc-4cae-b2e8-789b7d3d78e3 None None] Starting request: 10.222.0.21 "GET /placement/allocations/492c3db4-866d-4b51-ba95-a9936101479f" {{(pid=95134) __call__ /opt/stack/placement/placement/requestlog.py:55}}
Sep 03 16:38:46.534648 n-d-807359-1 devstack@placement-api.service[95134]: INFO placement.requestlog [req-af4cc824-05eb-408c-9243-572326cd9149 req-c3b2e42c-87dc-4cae-b2e8-789b7d3d78e3 service placement] 10.222.0.21 "GET /placement/allocations/492c3db4-866d-4b51-ba95-a9936101479f" status: 200 len: 19 microversion: 1.28
Sep 03 16:38:46.540831 n-d-807359-1 devstack@placement-api.service[95134]: [pid: 95134|app: 0|req: 307/610] 10.222.0.21 () {60 vars in 1381 bytes} [Fri Sep 3 16:38:46 2021] GET /placement/allocations/492c3db4-866d-4b51-ba95-a9936101479f => generated 19 bytes in 19 msecs (HTTP/1.1 200) 8 headers in 295 bytes (1 switches on core 0)
Sep 03 16:38:46.543511 n-d-807359-1 devstack@placement-api.service[95135]: DEBUG placement.requestlog [req-af4cc824-05eb-408c-9243-572326cd9149 req-e007881b-b200-4884-beac-6058ddcebf01 None None] Starting request: 10.222.0.21 "PUT /placement/allocations/492c3db4-866d-4b51-ba95-a9936101479f" {{(pid=95135) __call__ /opt/stack/placement/placement/requestlog.py:55}}
Sep 03 16:38:46.605790 n-d-807359-1 devstack@placement-api.service[95135]: DEBUG placement.handlers.allocation [req-af4cc824-05eb-408c-9243-572326cd9149 req-e007881b-b200-4884-beac-6058ddcebf01 service placement] Successfully wrote allocations [, , ] {{(pid=95135) _create_allocations /opt/stack/placement/placement/handlers/allocation.py:461}}
Sep 03 16:38:46.610028 n-d-807359-1 devstack@placement-api.service[95135]: INFO placement.requestlog [req-af4cc824-05eb-408c-9243-572326cd9149 req-e007881b-b200-4884-beac-6058ddcebf01 service placement] 10.222.0.21 "PUT /placement/allocations/492c3db4-866d-4b51-ba95-a9936101479f" status: 204 len: 0 microversion: 1.36
Sep 03 16:38:46.610547 n-d-807359-1 devstack@placement-api.service[95135]: [pid: 95135|app: 0|req: 304/611] 10.222.0.21 () {64 vars in 1434 bytes} [Fri Sep 3 16:38:46 2021] PUT /placement/allocations/492c3db4-866d-4b51-ba95-a9936101479f => generated 0 bytes in 67 msecs (HTTP/1.1 204) 5 headers in 199 bytes (1 switches on core 0)
