Sep 03 16:33:21.003926 n-d-807358-1 devstack@n-api.service[116889]: DEBUG oslo_concurrency.lockutils [req-78ad29e1-f873-4dda-bf3d-6c862cdaf304 req-ea8c5f9b-a464-430b-8b80-f22cb60545de service nova] Lock "da90a04d-8c30-4a85-be40-e1facc29019e" acquired by "nova.context.set_target_cell..get_or_set_cached_cell_and_set_connections" :: waited 0.000s {{(pid=116889) inner /usr/local/lib/python3.8/dist-packages/oslo_concurrency/lockutils.py:355}}
Sep 03 16:33:21.006364 n-d-807358-1 devstack@n-api.service[116889]: DEBUG oslo_concurrency.lockutils [req-78ad29e1-f873-4dda-bf3d-6c862cdaf304 req-ea8c5f9b-a464-430b-8b80-f22cb60545de service nova] Lock "da90a04d-8c30-4a85-be40-e1facc29019e" released by "nova.context.set_target_cell..get_or_set_cached_cell_and_set_connections" :: held 0.002s {{(pid=116889) inner /usr/local/lib/python3.8/dist-packages/oslo_concurrency/lockutils.py:367}}
Sep 03 16:33:21.014993 n-d-807358-1 devstack@n-api.service[116888]: INFO nova.api.openstack.requestlog [None req-9da3762a-5d44-4601-a397-73679d0f19cc tempest-ServerDiagnosticsNegativeTest-632859473 tempest-ServerDiagnosticsNegativeTest-632859473-project] 10.222.0.22 "GET /compute/v2.1/servers/75a04583-2fda-4f39-a01f-2f6b97cc9c9a" status: 200 len: 1323 microversion: 2.1 time: 0.311662
Sep 03 16:33:21.016009 n-d-807358-1 devstack@n-api.service[116888]: [pid: 116888|app: 0|req: 160/292] 10.222.0.22 () {58 vars in 1236 bytes} [Fri Sep 3 16:33:20 2021] GET /compute/v2.1/servers/75a04583-2fda-4f39-a01f-2f6b97cc9c9a => generated 1323 bytes in 314 msecs (HTTP/1.1 200) 9 headers in 358 bytes (1 switches on core 0)
Sep 03 16:33:21.031461 n-d-807358-1 devstack@n-api.service[116888]: DEBUG nova.api.openstack.wsgi [None req-d8023b88-91cc-44f6-b0c8-94a42f661869 tempest-TenantUsagesTestJSON-1597935653 tempest-TenantUsagesTestJSON-1597935653-project] Calling method '>' {{(pid=116888) _process_stack /opt/stack/nova/nova/api/openstack/wsgi.py:513}}
Sep 03 16:33:21.033493 n-d-807358-1 devstack@n-api.service[116888]: DEBUG nova.compute.api [None req-d8023b88-91cc-44f6-b0c8-94a42f661869 tempest-TenantUsagesTestJSON-1597935653 tempest-TenantUsagesTestJSON-1597935653-project] [instance: f5b83ae2-c6fe-459f-962a-361f597e0687] Fetching instance by UUID {{(pid=116888) get /opt/stack/nova/nova/compute/api.py:2863}}
Sep 03 16:33:21.033928 n-d-807358-1 devstack@n-api.service[116889]: INFO nova.api.openstack.compute.server_external_events [req-78ad29e1-f873-4dda-bf3d-6c862cdaf304 req-ea8c5f9b-a464-430b-8b80-f22cb60545de service nova] Creating event network-vif-plugged:a397fb40-dfef-4c41-9d7d-f4282c167f29 for instance 75a04583-2fda-4f39-a01f-2f6b97cc9c9a on n-h2-807358-1
Sep 03 16:33:21.042295 n-d-807358-1 devstack@n-api.service[116888]: DEBUG oslo_concurrency.lockutils [None req-d8023b88-91cc-44f6-b0c8-94a42f661869 tempest-TenantUsagesTestJSON-1597935653 tempest-TenantUsagesTestJSON-1597935653-project] Lock "da90a04d-8c30-4a85-be40-e1facc29019e" acquired by "nova.context.set_target_cell..get_or_set_cached_cell_and_set_connections" :: waited 0.000s {{(pid=116888) inner /usr/local/lib/python3.8/dist-packages/oslo_concurrency/lockutils.py:355}}
Sep 03 16:33:21.043504 n-d-807358-1 devstack@n-api.service[116888]: DEBUG oslo_concurrency.lockutils [None req-d8023b88-91cc-44f6-b0c8-94a42f661869 tempest-TenantUsagesTestJSON-1597935653 tempest-TenantUsagesTestJSON-1597935653-project] Lock "da90a04d-8c30-4a85-be40-e1facc29019e" released by "nova.context.set_target_cell..get_or_set_cached_cell_and_set_connections" :: held 0.002s {{(pid=116888) inner /usr/local/lib/python3.8/dist-packages/oslo_concurrency/lockutils.py:367}}
Sep 03 16:33:21.044255 n-d-807358-1 devstack@n-api.service[116889]: INFO nova.api.openstack.requestlog [req-78ad29e1-f873-4dda-bf3d-6c862cdaf304 req-ea8c5f9b-a464-430b-8b80-f22cb60545de service nova] 10.222.0.22 "POST /compute/v2.1/os-server-external-events" status: 200 len: 183 microversion: 2.1 time: 0.065720
Sep 03 16:33:21.045855 n-d-807358-1 devstack@n-api.service[116888]: DEBUG oslo_concurrency.lockutils [None req-d8023b88-91cc-44f6-b0c8-94a42f661869 tempest-TenantUsagesTestJSON-1597935653 tempest-TenantUsagesTestJSON-1597935653-project] Lock "da90a04d-8c30-4a85-be40-e1facc29019e" acquired by "nova.context.set_target_cell..get_or_set_cached_cell_and_set_connections" :: waited 0.000s {{(pid=116888) inner /usr/local/lib/python3.8/dist-packages/oslo_concurrency/lockutils.py:355}}
Sep 03 16:33:21.046793 n-d-807358-1 devstack@n-api.service[116889]: [pid: 116889|app: 0|req: 133/293] 10.222.0.22 () {64 vars in 1318 bytes} [Fri Sep 3 16:33:20 2021] POST /compute/v2.1/os-server-external-events => generated 183 bytes in 69 msecs (HTTP/1.1 200) 9 headers in 357 bytes (1 switches on core 0)
Sep 03 16:33:21.047384 n-d-807358-1 devstack@n-api.service[116888]: DEBUG oslo_concurrency.lockutils [None req-d8023b88-91cc-44f6-b0c8-94a42f661869 tempest-TenantUsagesTestJSON-1597935653 tempest-TenantUsagesTestJSON-1597935653-project] Lock "da90a04d-8c30-4a85-be40-e1facc29019e" released by "nova.context.set_target_cell..get_or_set_cached_cell_and_set_connections" :: held 0.001s {{(pid=116888) inner /usr/local/lib/python3.8/dist-packages/oslo_concurrency/lockutils.py:367}}
Sep 03 16:33:21.060157 n-d-807358-1 devstack@n-api.service[116889]: DEBUG nova.api.openstack.wsgi [None req-9e8232c9-a724-453c-bd2a-288950a6fa0a tempest-AggregatesAdminNegativeTestJSON-662284656 tempest-AggregatesAdminNegativeTestJSON-662284656-project] Action: 'action', calling method: >, body: {"remove_host": {"host": "n-h1-807358-1"}} {{(pid=116889) _process_stack /opt/stack/nova/nova/api/openstack/wsgi.py:511}}
Sep 03 16:33:21.063207 n-d-807358-1 devstack@n-api.service[116889]: /usr/local/lib/python3.8/dist-packages/oslo_policy/policy.py:1064: UserWarning: Policy os_compute_api:os-aggregates:remove_host failed scope check. The token used to make the request was project scoped but the policy requires ['system'] scope. This behavior may change in the future where using the intended scope is required
Sep 03 16:33:21.063207 n-d-807358-1 devstack@n-api.service[116889]: warnings.warn(msg)
Sep 03 16:33:21.066099 n-d-807358-1 devstack@n-api.service[116889]: DEBUG nova.policy [None req-9e8232c9-a724-453c-bd2a-288950a6fa0a tempest-AggregatesAdminNegativeTestJSON-662284656 tempest-AggregatesAdminNegativeTestJSON-662284656-project] Policy check for os_compute_api:os-aggregates:remove_host failed with credentials {'is_admin': False, 'user_id': '15915c7c2a2843dea84bbd0af9fbbd3b', 'user_domain_id': 'default', 'system_scope': None, 'domain_id': None, 'project_id': '302b7b9a066d415cbf7e8317a2cdb012', 'project_domain_id': 'default', 'roles': ['reader', 'member'], 'is_admin_project': True, 'service_user_id': None, 'service_user_domain_id': None, 'service_project_id': None, 'service_project_domain_id': None, 'service_roles': []} {{(pid=116889) authorize /opt/stack/nova/nova/policy.py:199}}
Sep 03 16:33:21.068067 n-d-807358-1 devstack@n-api.service[116889]: DEBUG nova.api.openstack.wsgi [None req-9e8232c9-a724-453c-bd2a-288950a6fa0a tempest-AggregatesAdminNegativeTestJSON-662284656 tempest-AggregatesAdminNegativeTestJSON-662284656-project] Returning 403 to user: Policy doesn't allow os_compute_api:os-aggregates:remove_host to be performed. {{(pid=116889) __call__ /opt/stack/nova/nova/api/openstack/wsgi.py:936}}
Sep 03 16:33:21.069721 n-d-807358-1 devstack@n-api.service[116889]: INFO nova.api.openstack.requestlog [None req-9e8232c9-a724-453c-bd2a-288950a6fa0a tempest-AggregatesAdminNegativeTestJSON-662284656 tempest-AggregatesAdminNegativeTestJSON-662284656-project] 10.222.0.22 "POST /compute/v2.1/os-aggregates/15/action" status: 403 len: 121 microversion: 2.1 time: 0.020886
Sep 03 16:33:21.071998 n-d-807358-1 devstack@n-api.service[116889]: [pid: 116889|app: 0|req: 134/294] 10.222.0.22 () {60 vars in 1194 bytes} [Fri Sep 3 16:33:21 2021] POST /compute/v2.1/os-aggregates/15/action => generated 121 bytes in 24 msecs (HTTP/1.1 403) 9 headers in 379 bytes (1 switches on core 0)
Sep 03 16:33:21.094106 n-d-807358-1 devstack@n-api.service[116889]: DEBUG nova.api.openstack.wsgi [None req-ac16d799-d005-4be8-8985-4763c48b0379 tempest-AggregatesAdminTestJSON-1474288485 tempest-AggregatesAdminTestJSON-1474288485-project-admin] Action: 'create', calling method: >, body: {"aggregate": {"name": "tempest-test_aggregate-1948315718", "availability_zone": "tempest-test_az-551426180"}} {{(pid=116889) _process_stack /opt/stack/nova/nova/api/openstack/wsgi.py:511}}
Sep 03 16:33:21.098495 n-d-807358-1 devstack@n-api.service[116889]: /usr/local/lib/python3.8/dist-packages/oslo_policy/policy.py:1064: UserWarning: Policy os_compute_api:os-aggregates:create failed scope check. The token used to make the request was project scoped but the policy requires ['system'] scope. This behavior may change in the future where using the intended scope is required
Sep 03 16:33:21.098495 n-d-807358-1 devstack@n-api.service[116889]: warnings.warn(msg)
Sep 03 16:33:21.101804 n-d-807358-1 devstack@n-api.service[116889]: DEBUG nova.objects.aggregate [None req-ac16d799-d005-4be8-8985-4763c48b0379 tempest-AggregatesAdminTestJSON-1474288485 tempest-AggregatesAdminTestJSON-1474288485-project-admin] Generated uuid c6b25b04-abb5-464b-bb28-ca4403f5980e for aggregate {{(pid=116889) create /opt/stack/nova/nova/objects/aggregate.py:298}}
Sep 03 16:33:21.208542 n-d-807358-1 devstack@n-api.service[116889]: INFO nova.api.openstack.requestlog [None req-ac16d799-d005-4be8-8985-4763c48b0379 tempest-AggregatesAdminTestJSON-1474288485 tempest-AggregatesAdminTestJSON-1474288485-project-admin] 10.222.0.22 "POST /compute/v2.1/os-aggregates" status: 200 len: 222 microversion: 2.1 time: 0.133302
Sep 03 16:33:21.212497 n-d-807358-1 devstack@n-api.service[116889]: [pid: 116889|app: 0|req: 135/295] 10.222.0.22 () {60 vars in 1165 bytes} [Fri Sep 3 16:33:21 2021] POST /compute/v2.1/os-aggregates => generated 222 bytes in 140 msecs (HTTP/1.1 200) 9 headers in 357 bytes (1 switches on core 0)
Sep 03 16:33:21.218764 n-d-807358-1 devstack@n-api.service[116888]: DEBUG nova.policy [None req-d8023b88-91cc-44f6-b0c8-94a42f661869 tempest-TenantUsagesTestJSON-1597935653 tempest-TenantUsagesTestJSON-1597935653-project] Policy check for os_compute_api:os-extended-server-attributes failed with credentials {'is_admin': False, 'user_id': 'd1e73739fab5416c9b1772418a774d75', 'user_domain_id': 'default', 'system_scope': None, 'domain_id': None, 'project_id': '77bede1cc4014854900e92a825f4643f', 'project_domain_id': 'default', 'roles': ['reader', 'member'], 'is_admin_project': True, 'service_user_id': None, 'service_user_domain_id': None, 'service_project_id': None, 'service_project_domain_id': None, 'service_roles': []} {{(pid=116888) authorize /opt/stack/nova/nova/policy.py:199}}
Sep 03 16:33:21.225068 n-d-807358-1 devstack@n-api.service[116889]: DEBUG nova.api.openstack.wsgi [req-fe10e6c7-85e1-4c4f-bd38-46eaf9f7f45a req-f4a221df-97a4-4d12-96e0-5d0d7fa0a9b6 service nova] Action: 'create', calling method: >, body: {"events": [{"name": "network-changed", "server_uuid": "bcd55ed7-13bc-4c56-a445-7abde7994fc3", "tag": "d2c05704-5e49-43a9-8b91-756d0b336ac9"}]} {{(pid=116889) _process_stack /opt/stack/nova/nova/api/openstack/wsgi.py:511}}
Sep 03 16:33:21.234329 n-d-807358-1 devstack@n-api.service[116888]: INFO nova.api.openstack.requestlog [None req-d8023b88-91cc-44f6-b0c8-94a42f661869 tempest-TenantUsagesTestJSON-1597935653 tempest-TenantUsagesTestJSON-1597935653-project] 10.222.0.22 "GET /compute/v2.1/servers/f5b83ae2-c6fe-459f-962a-361f597e0687" status: 200 len: 1272 microversion: 2.1 time: 0.213784
Sep 03 16:33:21.247625 n-d-807358-1 devstack@n-api.service[116889]: /usr/local/lib/python3.8/dist-packages/oslo_policy/policy.py:1064: UserWarning: Policy os_compute_api:os-server-external-events:create failed scope check. The token used to make the request was project scoped but the policy requires ['system'] scope. This behavior may change in the future where using the intended scope is required
Sep 03 16:33:21.247625 n-d-807358-1 devstack@n-api.service[116889]: warnings.warn(msg)
Sep 03 16:33:21.250524 n-d-807358-1 devstack@n-api.service[116888]: [pid: 116888|app: 0|req: 161/296] 10.222.0.22 () {58 vars in 1236 bytes} [Fri Sep 3 16:33:21 2021] GET /compute/v2.1/servers/f5b83ae2-c6fe-459f-962a-361f597e0687 => generated 1272 bytes in 233 msecs (HTTP/1.1 200) 9 headers in 358 bytes (1 switches on core 0)
Sep 03 16:33:21.264323 n-d-807358-1 devstack@n-api.service[116888]: DEBUG nova.api.openstack.wsgi [None req-026b91af-0bca-403b-9d66-7b334d862bc0 tempest-NetworksTest-1623674376 tempest-NetworksTest-1623674376-project-admin] Calling method '.version_select at 0x7f0c062a7e50>' {{(pid=116888) _process_stack /opt/stack/nova/nova/api/openstack/wsgi.py:513}}
Sep 03 16:33:21.283360 n-d-807358-1 devstack@n-api.service[116889]: DEBUG oslo_concurrency.lockutils [req-fe10e6c7-85e1-4c4f-bd38-46eaf9f7f45a req-f4a221df-97a4-4d12-96e0-5d0d7fa0a9b6 service nova] Lock "da90a04d-8c30-4a85-be40-e1facc29019e" acquired by "nova.context.set_target_cell..get_or_set_cached_cell_and_set_connections" :: waited 0.000s {{(pid=116889) inner /usr/local/lib/python3.8/dist-packages/oslo_concurrency/lockutils.py:355}}
Sep 03 16:33:21.284043 n-d-807358-1 devstack@n-api.service[116889]: DEBUG oslo_concurrency.lockutils [req-fe10e6c7-85e1-4c4f-bd38-46eaf9f7f45a req-f4a221df-97a4-4d12-96e0-5d0d7fa0a9b6 service nova] Lock "da90a04d-8c30-4a85-be40-e1facc29019e" released by "nova.context.set_target_cell..get_or_set_cached_cell_and_set_connections" :: held 0.001s {{(pid=116889) inner /usr/local/lib/python3.8/dist-packages/oslo_concurrency/lockutils.py:367}}
Sep 03 16:33:21.300518 n-d-807358-1 devstack@n-api.service[116889]: INFO nova.api.openstack.compute.server_external_events [req-fe10e6c7-85e1-4c4f-bd38-46eaf9f7f45a req-f4a221df-97a4-4d12-96e0-5d0d7fa0a9b6 service nova] Creating event network-changed:d2c05704-5e49-43a9-8b91-756d0b336ac9 for instance bcd55ed7-13bc-4c56-a445-7abde7994fc3 on n-h2-807358-1
Sep 03 16:33:21.318590 n-d-807358-1 devstack@n-api.service[116889]: INFO nova.api.openstack.requestlog [req-fe10e6c7-85e1-4c4f-bd38-46eaf9f7f45a req-f4a221df-97a4-4d12-96e0-5d0d7fa0a9b6 service nova] 10.222.0.22 "POST /compute/v2.1/os-server-external-events" status: 200 len: 179 microversion: 2.1 time: 0.100135
Sep 03 16:33:21.319570 n-d-807358-1 devstack@n-api.service[116889]: [pid: 116889|app: 0|req: 136/297] 10.222.0.22 () {64 vars in 1318 bytes} [Fri Sep 3 16:33:21 2021] POST /compute/v2.1/os-server-external-events => generated 179 bytes in 106 msecs (HTTP/1.1 200) 9 headers in 357 bytes (1 switches on core 0)
Sep 03 16:33:21.327300 n-d-807358-1 devstack@n-api.service[116889]: DEBUG nova.api.openstack.wsgi [None req-a1452ffe-6b78-44fb-b450-c919e566324e tempest-ServersWithSpecificFlavorTestJSON-236607542 tempest-ServersWithSpecificFlavorTestJSON-236607542-project] Calling method '>' {{(pid=116889) _process_stack /opt/stack/nova/nova/api/openstack/wsgi.py:513}}
Sep 03 16:33:21.328025 n-d-807358-1 devstack@n-api.service[116889]: DEBUG nova.compute.api [None req-a1452ffe-6b78-44fb-b450-c919e566324e tempest-ServersWithSpecificFlavorTestJSON-236607542 tempest-ServersWithSpecificFlavorTestJSON-236607542-project] [instance: 5a2c2815-e180-43b9-8938-38f9b49a7dd5] Fetching instance by UUID {{(pid=116889) get /opt/stack/nova/nova/compute/api.py:2863}}
Sep 03 16:33:21.348917 n-d-807358-1 devstack@n-api.service[116889]: DEBUG oslo_concurrency.lockutils [None req-a1452ffe-6b78-44fb-b450-c919e566324e tempest-ServersWithSpecificFlavorTestJSON-236607542 tempest-ServersWithSpecificFlavorTestJSON-236607542-project] Lock "da90a04d-8c30-4a85-be40-e1facc29019e" acquired by "nova.context.set_target_cell..get_or_set_cached_cell_and_set_connections" :: waited 0.000s {{(pid=116889) inner /usr/local/lib/python3.8/dist-packages/oslo_concurrency/lockutils.py:355}}
Sep 03 16:33:21.349508 n-d-807358-1 devstack@n-api.service[116889]: DEBUG oslo_concurrency.lockutils [None req-a1452ffe-6b78-44fb-b450-c919e566324e tempest-ServersWithSpecificFlavorTestJSON-236607542 tempest-ServersWithSpecificFlavorTestJSON-236607542-project] Lock "da90a04d-8c30-4a85-be40-e1facc29019e" released by "nova.context.set_target_cell..get_or_set_cached_cell_and_set_connections" :: held 0.001s {{(pid=116889) inner /usr/local/lib/python3.8/dist-packages/oslo_concurrency/lockutils.py:367}}
Sep 03 16:33:21.350487 n-d-807358-1 devstack@n-api.service[116889]: DEBUG oslo_concurrency.lockutils [None req-a1452ffe-6b78-44fb-b450-c919e566324e tempest-ServersWithSpecificFlavorTestJSON-236607542 tempest-ServersWithSpecificFlavorTestJSON-236607542-project] Lock "da90a04d-8c30-4a85-be40-e1facc29019e" acquired by "nova.context.set_target_cell..get_or_set_cached_cell_and_set_connections" :: waited 0.000s {{(pid=116889) inner /usr/local/lib/python3.8/dist-packages/oslo_concurrency/lockutils.py:355}}
Sep 03 16:33:21.351414 n-d-807358-1 devstack@n-api.service[116889]: DEBUG oslo_concurrency.lockutils [None req-a1452ffe-6b78-44fb-b450-c919e566324e tempest-ServersWithSpecificFlavorTestJSON-236607542 tempest-ServersWithSpecificFlavorTestJSON-236607542-project] Lock "da90a04d-8c30-4a85-be40-e1facc29019e" released by "nova.context.set_target_cell..get_or_set_cached_cell_and_set_connections" :: held 0.001s {{(pid=116889) inner /usr/local/lib/python3.8/dist-packages/oslo_concurrency/lockutils.py:367}}
Sep 03 16:33:21.591637 n-d-807358-1 devstack@n-api.service[116889]: DEBUG nova.policy [None req-a1452ffe-6b78-44fb-b450-c919e566324e tempest-ServersWithSpecificFlavorTestJSON-236607542 tempest-ServersWithSpecificFlavorTestJSON-236607542-project] Policy check for os_compute_api:os-extended-server-attributes failed with credentials {'is_admin': False, 'user_id': 'ac445e217cdd47c79436a2d0010fa982', 'user_domain_id': 'default', 'system_scope': None, 'domain_id': None, 'project_id': '8abaf8acd6724d409853cf0ff01d91bd', 'project_domain_id': 'default', 'roles': ['reader', 'member'], 'is_admin_project': True, 'service_user_id': None, 'service_user_domain_id': None, 'service_project_id': None, 'service_project_domain_id': None, 'service_roles': []} {{(pid=116889) authorize /opt/stack/nova/nova/policy.py:199}}
Sep 03 16:33:21.599456 n-d-807358-1 devstack@n-api.service[116889]: INFO nova.api.openstack.requestlog [None req-a1452ffe-6b78-44fb-b450-c919e566324e tempest-ServersWithSpecificFlavorTestJSON-236607542 tempest-ServersWithSpecificFlavorTestJSON-236607542-project] 10.222.0.22 "GET /compute/v2.1/servers/5a2c2815-e180-43b9-8938-38f9b49a7dd5" status: 200 len: 1387 microversion: 2.1 time: 0.278041
Sep 03 16:33:21.600187 n-d-807358-1 devstack@n-api.service[116889]: [pid: 116889|app: 0|req: 137/298] 10.222.0.22 () {58 vars in 1236 bytes} [Fri Sep 3 16:33:21 2021] GET /compute/v2.1/servers/5a2c2815-e180-43b9-8938-38f9b49a7dd5 => generated 1387 bytes in 280 msecs (HTTP/1.1 200) 9 headers in 358 bytes (1 switches on core 0)
Sep 03 16:33:21.616218 n-d-807358-1 devstack@n-api.service[116889]: DEBUG nova.api.openstack.wsgi [None req-5eeebec3-f722-4ba6-a2a7-e7c08a23a32b tempest-AggregatesAdminNegativeTestJSON-1500538908 tempest-AggregatesAdminNegativeTestJSON-1500538908-project-admin] Action: 'action', calling method: >, body: {"remove_host": {"host": "n-h1-807358-1"}} {{(pid=116889) _process_stack /opt/stack/nova/nova/api/openstack/wsgi.py:511}}
Sep 03 16:33:21.619202 n-d-807358-1 devstack@n-api.service[116889]: /usr/local/lib/python3.8/dist-packages/oslo_policy/policy.py:1064: UserWarning: Policy os_compute_api:os-aggregates:remove_host failed scope check. The token used to make the request was project scoped but the policy requires ['system'] scope. This behavior may change in the future where using the intended scope is required
Sep 03 16:33:21.619202 n-d-807358-1 devstack@n-api.service[116889]: warnings.warn(msg)
Sep 03 16:33:21.630592 n-d-807358-1 devstack@n-api.service[116889]: DEBUG oslo_concurrency.lockutils [None req-5eeebec3-f722-4ba6-a2a7-e7c08a23a32b tempest-AggregatesAdminNegativeTestJSON-1500538908 tempest-AggregatesAdminNegativeTestJSON-1500538908-project-admin] Lock "da90a04d-8c30-4a85-be40-e1facc29019e" acquired by "nova.context.set_target_cell..get_or_set_cached_cell_and_set_connections" :: waited 0.000s {{(pid=116889) inner /usr/local/lib/python3.8/dist-packages/oslo_concurrency/lockutils.py:355}}
Sep 03 16:33:21.631036 n-d-807358-1 devstack@n-api.service[116889]: DEBUG oslo_concurrency.lockutils [None req-5eeebec3-f722-4ba6-a2a7-e7c08a23a32b tempest-AggregatesAdminNegativeTestJSON-1500538908 tempest-AggregatesAdminNegativeTestJSON-1500538908-project-admin] Lock "da90a04d-8c30-4a85-be40-e1facc29019e" released by "nova.context.set_target_cell..get_or_set_cached_cell_and_set_connections" :: held 0.001s {{(pid=116889) inner /usr/local/lib/python3.8/dist-packages/oslo_concurrency/lockutils.py:367}}
Sep 03 16:33:21.770804 n-d-807358-1 devstack@n-api.service[116888]: INFO nova.api.openstack.requestlog [None req-026b91af-0bca-403b-9d66-7b334d862bc0 tempest-NetworksTest-1623674376 tempest-NetworksTest-1623674376-project-admin] 10.222.0.22 "GET /compute/v2.1/os-networks" status: 200 len: 3327 microversion: 2.1 time: 0.518750
Sep 03 16:33:21.772515 n-d-807358-1 devstack@n-api.service[116888]: [pid: 116888|app: 0|req: 162/299] 10.222.0.22 () {58 vars in 1137 bytes} [Fri Sep 3 16:33:21 2021] GET /compute/v2.1/os-networks => generated 3327 bytes in 521 msecs (HTTP/1.1 200) 9 headers in 358 bytes (1 switches on core 0)
Sep 03 16:33:21.789574 n-d-807358-1 devstack@n-api.service[116888]: DEBUG nova.api.openstack.wsgi [None req-e4842384-84ac-4fbd-aced-c2117cf5e0a9 tempest-AggregatesAdminTestJSON-1474288485 tempest-AggregatesAdminTestJSON-1474288485-project-admin] Action: 'update', calling method: >, body: {"aggregate": {"name": "tempest-test_aggregate-1948315718_new", "availability_zone": "tempest-test_az-551426180_new"}} {{(pid=116888) _process_stack /opt/stack/nova/nova/api/openstack/wsgi.py:511}}
Sep 03 16:33:21.884660 n-d-807358-1 devstack@n-api.service[116888]: /usr/local/lib/python3.8/dist-packages/oslo_policy/policy.py:1064: UserWarning: Policy os_compute_api:os-aggregates:update failed scope check. The token used to make the request was project scoped but the policy requires ['system'] scope. This behavior may change in the future where using the intended scope is required
Sep 03 16:33:21.884660 n-d-807358-1 devstack@n-api.service[116888]: warnings.warn(msg)
Sep 03 16:33:21.987221 n-d-807358-1 devstack@n-api.service[116889]: INFO nova.api.openstack.requestlog [None req-5eeebec3-f722-4ba6-a2a7-e7c08a23a32b tempest-AggregatesAdminNegativeTestJSON-1500538908 tempest-AggregatesAdminNegativeTestJSON-1500538908-project-admin] 10.222.0.22 "POST /compute/v2.1/os-aggregates/15/action" status: 200 len: 228 microversion: 2.1 time: 0.377274
Sep 03 16:33:21.987924 n-d-807358-1 devstack@n-api.service[116889]: [pid: 116889|app: 0|req: 138/300] 10.222.0.22 () {60 vars in 1194 bytes} [Fri Sep 3 16:33:21 2021] POST /compute/v2.1/os-aggregates/15/action => generated 228 bytes in 387 msecs (HTTP/1.1 200) 9 headers in 357 bytes (1 switches on core 0)
Sep 03 16:33:21.994543 n-d-807358-1 devstack@n-api.service[116889]: DEBUG nova.api.openstack.wsgi [None req-d8d3e8d7-dcf1-4fe2-8031-310ced4ce742 tempest-DeleteServersAdminTestJSON-1011227012 tempest-DeleteServersAdminTestJSON-1011227012-project] Calling method '>' {{(pid=116889) _process_stack /opt/stack/nova/nova/api/openstack/wsgi.py:513}}
Sep 03 16:33:21.995484 n-d-807358-1 devstack@n-api.service[116889]: DEBUG nova.compute.api [None req-d8d3e8d7-dcf1-4fe2-8031-310ced4ce742 tempest-DeleteServersAdminTestJSON-1011227012 tempest-DeleteServersAdminTestJSON-1011227012-project] [instance: bcd55ed7-13bc-4c56-a445-7abde7994fc3] Fetching instance by UUID {{(pid=116889) get /opt/stack/nova/nova/compute/api.py:2863}}
Sep 03 16:33:22.002575 n-d-807358-1 devstack@n-api.service[116889]: DEBUG oslo_concurrency.lockutils [None req-d8d3e8d7-dcf1-4fe2-8031-310ced4ce742 tempest-DeleteServersAdminTestJSON-1011227012 tempest-DeleteServersAdminTestJSON-1011227012-project] Lock "da90a04d-8c30-4a85-be40-e1facc29019e" acquired by "nova.context.set_target_cell..get_or_set_cached_cell_and_set_connections" :: waited 0.000s {{(pid=116889) inner /usr/local/lib/python3.8/dist-packages/oslo_concurrency/lockutils.py:355}}
Sep 03 16:33:22.004000 n-d-807358-1 devstack@n-api.service[116889]: DEBUG oslo_concurrency.lockutils [None req-d8d3e8d7-dcf1-4fe2-8031-310ced4ce742 tempest-DeleteServersAdminTestJSON-1011227012 tempest-DeleteServersAdminTestJSON-1011227012-project] Lock "da90a04d-8c30-4a85-be40-e1facc29019e" released by "nova.context.set_target_cell..get_or_set_cached_cell_and_set_connections" :: held 0.001s {{(pid=116889) inner /usr/local/lib/python3.8/dist-packages/oslo_concurrency/lockutils.py:367}}
Sep 03 16:33:22.005653 n-d-807358-1 devstack@n-api.service[116889]: DEBUG oslo_concurrency.lockutils [None req-d8d3e8d7-dcf1-4fe2-8031-310ced4ce742 tempest-DeleteServersAdminTestJSON-1011227012 tempest-DeleteServersAdminTestJSON-1011227012-project] Lock "da90a04d-8c30-4a85-be40-e1facc29019e" acquired by "nova.context.set_target_cell..get_or_set_cached_cell_and_set_connections" :: waited 0.000s {{(pid=116889) inner /usr/local/lib/python3.8/dist-packages/oslo_concurrency/lockutils.py:355}}
Sep 03 16:33:22.006954 n-d-807358-1 devstack@n-api.service[116889]: DEBUG oslo_concurrency.lockutils [None req-d8d3e8d7-dcf1-4fe2-8031-310ced4ce742 tempest-DeleteServersAdminTestJSON-1011227012 tempest-DeleteServersAdminTestJSON-1011227012-project] Lock "da90a04d-8c30-4a85-be40-e1facc29019e" released by "nova.context.set_target_cell..get_or_set_cached_cell_and_set_connections" :: held 0.001s {{(pid=116889) inner /usr/local/lib/python3.8/dist-packages/oslo_concurrency/lockutils.py:367}}
Sep 03 16:33:22.020427 n-d-807358-1 devstack@n-api.service[116888]: DEBUG oslo_concurrency.lockutils [None req-e4842384-84ac-4fbd-aced-c2117cf5e0a9 tempest-AggregatesAdminTestJSON-1474288485 tempest-AggregatesAdminTestJSON-1474288485-project-admin] Lock "da90a04d-8c30-4a85-be40-e1facc29019e" acquired by "nova.context.set_target_cell..get_or_set_cached_cell_and_set_connections" :: waited 0.000s {{(pid=116888) inner /usr/local/lib/python3.8/dist-packages/oslo_concurrency/lockutils.py:355}}
Sep 03 16:33:22.021676 n-d-807358-1 devstack@n-api.service[116888]: DEBUG oslo_concurrency.lockutils [None req-e4842384-84ac-4fbd-aced-c2117cf5e0a9 tempest-AggregatesAdminTestJSON-1474288485 tempest-AggregatesAdminTestJSON-1474288485-project-admin] Lock "da90a04d-8c30-4a85-be40-e1facc29019e" released by "nova.context.set_target_cell..get_or_set_cached_cell_and_set_connections" :: held 0.002s {{(pid=116888) inner /usr/local/lib/python3.8/dist-packages/oslo_concurrency/lockutils.py:367}}
Sep 03 16:33:22.140470 n-d-807358-1 devstack@n-api.service[116888]: INFO nova.api.openstack.requestlog [None req-e4842384-84ac-4fbd-aced-c2117cf5e0a9 tempest-AggregatesAdminTestJSON-1474288485 tempest-AggregatesAdminTestJSON-1474288485-project-admin] 10.222.0.22 "PUT /compute/v2.1/os-aggregates/16" status: 200 len: 335 microversion: 2.1 time: 0.366353
Sep 03 16:33:22.145330 n-d-807358-1 devstack@n-api.service[116888]: [pid: 116888|app: 0|req: 163/301] 10.222.0.22 () {60 vars in 1173 bytes} [Fri Sep 3 16:33:21 2021] PUT /compute/v2.1/os-aggregates/16 => generated 335 bytes in 371 msecs (HTTP/1.1 200) 9 headers in 357 bytes (1 switches on core 0)
Sep 03 16:33:22.153742 n-d-807358-1 devstack@n-api.service[116888]: DEBUG nova.api.openstack.wsgi [None req-43d8ca9f-38a9-4f1f-85d2-98d7b8f01ee2 tempest-AggregatesAdminNegativeTestJSON-1500538908 tempest-AggregatesAdminNegativeTestJSON-1500538908-project-admin] Calling method '>' {{(pid=116888) _process_stack /opt/stack/nova/nova/api/openstack/wsgi.py:513}}
Sep 03 16:33:22.154637 n-d-807358-1 devstack@n-api.service[116888]: /usr/local/lib/python3.8/dist-packages/oslo_policy/policy.py:1064: UserWarning: Policy os_compute_api:os-aggregates:delete failed scope check. The token used to make the request was project scoped but the policy requires ['system'] scope. This behavior may change in the future where using the intended scope is required
Sep 03 16:33:22.154637 n-d-807358-1 devstack@n-api.service[116888]: warnings.warn(msg)
Sep 03 16:33:22.176435 n-d-807358-1 devstack@n-api.service[116889]: DEBUG nova.policy [None req-d8d3e8d7-dcf1-4fe2-8031-310ced4ce742 tempest-DeleteServersAdminTestJSON-1011227012 tempest-DeleteServersAdminTestJSON-1011227012-project] Policy check for os_compute_api:os-extended-server-attributes failed with credentials {'is_admin': False, 'user_id': '0afac85ab5534e8fb018827680f31923', 'user_domain_id': 'default', 'system_scope': None, 'domain_id': None, 'project_id': 'f29261d60ee5495693c6db6d2aac8ef3', 'project_domain_id': 'default', 'roles': ['reader', 'member'], 'is_admin_project': True, 'service_user_id': None, 'service_user_domain_id': None, 'service_project_id': None, 'service_project_domain_id': None, 'service_roles': []} {{(pid=116889) authorize /opt/stack/nova/nova/policy.py:199}}
Sep 03 16:33:22.185003 n-d-807358-1 devstack@n-api.service[116889]: INFO nova.api.openstack.requestlog [None req-d8d3e8d7-dcf1-4fe2-8031-310ced4ce742 tempest-DeleteServersAdminTestJSON-1011227012 tempest-DeleteServersAdminTestJSON-1011227012-project] 10.222.0.22 "GET /compute/v2.1/servers/bcd55ed7-13bc-4c56-a445-7abde7994fc3" status: 200 len: 1320 microversion: 2.1 time: 0.195668
Sep 03 16:33:22.185600 n-d-807358-1 devstack@n-api.service[116889]: [pid: 116889|app: 0|req: 139/302] 10.222.0.22 () {58 vars in 1236 bytes} [Fri Sep 3 16:33:21 2021] GET /compute/v2.1/servers/bcd55ed7-13bc-4c56-a445-7abde7994fc3 => generated 1320 bytes in 197 msecs (HTTP/1.1 200) 9 headers in 358 bytes (1 switches on core 0)
Sep 03 16:33:22.190703 n-d-807358-1 devstack@n-api.service[116889]: DEBUG nova.api.openstack.wsgi [None req-ef8d59a9-6e00-456f-8695-a1036eecee27 tempest-ServerDiagnosticsNegativeTest-632859473 tempest-ServerDiagnosticsNegativeTest-632859473-project] Calling method '>' {{(pid=116889) _process_stack /opt/stack/nova/nova/api/openstack/wsgi.py:513}}
Sep 03 16:33:22.192210 n-d-807358-1 devstack@n-api.service[116889]: DEBUG nova.compute.api [None req-ef8d59a9-6e00-456f-8695-a1036eecee27 tempest-ServerDiagnosticsNegativeTest-632859473 tempest-ServerDiagnosticsNegativeTest-632859473-project] [instance: 75a04583-2fda-4f39-a01f-2f6b97cc9c9a] Fetching instance by UUID {{(pid=116889) get /opt/stack/nova/nova/compute/api.py:2863}}
Sep 03 16:33:22.199403 n-d-807358-1 devstack@n-api.service[116889]: DEBUG oslo_concurrency.lockutils [None req-ef8d59a9-6e00-456f-8695-a1036eecee27 tempest-ServerDiagnosticsNegativeTest-632859473 tempest-ServerDiagnosticsNegativeTest-632859473-project] Lock "da90a04d-8c30-4a85-be40-e1facc29019e" acquired by "nova.context.set_target_cell..get_or_set_cached_cell_and_set_connections" :: waited 0.000s {{(pid=116889) inner /usr/local/lib/python3.8/dist-packages/oslo_concurrency/lockutils.py:355}}
Sep 03 16:33:22.203925 n-d-807358-1 devstack@n-api.service[116889]: DEBUG oslo_concurrency.lockutils [None req-ef8d59a9-6e00-456f-8695-a1036eecee27 tempest-ServerDiagnosticsNegativeTest-632859473 tempest-ServerDiagnosticsNegativeTest-632859473-project] Lock "da90a04d-8c30-4a85-be40-e1facc29019e" released by "nova.context.set_target_cell..get_or_set_cached_cell_and_set_connections" :: held 0.001s {{(pid=116889) inner /usr/local/lib/python3.8/dist-packages/oslo_concurrency/lockutils.py:367}}
Sep 03 16:33:22.203925 n-d-807358-1 devstack@n-api.service[116889]: DEBUG oslo_concurrency.lockutils [None req-ef8d59a9-6e00-456f-8695-a1036eecee27 tempest-ServerDiagnosticsNegativeTest-632859473 tempest-ServerDiagnosticsNegativeTest-632859473-project] Lock "da90a04d-8c30-4a85-be40-e1facc29019e" acquired by "nova.context.set_target_cell..get_or_set_cached_cell_and_set_connections" :: waited 0.000s {{(pid=116889) inner /usr/local/lib/python3.8/dist-packages/oslo_concurrency/lockutils.py:355}}
Sep 03 16:33:22.203925 n-d-807358-1 devstack@n-api.service[116889]: DEBUG oslo_concurrency.lockutils [None req-ef8d59a9-6e00-456f-8695-a1036eecee27 tempest-ServerDiagnosticsNegativeTest-632859473 tempest-ServerDiagnosticsNegativeTest-632859473-project] Lock "da90a04d-8c30-4a85-be40-e1facc29019e" released by "nova.context.set_target_cell..get_or_set_cached_cell_and_set_connections" :: held 0.001s {{(pid=116889) inner /usr/local/lib/python3.8/dist-packages/oslo_concurrency/lockutils.py:367}}
Sep 03 16:33:22.270298 n-d-807358-1 devstack@n-api.service[116888]: INFO nova.api.openstack.requestlog [None req-43d8ca9f-38a9-4f1f-85d2-98d7b8f01ee2 tempest-AggregatesAdminNegativeTestJSON-1500538908 tempest-AggregatesAdminNegativeTestJSON-1500538908-project-admin] 10.222.0.22 "DELETE /compute/v2.1/os-aggregates/15" status: 200 len: 0 microversion: 2.1 time: 0.124128
Sep 03 16:33:22.271308 n-d-807358-1 devstack@n-api.service[116888]: [pid: 116888|app: 0|req: 164/303] 10.222.0.22 () {58 vars in 1155 bytes} [Fri Sep 3 16:33:22 2021] DELETE /compute/v2.1/os-aggregates/15 => generated 0 bytes in 127 msecs (HTTP/1.1 200) 9 headers in 355 bytes (1 switches on core 0)
Sep 03 16:33:22.285608 n-d-807358-1 devstack@n-api.service[116888]: DEBUG nova.api.openstack.wsgi [None req-f0c99e6d-f007-45c4-bd2e-a042450abaa9 tempest-AggregatesAdminTestJSON-1474288485 tempest-AggregatesAdminTestJSON-1474288485-project-admin] Calling method '>' {{(pid=116888) _process_stack /opt/stack/nova/nova/api/openstack/wsgi.py:513}}
Sep 03 16:33:22.286406 n-d-807358-1 devstack@n-api.service[116888]: /usr/local/lib/python3.8/dist-packages/oslo_policy/policy.py:1064: UserWarning: Policy os_compute_api:os-aggregates:index failed scope check. The token used to make the request was project scoped but the policy requires ['system'] scope. This behavior may change in the future where using the intended scope is required
Sep 03 16:33:22.286406 n-d-807358-1 devstack@n-api.service[116888]: warnings.warn(msg)
Sep 03 16:33:22.305819 n-d-807358-1 devstack@n-api.service[116888]: INFO nova.api.openstack.requestlog [None req-f0c99e6d-f007-45c4-bd2e-a042450abaa9 tempest-AggregatesAdminTestJSON-1474288485 tempest-AggregatesAdminTestJSON-1474288485-project-admin] 10.222.0.22 "GET /compute/v2.1/os-aggregates" status: 200 len: 338 microversion: 2.1 time: 0.029246
Sep 03 16:33:22.309219 n-d-807358-1 devstack@n-api.service[116888]: [pid: 116888|app: 0|req: 165/304] 10.222.0.22 () {58 vars in 1143 bytes} [Fri Sep 3 16:33:22 2021] GET /compute/v2.1/os-aggregates => generated 338 bytes in 35 msecs (HTTP/1.1 200) 9 headers in 357 bytes (1 switches on core 0)
Sep 03 16:33:22.320397 n-d-807358-1 devstack@n-api.service[116888]: DEBUG nova.api.openstack.wsgi [None req-5693eede-8720-433e-bada-48514095a655 tempest-TenantUsagesTestJSON-1597935653 tempest-TenantUsagesTestJSON-1597935653-project] Calling method '>' {{(pid=116888) _process_stack /opt/stack/nova/nova/api/openstack/wsgi.py:513}}
Sep 03 16:33:22.328484 n-d-807358-1 devstack@n-api.service[116888]: DEBUG nova.compute.api [None req-5693eede-8720-433e-bada-48514095a655 tempest-TenantUsagesTestJSON-1597935653 tempest-TenantUsagesTestJSON-1597935653-project] [instance: f5b83ae2-c6fe-459f-962a-361f597e0687] Fetching instance by UUID {{(pid=116888) get /opt/stack/nova/nova/compute/api.py:2863}}
Sep 03 16:33:22.348551 n-d-807358-1 devstack@n-api.service[116888]: DEBUG oslo_concurrency.lockutils [None req-5693eede-8720-433e-bada-48514095a655 tempest-TenantUsagesTestJSON-1597935653 tempest-TenantUsagesTestJSON-1597935653-project] Lock "da90a04d-8c30-4a85-be40-e1facc29019e" acquired by "nova.context.set_target_cell..get_or_set_cached_cell_and_set_connections" :: waited 0.000s {{(pid=116888) inner /usr/local/lib/python3.8/dist-packages/oslo_concurrency/lockutils.py:355}}
Sep 03 16:33:22.350151 n-d-807358-1 devstack@n-api.service[116888]: DEBUG oslo_concurrency.lockutils [None req-5693eede-8720-433e-bada-48514095a655 tempest-TenantUsagesTestJSON-1597935653 tempest-TenantUsagesTestJSON-1597935653-project] Lock "da90a04d-8c30-4a85-be40-e1facc29019e" released by "nova.context.set_target_cell..get_or_set_cached_cell_and_set_connections" :: held 0.004s {{(pid=116888) inner /usr/local/lib/python3.8/dist-packages/oslo_concurrency/lockutils.py:367}}
Sep 03 16:33:22.350982 n-d-807358-1 devstack@n-api.service[116888]: DEBUG oslo_concurrency.lockutils [None req-5693eede-8720-433e-bada-48514095a655 tempest-TenantUsagesTestJSON-1597935653 tempest-TenantUsagesTestJSON-1597935653-project] Lock "da90a04d-8c30-4a85-be40-e1facc29019e" acquired by "nova.context.set_target_cell..get_or_set_cached_cell_and_set_connections" :: waited 0.000s {{(pid=116888) inner /usr/local/lib/python3.8/dist-packages/oslo_concurrency/lockutils.py:355}}
Sep 03 16:33:22.351415 n-d-807358-1 devstack@n-api.service[116888]: DEBUG oslo_concurrency.lockutils [None req-5693eede-8720-433e-bada-48514095a655 tempest-TenantUsagesTestJSON-1597935653 tempest-TenantUsagesTestJSON-1597935653-project] Lock "da90a04d-8c30-4a85-be40-e1facc29019e" released by "nova.context.set_target_cell..get_or_set_cached_cell_and_set_connections" :: held 0.000s {{(pid=116888) inner /usr/local/lib/python3.8/dist-packages/oslo_concurrency/lockutils.py:367}}
Sep 03 16:33:22.531312 n-d-807358-1 devstack@n-api.service[116889]: DEBUG nova.policy [None req-ef8d59a9-6e00-456f-8695-a1036eecee27 tempest-ServerDiagnosticsNegativeTest-632859473 tempest-ServerDiagnosticsNegativeTest-632859473-project] Policy check for os_compute_api:os-extended-server-attributes failed with credentials {'is_admin': False, 'user_id': 'e3ae8d0354994b8f901dd5401bdab4a3', 'user_domain_id': 'default', 'system_scope': None, 'domain_id': None, 'project_id': 'bd12140e6b044188b55f7847f120ed07', 'project_domain_id': 'default', 'roles': ['reader', 'member'], 'is_admin_project': True, 'service_user_id': None, 'service_user_domain_id': None, 'service_project_id': None, 'service_project_domain_id': None, 'service_roles': []} {{(pid=116889) authorize /opt/stack/nova/nova/policy.py:199}}
Sep 03 16:33:22.543660 n-d-807358-1 devstack@n-api.service[116889]: INFO nova.api.openstack.requestlog [None req-ef8d59a9-6e00-456f-8695-a1036eecee27 tempest-ServerDiagnosticsNegativeTest-632859473 tempest-ServerDiagnosticsNegativeTest-632859473-project] 10.222.0.22 "GET /compute/v2.1/servers/75a04583-2fda-4f39-a01f-2f6b97cc9c9a" status: 200 len: 1323 microversion: 2.1 time: 0.356714
Sep 03 16:33:22.545095 n-d-807358-1 devstack@n-api.service[116889]: [pid: 116889|app: 0|req: 140/305] 10.222.0.22 () {58 vars in 1236 bytes} [Fri Sep 3 16:33:22 2021] GET /compute/v2.1/servers/75a04583-2fda-4f39-a01f-2f6b97cc9c9a => generated 1323 bytes in 359 msecs (HTTP/1.1 200) 9 headers in 358 bytes (1 switches on core 0)
Sep 03 16:33:22.550102 n-d-807358-1 devstack@n-api.service[116889]: DEBUG nova.api.openstack.wsgi [None req-3e27eafd-c432-40a1-b46e-8d3bf9a423bb tempest-AggregatesAdminNegativeTestJSON-1500538908 tempest-AggregatesAdminNegativeTestJSON-1500538908-project-admin] Action: 'create', calling method: >, body: {"aggregate": {"name": "tempest-test_aggregate-1955955574"}} {{(pid=116889) _process_stack /opt/stack/nova/nova/api/openstack/wsgi.py:511}}
Sep 03 16:33:22.553143 n-d-807358-1 devstack@n-api.service[116889]: /usr/local/lib/python3.8/dist-packages/oslo_policy/policy.py:1064: UserWarning: Policy os_compute_api:os-aggregates:create failed scope check. The token used to make the request was project scoped but the policy requires ['system'] scope. This behavior may change in the future where using the intended scope is required
Sep 03 16:33:22.553143 n-d-807358-1 devstack@n-api.service[116889]: warnings.warn(msg)
Sep 03 16:33:22.555119 n-d-807358-1 devstack@n-api.service[116889]: DEBUG nova.objects.aggregate [None req-3e27eafd-c432-40a1-b46e-8d3bf9a423bb tempest-AggregatesAdminNegativeTestJSON-1500538908 tempest-AggregatesAdminNegativeTestJSON-1500538908-project-admin] Generated uuid d7f93be6-b08f-4bd2-b425-2131233cc8f1 for aggregate {{(pid=116889) create /opt/stack/nova/nova/objects/aggregate.py:298}}
Sep 03 16:33:22.703997 n-d-807358-1 devstack@n-api.service[116888]: DEBUG nova.policy [None req-5693eede-8720-433e-bada-48514095a655 tempest-TenantUsagesTestJSON-1597935653 tempest-TenantUsagesTestJSON-1597935653-project] Policy check for os_compute_api:os-extended-server-attributes failed with credentials {'is_admin': False, 'user_id': 'd1e73739fab5416c9b1772418a774d75', 'user_domain_id': 'default', 'system_scope': None, 'domain_id': None, 'project_id': '77bede1cc4014854900e92a825f4643f', 'project_domain_id': 'default', 'roles': ['reader', 'member'], 'is_admin_project': True, 'service_user_id': None, 'service_user_domain_id': None, 'service_project_id': None, 'service_project_domain_id': None, 'service_roles': []} {{(pid=116888) authorize /opt/stack/nova/nova/policy.py:199}}
Sep 03 16:33:22.714384 n-d-807358-1 devstack@n-api.service[116888]: INFO nova.api.openstack.requestlog [None req-5693eede-8720-433e-bada-48514095a655 tempest-TenantUsagesTestJSON-1597935653 tempest-TenantUsagesTestJSON-1597935653-project] 10.222.0.22 "GET /compute/v2.1/servers/f5b83ae2-c6fe-459f-962a-361f597e0687" status: 200 len: 1314 microversion: 2.1 time: 0.403365
Sep 03 16:33:22.716938 n-d-807358-1 devstack@n-api.service[116888]: [pid: 116888|app: 0|req: 166/306] 10.222.0.22 () {58 vars in 1236 bytes} [Fri Sep 3 16:33:22 2021] GET /compute/v2.1/servers/f5b83ae2-c6fe-459f-962a-361f597e0687 => generated 1314 bytes in 407 msecs (HTTP/1.1 200) 9 headers in 358 bytes (1 switches on core 0)
Sep 03 16:33:22.726545 n-d-807358-1 devstack@n-api.service[116889]: INFO nova.api.openstack.requestlog [None req-3e27eafd-c432-40a1-b46e-8d3bf9a423bb tempest-AggregatesAdminNegativeTestJSON-1500538908 tempest-AggregatesAdminNegativeTestJSON-1500538908-project-admin] 10.222.0.22 "POST /compute/v2.1/os-aggregates" status: 200 len: 199 microversion: 2.1 time: 0.179213
Sep 03 16:33:22.727349 n-d-807358-1 devstack@n-api.service[116889]: [pid: 116889|app: 0|req: 141/307] 10.222.0.22 () {60 vars in 1164 bytes} [Fri Sep 3 16:33:22 2021] POST /compute/v2.1/os-aggregates => generated 199 bytes in 181 msecs (HTTP/1.1 200) 9 headers in 357 bytes (1 switches on core 0)
Sep 03 16:33:22.732885 n-d-807358-1 devstack@n-api.service[116888]: DEBUG nova.api.openstack.wsgi [None req-866712b6-c05d-4800-af7f-7967343c71af tempest-AggregatesAdminTestJSON-1474288485 tempest-AggregatesAdminTestJSON-1474288485-project-admin] Calling method '>' {{(pid=116888) _process_stack /opt/stack/nova/nova/api/openstack/wsgi.py:513}}
Sep 03 16:33:22.732885 n-d-807358-1 devstack@n-api.service[116888]: /usr/local/lib/python3.8/dist-packages/oslo_policy/policy.py:1064: UserWarning: Policy os_compute_api:os-aggregates:delete failed scope check. The token used to make the request was project scoped but the policy requires ['system'] scope. This behavior may change in the future where using the intended scope is required
Sep 03 16:33:22.732885 n-d-807358-1 devstack@n-api.service[116888]: warnings.warn(msg)
Sep 03 16:33:22.735427 n-d-807358-1 devstack@n-api.service[116889]: DEBUG nova.api.openstack.wsgi [None req-f32d8b59-75d3-45cd-a745-c8e531400bf7 tempest-ServersWithSpecificFlavorTestJSON-236607542 tempest-ServersWithSpecificFlavorTestJSON-236607542-project] Calling method '>' {{(pid=116889) _process_stack /opt/stack/nova/nova/api/openstack/wsgi.py:513}}
Sep 03 16:33:22.736114 n-d-807358-1 devstack@n-api.service[116889]: DEBUG nova.compute.api [None req-f32d8b59-75d3-45cd-a745-c8e531400bf7 tempest-ServersWithSpecificFlavorTestJSON-236607542 tempest-ServersWithSpecificFlavorTestJSON-236607542-project] [instance: 5a2c2815-e180-43b9-8938-38f9b49a7dd5] Fetching instance by UUID {{(pid=116889) get /opt/stack/nova/nova/compute/api.py:2863}}
Sep 03 16:33:22.743969 n-d-807358-1 devstack@n-api.service[116889]: DEBUG oslo_concurrency.lockutils [None req-f32d8b59-75d3-45cd-a745-c8e531400bf7 tempest-ServersWithSpecificFlavorTestJSON-236607542 tempest-ServersWithSpecificFlavorTestJSON-236607542-project] Lock "da90a04d-8c30-4a85-be40-e1facc29019e" acquired by "nova.context.set_target_cell..get_or_set_cached_cell_and_set_connections" :: waited 0.000s {{(pid=116889) inner /usr/local/lib/python3.8/dist-packages/oslo_concurrency/lockutils.py:355}}
Sep 03 16:33:22.744420 n-d-807358-1 devstack@n-api.service[116889]: DEBUG oslo_concurrency.lockutils [None req-f32d8b59-75d3-45cd-a745-c8e531400bf7 tempest-ServersWithSpecificFlavorTestJSON-236607542 tempest-ServersWithSpecificFlavorTestJSON-236607542-project] Lock "da90a04d-8c30-4a85-be40-e1facc29019e" released by "nova.context.set_target_cell..get_or_set_cached_cell_and_set_connections" :: held 0.001s {{(pid=116889) inner /usr/local/lib/python3.8/dist-packages/oslo_concurrency/lockutils.py:367}}
Sep 03 16:33:22.745255 n-d-807358-1 devstack@n-api.service[116889]: DEBUG oslo_concurrency.lockutils [None req-f32d8b59-75d3-45cd-a745-c8e531400bf7 tempest-ServersWithSpecificFlavorTestJSON-236607542 tempest-ServersWithSpecificFlavorTestJSON-236607542-project] Lock "da90a04d-8c30-4a85-be40-e1facc29019e" acquired by "nova.context.set_target_cell..get_or_set_cached_cell_and_set_connections" :: waited 0.000s {{(pid=116889) inner /usr/local/lib/python3.8/dist-packages/oslo_concurrency/lockutils.py:355}}
Sep 03 16:33:22.745697 n-d-807358-1 devstack@n-api.service[116889]: DEBUG oslo_concurrency.lockutils [None req-f32d8b59-75d3-45cd-a745-c8e531400bf7 tempest-ServersWithSpecificFlavorTestJSON-236607542 tempest-ServersWithSpecificFlavorTestJSON-236607542-project] Lock "da90a04d-8c30-4a85-be40-e1facc29019e" released by "nova.context.set_target_cell..get_or_set_cached_cell_and_set_connections" :: held 0.000s {{(pid=116889) inner /usr/local/lib/python3.8/dist-packages/oslo_concurrency/lockutils.py:367}}
Sep 03 16:33:22.815171 n-d-807358-1 devstack@n-api.service[116888]: INFO nova.api.openstack.requestlog [None req-866712b6-c05d-4800-af7f-7967343c71af tempest-AggregatesAdminTestJSON-1474288485 tempest-AggregatesAdminTestJSON-1474288485-project-admin] 10.222.0.22 "DELETE /compute/v2.1/os-aggregates/16" status: 200 len: 0 microversion: 2.1 time: 0.097175
Sep 03 16:33:22.815849 n-d-807358-1 devstack@n-api.service[116888]: [pid: 116888|app: 0|req: 167/308] 10.222.0.22 () {58 vars in 1155 bytes} [Fri Sep 3 16:33:22 2021] DELETE /compute/v2.1/os-aggregates/16 => generated 0 bytes in 99 msecs (HTTP/1.1 200) 9 headers in 355 bytes (1 switches on core 0)
Sep 03 16:33:22.822431 n-d-807358-1 devstack@n-api.service[116888]: DEBUG nova.api.openstack.wsgi [None req-5d8033bc-6d08-4f8e-84d4-a783d633e6d8 tempest-AggregatesAdminNegativeTestJSON-1500538908 tempest-AggregatesAdminNegativeTestJSON-1500538908-project-admin] Action: 'action', calling method: >, body: {"remove_host": {"host": "nonexist_host"}} {{(pid=116888) _process_stack /opt/stack/nova/nova/api/openstack/wsgi.py:511}}
Sep 03 16:33:22.824197 n-d-807358-1 devstack@n-api.service[116888]: /usr/local/lib/python3.8/dist-packages/oslo_policy/policy.py:1064: UserWarning: Policy os_compute_api:os-aggregates:remove_host failed scope check. The token used to make the request was project scoped but the policy requires ['system'] scope. This behavior may change in the future where using the intended scope is required
Sep 03 16:33:22.824197 n-d-807358-1 devstack@n-api.service[116888]: warnings.warn(msg)
Sep 03 16:33:22.841173 n-d-807358-1 devstack@n-api.service[116888]: DEBUG oslo_concurrency.lockutils [None req-5d8033bc-6d08-4f8e-84d4-a783d633e6d8 tempest-AggregatesAdminNegativeTestJSON-1500538908 tempest-AggregatesAdminNegativeTestJSON-1500538908-project-admin] Lock "00000000-0000-0000-0000-000000000000" acquired by "nova.context.set_target_cell..get_or_set_cached_cell_and_set_connections" :: waited 0.000s {{(pid=116888) inner /usr/local/lib/python3.8/dist-packages/oslo_concurrency/lockutils.py:355}}
Sep 03 16:33:22.841782 n-d-807358-1 devstack@n-api.service[116888]: DEBUG oslo_concurrency.lockutils [None req-5d8033bc-6d08-4f8e-84d4-a783d633e6d8 tempest-AggregatesAdminNegativeTestJSON-1500538908 tempest-AggregatesAdminNegativeTestJSON-1500538908-project-admin] Lock "00000000-0000-0000-0000-000000000000" released by "nova.context.set_target_cell..get_or_set_cached_cell_and_set_connections" :: held 0.001s {{(pid=116888) inner /usr/local/lib/python3.8/dist-packages/oslo_concurrency/lockutils.py:367}}
Sep 03 16:33:22.848514 n-d-807358-1 devstack@n-api.service[116888]: DEBUG oslo_concurrency.lockutils [None req-5d8033bc-6d08-4f8e-84d4-a783d633e6d8 tempest-AggregatesAdminNegativeTestJSON-1500538908 tempest-AggregatesAdminNegativeTestJSON-1500538908-project-admin] Lock "da90a04d-8c30-4a85-be40-e1facc29019e" acquired by "nova.context.set_target_cell..get_or_set_cached_cell_and_set_connections" :: waited 0.000s {{(pid=116888) inner /usr/local/lib/python3.8/dist-packages/oslo_concurrency/lockutils.py:355}}
Sep 03 16:33:22.849165 n-d-807358-1 devstack@n-api.service[116888]: DEBUG oslo_concurrency.lockutils [None req-5d8033bc-6d08-4f8e-84d4-a783d633e6d8 tempest-AggregatesAdminNegativeTestJSON-1500538908 tempest-AggregatesAdminNegativeTestJSON-1500538908-project-admin] Lock "da90a04d-8c30-4a85-be40-e1facc29019e" released by "nova.context.set_target_cell..get_or_set_cached_cell_and_set_connections" :: held 0.001s {{(pid=116888) inner /usr/local/lib/python3.8/dist-packages/oslo_concurrency/lockutils.py:367}}
Sep 03 16:33:22.872504 n-d-807358-1 devstack@n-api.service[116888]: ERROR nova.api.openstack.compute.aggregates [None req-5d8033bc-6d08-4f8e-84d4-a783d633e6d8 tempest-AggregatesAdminNegativeTestJSON-1500538908 tempest-AggregatesAdminNegativeTestJSON-1500538908-project-admin] Failed to remove host nonexist_host from aggregate 17. Error: Compute host nonexist_host could not be found.: nova.exception.ComputeHostNotFound: Compute host nonexist_host could not be found.
