Sep 03 16:33:18.472529 n-d-807358-1 devstack@n-api.service[116889]: INFO nova.api.openstack.wsgi [None req-5fb46cc2-0438-490b-b92c-5a54aa45e7d2 tempest-AggregatesAdminTestJSON-1474288485 tempest-AggregatesAdminTestJSON-1474288485-project-admin] HTTP exception thrown: Aggregate 12 could not be found.
Sep 03 16:33:18.473416 n-d-807358-1 devstack@n-api.service[116889]: DEBUG nova.api.openstack.wsgi [None req-5fb46cc2-0438-490b-b92c-5a54aa45e7d2 tempest-AggregatesAdminTestJSON-1474288485 tempest-AggregatesAdminTestJSON-1474288485-project-admin] Returning 404 to user: Aggregate 12 could not be found. {{(pid=116889) __call__ /opt/stack/nova/nova/api/openstack/wsgi.py:936}}
Sep 03 16:33:18.474568 n-d-807358-1 devstack@n-api.service[116889]: INFO nova.api.openstack.requestlog [None req-5fb46cc2-0438-490b-b92c-5a54aa45e7d2 tempest-AggregatesAdminTestJSON-1474288485 tempest-AggregatesAdminTestJSON-1474288485-project-admin] 10.222.0.22 "DELETE /compute/v2.1/os-aggregates/12" status: 404 len: 78 microversion: 2.1 time: 0.019018
Sep 03 16:33:18.475504 n-d-807358-1 devstack@n-api.service[116889]: [pid: 116889|app: 0|req: 124/271] 10.222.0.22 () {58 vars in 1155 bytes} [Fri Sep 3 16:33:18 2021] DELETE /compute/v2.1/os-aggregates/12 => generated 78 bytes in 20 msecs (HTTP/1.1 404) 9 headers in 378 bytes (1 switches on core 0)
Sep 03 16:33:18.494005 n-d-807358-1 devstack@n-api.service[116889]: DEBUG nova.api.openstack.wsgi [None req-0cf8dfab-bd73-44b9-9034-53a84a167f72 tempest-AggregatesAdminTestJSON-1474288485 tempest-AggregatesAdminTestJSON-1474288485-project-admin] Action: 'create', calling method: >, body: {"aggregate": {"availability_zone": "tempest-test_az-1383968162", "name": "tempest-test_aggregate-1977278022"}} {{(pid=116889) _process_stack /opt/stack/nova/nova/api/openstack/wsgi.py:511}}
Sep 03 16:33:18.527230 n-d-807358-1 devstack@n-api.service[116889]: /usr/local/lib/python3.8/dist-packages/oslo_policy/policy.py:1064: UserWarning: Policy os_compute_api:os-aggregates:create failed scope check. The token used to make the request was project scoped but the policy requires ['system'] scope. This behavior may change in the future where using the intended scope is required
Sep 03 16:33:18.527230 n-d-807358-1 devstack@n-api.service[116889]: warnings.warn(msg)
Sep 03 16:33:18.528609 n-d-807358-1 devstack@n-api.service[116889]: DEBUG nova.objects.aggregate [None req-0cf8dfab-bd73-44b9-9034-53a84a167f72 tempest-AggregatesAdminTestJSON-1474288485 tempest-AggregatesAdminTestJSON-1474288485-project-admin] Generated uuid 7344305a-1041-4ec4-b30c-dcfa169a10a1 for aggregate {{(pid=116889) create /opt/stack/nova/nova/objects/aggregate.py:298}}
Sep 03 16:33:18.626033 n-d-807358-1 devstack@n-api.service[116889]: INFO nova.api.openstack.requestlog [None req-0cf8dfab-bd73-44b9-9034-53a84a167f72 tempest-AggregatesAdminTestJSON-1474288485 tempest-AggregatesAdminTestJSON-1474288485-project-admin] 10.222.0.22 "POST /compute/v2.1/os-aggregates" status: 200 len: 223 microversion: 2.1 time: 0.142591
Sep 03 16:33:18.629333 n-d-807358-1 devstack@n-api.service[116888]: INFO nova.api.openstack.requestlog [None req-ee3a0f7e-94f3-4b6e-a756-12b313585ab2 tempest-AggregatesAdminTestV241-959546860 tempest-AggregatesAdminTestV241-959546860-project-admin] 10.222.0.22 "POST /compute/v2.1/os-aggregates/11/action" status: 200 len: 315 microversion: 2.41 time: 0.383375
Sep 03 16:33:18.630238 n-d-807358-1 devstack@n-api.service[116888]: [pid: 116888|app: 0|req: 148/272] 10.222.0.22 () {62 vars in 1235 bytes} [Fri Sep 3 16:33:18 2021] POST /compute/v2.1/os-aggregates/11/action => generated 315 bytes in 386 msecs (HTTP/1.1 200) 9 headers in 359 bytes (1 switches on core 0)
Sep 03 16:33:18.632836 n-d-807358-1 devstack@n-api.service[116889]: [pid: 116889|app: 0|req: 125/273] 10.222.0.22 () {60 vars in 1165 bytes} [Fri Sep 3 16:33:18 2021] POST /compute/v2.1/os-aggregates => generated 223 bytes in 151 msecs (HTTP/1.1 200) 9 headers in 357 bytes (2 switches on core 0)
Sep 03 16:33:18.640588 n-d-807358-1 devstack@n-api.service[116889]: DEBUG nova.api.openstack.wsgi [None req-12641656-4591-47b4-ae7b-dde40be176a4 tempest-AggregatesAdminTestV241-959546860 tempest-AggregatesAdminTestV241-959546860-project-admin] Action: 'action', calling method: >, body: {"remove_host": {"host": "n-h1-807358-1"}} {{(pid=116889) _process_stack /opt/stack/nova/nova/api/openstack/wsgi.py:511}}
Sep 03 16:33:18.641833 n-d-807358-1 devstack@n-api.service[116889]: /usr/local/lib/python3.8/dist-packages/oslo_policy/policy.py:1064: UserWarning: Policy os_compute_api:os-aggregates:remove_host failed scope check. The token used to make the request was project scoped but the policy requires ['system'] scope. This behavior may change in the future where using the intended scope is required
Sep 03 16:33:18.641833 n-d-807358-1 devstack@n-api.service[116889]: warnings.warn(msg)
Sep 03 16:33:18.643631 n-d-807358-1 devstack@n-api.service[116888]: DEBUG nova.api.openstack.wsgi [None req-d7160b38-37a5-42ea-9d0c-51cf228b1139 tempest-AggregatesAdminTestJSON-1474288485 tempest-AggregatesAdminTestJSON-1474288485-project-admin] Calling method '>' {{(pid=116888) _process_stack /opt/stack/nova/nova/api/openstack/wsgi.py:513}}
Sep 03 16:33:18.645731 n-d-807358-1 devstack@n-api.service[116888]: /usr/local/lib/python3.8/dist-packages/oslo_policy/policy.py:1064: UserWarning: Policy os_compute_api:os-aggregates:delete failed scope check. The token used to make the request was project scoped but the policy requires ['system'] scope. This behavior may change in the future where using the intended scope is required
Sep 03 16:33:18.645731 n-d-807358-1 devstack@n-api.service[116888]: warnings.warn(msg)
Sep 03 16:33:18.651372 n-d-807358-1 devstack@n-api.service[116889]: DEBUG oslo_concurrency.lockutils [None req-12641656-4591-47b4-ae7b-dde40be176a4 tempest-AggregatesAdminTestV241-959546860 tempest-AggregatesAdminTestV241-959546860-project-admin] Lock "da90a04d-8c30-4a85-be40-e1facc29019e" acquired by "nova.context.set_target_cell..get_or_set_cached_cell_and_set_connections" :: waited 0.000s {{(pid=116889) inner /usr/local/lib/python3.8/dist-packages/oslo_concurrency/lockutils.py:355}}
Sep 03 16:33:18.651878 n-d-807358-1 devstack@n-api.service[116889]: DEBUG oslo_concurrency.lockutils [None req-12641656-4591-47b4-ae7b-dde40be176a4 tempest-AggregatesAdminTestV241-959546860 tempest-AggregatesAdminTestV241-959546860-project-admin] Lock "da90a04d-8c30-4a85-be40-e1facc29019e" released by "nova.context.set_target_cell..get_or_set_cached_cell_and_set_connections" :: held 0.001s {{(pid=116889) inner /usr/local/lib/python3.8/dist-packages/oslo_concurrency/lockutils.py:367}}
Sep 03 16:33:18.782462 n-d-807358-1 devstack@n-api.service[116888]: INFO nova.api.openstack.requestlog [None req-d7160b38-37a5-42ea-9d0c-51cf228b1139 tempest-AggregatesAdminTestJSON-1474288485 tempest-AggregatesAdminTestJSON-1474288485-project-admin] 10.222.0.22 "DELETE /compute/v2.1/os-aggregates/13" status: 200 len: 0 microversion: 2.1 time: 0.147123
Sep 03 16:33:18.783163 n-d-807358-1 devstack@n-api.service[116888]: [pid: 116888|app: 0|req: 149/274] 10.222.0.22 () {58 vars in 1155 bytes} [Fri Sep 3 16:33:18 2021] DELETE /compute/v2.1/os-aggregates/13 => generated 0 bytes in 149 msecs (HTTP/1.1 200) 9 headers in 355 bytes (1 switches on core 0)
Sep 03 16:33:18.792339 n-d-807358-1 devstack@n-api.service[116888]: DEBUG nova.api.openstack.wsgi [None req-95de488d-5dff-47cf-b828-c210731af1fe tempest-AggregatesAdminTestJSON-1474288485 tempest-AggregatesAdminTestJSON-1474288485-project-admin] Calling method '>' {{(pid=116888) _process_stack /opt/stack/nova/nova/api/openstack/wsgi.py:513}}
Sep 03 16:33:18.793448 n-d-807358-1 devstack@n-api.service[116888]: /usr/local/lib/python3.8/dist-packages/oslo_policy/policy.py:1064: UserWarning: Policy os_compute_api:os-aggregates:show failed scope check. The token used to make the request was project scoped but the policy requires ['system'] scope. This behavior may change in the future where using the intended scope is required
Sep 03 16:33:18.793448 n-d-807358-1 devstack@n-api.service[116888]: warnings.warn(msg)
Sep 03 16:33:18.812053 n-d-807358-1 devstack@n-api.service[116888]: INFO nova.api.openstack.wsgi [None req-95de488d-5dff-47cf-b828-c210731af1fe tempest-AggregatesAdminTestJSON-1474288485 tempest-AggregatesAdminTestJSON-1474288485-project-admin] HTTP exception thrown: Aggregate 13 could not be found.
Sep 03 16:33:18.812923 n-d-807358-1 devstack@n-api.service[116888]: DEBUG nova.api.openstack.wsgi [None req-95de488d-5dff-47cf-b828-c210731af1fe tempest-AggregatesAdminTestJSON-1474288485 tempest-AggregatesAdminTestJSON-1474288485-project-admin] Returning 404 to user: Aggregate 13 could not be found. {{(pid=116888) __call__ /opt/stack/nova/nova/api/openstack/wsgi.py:936}}
Sep 03 16:33:18.814375 n-d-807358-1 devstack@n-api.service[116888]: INFO nova.api.openstack.requestlog [None req-95de488d-5dff-47cf-b828-c210731af1fe tempest-AggregatesAdminTestJSON-1474288485 tempest-AggregatesAdminTestJSON-1474288485-project-admin] 10.222.0.22 "GET /compute/v2.1/os-aggregates/13" status: 404 len: 78 microversion: 2.1 time: 0.026032
Sep 03 16:33:18.815373 n-d-807358-1 devstack@n-api.service[116888]: [pid: 116888|app: 0|req: 150/275] 10.222.0.22 () {58 vars in 1152 bytes} [Fri Sep 3 16:33:18 2021] GET /compute/v2.1/os-aggregates/13 => generated 78 bytes in 28 msecs (HTTP/1.1 404) 9 headers in 378 bytes (1 switches on core 0)
Sep 03 16:33:18.825108 n-d-807358-1 devstack@n-api.service[116888]: DEBUG nova.api.openstack.wsgi [None req-32af423a-88a7-4edb-beee-df2b566de3f6 tempest-AggregatesAdminTestJSON-1474288485 tempest-AggregatesAdminTestJSON-1474288485-project-admin] Calling method '>' {{(pid=116888) _process_stack /opt/stack/nova/nova/api/openstack/wsgi.py:513}}
Sep 03 16:33:18.826098 n-d-807358-1 devstack@n-api.service[116888]: /usr/local/lib/python3.8/dist-packages/oslo_policy/policy.py:1064: UserWarning: Policy os_compute_api:os-aggregates:delete failed scope check. The token used to make the request was project scoped but the policy requires ['system'] scope. This behavior may change in the future where using the intended scope is required
Sep 03 16:33:18.826098 n-d-807358-1 devstack@n-api.service[116888]: warnings.warn(msg)
Sep 03 16:33:18.847225 n-d-807358-1 devstack@n-api.service[116888]: INFO nova.api.openstack.wsgi [None req-32af423a-88a7-4edb-beee-df2b566de3f6 tempest-AggregatesAdminTestJSON-1474288485 tempest-AggregatesAdminTestJSON-1474288485-project-admin] HTTP exception thrown: Aggregate 13 could not be found.
Sep 03 16:33:18.849853 n-d-807358-1 devstack@n-api.service[116888]: DEBUG nova.api.openstack.wsgi [None req-32af423a-88a7-4edb-beee-df2b566de3f6 tempest-AggregatesAdminTestJSON-1474288485 tempest-AggregatesAdminTestJSON-1474288485-project-admin] Returning 404 to user: Aggregate 13 could not be found. {{(pid=116888) __call__ /opt/stack/nova/nova/api/openstack/wsgi.py:936}}
Sep 03 16:33:18.850761 n-d-807358-1 devstack@n-api.service[116888]: INFO nova.api.openstack.requestlog [None req-32af423a-88a7-4edb-beee-df2b566de3f6 tempest-AggregatesAdminTestJSON-1474288485 tempest-AggregatesAdminTestJSON-1474288485-project-admin] 10.222.0.22 "DELETE /compute/v2.1/os-aggregates/13" status: 404 len: 78 microversion: 2.1 time: 0.030299
Sep 03 16:33:18.852147 n-d-807358-1 devstack@n-api.service[116888]: [pid: 116888|app: 0|req: 151/276] 10.222.0.22 () {58 vars in 1155 bytes} [Fri Sep 3 16:33:18 2021] DELETE /compute/v2.1/os-aggregates/13 => generated 78 bytes in 32 msecs (HTTP/1.1 404) 9 headers in 378 bytes (1 switches on core 0)
Sep 03 16:33:18.868863 n-d-807358-1 devstack@n-api.service[116888]: DEBUG nova.api.openstack.wsgi [None req-0150145e-9f1f-4537-8ee0-eb02e9ea5fd0 tempest-AggregatesAdminTestJSON-1474288485 tempest-AggregatesAdminTestJSON-1474288485-project-admin] Action: 'create', calling method: >, body: {"aggregate": {"name": "tempest-test_aggregate-733337716"}} {{(pid=116888) _process_stack /opt/stack/nova/nova/api/openstack/wsgi.py:511}}
Sep 03 16:33:18.870342 n-d-807358-1 devstack@n-api.service[116888]: /usr/local/lib/python3.8/dist-packages/oslo_policy/policy.py:1064: UserWarning: Policy os_compute_api:os-aggregates:create failed scope check. The token used to make the request was project scoped but the policy requires ['system'] scope. This behavior may change in the future where using the intended scope is required
Sep 03 16:33:18.870342 n-d-807358-1 devstack@n-api.service[116888]: warnings.warn(msg)
Sep 03 16:33:18.871888 n-d-807358-1 devstack@n-api.service[116888]: DEBUG nova.objects.aggregate [None req-0150145e-9f1f-4537-8ee0-eb02e9ea5fd0 tempest-AggregatesAdminTestJSON-1474288485 tempest-AggregatesAdminTestJSON-1474288485-project-admin] Generated uuid c4a3fd82-061a-4d6b-9c94-d21b929e1654 for aggregate {{(pid=116888) create /opt/stack/nova/nova/objects/aggregate.py:298}}
Sep 03 16:33:18.971105 n-d-807358-1 devstack@n-api.service[116889]: INFO nova.api.openstack.requestlog [None req-12641656-4591-47b4-ae7b-dde40be176a4 tempest-AggregatesAdminTestV241-959546860 tempest-AggregatesAdminTestV241-959546860-project-admin] 10.222.0.22 "POST /compute/v2.1/os-aggregates/11/action" status: 200 len: 300 microversion: 2.41 time: 0.334068
Sep 03 16:33:18.972015 n-d-807358-1 devstack@n-api.service[116889]: [pid: 116889|app: 0|req: 126/277] 10.222.0.22 () {62 vars in 1235 bytes} [Fri Sep 3 16:33:18 2021] POST /compute/v2.1/os-aggregates/11/action => generated 300 bytes in 336 msecs (HTTP/1.1 200) 9 headers in 359 bytes (2 switches on core 0)
Sep 03 16:33:18.978229 n-d-807358-1 devstack@n-api.service[116889]: DEBUG nova.api.openstack.wsgi [None req-910a32cd-4612-49f0-b281-1a1afd86e5be tempest-ServerDiagnosticsNegativeTest-632859473 tempest-ServerDiagnosticsNegativeTest-632859473-project] Calling method '>' {{(pid=116889) _process_stack /opt/stack/nova/nova/api/openstack/wsgi.py:513}}
Sep 03 16:33:18.979143 n-d-807358-1 devstack@n-api.service[116889]: DEBUG nova.compute.api [None req-910a32cd-4612-49f0-b281-1a1afd86e5be tempest-ServerDiagnosticsNegativeTest-632859473 tempest-ServerDiagnosticsNegativeTest-632859473-project] [instance: 75a04583-2fda-4f39-a01f-2f6b97cc9c9a] Fetching instance by UUID {{(pid=116889) get /opt/stack/nova/nova/compute/api.py:2863}}
Sep 03 16:33:18.994242 n-d-807358-1 devstack@n-api.service[116888]: INFO nova.api.openstack.requestlog [None req-0150145e-9f1f-4537-8ee0-eb02e9ea5fd0 tempest-AggregatesAdminTestJSON-1474288485 tempest-AggregatesAdminTestJSON-1474288485-project-admin] 10.222.0.22 "POST /compute/v2.1/os-aggregates" status: 200 len: 198 microversion: 2.1 time: 0.131646
Sep 03 16:33:18.995751 n-d-807358-1 devstack@n-api.service[116888]: [pid: 116888|app: 0|req: 152/278] 10.222.0.22 () {60 vars in 1164 bytes} [Fri Sep 3 16:33:18 2021] POST /compute/v2.1/os-aggregates => generated 198 bytes in 139 msecs (HTTP/1.1 200) 9 headers in 357 bytes (2 switches on core 0)
Sep 03 16:33:19.001634 n-d-807358-1 devstack@n-api.service[116888]: DEBUG nova.api.openstack.wsgi [None req-a271654f-7cf9-49fd-a243-17f018457c17 tempest-AggregatesAdminTestV241-959546860 tempest-AggregatesAdminTestV241-959546860-project-admin] Calling method '>' {{(pid=116888) _process_stack /opt/stack/nova/nova/api/openstack/wsgi.py:513}}
Sep 03 16:33:19.001634 n-d-807358-1 devstack@n-api.service[116888]: /usr/local/lib/python3.8/dist-packages/oslo_policy/policy.py:1064: UserWarning: Policy os_compute_api:os-aggregates:delete failed scope check. The token used to make the request was project scoped but the policy requires ['system'] scope. This behavior may change in the future where using the intended scope is required
Sep 03 16:33:19.001634 n-d-807358-1 devstack@n-api.service[116888]: warnings.warn(msg)
Sep 03 16:33:19.003945 n-d-807358-1 devstack@n-api.service[116889]: DEBUG oslo_concurrency.lockutils [None req-910a32cd-4612-49f0-b281-1a1afd86e5be tempest-ServerDiagnosticsNegativeTest-632859473 tempest-ServerDiagnosticsNegativeTest-632859473-project] Lock "da90a04d-8c30-4a85-be40-e1facc29019e" acquired by "nova.context.set_target_cell..get_or_set_cached_cell_and_set_connections" :: waited 0.000s {{(pid=116889) inner /usr/local/lib/python3.8/dist-packages/oslo_concurrency/lockutils.py:355}}
Sep 03 16:33:19.004466 n-d-807358-1 devstack@n-api.service[116889]: DEBUG oslo_concurrency.lockutils [None req-910a32cd-4612-49f0-b281-1a1afd86e5be tempest-ServerDiagnosticsNegativeTest-632859473 tempest-ServerDiagnosticsNegativeTest-632859473-project] Lock "da90a04d-8c30-4a85-be40-e1facc29019e" released by "nova.context.set_target_cell..get_or_set_cached_cell_and_set_connections" :: held 0.001s {{(pid=116889) inner /usr/local/lib/python3.8/dist-packages/oslo_concurrency/lockutils.py:367}}
Sep 03 16:33:19.006680 n-d-807358-1 devstack@n-api.service[116889]: DEBUG oslo_concurrency.lockutils [None req-910a32cd-4612-49f0-b281-1a1afd86e5be tempest-ServerDiagnosticsNegativeTest-632859473 tempest-ServerDiagnosticsNegativeTest-632859473-project] Lock "da90a04d-8c30-4a85-be40-e1facc29019e" acquired by "nova.context.set_target_cell..get_or_set_cached_cell_and_set_connections" :: waited 0.000s {{(pid=116889) inner /usr/local/lib/python3.8/dist-packages/oslo_concurrency/lockutils.py:355}}
Sep 03 16:33:19.007219 n-d-807358-1 devstack@n-api.service[116889]: DEBUG oslo_concurrency.lockutils [None req-910a32cd-4612-49f0-b281-1a1afd86e5be tempest-ServerDiagnosticsNegativeTest-632859473 tempest-ServerDiagnosticsNegativeTest-632859473-project] Lock "da90a04d-8c30-4a85-be40-e1facc29019e" released by "nova.context.set_target_cell..get_or_set_cached_cell_and_set_connections" :: held 0.000s {{(pid=116889) inner /usr/local/lib/python3.8/dist-packages/oslo_concurrency/lockutils.py:367}}
Sep 03 16:33:19.161512 n-d-807358-1 devstack@n-api.service[116888]: INFO nova.api.openstack.requestlog [None req-a271654f-7cf9-49fd-a243-17f018457c17 tempest-AggregatesAdminTestV241-959546860 tempest-AggregatesAdminTestV241-959546860-project-admin] 10.222.0.22 "DELETE /compute/v2.1/os-aggregates/11" status: 200 len: 0 microversion: 2.41 time: 0.161819
Sep 03 16:33:19.168656 n-d-807358-1 devstack@n-api.service[116888]: [pid: 116888|app: 0|req: 153/279] 10.222.0.22 () {60 vars in 1196 bytes} [Fri Sep 3 16:33:18 2021] DELETE /compute/v2.1/os-aggregates/11 => generated 0 bytes in 167 msecs (HTTP/1.1 200) 9 headers in 357 bytes (1 switches on core 0)
Sep 03 16:33:19.168656 n-d-807358-1 devstack@n-api.service[116888]: DEBUG nova.api.openstack.wsgi [None req-6ad4ac14-4183-46c7-8c6e-840b0e2ff40c tempest-AggregatesAdminTestJSON-1474288485 tempest-AggregatesAdminTestJSON-1474288485-project-admin] Calling method '>' {{(pid=116888) _process_stack /opt/stack/nova/nova/api/openstack/wsgi.py:513}}
Sep 03 16:33:19.170100 n-d-807358-1 devstack@n-api.service[116888]: /usr/local/lib/python3.8/dist-packages/oslo_policy/policy.py:1064: UserWarning: Policy os_compute_api:os-aggregates:show failed scope check. The token used to make the request was project scoped but the policy requires ['system'] scope. This behavior may change in the future where using the intended scope is required
Sep 03 16:33:19.170100 n-d-807358-1 devstack@n-api.service[116888]: warnings.warn(msg)
Sep 03 16:33:19.180652 n-d-807358-1 devstack@n-api.service[116888]: INFO nova.api.openstack.requestlog [None req-6ad4ac14-4183-46c7-8c6e-840b0e2ff40c tempest-AggregatesAdminTestJSON-1474288485 tempest-AggregatesAdminTestJSON-1474288485-project-admin] 10.222.0.22 "GET /compute/v2.1/os-aggregates/14" status: 200 len: 227 microversion: 2.1 time: 0.014962
Sep 03 16:33:19.186887 n-d-807358-1 devstack@n-api.service[116888]: [pid: 116888|app: 0|req: 154/280] 10.222.0.22 () {58 vars in 1152 bytes} [Fri Sep 3 16:33:19 2021] GET /compute/v2.1/os-aggregates/14 => generated 227 bytes in 22 msecs (HTTP/1.1 200) 9 headers in 357 bytes (1 switches on core 0)
Sep 03 16:33:19.195978 n-d-807358-1 devstack@n-api.service[116888]: DEBUG nova.api.openstack.wsgi [None req-7b64548c-3b4c-4037-9a8f-0d03d0f16e9a tempest-AggregatesAdminTestJSON-1474288485 tempest-AggregatesAdminTestJSON-1474288485-project-admin] Action: 'action', calling method: >, body: {"set_metadata": {"metadata": {"key": "value"}}} {{(pid=116888) _process_stack /opt/stack/nova/nova/api/openstack/wsgi.py:511}}
Sep 03 16:33:19.199815 n-d-807358-1 devstack@n-api.service[116888]: /usr/local/lib/python3.8/dist-packages/oslo_policy/policy.py:1064: UserWarning: Policy os_compute_api:os-aggregates:set_metadata failed scope check. The token used to make the request was project scoped but the policy requires ['system'] scope. This behavior may change in the future where using the intended scope is required
Sep 03 16:33:19.199815 n-d-807358-1 devstack@n-api.service[116888]: warnings.warn(msg)
Sep 03 16:33:19.271279 n-d-807358-1 devstack@n-api.service[116889]: DEBUG nova.policy [None req-910a32cd-4612-49f0-b281-1a1afd86e5be tempest-ServerDiagnosticsNegativeTest-632859473 tempest-ServerDiagnosticsNegativeTest-632859473-project] Policy check for os_compute_api:os-extended-server-attributes failed with credentials {'is_admin': False, 'user_id': 'e3ae8d0354994b8f901dd5401bdab4a3', 'user_domain_id': 'default', 'system_scope': None, 'domain_id': None, 'project_id': 'bd12140e6b044188b55f7847f120ed07', 'project_domain_id': 'default', 'roles': ['reader', 'member'], 'is_admin_project': True, 'service_user_id': None, 'service_user_domain_id': None, 'service_project_id': None, 'service_project_domain_id': None, 'service_roles': []} {{(pid=116889) authorize /opt/stack/nova/nova/policy.py:199}}
Sep 03 16:33:19.290133 n-d-807358-1 devstack@n-api.service[116889]: INFO nova.api.openstack.requestlog [None req-910a32cd-4612-49f0-b281-1a1afd86e5be tempest-ServerDiagnosticsNegativeTest-632859473 tempest-ServerDiagnosticsNegativeTest-632859473-project] 10.222.0.22 "GET /compute/v2.1/servers/75a04583-2fda-4f39-a01f-2f6b97cc9c9a" status: 200 len: 1323 microversion: 2.1 time: 0.316011
Sep 03 16:33:19.292687 n-d-807358-1 devstack@n-api.service[116889]: [pid: 116889|app: 0|req: 127/281] 10.222.0.22 () {58 vars in 1236 bytes} [Fri Sep 3 16:33:18 2021] GET /compute/v2.1/servers/75a04583-2fda-4f39-a01f-2f6b97cc9c9a => generated 1323 bytes in 320 msecs (HTTP/1.1 200) 9 headers in 358 bytes (1 switches on core 0)
Sep 03 16:33:19.307705 n-d-807358-1 devstack@n-api.service[116889]: DEBUG nova.api.openstack.wsgi [None req-55c485e6-c40b-4abf-924b-fcdfb79243c9 tempest-TenantUsagesTestJSON-1597935653 tempest-TenantUsagesTestJSON-1597935653-project] Calling method '>' {{(pid=116889) _process_stack /opt/stack/nova/nova/api/openstack/wsgi.py:513}}
Sep 03 16:33:19.308614 n-d-807358-1 devstack@n-api.service[116889]: DEBUG nova.compute.api [None req-55c485e6-c40b-4abf-924b-fcdfb79243c9 tempest-TenantUsagesTestJSON-1597935653 tempest-TenantUsagesTestJSON-1597935653-project] [instance: f5b83ae2-c6fe-459f-962a-361f597e0687] Fetching instance by UUID {{(pid=116889) get /opt/stack/nova/nova/compute/api.py:2863}}
Sep 03 16:33:19.344975 n-d-807358-1 devstack@n-api.service[116888]: INFO nova.api.openstack.requestlog [None req-7b64548c-3b4c-4037-9a8f-0d03d0f16e9a tempest-AggregatesAdminTestJSON-1474288485 tempest-AggregatesAdminTestJSON-1474288485-project-admin] 10.222.0.22 "POST /compute/v2.1/os-aggregates/14/action" status: 200 len: 265 microversion: 2.1 time: 0.142347
Sep 03 16:33:19.344975 n-d-807358-1 devstack@n-api.service[116888]: [pid: 116888|app: 0|req: 155/282] 10.222.0.22 () {60 vars in 1194 bytes} [Fri Sep 3 16:33:19 2021] POST /compute/v2.1/os-aggregates/14/action => generated 265 bytes in 144 msecs (HTTP/1.1 200) 9 headers in 357 bytes (1 switches on core 0)
Sep 03 16:33:19.344975 n-d-807358-1 devstack@n-api.service[116888]: DEBUG nova.api.openstack.wsgi [None req-541d0224-4792-458f-bd47-22f4d981ad01 tempest-AggregatesAdminNegativeTestJSON-1500538908 tempest-AggregatesAdminNegativeTestJSON-1500538908-project-admin] Action: 'create', calling method: >, body: {"aggregate": {"name": "tempest-test_aggregate-1465939766"}} {{(pid=116888) _process_stack /opt/stack/nova/nova/api/openstack/wsgi.py:511}}
Sep 03 16:33:19.344975 n-d-807358-1 devstack@n-api.service[116888]: /usr/local/lib/python3.8/dist-packages/oslo_policy/policy.py:1064: UserWarning: Policy os_compute_api:os-aggregates:create failed scope check. The token used to make the request was project scoped but the policy requires ['system'] scope. This behavior may change in the future where using the intended scope is required
Sep 03 16:33:19.344975 n-d-807358-1 devstack@n-api.service[116888]: warnings.warn(msg)
Sep 03 16:33:19.345368 n-d-807358-1 devstack@n-api.service[116889]: DEBUG oslo_concurrency.lockutils [None req-55c485e6-c40b-4abf-924b-fcdfb79243c9 tempest-TenantUsagesTestJSON-1597935653 tempest-TenantUsagesTestJSON-1597935653-project] Lock "da90a04d-8c30-4a85-be40-e1facc29019e" acquired by "nova.context.set_target_cell..get_or_set_cached_cell_and_set_connections" :: waited 0.000s {{(pid=116889) inner /usr/local/lib/python3.8/dist-packages/oslo_concurrency/lockutils.py:355}}
Sep 03 16:33:19.345368 n-d-807358-1 devstack@n-api.service[116889]: DEBUG oslo_concurrency.lockutils [None req-55c485e6-c40b-4abf-924b-fcdfb79243c9 tempest-TenantUsagesTestJSON-1597935653 tempest-TenantUsagesTestJSON-1597935653-project] Lock "da90a04d-8c30-4a85-be40-e1facc29019e" released by "nova.context.set_target_cell..get_or_set_cached_cell_and_set_connections" :: held 0.021s {{(pid=116889) inner /usr/local/lib/python3.8/dist-packages/oslo_concurrency/lockutils.py:367}}
Sep 03 16:33:19.345368 n-d-807358-1 devstack@n-api.service[116889]: DEBUG oslo_concurrency.lockutils [None req-55c485e6-c40b-4abf-924b-fcdfb79243c9 tempest-TenantUsagesTestJSON-1597935653 tempest-TenantUsagesTestJSON-1597935653-project] Lock "da90a04d-8c30-4a85-be40-e1facc29019e" acquired by "nova.context.set_target_cell..get_or_set_cached_cell_and_set_connections" :: waited 0.000s {{(pid=116889) inner /usr/local/lib/python3.8/dist-packages/oslo_concurrency/lockutils.py:355}}
Sep 03 16:33:19.345368 n-d-807358-1 devstack@n-api.service[116889]: DEBUG oslo_concurrency.lockutils [None req-55c485e6-c40b-4abf-924b-fcdfb79243c9 tempest-TenantUsagesTestJSON-1597935653 tempest-TenantUsagesTestJSON-1597935653-project] Lock "da90a04d-8c30-4a85-be40-e1facc29019e" released by "nova.context.set_target_cell..get_or_set_cached_cell_and_set_connections" :: held 0.000s {{(pid=116889) inner /usr/local/lib/python3.8/dist-packages/oslo_concurrency/lockutils.py:367}}
Sep 03 16:33:19.351510 n-d-807358-1 devstack@n-api.service[116888]: DEBUG nova.objects.aggregate [None req-541d0224-4792-458f-bd47-22f4d981ad01 tempest-AggregatesAdminNegativeTestJSON-1500538908 tempest-AggregatesAdminNegativeTestJSON-1500538908-project-admin] Generated uuid 5e55c03d-b092-48b2-aa68-bdee36e11ac4 for aggregate {{(pid=116888) create /opt/stack/nova/nova/objects/aggregate.py:298}}
Sep 03 16:33:19.488265 n-d-807358-1 devstack@n-api.service[116888]: INFO nova.api.openstack.requestlog [None req-541d0224-4792-458f-bd47-22f4d981ad01 tempest-AggregatesAdminNegativeTestJSON-1500538908 tempest-AggregatesAdminNegativeTestJSON-1500538908-project-admin] 10.222.0.22 "POST /compute/v2.1/os-aggregates" status: 200 len: 199 microversion: 2.1 time: 0.154972
Sep 03 16:33:19.497140 n-d-807358-1 devstack@n-api.service[116888]: [pid: 116888|app: 0|req: 156/283] 10.222.0.22 () {60 vars in 1164 bytes} [Fri Sep 3 16:33:19 2021] POST /compute/v2.1/os-aggregates => generated 199 bytes in 165 msecs (HTTP/1.1 200) 9 headers in 357 bytes (1 switches on core 0)
Sep 03 16:33:19.533728 n-d-807358-1 devstack@n-api.service[116889]: DEBUG nova.policy [None req-55c485e6-c40b-4abf-924b-fcdfb79243c9 tempest-TenantUsagesTestJSON-1597935653 tempest-TenantUsagesTestJSON-1597935653-project] Policy check for os_compute_api:os-extended-server-attributes failed with credentials {'is_admin': False, 'user_id': 'd1e73739fab5416c9b1772418a774d75', 'user_domain_id': 'default', 'system_scope': None, 'domain_id': None, 'project_id': '77bede1cc4014854900e92a825f4643f', 'project_domain_id': 'default', 'roles': ['reader', 'member'], 'is_admin_project': True, 'service_user_id': None, 'service_user_domain_id': None, 'service_project_id': None, 'service_project_domain_id': None, 'service_roles': []} {{(pid=116889) authorize /opt/stack/nova/nova/policy.py:199}}
Sep 03 16:33:19.545671 n-d-807358-1 devstack@n-api.service[116889]: INFO nova.api.openstack.requestlog [None req-55c485e6-c40b-4abf-924b-fcdfb79243c9 tempest-TenantUsagesTestJSON-1597935653 tempest-TenantUsagesTestJSON-1597935653-project] 10.222.0.22 "GET /compute/v2.1/servers/f5b83ae2-c6fe-459f-962a-361f597e0687" status: 200 len: 1274 microversion: 2.1 time: 0.249915
Sep 03 16:33:19.551418 n-d-807358-1 devstack@n-api.service[116889]: [pid: 116889|app: 0|req: 128/284] 10.222.0.22 () {58 vars in 1236 bytes} [Fri Sep 3 16:33:19 2021] GET /compute/v2.1/servers/f5b83ae2-c6fe-459f-962a-361f597e0687 => generated 1274 bytes in 257 msecs (HTTP/1.1 200) 9 headers in 358 bytes (1 switches on core 0)
Sep 03 16:33:19.568024 n-d-807358-1 devstack@n-api.service[116889]: DEBUG nova.api.openstack.wsgi [None req-20c80427-8a66-44fb-a250-3c2b270455d0 tempest-ServersWithSpecificFlavorTestJSON-236607542 tempest-ServersWithSpecificFlavorTestJSON-236607542-project] Calling method '>' {{(pid=116889) _process_stack /opt/stack/nova/nova/api/openstack/wsgi.py:513}}
Sep 03 16:33:19.573209 n-d-807358-1 devstack@n-api.service[116889]: DEBUG nova.compute.api [None req-20c80427-8a66-44fb-a250-3c2b270455d0 tempest-ServersWithSpecificFlavorTestJSON-236607542 tempest-ServersWithSpecificFlavorTestJSON-236607542-project] [instance: 5a2c2815-e180-43b9-8938-38f9b49a7dd5] Fetching instance by UUID {{(pid=116889) get /opt/stack/nova/nova/compute/api.py:2863}}
Sep 03 16:33:19.590671 n-d-807358-1 devstack@n-api.service[116889]: DEBUG oslo_concurrency.lockutils [None req-20c80427-8a66-44fb-a250-3c2b270455d0 tempest-ServersWithSpecificFlavorTestJSON-236607542 tempest-ServersWithSpecificFlavorTestJSON-236607542-project] Lock "da90a04d-8c30-4a85-be40-e1facc29019e" acquired by "nova.context.set_target_cell..get_or_set_cached_cell_and_set_connections" :: waited 0.000s {{(pid=116889) inner /usr/local/lib/python3.8/dist-packages/oslo_concurrency/lockutils.py:355}}
Sep 03 16:33:19.591924 n-d-807358-1 devstack@n-api.service[116889]: DEBUG oslo_concurrency.lockutils [None req-20c80427-8a66-44fb-a250-3c2b270455d0 tempest-ServersWithSpecificFlavorTestJSON-236607542 tempest-ServersWithSpecificFlavorTestJSON-236607542-project] Lock "da90a04d-8c30-4a85-be40-e1facc29019e" released by "nova.context.set_target_cell..get_or_set_cached_cell_and_set_connections" :: held 0.001s {{(pid=116889) inner /usr/local/lib/python3.8/dist-packages/oslo_concurrency/lockutils.py:367}}
Sep 03 16:33:19.592713 n-d-807358-1 devstack@n-api.service[116889]: DEBUG oslo_concurrency.lockutils [None req-20c80427-8a66-44fb-a250-3c2b270455d0 tempest-ServersWithSpecificFlavorTestJSON-236607542 tempest-ServersWithSpecificFlavorTestJSON-236607542-project] Lock "da90a04d-8c30-4a85-be40-e1facc29019e" acquired by "nova.context.set_target_cell..get_or_set_cached_cell_and_set_connections" :: waited 0.000s {{(pid=116889) inner /usr/local/lib/python3.8/dist-packages/oslo_concurrency/lockutils.py:355}}
Sep 03 16:33:19.609780 n-d-807358-1 devstack@n-api.service[116889]: DEBUG oslo_concurrency.lockutils [None req-20c80427-8a66-44fb-a250-3c2b270455d0 tempest-ServersWithSpecificFlavorTestJSON-236607542 tempest-ServersWithSpecificFlavorTestJSON-236607542-project] Lock "da90a04d-8c30-4a85-be40-e1facc29019e" released by "nova.context.set_target_cell..get_or_set_cached_cell_and_set_connections" :: held 0.001s {{(pid=116889) inner /usr/local/lib/python3.8/dist-packages/oslo_concurrency/lockutils.py:367}}
Sep 03 16:33:19.722165 n-d-807358-1 devstack@n-api.service[116888]: DEBUG nova.api.openstack.wsgi [None req-c424299d-7685-45e9-b679-2f3e9fda3dc9 tempest-NetworksTest-1623674376 tempest-NetworksTest-1623674376-project-admin] Calling method '.version_select at 0x7f0c062243a0>' {{(pid=116888) _process_stack /opt/stack/nova/nova/api/openstack/wsgi.py:513}}
Sep 03 16:33:19.971961 n-d-807358-1 devstack@n-api.service[116889]: DEBUG nova.policy [None req-20c80427-8a66-44fb-a250-3c2b270455d0 tempest-ServersWithSpecificFlavorTestJSON-236607542 tempest-ServersWithSpecificFlavorTestJSON-236607542-project] Policy check for os_compute_api:os-extended-server-attributes failed with credentials {'is_admin': False, 'user_id': 'ac445e217cdd47c79436a2d0010fa982', 'user_domain_id': 'default', 'system_scope': None, 'domain_id': None, 'project_id': '8abaf8acd6724d409853cf0ff01d91bd', 'project_domain_id': 'default', 'roles': ['reader', 'member'], 'is_admin_project': True, 'service_user_id': None, 'service_user_domain_id': None, 'service_project_id': None, 'service_project_domain_id': None, 'service_roles': []} {{(pid=116889) authorize /opt/stack/nova/nova/policy.py:199}}
Sep 03 16:33:19.998012 n-d-807358-1 devstack@n-api.service[116889]: INFO nova.api.openstack.requestlog [None req-20c80427-8a66-44fb-a250-3c2b270455d0 tempest-ServersWithSpecificFlavorTestJSON-236607542 tempest-ServersWithSpecificFlavorTestJSON-236607542-project] 10.222.0.22 "GET /compute/v2.1/servers/5a2c2815-e180-43b9-8938-38f9b49a7dd5" status: 200 len: 1387 microversion: 2.1 time: 0.440684
Sep 03 16:33:20.002907 n-d-807358-1 devstack@n-api.service[116889]: [pid: 116889|app: 0|req: 129/285] 10.222.0.22 () {58 vars in 1236 bytes} [Fri Sep 3 16:33:19 2021] GET /compute/v2.1/servers/5a2c2815-e180-43b9-8938-38f9b49a7dd5 => generated 1387 bytes in 447 msecs (HTTP/1.1 200) 9 headers in 358 bytes (1 switches on core 0)
Sep 03 16:33:20.028153 n-d-807358-1 devstack@n-api.service[116889]: DEBUG nova.api.openstack.wsgi [None req-d41b5ca4-ae25-46aa-b92d-a0a34af6b5c7 tempest-AggregatesAdminTestJSON-1474288485 tempest-AggregatesAdminTestJSON-1474288485-project-admin] Calling method '>' {{(pid=116889) _process_stack /opt/stack/nova/nova/api/openstack/wsgi.py:513}}
Sep 03 16:33:20.034776 n-d-807358-1 devstack@n-api.service[116889]: /usr/local/lib/python3.8/dist-packages/oslo_policy/policy.py:1064: UserWarning: Policy os_compute_api:os-aggregates:show failed scope check. The token used to make the request was project scoped but the policy requires ['system'] scope. This behavior may change in the future where using the intended scope is required
Sep 03 16:33:20.034776 n-d-807358-1 devstack@n-api.service[116889]: warnings.warn(msg)
Sep 03 16:33:20.069293 n-d-807358-1 devstack@n-api.service[116889]: INFO nova.api.openstack.requestlog [None req-d41b5ca4-ae25-46aa-b92d-a0a34af6b5c7 tempest-AggregatesAdminTestJSON-1474288485 tempest-AggregatesAdminTestJSON-1474288485-project-admin] 10.222.0.22 "GET /compute/v2.1/os-aggregates/14" status: 200 len: 241 microversion: 2.1 time: 0.063813
Sep 03 16:33:20.075045 n-d-807358-1 devstack@n-api.service[116889]: [pid: 116889|app: 0|req: 130/286] 10.222.0.22 () {58 vars in 1152 bytes} [Fri Sep 3 16:33:20 2021] GET /compute/v2.1/os-aggregates/14 => generated 241 bytes in 71 msecs (HTTP/1.1 200) 9 headers in 357 bytes (1 switches on core 0)
Sep 03 16:33:20.100482 n-d-807358-1 devstack@n-api.service[116889]: DEBUG nova.api.openstack.wsgi [None req-cafc19b3-07ae-43ed-8bc3-319f317c394c tempest-DeleteServersAdminTestJSON-1011227012 tempest-DeleteServersAdminTestJSON-1011227012-project] Calling method '>' {{(pid=116889) _process_stack /opt/stack/nova/nova/api/openstack/wsgi.py:513}}
Sep 03 16:33:20.101921 n-d-807358-1 devstack@n-api.service[116889]: DEBUG nova.compute.api [None req-cafc19b3-07ae-43ed-8bc3-319f317c394c tempest-DeleteServersAdminTestJSON-1011227012 tempest-DeleteServersAdminTestJSON-1011227012-project] [instance: bcd55ed7-13bc-4c56-a445-7abde7994fc3] Fetching instance by UUID {{(pid=116889) get /opt/stack/nova/nova/compute/api.py:2863}}
Sep 03 16:33:20.145926 n-d-807358-1 devstack@n-api.service[116889]: DEBUG oslo_concurrency.lockutils [None req-cafc19b3-07ae-43ed-8bc3-319f317c394c tempest-DeleteServersAdminTestJSON-1011227012 tempest-DeleteServersAdminTestJSON-1011227012-project] Lock "da90a04d-8c30-4a85-be40-e1facc29019e" acquired by "nova.context.set_target_cell..get_or_set_cached_cell_and_set_connections" :: waited 0.000s {{(pid=116889) inner /usr/local/lib/python3.8/dist-packages/oslo_concurrency/lockutils.py:355}}
Sep 03 16:33:20.146885 n-d-807358-1 devstack@n-api.service[116889]: DEBUG oslo_concurrency.lockutils [None req-cafc19b3-07ae-43ed-8bc3-319f317c394c tempest-DeleteServersAdminTestJSON-1011227012 tempest-DeleteServersAdminTestJSON-1011227012-project] Lock "da90a04d-8c30-4a85-be40-e1facc29019e" released by "nova.context.set_target_cell..get_or_set_cached_cell_and_set_connections" :: held 0.020s {{(pid=116889) inner /usr/local/lib/python3.8/dist-packages/oslo_concurrency/lockutils.py:367}}
Sep 03 16:33:20.152112 n-d-807358-1 devstack@n-api.service[116889]: DEBUG oslo_concurrency.lockutils [None req-cafc19b3-07ae-43ed-8bc3-319f317c394c tempest-DeleteServersAdminTestJSON-1011227012 tempest-DeleteServersAdminTestJSON-1011227012-project] Lock "da90a04d-8c30-4a85-be40-e1facc29019e" acquired by "nova.context.set_target_cell..get_or_set_cached_cell_and_set_connections" :: waited 0.000s {{(pid=116889) inner /usr/local/lib/python3.8/dist-packages/oslo_concurrency/lockutils.py:355}}
Sep 03 16:33:20.158161 n-d-807358-1 devstack@n-api.service[116889]: DEBUG oslo_concurrency.lockutils [None req-cafc19b3-07ae-43ed-8bc3-319f317c394c tempest-DeleteServersAdminTestJSON-1011227012 tempest-DeleteServersAdminTestJSON-1011227012-project] Lock "da90a04d-8c30-4a85-be40-e1facc29019e" released by "nova.context.set_target_cell..get_or_set_cached_cell_and_set_connections" :: held 0.001s {{(pid=116889) inner /usr/local/lib/python3.8/dist-packages/oslo_concurrency/lockutils.py:367}}
Sep 03 16:33:20.163450 n-d-807358-1 devstack@n-api.service[116888]: INFO nova.api.openstack.requestlog [None req-c424299d-7685-45e9-b679-2f3e9fda3dc9 tempest-NetworksTest-1623674376 tempest-NetworksTest-1623674376-project-admin] 10.222.0.22 "GET /compute/v2.1/os-networks" status: 200 len: 3327 microversion: 2.1 time: 0.663551
Sep 03 16:33:20.171915 n-d-807358-1 devstack@n-api.service[116888]: [pid: 116888|app: 0|req: 157/287] 10.222.0.22 () {58 vars in 1137 bytes} [Fri Sep 3 16:33:19 2021] GET /compute/v2.1/os-networks => generated 3327 bytes in 674 msecs (HTTP/1.1 200) 9 headers in 358 bytes (1 switches on core 0)
Sep 03 16:33:20.188259 n-d-807358-1 devstack@n-api.service[116888]: DEBUG nova.api.openstack.wsgi [None req-4813ee2a-b971-4548-99cf-ac3e686213ae tempest-AggregatesAdminNegativeTestJSON-1500538908 tempest-AggregatesAdminNegativeTestJSON-1500538908-project-admin] Action: 'action', calling method: >, body: {"add_host": {"host": "n-h1-807358-1"}} {{(pid=116888) _process_stack /opt/stack/nova/nova/api/openstack/wsgi.py:511}}
Sep 03 16:33:20.190977 n-d-807358-1 devstack@n-api.service[116888]: /usr/local/lib/python3.8/dist-packages/oslo_policy/policy.py:1064: UserWarning: Policy os_compute_api:os-aggregates:add_host failed scope check. The token used to make the request was project scoped but the policy requires ['system'] scope. This behavior may change in the future where using the intended scope is required
Sep 03 16:33:20.190977 n-d-807358-1 devstack@n-api.service[116888]: warnings.warn(msg)
Sep 03 16:33:20.219044 n-d-807358-1 devstack@n-api.service[116888]: DEBUG oslo_concurrency.lockutils [None req-4813ee2a-b971-4548-99cf-ac3e686213ae tempest-AggregatesAdminNegativeTestJSON-1500538908 tempest-AggregatesAdminNegativeTestJSON-1500538908-project-admin] Lock "da90a04d-8c30-4a85-be40-e1facc29019e" acquired by "nova.context.set_target_cell..get_or_set_cached_cell_and_set_connections" :: waited 0.000s {{(pid=116888) inner /usr/local/lib/python3.8/dist-packages/oslo_concurrency/lockutils.py:355}}
Sep 03 16:33:20.219801 n-d-807358-1 devstack@n-api.service[116888]: DEBUG oslo_concurrency.lockutils [None req-4813ee2a-b971-4548-99cf-ac3e686213ae tempest-AggregatesAdminNegativeTestJSON-1500538908 tempest-AggregatesAdminNegativeTestJSON-1500538908-project-admin] Lock "da90a04d-8c30-4a85-be40-e1facc29019e" released by "nova.context.set_target_cell..get_or_set_cached_cell_and_set_connections" :: held 0.002s {{(pid=116888) inner /usr/local/lib/python3.8/dist-packages/oslo_concurrency/lockutils.py:367}}
Sep 03 16:33:20.565390 n-d-807358-1 devstack@n-api.service[116888]: INFO nova.api.openstack.requestlog [None req-4813ee2a-b971-4548-99cf-ac3e686213ae tempest-AggregatesAdminNegativeTestJSON-1500538908 tempest-AggregatesAdminNegativeTestJSON-1500538908-project-admin] 10.222.0.22 "POST /compute/v2.1/os-aggregates/15/action" status: 200 len: 243 microversion: 2.1 time: 0.387191
Sep 03 16:33:20.565911 n-d-807358-1 devstack@n-api.service[116888]: [pid: 116888|app: 0|req: 158/288] 10.222.0.22 () {60 vars in 1194 bytes} [Fri Sep 3 16:33:20 2021] POST /compute/v2.1/os-aggregates/15/action => generated 243 bytes in 392 msecs (HTTP/1.1 200) 9 headers in 357 bytes (1 switches on core 0)
Sep 03 16:33:20.577181 n-d-807358-1 devstack@n-api.service[116888]: DEBUG nova.api.openstack.wsgi [None req-90a7a953-c14b-4866-92ed-d48d9e195387 tempest-AggregatesAdminTestJSON-1474288485 tempest-AggregatesAdminTestJSON-1474288485-project-admin] Calling method '>' {{(pid=116888) _process_stack /opt/stack/nova/nova/api/openstack/wsgi.py:513}}
Sep 03 16:33:20.578018 n-d-807358-1 devstack@n-api.service[116888]: /usr/local/lib/python3.8/dist-packages/oslo_policy/policy.py:1064: UserWarning: Policy os_compute_api:os-aggregates:delete failed scope check. The token used to make the request was project scoped but the policy requires ['system'] scope. This behavior may change in the future where using the intended scope is required
Sep 03 16:33:20.578018 n-d-807358-1 devstack@n-api.service[116888]: warnings.warn(msg)
Sep 03 16:33:20.592937 n-d-807358-1 devstack@n-api.service[116889]: DEBUG nova.policy [None req-cafc19b3-07ae-43ed-8bc3-319f317c394c tempest-DeleteServersAdminTestJSON-1011227012 tempest-DeleteServersAdminTestJSON-1011227012-project] Policy check for os_compute_api:os-extended-server-attributes failed with credentials {'is_admin': False, 'user_id': '0afac85ab5534e8fb018827680f31923', 'user_domain_id': 'default', 'system_scope': None, 'domain_id': None, 'project_id': 'f29261d60ee5495693c6db6d2aac8ef3', 'project_domain_id': 'default', 'roles': ['reader', 'member'], 'is_admin_project': True, 'service_user_id': None, 'service_user_domain_id': None, 'service_project_id': None, 'service_project_domain_id': None, 'service_roles': []} {{(pid=116889) authorize /opt/stack/nova/nova/policy.py:199}}
Sep 03 16:33:20.608761 n-d-807358-1 devstack@n-api.service[116889]: INFO nova.api.openstack.requestlog [None req-cafc19b3-07ae-43ed-8bc3-319f317c394c tempest-DeleteServersAdminTestJSON-1011227012 tempest-DeleteServersAdminTestJSON-1011227012-project] 10.222.0.22 "GET /compute/v2.1/servers/bcd55ed7-13bc-4c56-a445-7abde7994fc3" status: 200 len: 1320 microversion: 2.1 time: 0.528171
Sep 03 16:33:20.618285 n-d-807358-1 devstack@n-api.service[116889]: [pid: 116889|app: 0|req: 131/289] 10.222.0.22 () {58 vars in 1236 bytes} [Fri Sep 3 16:33:20 2021] GET /compute/v2.1/servers/bcd55ed7-13bc-4c56-a445-7abde7994fc3 => generated 1320 bytes in 534 msecs (HTTP/1.1 200) 9 headers in 358 bytes (1 switches on core 0)
Sep 03 16:33:20.624604 n-d-807358-1 devstack@n-api.service[116889]: DEBUG nova.api.openstack.wsgi [None req-77f86688-3d28-4c74-80ba-07fdd1e175f4 tempest-NetworksTest-1623674376 tempest-NetworksTest-1623674376-project-admin] Calling method '.version_select at 0x7f0c0626dca0>' {{(pid=116889) _process_stack /opt/stack/nova/nova/api/openstack/wsgi.py:513}}
Sep 03 16:33:20.700401 n-d-807358-1 devstack@n-api.service[116888]: INFO nova.api.openstack.requestlog [None req-90a7a953-c14b-4866-92ed-d48d9e195387 tempest-AggregatesAdminTestJSON-1474288485 tempest-AggregatesAdminTestJSON-1474288485-project-admin] 10.222.0.22 "DELETE /compute/v2.1/os-aggregates/14" status: 200 len: 0 microversion: 2.1 time: 0.131636
Sep 03 16:33:20.701318 n-d-807358-1 devstack@n-api.service[116888]: [pid: 116888|app: 0|req: 159/290] 10.222.0.22 () {58 vars in 1155 bytes} [Fri Sep 3 16:33:20 2021] DELETE /compute/v2.1/os-aggregates/14 => generated 0 bytes in 135 msecs (HTTP/1.1 200) 9 headers in 355 bytes (1 switches on core 0)
Sep 03 16:33:20.711699 n-d-807358-1 devstack@n-api.service[116888]: DEBUG nova.api.openstack.wsgi [None req-9da3762a-5d44-4601-a397-73679d0f19cc tempest-ServerDiagnosticsNegativeTest-632859473 tempest-ServerDiagnosticsNegativeTest-632859473-project] Calling method '>' {{(pid=116888) _process_stack /opt/stack/nova/nova/api/openstack/wsgi.py:513}}
Sep 03 16:33:20.713930 n-d-807358-1 devstack@n-api.service[116888]: DEBUG nova.compute.api [None req-9da3762a-5d44-4601-a397-73679d0f19cc tempest-ServerDiagnosticsNegativeTest-632859473 tempest-ServerDiagnosticsNegativeTest-632859473-project] [instance: 75a04583-2fda-4f39-a01f-2f6b97cc9c9a] Fetching instance by UUID {{(pid=116888) get /opt/stack/nova/nova/compute/api.py:2863}}
Sep 03 16:33:20.732634 n-d-807358-1 devstack@n-api.service[116888]: DEBUG oslo_concurrency.lockutils [None req-9da3762a-5d44-4601-a397-73679d0f19cc tempest-ServerDiagnosticsNegativeTest-632859473 tempest-ServerDiagnosticsNegativeTest-632859473-project] Lock "da90a04d-8c30-4a85-be40-e1facc29019e" acquired by "nova.context.set_target_cell..get_or_set_cached_cell_and_set_connections" :: waited 0.000s {{(pid=116888) inner /usr/local/lib/python3.8/dist-packages/oslo_concurrency/lockutils.py:355}}
Sep 03 16:33:20.732634 n-d-807358-1 devstack@n-api.service[116888]: DEBUG oslo_concurrency.lockutils [None req-9da3762a-5d44-4601-a397-73679d0f19cc tempest-ServerDiagnosticsNegativeTest-632859473 tempest-ServerDiagnosticsNegativeTest-632859473-project] Lock "da90a04d-8c30-4a85-be40-e1facc29019e" released by "nova.context.set_target_cell..get_or_set_cached_cell_and_set_connections" :: held 0.002s {{(pid=116888) inner /usr/local/lib/python3.8/dist-packages/oslo_concurrency/lockutils.py:367}}
Sep 03 16:33:20.733882 n-d-807358-1 devstack@n-api.service[116888]: DEBUG oslo_concurrency.lockutils [None req-9da3762a-5d44-4601-a397-73679d0f19cc tempest-ServerDiagnosticsNegativeTest-632859473 tempest-ServerDiagnosticsNegativeTest-632859473-project] Lock "da90a04d-8c30-4a85-be40-e1facc29019e" acquired by "nova.context.set_target_cell..get_or_set_cached_cell_and_set_connections" :: waited 0.000s {{(pid=116888) inner /usr/local/lib/python3.8/dist-packages/oslo_concurrency/lockutils.py:355}}
Sep 03 16:33:20.734566 n-d-807358-1 devstack@n-api.service[116888]: DEBUG oslo_concurrency.lockutils [None req-9da3762a-5d44-4601-a397-73679d0f19cc tempest-ServerDiagnosticsNegativeTest-632859473 tempest-ServerDiagnosticsNegativeTest-632859473-project] Lock "da90a04d-8c30-4a85-be40-e1facc29019e" released by "nova.context.set_target_cell..get_or_set_cached_cell_and_set_connections" :: held 0.002s {{(pid=116888) inner /usr/local/lib/python3.8/dist-packages/oslo_concurrency/lockutils.py:367}}
Sep 03 16:33:20.975425 n-d-807358-1 devstack@n-api.service[116889]: INFO nova.api.openstack.requestlog [None req-77f86688-3d28-4c74-80ba-07fdd1e175f4 tempest-NetworksTest-1623674376 tempest-NetworksTest-1623674376-project-admin] 10.222.0.22 "GET /compute/v2.1/os-networks/cad8f5a4-116e-49c2-8caa-c2e1065d2f08" status: 200 len: 652 microversion: 2.1 time: 0.364119
Sep 03 16:33:20.976155 n-d-807358-1 devstack@n-api.service[116889]: [pid: 116889|app: 0|req: 132/291] 10.222.0.22 () {58 vars in 1248 bytes} [Fri Sep 3 16:33:20 2021] GET /compute/v2.1/os-networks/cad8f5a4-116e-49c2-8caa-c2e1065d2f08 => generated 652 bytes in 366 msecs (HTTP/1.1 200) 9 headers in 357 bytes (1 switches on core 0)
Sep 03 16:33:20.984120 n-d-807358-1 devstack@n-api.service[116888]: DEBUG nova.policy [None req-9da3762a-5d44-4601-a397-73679d0f19cc tempest-ServerDiagnosticsNegativeTest-632859473 tempest-ServerDiagnosticsNegativeTest-632859473-project] Policy check for os_compute_api:os-extended-server-attributes failed with credentials {'is_admin': False, 'user_id': 'e3ae8d0354994b8f901dd5401bdab4a3', 'user_domain_id': 'default', 'system_scope': None, 'domain_id': None, 'project_id': 'bd12140e6b044188b55f7847f120ed07', 'project_domain_id': 'default', 'roles': ['reader', 'member'], 'is_admin_project': True, 'service_user_id': None, 'service_user_domain_id': None, 'service_project_id': None, 'service_project_domain_id': None, 'service_roles': []} {{(pid=116888) authorize /opt/stack/nova/nova/policy.py:199}}
Sep 03 16:33:20.989651 n-d-807358-1 devstack@n-api.service[116889]: DEBUG nova.api.openstack.wsgi [req-78ad29e1-f873-4dda-bf3d-6c862cdaf304 req-ea8c5f9b-a464-430b-8b80-f22cb60545de service nova] Action: 'create', calling method: >, body: {"events": [{"server_uuid": "75a04583-2fda-4f39-a01f-2f6b97cc9c9a", "name": "network-vif-plugged", "status": "completed", "tag": "a397fb40-dfef-4c41-9d7d-f4282c167f29"}]} {{(pid=116889) _process_stack /opt/stack/nova/nova/api/openstack/wsgi.py:511}}
Sep 03 16:33:20.993366 n-d-807358-1 devstack@n-api.service[116889]: /usr/local/lib/python3.8/dist-packages/oslo_policy/policy.py:1064: UserWarning: Policy os_compute_api:os-server-external-events:create failed scope check. The token used to make the request was project scoped but the policy requires ['system'] scope. This behavior may change in the future where using the intended scope is required
Sep 03 16:33:20.993366 n-d-807358-1 devstack@n-api.service[116889]: warnings.warn(msg)
