Sep 03 16:23:00.861723 n-d-807358-1 devstack@n-api.service[94506]: [pid: 94506|app: 0|req: 11/20] 10.222.0.22 () {60 vars in 1292 bytes} [Fri Sep 3 16:23:00 2021] GET /compute/v2.1/flavors/detail?is_public=True => generated 2106 bytes in 100 msecs (HTTP/1.1 200) 9 headers in 360 bytes (1 switches on core 0)
Sep 03 16:23:03.140449 n-d-807358-1 devstack@n-api.service[94505]: DEBUG nova.api.openstack.wsgi [None req-2128b033-cf2c-4f51-b2d7-d8869c545588 admin admin] Calling method '>' {{(pid=94505) _process_stack /opt/stack/nova/nova/api/openstack/wsgi.py:513}}
Sep 03 16:23:03.141494 n-d-807358-1 devstack@n-api.service[94505]: INFO nova.api.openstack.requestlog [None req-2128b033-cf2c-4f51-b2d7-d8869c545588 admin admin] 10.222.0.22 "GET /compute/v2.1" status: 200 len: 388 microversion: 2.1 time: 0.001483
Sep 03 16:23:03.141895 n-d-807358-1 devstack@n-api.service[94505]: [pid: 94505|app: 0|req: 10/21] 10.222.0.22 () {54 vars in 931 bytes} [Fri Sep 3 16:23:03 2021] GET /compute/v2.1 => generated 388 bytes in 2 msecs (HTTP/1.1 200) 9 headers in 357 bytes (1 switches on core 0)
Sep 03 16:23:03.203971 n-d-807358-1 devstack@n-api.service[94506]: DEBUG nova.api.openstack.wsgi [None req-852b1dc0-bb0d-4480-9a46-fa7d66dda6e6 admin admin] Action: 'create', calling method: >, body: {"flavor": {"disk": 1, "swap": 0, "OS-FLV-EXT-DATA:ephemeral": 0, "os-flavor-access:is_public": true, "id": "1", "name": "m1.tiny", "ram": 512, "vcpus": 1, "rxtx_factor": 1.0}} {{(pid=94506) _process_stack /opt/stack/nova/nova/api/openstack/wsgi.py:511}}
Sep 03 16:23:03.318761 n-d-807358-1 devstack@n-api.service[94506]: INFO nova.api.openstack.requestlog [None req-852b1dc0-bb0d-4480-9a46-fa7d66dda6e6 admin admin] 10.222.0.22 "POST /compute/v2.1/flavors" status: 200 len: 402 microversion: 2.61 time: 0.169768
Sep 03 16:23:03.319412 n-d-807358-1 devstack@n-api.service[94506]: [pid: 94506|app: 0|req: 12/22] 10.222.0.22 () {64 vars in 1283 bytes} [Fri Sep 3 16:23:03 2021] POST /compute/v2.1/flavors => generated 402 bytes in 171 msecs (HTTP/1.1 200) 9 headers in 359 bytes (1 switches on core 0)
Sep 03 16:23:03.332659 n-d-807358-1 devstack@n-api.service[94505]: DEBUG nova.api.openstack.wsgi [None req-6843f9df-1640-4b30-b689-45fb8f1d7af3 admin admin] Action: 'create', calling method: >, body: {"extra_specs": {"hw_rng:allowed": "True"}} {{(pid=94505) _process_stack /opt/stack/nova/nova/api/openstack/wsgi.py:511}}
Sep 03 16:23:03.468906 n-d-807358-1 devstack@n-api.service[94505]: INFO nova.api.openstack.requestlog [None req-6843f9df-1640-4b30-b689-45fb8f1d7af3 admin admin] 10.222.0.22 "POST /compute/v2.1/flavors/1/os-extra_specs" status: 200 len: 43 microversion: 2.61 time: 0.122352
Sep 03 16:23:03.468906 n-d-807358-1 devstack@n-api.service[94505]: [pid: 94505|app: 0|req: 11/23] 10.222.0.22 () {64 vars in 1333 bytes} [Fri Sep 3 16:23:03 2021] POST /compute/v2.1/flavors/1/os-extra_specs => generated 43 bytes in 124 msecs (HTTP/1.1 200) 9 headers in 358 bytes (1 switches on core 0)
Sep 03 16:23:06.117854 n-d-807358-1 devstack@n-api.service[94506]: DEBUG nova.api.openstack.wsgi [None req-852b1dc0-bb0d-4480-9a46-fa7d66dda6e6 admin admin] Calling method '>' {{(pid=94506) _process_stack /opt/stack/nova/nova/api/openstack/wsgi.py:513}}
Sep 03 16:23:06.118891 n-d-807358-1 devstack@n-api.service[94506]: INFO nova.api.openstack.requestlog [None req-852b1dc0-bb0d-4480-9a46-fa7d66dda6e6 admin admin] 10.222.0.22 "GET /compute/v2.1" status: 200 len: 388 microversion: 2.1 time: 0.001443
Sep 03 16:23:06.119287 n-d-807358-1 devstack@n-api.service[94506]: [pid: 94506|app: 0|req: 13/24] 10.222.0.22 () {54 vars in 931 bytes} [Fri Sep 3 16:23:06 2021] GET /compute/v2.1 => generated 388 bytes in 3 msecs (HTTP/1.1 200) 9 headers in 357 bytes (1 switches on core 0)
Sep 03 16:23:06.178344 n-d-807358-1 devstack@n-api.service[94505]: DEBUG nova.api.openstack.wsgi [None req-908be6bd-da68-4ea2-8a45-cc48ab8b35f4 admin admin] Action: 'create', calling method: >, body: {"flavor": {"vcpus": 1, "ram": 2048, "swap": 0, "OS-FLV-EXT-DATA:ephemeral": 0, "rxtx_factor": 1.0, "id": "2", "os-flavor-access:is_public": true, "name": "m1.small", "disk": 20}} {{(pid=94505) _process_stack /opt/stack/nova/nova/api/openstack/wsgi.py:511}}
Sep 03 16:23:06.263725 n-d-807358-1 devstack@n-api.service[94505]: INFO nova.api.openstack.requestlog [None req-908be6bd-da68-4ea2-8a45-cc48ab8b35f4 admin admin] 10.222.0.22 "POST /compute/v2.1/flavors" status: 200 len: 405 microversion: 2.61 time: 0.138034
Sep 03 16:23:06.264230 n-d-807358-1 devstack@n-api.service[94505]: [pid: 94505|app: 0|req: 12/25] 10.222.0.22 () {64 vars in 1283 bytes} [Fri Sep 3 16:23:06 2021] POST /compute/v2.1/flavors => generated 405 bytes in 139 msecs (HTTP/1.1 200) 9 headers in 359 bytes (1 switches on core 0)
Sep 03 16:23:06.276530 n-d-807358-1 devstack@n-api.service[94506]: DEBUG nova.api.openstack.wsgi [None req-87b4f87a-e490-494f-b213-23b07a239e84 admin admin] Action: 'create', calling method: >, body: {"extra_specs": {"hw_rng:allowed": "True"}} {{(pid=94506) _process_stack /opt/stack/nova/nova/api/openstack/wsgi.py:511}}
Sep 03 16:23:06.360598 n-d-807358-1 devstack@n-api.service[94506]: INFO nova.api.openstack.requestlog [None req-87b4f87a-e490-494f-b213-23b07a239e84 admin admin] 10.222.0.22 "POST /compute/v2.1/flavors/2/os-extra_specs" status: 200 len: 43 microversion: 2.61 time: 0.087474
Sep 03 16:23:06.362070 n-d-807358-1 devstack@n-api.service[94506]: [pid: 94506|app: 0|req: 14/26] 10.222.0.22 () {64 vars in 1333 bytes} [Fri Sep 3 16:23:06 2021] POST /compute/v2.1/flavors/2/os-extra_specs => generated 43 bytes in 90 msecs (HTTP/1.1 200) 9 headers in 358 bytes (2 switches on core 0)
Sep 03 16:23:08.552001 n-d-807358-1 devstack@n-api.service[94505]: DEBUG nova.api.openstack.wsgi [None req-908be6bd-da68-4ea2-8a45-cc48ab8b35f4 admin admin] Calling method '>' {{(pid=94505) _process_stack /opt/stack/nova/nova/api/openstack/wsgi.py:513}}
Sep 03 16:23:08.553073 n-d-807358-1 devstack@n-api.service[94505]: INFO nova.api.openstack.requestlog [None req-908be6bd-da68-4ea2-8a45-cc48ab8b35f4 admin admin] 10.222.0.22 "GET /compute/v2.1" status: 200 len: 388 microversion: 2.1 time: 0.001452
Sep 03 16:23:08.553625 n-d-807358-1 devstack@n-api.service[94505]: [pid: 94505|app: 0|req: 13/27] 10.222.0.22 () {54 vars in 931 bytes} [Fri Sep 3 16:23:08 2021] GET /compute/v2.1 => generated 388 bytes in 2 msecs (HTTP/1.1 200) 9 headers in 357 bytes (1 switches on core 0)
Sep 03 16:23:08.612139 n-d-807358-1 devstack@n-api.service[94506]: DEBUG nova.api.openstack.wsgi [None req-a19dc5d2-2edb-48a1-8d97-efbb10a16bfd admin admin] Action: 'create', calling method: >, body: {"flavor": {"id": "3", "disk": 40, "os-flavor-access:is_public": true, "swap": 0, "vcpus": 2, "OS-FLV-EXT-DATA:ephemeral": 0, "ram": 4096, "rxtx_factor": 1.0, "name": "m1.medium"}} {{(pid=94506) _process_stack /opt/stack/nova/nova/api/openstack/wsgi.py:511}}
Sep 03 16:23:08.732955 n-d-807358-1 devstack@n-api.service[94506]: INFO nova.api.openstack.requestlog [None req-a19dc5d2-2edb-48a1-8d97-efbb10a16bfd admin admin] 10.222.0.22 "POST /compute/v2.1/flavors" status: 200 len: 406 microversion: 2.61 time: 0.172874
Sep 03 16:23:08.733496 n-d-807358-1 devstack@n-api.service[94506]: [pid: 94506|app: 0|req: 15/28] 10.222.0.22 () {64 vars in 1283 bytes} [Fri Sep 3 16:23:08 2021] POST /compute/v2.1/flavors => generated 406 bytes in 174 msecs (HTTP/1.1 200) 9 headers in 359 bytes (1 switches on core 0)
Sep 03 16:23:08.746681 n-d-807358-1 devstack@n-api.service[94505]: DEBUG nova.api.openstack.wsgi [None req-14eb1a79-9bb9-4170-98e4-bf5d9f05f52e admin admin] Action: 'create', calling method: >, body: {"extra_specs": {"hw_rng:allowed": "True"}} {{(pid=94505) _process_stack /opt/stack/nova/nova/api/openstack/wsgi.py:511}}
Sep 03 16:23:08.851246 n-d-807358-1 devstack@n-api.service[94505]: INFO nova.api.openstack.requestlog [None req-14eb1a79-9bb9-4170-98e4-bf5d9f05f52e admin admin] 10.222.0.22 "POST /compute/v2.1/flavors/3/os-extra_specs" status: 200 len: 43 microversion: 2.61 time: 0.108170
Sep 03 16:23:08.851837 n-d-807358-1 devstack@n-api.service[94505]: [pid: 94505|app: 0|req: 14/29] 10.222.0.22 () {64 vars in 1333 bytes} [Fri Sep 3 16:23:08 2021] POST /compute/v2.1/flavors/3/os-extra_specs => generated 43 bytes in 109 msecs (HTTP/1.1 200) 9 headers in 358 bytes (2 switches on core 0)
Sep 03 16:23:11.105305 n-d-807358-1 devstack@n-api.service[94506]: DEBUG nova.api.openstack.wsgi [None req-a19dc5d2-2edb-48a1-8d97-efbb10a16bfd admin admin] Calling method '>' {{(pid=94506) _process_stack /opt/stack/nova/nova/api/openstack/wsgi.py:513}}
Sep 03 16:23:11.106335 n-d-807358-1 devstack@n-api.service[94506]: INFO nova.api.openstack.requestlog [None req-a19dc5d2-2edb-48a1-8d97-efbb10a16bfd admin admin] 10.222.0.22 "GET /compute/v2.1" status: 200 len: 388 microversion: 2.1 time: 0.001504
Sep 03 16:23:11.106743 n-d-807358-1 devstack@n-api.service[94506]: [pid: 94506|app: 0|req: 16/30] 10.222.0.22 () {54 vars in 931 bytes} [Fri Sep 3 16:23:11 2021] GET /compute/v2.1 => generated 388 bytes in 2 msecs (HTTP/1.1 200) 9 headers in 357 bytes (1 switches on core 0)
Sep 03 16:23:11.164908 n-d-807358-1 devstack@n-api.service[94505]: DEBUG nova.api.openstack.wsgi [None req-ac203688-c8bc-41bd-bf5c-10bf48b29910 admin admin] Action: 'create', calling method: >, body: {"flavor": {"vcpus": 4, "name": "m1.large", "id": "4", "rxtx_factor": 1.0, "swap": 0, "OS-FLV-EXT-DATA:ephemeral": 0, "os-flavor-access:is_public": true, "ram": 8192, "disk": 80}} {{(pid=94505) _process_stack /opt/stack/nova/nova/api/openstack/wsgi.py:511}}
Sep 03 16:23:11.258319 n-d-807358-1 devstack@n-api.service[94505]: INFO nova.api.openstack.requestlog [None req-ac203688-c8bc-41bd-bf5c-10bf48b29910 admin admin] 10.222.0.22 "POST /compute/v2.1/flavors" status: 200 len: 405 microversion: 2.61 time: 0.144672
Sep 03 16:23:11.258876 n-d-807358-1 devstack@n-api.service[94505]: [pid: 94505|app: 0|req: 15/31] 10.222.0.22 () {64 vars in 1283 bytes} [Fri Sep 3 16:23:11 2021] POST /compute/v2.1/flavors => generated 405 bytes in 146 msecs (HTTP/1.1 200) 9 headers in 359 bytes (1 switches on core 0)
Sep 03 16:23:11.271204 n-d-807358-1 devstack@n-api.service[94506]: DEBUG nova.api.openstack.wsgi [None req-e4934269-8a80-4c11-a255-cd95fc1632da admin admin] Action: 'create', calling method: >, body: {"extra_specs": {"hw_rng:allowed": "True"}} {{(pid=94506) _process_stack /opt/stack/nova/nova/api/openstack/wsgi.py:511}}
Sep 03 16:23:11.381719 n-d-807358-1 devstack@n-api.service[94506]: INFO nova.api.openstack.requestlog [None req-e4934269-8a80-4c11-a255-cd95fc1632da admin admin] 10.222.0.22 "POST /compute/v2.1/flavors/4/os-extra_specs" status: 200 len: 43 microversion: 2.61 time: 0.114143
Sep 03 16:23:11.386231 n-d-807358-1 devstack@n-api.service[94506]: [pid: 94506|app: 0|req: 17/32] 10.222.0.22 () {64 vars in 1333 bytes} [Fri Sep 3 16:23:11 2021] POST /compute/v2.1/flavors/4/os-extra_specs => generated 43 bytes in 116 msecs (HTTP/1.1 200) 9 headers in 358 bytes (1 switches on core 0)
Sep 03 16:23:13.584631 n-d-807358-1 devstack@n-api.service[94505]: DEBUG nova.api.openstack.wsgi [None req-ac203688-c8bc-41bd-bf5c-10bf48b29910 admin admin] Calling method '>' {{(pid=94505) _process_stack /opt/stack/nova/nova/api/openstack/wsgi.py:513}}
Sep 03 16:23:13.585676 n-d-807358-1 devstack@n-api.service[94505]: INFO nova.api.openstack.requestlog [None req-ac203688-c8bc-41bd-bf5c-10bf48b29910 admin admin] 10.222.0.22 "GET /compute/v2.1" status: 200 len: 388 microversion: 2.1 time: 0.001476
Sep 03 16:23:13.586065 n-d-807358-1 devstack@n-api.service[94505]: [pid: 94505|app: 0|req: 16/33] 10.222.0.22 () {54 vars in 931 bytes} [Fri Sep 3 16:23:13 2021] GET /compute/v2.1 => generated 388 bytes in 2 msecs (HTTP/1.1 200) 9 headers in 357 bytes (1 switches on core 0)
Sep 03 16:23:13.649705 n-d-807358-1 devstack@n-api.service[94506]: DEBUG nova.api.openstack.wsgi [None req-30d71244-2336-4236-8229-c4144350bad1 admin admin] Action: 'create', calling method: >, body: {"flavor": {"vcpus": 8, "id": "5", "swap": 0, "rxtx_factor": 1.0, "os-flavor-access:is_public": true, "disk": 160, "OS-FLV-EXT-DATA:ephemeral": 0, "name": "m1.xlarge", "ram": 16384}} {{(pid=94506) _process_stack /opt/stack/nova/nova/api/openstack/wsgi.py:511}}
Sep 03 16:23:13.750282 n-d-807358-1 devstack@n-api.service[94506]: INFO nova.api.openstack.requestlog [None req-30d71244-2336-4236-8229-c4144350bad1 admin admin] 10.222.0.22 "POST /compute/v2.1/flavors" status: 200 len: 408 microversion: 2.61 time: 0.157993
Sep 03 16:23:13.751594 n-d-807358-1 devstack@n-api.service[94506]: [pid: 94506|app: 0|req: 18/34] 10.222.0.22 () {64 vars in 1283 bytes} [Fri Sep 3 16:23:13 2021] POST /compute/v2.1/flavors => generated 408 bytes in 160 msecs (HTTP/1.1 200) 9 headers in 359 bytes (2 switches on core 0)
Sep 03 16:23:13.764774 n-d-807358-1 devstack@n-api.service[94505]: DEBUG nova.api.openstack.wsgi [None req-f1f3b09e-9da7-42a4-b1b8-d3e2d64a0956 admin admin] Action: 'create', calling method: >, body: {"extra_specs": {"hw_rng:allowed": "True"}} {{(pid=94505) _process_stack /opt/stack/nova/nova/api/openstack/wsgi.py:511}}
Sep 03 16:23:13.874551 n-d-807358-1 devstack@n-api.service[94505]: INFO nova.api.openstack.requestlog [None req-f1f3b09e-9da7-42a4-b1b8-d3e2d64a0956 admin admin] 10.222.0.22 "POST /compute/v2.1/flavors/5/os-extra_specs" status: 200 len: 43 microversion: 2.61 time: 0.113834
Sep 03 16:23:13.885164 n-d-807358-1 devstack@n-api.service[94505]: [pid: 94505|app: 0|req: 17/35] 10.222.0.22 () {64 vars in 1333 bytes} [Fri Sep 3 16:23:13 2021] POST /compute/v2.1/flavors/5/os-extra_specs => generated 43 bytes in 125 msecs (HTTP/1.1 200) 9 headers in 358 bytes (1 switches on core 0)
Sep 03 16:23:58.292087 n-d-807358-1 devstack@n-api.service[94506]: DEBUG nova.api.openstack.wsgi [None req-30d71244-2336-4236-8229-c4144350bad1 admin admin] Calling method '>' {{(pid=94506) _process_stack /opt/stack/nova/nova/api/openstack/wsgi.py:513}}
Sep 03 16:23:58.293141 n-d-807358-1 devstack@n-api.service[94506]: INFO nova.api.openstack.requestlog [None req-30d71244-2336-4236-8229-c4144350bad1 admin admin] 10.222.0.22 "GET /compute/v2.1" status: 200 len: 388 microversion: 2.1 time: 0.001462
Sep 03 16:23:58.293552 n-d-807358-1 devstack@n-api.service[94506]: [pid: 94506|app: 0|req: 19/36] 10.222.0.22 () {54 vars in 931 bytes} [Fri Sep 3 16:23:58 2021] GET /compute/v2.1 => generated 388 bytes in 2 msecs (HTTP/1.1 200) 9 headers in 357 bytes (1 switches on core 0)
Sep 03 16:23:58.354718 n-d-807358-1 devstack@n-api.service[94505]: DEBUG nova.api.openstack.wsgi [None req-f3d6cf17-c6cf-4312-b3f1-4bf9736e2217 admin admin] Calling method '>' {{(pid=94505) _process_stack /opt/stack/nova/nova/api/openstack/wsgi.py:513}}
Sep 03 16:23:58.373204 n-d-807358-1 devstack@n-api.service[94505]: INFO nova.api.openstack.requestlog [None req-f3d6cf17-c6cf-4312-b3f1-4bf9736e2217 admin admin] 10.222.0.22 "GET /compute/v2.1/flavors/detail?is_public=True" status: 200 len: 4202 microversion: 2.61 time: 0.072621
Sep 03 16:23:58.373741 n-d-807358-1 devstack@n-api.service[94505]: [pid: 94505|app: 0|req: 18/37] 10.222.0.22 () {60 vars in 1292 bytes} [Fri Sep 3 16:23:58 2021] GET /compute/v2.1/flavors/detail?is_public=True => generated 4202 bytes in 74 msecs (HTTP/1.1 200) 9 headers in 360 bytes (1 switches on core 0)
Sep 03 16:23:59.806879 n-d-807358-1 devstack@n-api.service[94506]: DEBUG nova.api.openstack.wsgi [None req-30d71244-2336-4236-8229-c4144350bad1 admin admin] Calling method '>' {{(pid=94506) _process_stack /opt/stack/nova/nova/api/openstack/wsgi.py:513}}
Sep 03 16:23:59.808031 n-d-807358-1 devstack@n-api.service[94506]: INFO nova.api.openstack.requestlog [None req-30d71244-2336-4236-8229-c4144350bad1 admin admin] 10.222.0.22 "GET /compute/v2.1" status: 200 len: 388 microversion: 2.1 time: 0.001565
Sep 03 16:23:59.808426 n-d-807358-1 devstack@n-api.service[94506]: [pid: 94506|app: 0|req: 20/38] 10.222.0.22 () {56 vars in 1075 bytes} [Fri Sep 3 16:23:59 2021] GET /compute/v2.1 => generated 388 bytes in 2 msecs (HTTP/1.1 200) 9 headers in 357 bytes (1 switches on core 0)
Sep 03 16:24:00.040639 n-d-807358-1 devstack@n-api.service[94505]: DEBUG nova.api.openstack.wsgi [None req-ff9b0db8-3706-4226-b947-0eb9de49e910 admin admin] Calling method '>' {{(pid=94505) _process_stack /opt/stack/nova/nova/api/openstack/wsgi.py:513}}
Sep 03 16:24:00.046360 n-d-807358-1 devstack@n-api.service[94505]: INFO nova.api.openstack.wsgi [None req-ff9b0db8-3706-4226-b947-0eb9de49e910 admin admin] HTTP exception thrown: Flavor 42 could not be found.
Sep 03 16:24:00.046917 n-d-807358-1 devstack@n-api.service[94505]: DEBUG nova.api.openstack.wsgi [None req-ff9b0db8-3706-4226-b947-0eb9de49e910 admin admin] Returning 404 to user: Flavor 42 could not be found. {{(pid=94505) __call__ /opt/stack/nova/nova/api/openstack/wsgi.py:936}}
Sep 03 16:24:00.047704 n-d-807358-1 devstack@n-api.service[94505]: INFO nova.api.openstack.requestlog [None req-ff9b0db8-3706-4226-b947-0eb9de49e910 admin admin] 10.222.0.22 "GET /compute/v2.1/flavors/42" status: 404 len: 75 microversion: 2.90 time: 0.059807
Sep 03 16:24:00.048229 n-d-807358-1 devstack@n-api.service[94505]: [pid: 94505|app: 0|req: 19/39] 10.222.0.22 () {60 vars in 1191 bytes} [Fri Sep 3 16:23:59 2021] GET /compute/v2.1/flavors/42 => generated 75 bytes in 61 msecs (HTTP/1.1 404) 9 headers in 380 bytes (1 switches on core 0)
Sep 03 16:24:00.057823 n-d-807358-1 devstack@n-api.service[94506]: DEBUG nova.api.openstack.wsgi [None req-0128c295-58be-496b-87d9-209bad310b80 admin admin] Calling method '>' {{(pid=94506) _process_stack /opt/stack/nova/nova/api/openstack/wsgi.py:513}}
Sep 03 16:24:00.080976 n-d-807358-1 devstack@n-api.service[94506]: INFO nova.api.openstack.requestlog [None req-0128c295-58be-496b-87d9-209bad310b80 admin admin] 10.222.0.22 "GET /compute/v2.1/flavors?is_public=None" status: 200 len: 2056 microversion: 2.90 time: 0.026548
Sep 03 16:24:00.081509 n-d-807358-1 devstack@n-api.service[94506]: [pid: 94506|app: 0|req: 21/40] 10.222.0.22 () {60 vars in 1211 bytes} [Fri Sep 3 16:24:00 2021] GET /compute/v2.1/flavors?is_public=None => generated 2056 bytes in 28 msecs (HTTP/1.1 200) 9 headers in 360 bytes (1 switches on core 0)
Sep 03 16:24:00.091750 n-d-807358-1 devstack@n-api.service[94505]: DEBUG nova.api.openstack.wsgi [None req-37e8b8ce-6d19-4907-b7ee-3b51155c14f0 admin admin] Calling method '>' {{(pid=94505) _process_stack /opt/stack/nova/nova/api/openstack/wsgi.py:513}}
Sep 03 16:24:00.112852 n-d-807358-1 devstack@n-api.service[94505]: INFO nova.api.openstack.requestlog [None req-37e8b8ce-6d19-4907-b7ee-3b51155c14f0 admin admin] 10.222.0.22 "GET /compute/v2.1/flavors?is_public=None" status: 200 len: 2056 microversion: 2.90 time: 0.024520
Sep 03 16:24:00.113418 n-d-807358-1 devstack@n-api.service[94505]: [pid: 94505|app: 0|req: 20/41] 10.222.0.22 () {60 vars in 1211 bytes} [Fri Sep 3 16:24:00 2021] GET /compute/v2.1/flavors?is_public=None => generated 2056 bytes in 26 msecs (HTTP/1.1 200) 9 headers in 360 bytes (1 switches on core 0)
Sep 03 16:24:00.123483 n-d-807358-1 devstack@n-api.service[94506]: DEBUG nova.api.openstack.wsgi [None req-279181b6-d309-425e-bb43-5805dbf3ab93 admin admin] Calling method '>' {{(pid=94506) _process_stack /opt/stack/nova/nova/api/openstack/wsgi.py:513}}
Sep 03 16:24:00.129438 n-d-807358-1 devstack@n-api.service[94506]: INFO nova.api.openstack.wsgi [None req-279181b6-d309-425e-bb43-5805dbf3ab93 admin admin] HTTP exception thrown: Flavor 42 could not be found.
Sep 03 16:24:00.129991 n-d-807358-1 devstack@n-api.service[94506]: DEBUG nova.api.openstack.wsgi [None req-279181b6-d309-425e-bb43-5805dbf3ab93 admin admin] Returning 404 to user: Flavor 42 could not be found. {{(pid=94506) __call__ /opt/stack/nova/nova/api/openstack/wsgi.py:936}}
Sep 03 16:24:00.130793 n-d-807358-1 devstack@n-api.service[94506]: INFO nova.api.openstack.requestlog [None req-279181b6-d309-425e-bb43-5805dbf3ab93 admin admin] 10.222.0.22 "GET /compute/v2.1/flavors/42" status: 404 len: 75 microversion: 2.90 time: 0.010987
Sep 03 16:24:00.131284 n-d-807358-1 devstack@n-api.service[94506]: [pid: 94506|app: 0|req: 22/42] 10.222.0.22 () {60 vars in 1191 bytes} [Fri Sep 3 16:24:00 2021] GET /compute/v2.1/flavors/42 => generated 75 bytes in 12 msecs (HTTP/1.1 404) 9 headers in 380 bytes (1 switches on core 0)
Sep 03 16:24:01.499073 n-d-807358-1 devstack@n-api.service[94505]: DEBUG nova.api.openstack.wsgi [None req-37e8b8ce-6d19-4907-b7ee-3b51155c14f0 admin admin] Calling method '>' {{(pid=94505) _process_stack /opt/stack/nova/nova/api/openstack/wsgi.py:513}}
Sep 03 16:24:01.500846 n-d-807358-1 devstack@n-api.service[94505]: INFO nova.api.openstack.requestlog [None req-37e8b8ce-6d19-4907-b7ee-3b51155c14f0 admin admin] 10.222.0.22 "GET /compute/v2.1" status: 200 len: 388 microversion: 2.1 time: 0.001694
Sep 03 16:24:01.501453 n-d-807358-1 devstack@n-api.service[94505]: [pid: 94505|app: 0|req: 21/43] 10.222.0.22 () {56 vars in 1075 bytes} [Fri Sep 3 16:24:01 2021] GET /compute/v2.1 => generated 388 bytes in 3 msecs (HTTP/1.1 200) 9 headers in 357 bytes (1 switches on core 0)
Sep 03 16:24:01.697646 n-d-807358-1 devstack@n-api.service[94506]: DEBUG nova.api.openstack.wsgi [None req-29c5eaf5-6db2-4810-95b0-84419a98910b admin admin] Calling method '>' {{(pid=94506) _process_stack /opt/stack/nova/nova/api/openstack/wsgi.py:513}}
Sep 03 16:24:01.705518 n-d-807358-1 devstack@n-api.service[94506]: INFO nova.api.openstack.wsgi [None req-29c5eaf5-6db2-4810-95b0-84419a98910b admin admin] HTTP exception thrown: Flavor 84 could not be found.
Sep 03 16:24:01.706390 n-d-807358-1 devstack@n-api.service[94506]: DEBUG nova.api.openstack.wsgi [None req-29c5eaf5-6db2-4810-95b0-84419a98910b admin admin] Returning 404 to user: Flavor 84 could not be found. {{(pid=94506) __call__ /opt/stack/nova/nova/api/openstack/wsgi.py:936}}
Sep 03 16:24:01.707539 n-d-807358-1 devstack@n-api.service[94506]: INFO nova.api.openstack.requestlog [None req-29c5eaf5-6db2-4810-95b0-84419a98910b admin admin] 10.222.0.22 "GET /compute/v2.1/flavors/84" status: 404 len: 75 microversion: 2.90 time: 0.066052
Sep 03 16:24:01.708179 n-d-807358-1 devstack@n-api.service[94506]: [pid: 94506|app: 0|req: 23/44] 10.222.0.22 () {60 vars in 1191 bytes} [Fri Sep 3 16:24:01 2021] GET /compute/v2.1/flavors/84 => generated 75 bytes in 67 msecs (HTTP/1.1 404) 9 headers in 380 bytes (1 switches on core 0)
Sep 03 16:24:01.718837 n-d-807358-1 devstack@n-api.service[94505]: DEBUG nova.api.openstack.wsgi [None req-afc11aca-0f36-4be5-9462-18aa16016f47 admin admin] Calling method '>' {{(pid=94505) _process_stack /opt/stack/nova/nova/api/openstack/wsgi.py:513}}
Sep 03 16:24:01.733324 n-d-807358-1 devstack@n-api.service[94505]: INFO nova.api.openstack.requestlog [None req-afc11aca-0f36-4be5-9462-18aa16016f47 admin admin] 10.222.0.22 "GET /compute/v2.1/flavors?is_public=None" status: 200 len: 2056 microversion: 2.90 time: 0.018614
Sep 03 16:24:01.734866 n-d-807358-1 devstack@n-api.service[94505]: [pid: 94505|app: 0|req: 22/45] 10.222.0.22 () {60 vars in 1211 bytes} [Fri Sep 3 16:24:01 2021] GET /compute/v2.1/flavors?is_public=None => generated 2056 bytes in 21 msecs (HTTP/1.1 200) 9 headers in 360 bytes (1 switches on core 0)
Sep 03 16:24:01.745312 n-d-807358-1 devstack@n-api.service[94506]: DEBUG nova.api.openstack.wsgi [None req-b4b69eb7-dca6-44dd-8096-28c145a93064 admin admin] Calling method '>' {{(pid=94506) _process_stack /opt/stack/nova/nova/api/openstack/wsgi.py:513}}
Sep 03 16:24:01.759929 n-d-807358-1 devstack@n-api.service[94506]: INFO nova.api.openstack.requestlog [None req-b4b69eb7-dca6-44dd-8096-28c145a93064 admin admin] 10.222.0.22 "GET /compute/v2.1/flavors?is_public=None" status: 200 len: 2056 microversion: 2.90 time: 0.018397
Sep 03 16:24:01.760486 n-d-807358-1 devstack@n-api.service[94506]: [pid: 94506|app: 0|req: 24/46] 10.222.0.22 () {60 vars in 1211 bytes} [Fri Sep 3 16:24:01 2021] GET /compute/v2.1/flavors?is_public=None => generated 2056 bytes in 20 msecs (HTTP/1.1 200) 9 headers in 360 bytes (1 switches on core 0)
Sep 03 16:24:01.773931 n-d-807358-1 devstack@n-api.service[94505]: DEBUG nova.api.openstack.wsgi [None req-499d4ef3-2120-4867-94e2-336ab3ba148e admin admin] Calling method '>' {{(pid=94505) _process_stack /opt/stack/nova/nova/api/openstack/wsgi.py:513}}
Sep 03 16:24:01.779981 n-d-807358-1 devstack@n-api.service[94505]: INFO nova.api.openstack.wsgi [None req-499d4ef3-2120-4867-94e2-336ab3ba148e admin admin] HTTP exception thrown: Flavor 84 could not be found.
Sep 03 16:24:01.781590 n-d-807358-1 devstack@n-api.service[94505]: DEBUG nova.api.openstack.wsgi [None req-499d4ef3-2120-4867-94e2-336ab3ba148e admin admin] Returning 404 to user: Flavor 84 could not be found. {{(pid=94505) __call__ /opt/stack/nova/nova/api/openstack/wsgi.py:936}}
Sep 03 16:24:01.783059 n-d-807358-1 devstack@n-api.service[94505]: INFO nova.api.openstack.requestlog [None req-499d4ef3-2120-4867-94e2-336ab3ba148e admin admin] 10.222.0.22 "GET /compute/v2.1/flavors/84" status: 404 len: 75 microversion: 2.90 time: 0.015174
Sep 03 16:24:01.784088 n-d-807358-1 devstack@n-api.service[94505]: [pid: 94505|app: 0|req: 23/47] 10.222.0.22 () {60 vars in 1191 bytes} [Fri Sep 3 16:24:01 2021] GET /compute/v2.1/flavors/84 => generated 75 bytes in 17 msecs (HTTP/1.1 404) 9 headers in 380 bytes (1 switches on core 0)
Sep 03 16:24:03.206960 n-d-807358-1 devstack@n-api.service[94506]: DEBUG nova.api.openstack.wsgi [None req-b4b69eb7-dca6-44dd-8096-28c145a93064 admin admin] Calling method '>' {{(pid=94506) _process_stack /opt/stack/nova/nova/api/openstack/wsgi.py:513}}
Sep 03 16:24:03.208403 n-d-807358-1 devstack@n-api.service[94506]: INFO nova.api.openstack.requestlog [None req-b4b69eb7-dca6-44dd-8096-28c145a93064 admin admin] 10.222.0.22 "GET /compute/v2.1" status: 200 len: 388 microversion: 2.1 time: 0.001838
Sep 03 16:24:03.209149 n-d-807358-1 devstack@n-api.service[94506]: [pid: 94506|app: 0|req: 25/48] 10.222.0.22 () {56 vars in 1075 bytes} [Fri Sep 3 16:24:03 2021] GET /compute/v2.1 => generated 388 bytes in 4 msecs (HTTP/1.1 200) 9 headers in 357 bytes (1 switches on core 0)
Sep 03 16:24:03.408997 n-d-807358-1 devstack@n-api.service[94505]: DEBUG nova.api.openstack.wsgi [None req-292e89c5-5eb8-40c7-b2f9-2732ba54be2b admin admin] Calling method '>' {{(pid=94505) _process_stack /opt/stack/nova/nova/api/openstack/wsgi.py:513}}
Sep 03 16:24:03.414799 n-d-807358-1 devstack@n-api.service[94505]: INFO nova.api.openstack.wsgi [None req-292e89c5-5eb8-40c7-b2f9-2732ba54be2b admin admin] HTTP exception thrown: Flavor 451 could not be found.
Sep 03 16:24:03.415369 n-d-807358-1 devstack@n-api.service[94505]: DEBUG nova.api.openstack.wsgi [None req-292e89c5-5eb8-40c7-b2f9-2732ba54be2b admin admin] Returning 404 to user: Flavor 451 could not be found. {{(pid=94505) __call__ /opt/stack/nova/nova/api/openstack/wsgi.py:936}}
Sep 03 16:24:03.416178 n-d-807358-1 devstack@n-api.service[94505]: INFO nova.api.openstack.requestlog [None req-292e89c5-5eb8-40c7-b2f9-2732ba54be2b admin admin] 10.222.0.22 "GET /compute/v2.1/flavors/451" status: 404 len: 76 microversion: 2.90 time: 0.066520
Sep 03 16:24:03.416733 n-d-807358-1 devstack@n-api.service[94505]: [pid: 94505|app: 0|req: 24/49] 10.222.0.22 () {60 vars in 1194 bytes} [Fri Sep 3 16:24:03 2021] GET /compute/v2.1/flavors/451 => generated 76 bytes in 68 msecs (HTTP/1.1 404) 9 headers in 380 bytes (1 switches on core 0)
Sep 03 16:24:03.427440 n-d-807358-1 devstack@n-api.service[94506]: DEBUG nova.api.openstack.wsgi [None req-ddbb986a-55d5-4c81-8a24-fa84cfa4399d admin admin] Calling method '>' {{(pid=94506) _process_stack /opt/stack/nova/nova/api/openstack/wsgi.py:513}}
Sep 03 16:24:03.442151 n-d-807358-1 devstack@n-api.service[94506]: INFO nova.api.openstack.requestlog [None req-ddbb986a-55d5-4c81-8a24-fa84cfa4399d admin admin] 10.222.0.22 "GET /compute/v2.1/flavors?is_public=None" status: 200 len: 2056 microversion: 2.90 time: 0.018425
Sep 03 16:24:03.442714 n-d-807358-1 devstack@n-api.service[94506]: [pid: 94506|app: 0|req: 26/50] 10.222.0.22 () {60 vars in 1211 bytes} [Fri Sep 3 16:24:03 2021] GET /compute/v2.1/flavors?is_public=None => generated 2056 bytes in 20 msecs (HTTP/1.1 200) 9 headers in 360 bytes (2 switches on core 0)
Sep 03 16:24:03.453814 n-d-807358-1 devstack@n-api.service[94505]: DEBUG nova.api.openstack.wsgi [None req-10f7fb68-fa3f-411b-ab26-f60eddddcc88 admin admin] Calling method '>' {{(pid=94505) _process_stack /opt/stack/nova/nova/api/openstack/wsgi.py:513}}
Sep 03 16:24:03.467809 n-d-807358-1 devstack@n-api.service[94505]: INFO nova.api.openstack.requestlog [None req-10f7fb68-fa3f-411b-ab26-f60eddddcc88 admin admin] 10.222.0.22 "GET /compute/v2.1/flavors?is_public=None" status: 200 len: 2056 microversion: 2.90 time: 0.018012
Sep 03 16:24:03.468455 n-d-807358-1 devstack@n-api.service[94505]: [pid: 94505|app: 0|req: 25/51] 10.222.0.22 () {60 vars in 1211 bytes} [Fri Sep 3 16:24:03 2021] GET /compute/v2.1/flavors?is_public=None => generated 2056 bytes in 19 msecs (HTTP/1.1 200) 9 headers in 360 bytes (1 switches on core 0)
Sep 03 16:24:03.478879 n-d-807358-1 devstack@n-api.service[94506]: DEBUG nova.api.openstack.wsgi [None req-77300354-e6b5-45fb-af46-c78341922d22 admin admin] Calling method '>' {{(pid=94506) _process_stack /opt/stack/nova/nova/api/openstack/wsgi.py:513}}
Sep 03 16:24:03.485164 n-d-807358-1 devstack@n-api.service[94506]: INFO nova.api.openstack.wsgi [None req-77300354-e6b5-45fb-af46-c78341922d22 admin admin] HTTP exception thrown: Flavor 451 could not be found.
Sep 03 16:24:03.485738 n-d-807358-1 devstack@n-api.service[94506]: DEBUG nova.api.openstack.wsgi [None req-77300354-e6b5-45fb-af46-c78341922d22 admin admin] Returning 404 to user: Flavor 451 could not be found. {{(pid=94506) __call__ /opt/stack/nova/nova/api/openstack/wsgi.py:936}}
Sep 03 16:24:03.486595 n-d-807358-1 devstack@n-api.service[94506]: INFO nova.api.openstack.requestlog [None req-77300354-e6b5-45fb-af46-c78341922d22 admin admin] 10.222.0.22 "GET /compute/v2.1/flavors/451" status: 404 len: 76 microversion: 2.90 time: 0.011399
Sep 03 16:24:03.487124 n-d-807358-1 devstack@n-api.service[94506]: [pid: 94506|app: 0|req: 27/52] 10.222.0.22 () {60 vars in 1194 bytes} [Fri Sep 3 16:24:03 2021] GET /compute/v2.1/flavors/451 => generated 76 bytes in 12 msecs (HTTP/1.1 404) 9 headers in 380 bytes (1 switches on core 0)
Sep 03 16:24:04.853987 n-d-807358-1 devstack@n-api.service[94505]: DEBUG nova.api.openstack.wsgi [None req-10f7fb68-fa3f-411b-ab26-f60eddddcc88 admin admin] Calling method '>' {{(pid=94505) _process_stack /opt/stack/nova/nova/api/openstack/wsgi.py:513}}
Sep 03 16:24:04.854987 n-d-807358-1 devstack@n-api.service[94505]: INFO nova.api.openstack.requestlog [None req-10f7fb68-fa3f-411b-ab26-f60eddddcc88 admin admin] 10.222.0.22 "GET /compute/v2.1" status: 200 len: 388 microversion: 2.1 time: 0.001464
Sep 03 16:24:04.855401 n-d-807358-1 devstack@n-api.service[94505]: [pid: 94505|app: 0|req: 26/53] 10.222.0.22 () {56 vars in 1075 bytes} [Fri Sep 3 16:24:04 2021] GET /compute/v2.1 => generated 388 bytes in 2 msecs (HTTP/1.1 200) 9 headers in 357 bytes (1 switches on core 0)
Sep 03 16:24:05.070977 n-d-807358-1 devstack@n-api.service[94506]: DEBUG nova.api.openstack.wsgi [None req-6cfe4950-7fca-4591-a93a-14ab564dc09b admin admin] Action: 'create', calling method: >, body: {"flavor": {"name": "m1.nano", "ram": 256, "vcpus": 1, "disk": 1, "id": "42", "swap": 0, "OS-FLV-EXT-DATA:ephemeral": 0, "rxtx_factor": 1.0, "os-flavor-access:is_public": true}} {{(pid=94506) _process_stack /opt/stack/nova/nova/api/openstack/wsgi.py:511}}
Sep 03 16:24:05.248956 n-d-807358-1 devstack@n-api.service[94506]: INFO nova.api.openstack.requestlog [None req-6cfe4950-7fca-4591-a93a-14ab564dc09b admin admin] 10.222.0.22 "POST /compute/v2.1/flavors" status: 200 len: 404 microversion: 2.90 time: 0.236324
Sep 03 16:24:05.251118 n-d-807358-1 devstack@n-api.service[94506]: [pid: 94506|app: 0|req: 28/54] 10.222.0.22 () {64 vars in 1236 bytes} [Fri Sep 3 16:24:05 2021] POST /compute/v2.1/flavors => generated 404 bytes in 239 msecs (HTTP/1.1 200) 9 headers in 359 bytes (1 switches on core 0)
Sep 03 16:24:06.674292 n-d-807358-1 devstack@n-api.service[94505]: DEBUG nova.api.openstack.wsgi [None req-10f7fb68-fa3f-411b-ab26-f60eddddcc88 admin admin] Calling method '>' {{(pid=94505) _process_stack /opt/stack/nova/nova/api/openstack/wsgi.py:513}}
Sep 03 16:24:06.675311 n-d-807358-1 devstack@n-api.service[94505]: INFO nova.api.openstack.requestlog [None req-10f7fb68-fa3f-411b-ab26-f60eddddcc88 admin admin] 10.222.0.22 "GET /compute/v2.1" status: 200 len: 388 microversion: 2.1 time: 0.001537
Sep 03 16:24:06.675723 n-d-807358-1 devstack@n-api.service[94505]: [pid: 94505|app: 0|req: 27/55] 10.222.0.22 () {56 vars in 1075 bytes} [Fri Sep 3 16:24:06 2021] GET /compute/v2.1 => generated 388 bytes in 2 msecs (HTTP/1.1 200) 9 headers in 357 bytes (1 switches on core 0)
Sep 03 16:24:06.876749 n-d-807358-1 devstack@n-api.service[94506]: DEBUG nova.api.openstack.wsgi [None req-32f9f36a-5506-4daf-8a14-8fa1b32e6cf3 admin admin] Action: 'create', calling method: >, body: {"flavor": {"name": "m1.micro", "ram": 256, "vcpus": 1, "disk": 2, "id": "84", "swap": 0, "OS-FLV-EXT-DATA:ephemeral": 0, "rxtx_factor": 1.0, "os-flavor-access:is_public": true}} {{(pid=94506) _process_stack /opt/stack/nova/nova/api/openstack/wsgi.py:511}}
Sep 03 16:24:06.982726 n-d-807358-1 devstack@n-api.service[94506]: INFO nova.api.openstack.requestlog [None req-32f9f36a-5506-4daf-8a14-8fa1b32e6cf3 admin admin] 10.222.0.22 "POST /compute/v2.1/flavors" status: 200 len: 405 microversion: 2.90 time: 0.161478
Sep 03 16:24:06.983571 n-d-807358-1 devstack@n-api.service[94506]: [pid: 94506|app: 0|req: 29/56] 10.222.0.22 () {64 vars in 1236 bytes} [Fri Sep 3 16:24:06 2021] POST /compute/v2.1/flavors => generated 405 bytes in 163 msecs (HTTP/1.1 200) 9 headers in 359 bytes (1 switches on core 0)
Sep 03 16:24:08.339632 n-d-807358-1 devstack@n-api.service[94505]: DEBUG nova.api.openstack.wsgi [None req-10f7fb68-fa3f-411b-ab26-f60eddddcc88 admin admin] Calling method '>' {{(pid=94505) _process_stack /opt/stack/nova/nova/api/openstack/wsgi.py:513}}
Sep 03 16:24:08.340631 n-d-807358-1 devstack@n-api.service[94505]: INFO nova.api.openstack.requestlog [None req-10f7fb68-fa3f-411b-ab26-f60eddddcc88 admin admin] 10.222.0.22 "GET /compute/v2.1" status: 200 len: 388 microversion: 2.1 time: 0.001432
Sep 03 16:24:08.341051 n-d-807358-1 devstack@n-api.service[94505]: [pid: 94505|app: 0|req: 28/57] 10.222.0.22 () {56 vars in 1075 bytes} [Fri Sep 3 16:24:08 2021] GET /compute/v2.1 => generated 388 bytes in 2 msecs (HTTP/1.1 200) 9 headers in 357 bytes (1 switches on core 0)
Sep 03 16:24:08.530731 n-d-807358-1 devstack@n-api.service[94506]: DEBUG nova.api.openstack.wsgi [None req-57f8da2b-6962-4fcd-89ae-8679c76dfa7c admin admin] Action: 'create', calling method: >, body: {"flavor": {"name": "m1.heat", "ram": 512, "vcpus": 1, "disk": 1, "id": "451", "swap": 0, "OS-FLV-EXT-DATA:ephemeral": 0, "rxtx_factor": 1.0, "os-flavor-access:is_public": true}} {{(pid=94506) _process_stack /opt/stack/nova/nova/api/openstack/wsgi.py:511}}
Sep 03 16:24:08.615914 n-d-807358-1 devstack@n-api.service[94506]: INFO nova.api.openstack.requestlog [None req-57f8da2b-6962-4fcd-89ae-8679c76dfa7c admin admin] 10.222.0.22 "POST /compute/v2.1/flavors" status: 200 len: 407 microversion: 2.90 time: 0.137816
Sep 03 16:24:08.616371 n-d-807358-1 devstack@n-api.service[94506]: [pid: 94506|app: 0|req: 30/58] 10.222.0.22 () {64 vars in 1236 bytes} [Fri Sep 3 16:24:08 2021] POST /compute/v2.1/flavors => generated 407 bytes in 139 msecs (HTTP/1.1 200) 9 headers in 359 bytes (1 switches on core 0)
Sep 03 16:24:09.965032 n-d-807358-1 devstack@n-api.service[94505]: DEBUG nova.api.openstack.wsgi [None req-10f7fb68-fa3f-411b-ab26-f60eddddcc88 admin admin] Calling method '>' {{(pid=94505) _process_stack /opt/stack/nova/nova/api/openstack/wsgi.py:513}}
Sep 03 16:24:09.966032 n-d-807358-1 devstack@n-api.service[94505]: INFO nova.api.openstack.requestlog [None req-10f7fb68-fa3f-411b-ab26-f60eddddcc88 admin admin] 10.222.0.22 "GET /compute/v2.1" status: 200 len: 388 microversion: 2.1 time: 0.001454
Sep 03 16:24:09.966421 n-d-807358-1 devstack@n-api.service[94505]: [pid: 94505|app: 0|req: 29/59] 10.222.0.22 () {56 vars in 1075 bytes} [Fri Sep 3 16:24:09 2021] GET /compute/v2.1 => generated 388 bytes in 2 msecs (HTTP/1.1 200) 9 headers in 357 bytes (1 switches on core 0)
Sep 03 16:24:10.157074 n-d-807358-1 devstack@n-api.service[94506]: DEBUG nova.api.openstack.wsgi [None req-de65e6f0-2e5d-430c-9ede-00e36023d6a7 admin admin] Action: 'create', calling method: >, body: {"flavor": {"name": "m1.heat2", "ram": 1024, "vcpus": 1, "disk": 1, "id": "452", "swap": 0, "OS-FLV-EXT-DATA:ephemeral": 0, "rxtx_factor": 1.0, "os-flavor-access:is_public": true}} {{(pid=94506) _process_stack /opt/stack/nova/nova/api/openstack/wsgi.py:511}}
Sep 03 16:24:10.278399 n-d-807358-1 devstack@n-api.service[94506]: INFO nova.api.openstack.requestlog [None req-de65e6f0-2e5d-430c-9ede-00e36023d6a7 admin admin] 10.222.0.22 "POST /compute/v2.1/flavors" status: 200 len: 409 microversion: 2.90 time: 0.173254
Sep 03 16:24:10.278980 n-d-807358-1 devstack@n-api.service[94506]: [pid: 94506|app: 0|req: 31/60] 10.222.0.22 () {64 vars in 1236 bytes} [Fri Sep 3 16:24:10 2021] POST /compute/v2.1/flavors => generated 409 bytes in 175 msecs (HTTP/1.1 200) 9 headers in 359 bytes (1 switches on core 0)
Sep 03 16:24:11.633040 n-d-807358-1 devstack@n-api.service[94505]: DEBUG nova.api.openstack.wsgi [None req-10f7fb68-fa3f-411b-ab26-f60eddddcc88 admin admin] Calling method '>' {{(pid=94505) _process_stack /opt/stack/nova/nova/api/openstack/wsgi.py:513}}
Sep 03 16:24:11.634085 n-d-807358-1 devstack@n-api.service[94505]: INFO nova.api.openstack.requestlog [None req-10f7fb68-fa3f-411b-ab26-f60eddddcc88 admin admin] 10.222.0.22 "GET /compute/v2.1" status: 200 len: 388 microversion: 2.1 time: 0.001494
Sep 03 16:24:11.634476 n-d-807358-1 devstack@n-api.service[94505]: [pid: 94505|app: 0|req: 30/61] 10.222.0.22 () {56 vars in 1075 bytes} [Fri Sep 3 16:24:11 2021] GET /compute/v2.1 => generated 388 bytes in 2 msecs (HTTP/1.1 200) 9 headers in 357 bytes (1 switches on core 0)
Sep 03 16:24:11.835803 n-d-807358-1 devstack@n-api.service[94506]: DEBUG nova.api.openstack.wsgi [None req-82d118d7-6701-42d5-8e6f-8a2d322258b9 admin admin] Calling method '>' {{(pid=94506) _process_stack /opt/stack/nova/nova/api/openstack/wsgi.py:513}}
Sep 03 16:24:11.856847 n-d-807358-1 devstack@n-api.service[94506]: INFO nova.api.openstack.requestlog [None req-82d118d7-6701-42d5-8e6f-8a2d322258b9 admin admin] 10.222.0.22 "GET /compute/v2.1/flavors/detail" status: 200 len: 5777 microversion: 2.90 time: 0.075036
Sep 03 16:24:11.857311 n-d-807358-1 devstack@n-api.service[94506]: [pid: 94506|app: 0|req: 32/62] 10.222.0.22 () {60 vars in 1203 bytes} [Fri Sep 3 16:24:11 2021] GET /compute/v2.1/flavors/detail => generated 5777 bytes in 76 msecs (HTTP/1.1 200) 9 headers in 360 bytes (1 switches on core 0)
Sep 03 16:24:58.571949 n-d-807358-1 devstack@n-api.service[94505]: DEBUG nova.api.openstack.wsgi [None req-10f7fb68-fa3f-411b-ab26-f60eddddcc88 admin admin] Calling method '>' {{(pid=94505) _process_stack /opt/stack/nova/nova/api/openstack/wsgi.py:513}}
Sep 03 16:24:58.573112 n-d-807358-1 devstack@n-api.service[94505]: INFO nova.api.openstack.requestlog [None req-10f7fb68-fa3f-411b-ab26-f60eddddcc88 admin admin] 10.222.0.22 "GET /compute/v2.1" status: 200 len: 388 microversion: 2.1 time: 0.001445
Sep 03 16:24:58.573513 n-d-807358-1 devstack@n-api.service[94505]: [pid: 94505|app: 0|req: 31/63] 10.222.0.22 () {54 vars in 931 bytes} [Fri Sep 3 16:24:58 2021] GET /compute/v2.1 => generated 388 bytes in 2 msecs (HTTP/1.1 200) 9 headers in 357 bytes (1 switches on core 0)
Sep 03 16:24:58.632996 n-d-807358-1 devstack@n-api.service[94506]: DEBUG nova.api.openstack.wsgi [None req-7d346e0b-e80c-4a05-92b5-b0bab8c67803 admin admin] Calling method '>' {{(pid=94506) _process_stack /opt/stack/nova/nova/api/openstack/wsgi.py:513}}
Sep 03 16:24:58.662336 n-d-807358-1 devstack@n-api.service[94506]: INFO nova.api.openstack.requestlog [None req-7d346e0b-e80c-4a05-92b5-b0bab8c67803 admin admin] 10.222.0.22 "GET /compute/v2.1/flavors/detail?is_public=True" status: 200 len: 5791 microversion: 2.61 time: 0.081401
Sep 03 16:24:58.662892 n-d-807358-1 devstack@n-api.service[94506]: [pid: 94506|app: 0|req: 33/64] 10.222.0.22 () {60 vars in 1292 bytes} [Fri Sep 3 16:24:58 2021] GET /compute/v2.1/flavors/detail?is_public=True => generated 5791 bytes in 83 msecs (HTTP/1.1 200) 9 headers in 360 bytes (1 switches on core 0)
Sep 03 16:24:58.686202 n-d-807358-1 devstack@n-api.service[94505]: DEBUG nova.api.openstack.wsgi [None req-006b34cd-9973-4935-a59e-2fc56fdc67f4 admin admin] Calling method '>' {{(pid=94505) _process_stack /opt/stack/nova/nova/api/openstack/wsgi.py:513}}
Sep 03 16:24:58.694056 n-d-807358-1 devstack@n-api.service[94505]: INFO nova.api.openstack.requestlog [None req-006b34cd-9973-4935-a59e-2fc56fdc67f4 admin admin] 10.222.0.22 "GET /compute/v2.1/flavors/42/os-extra_specs" status: 200 len: 19 microversion: 2.61 time: 0.011926
Sep 03 16:24:58.694593 n-d-807358-1 devstack@n-api.service[94505]: [pid: 94505|app: 0|req: 32/65] 10.222.0.22 () {60 vars in 1283 bytes} [Fri Sep 3 16:24:58 2021] GET /compute/v2.1/flavors/42/os-extra_specs => generated 19 bytes in 13 msecs (HTTP/1.1 200) 9 headers in 358 bytes (1 switches on core 0)
Sep 03 16:24:58.710331 n-d-807358-1 devstack@n-api.service[94506]: DEBUG nova.api.openstack.wsgi [None req-9beefcfe-9f8b-4055-acfb-d878cc5b59bd admin admin] Calling method '>' {{(pid=94506) _process_stack /opt/stack/nova/nova/api/openstack/wsgi.py:513}}
Sep 03 16:24:58.724126 n-d-807358-1 devstack@n-api.service[94506]: INFO nova.api.openstack.requestlog [None req-9beefcfe-9f8b-4055-acfb-d878cc5b59bd admin admin] 10.222.0.22 "GET /compute/v2.1/flavors/451/os-extra_specs" status: 200 len: 19 microversion: 2.61 time: 0.019145
Sep 03 16:24:58.725116 n-d-807358-1 devstack@n-api.service[94506]: [pid: 94506|app: 0|req: 34/66] 10.222.0.22 () {60 vars in 1286 bytes} [Fri Sep 3 16:24:58 2021] GET /compute/v2.1/flavors/451/os-extra_specs => generated 19 bytes in 21 msecs (HTTP/1.1 200) 9 headers in 358 bytes (1 switches on core 0)
Sep 03 16:24:58.737374 n-d-807358-1 devstack@n-api.service[94505]: DEBUG nova.api.openstack.wsgi [None req-f790d862-d168-49d9-85d1-3e367f68eb23 admin admin] Calling method '>' {{(pid=94505) _process_stack /opt/stack/nova/nova/api/openstack/wsgi.py:513}}
Sep 03 16:24:58.745201 n-d-807358-1 devstack@n-api.service[94505]: INFO nova.api.openstack.requestlog [None req-f790d862-d168-49d9-85d1-3e367f68eb23 admin admin] 10.222.0.22 "GET /compute/v2.1/flavors/452/os-extra_specs" status: 200 len: 19 microversion: 2.61 time: 0.011484
Sep 03 16:24:58.745722 n-d-807358-1 devstack@n-api.service[94505]: [pid: 94505|app: 0|req: 33/67] 10.222.0.22 () {60 vars in 1286 bytes} [Fri Sep 3 16:24:58 2021] GET /compute/v2.1/flavors/452/os-extra_specs => generated 19 bytes in 13 msecs (HTTP/1.1 200) 9 headers in 358 bytes (1 switches on core 0)
Sep 03 16:24:58.758895 n-d-807358-1 devstack@n-api.service[94506]: DEBUG nova.api.openstack.wsgi [None req-d9fa227f-e0b1-4151-8e9e-e9a428ecc53c admin admin] Calling method '>' {{(pid=94506) _process_stack /opt/stack/nova/nova/api/openstack/wsgi.py:513}}
Sep 03 16:24:58.767467 n-d-807358-1 devstack@n-api.service[94506]: INFO nova.api.openstack.requestlog [None req-d9fa227f-e0b1-4151-8e9e-e9a428ecc53c admin admin] 10.222.0.22 "GET /compute/v2.1/flavors/84/os-extra_specs" status: 200 len: 19 microversion: 2.61 time: 0.012760
Sep 03 16:24:58.768016 n-d-807358-1 devstack@n-api.service[94506]: [pid: 94506|app: 0|req: 35/68] 10.222.0.22 () {60 vars in 1283 bytes} [Fri Sep 3 16:24:58 2021] GET /compute/v2.1/flavors/84/os-extra_specs => generated 19 bytes in 14 msecs (HTTP/1.1 200) 9 headers in 358 bytes (1 switches on core 0)
Sep 03 16:26:30.268473 n-d-807358-1 devstack@n-api.service[94505]: DEBUG nova.api.openstack.wsgi [None req-ecd560f8-8cf4-4051-9378-c14a20a9d8c8 tempest-verify_tempest_config-1837959404 tempest-verify_tempest_config-1837959404-project] Calling method '>' {{(pid=94505) _process_stack /opt/stack/nova/nova/api/openstack/wsgi.py:513}}
Sep 03 16:26:30.270479 n-d-807358-1 devstack@n-api.service[94505]: INFO nova.api.openstack.requestlog [None req-ecd560f8-8cf4-4051-9378-c14a20a9d8c8 tempest-verify_tempest_config-1837959404 tempest-verify_tempest_config-1837959404-project] 10.222.0.22 "GET /compute/v2.1/extensions" status: 200 len: 22700 microversion: 2.1 time: 0.108486
Sep 03 16:26:30.271011 n-d-807358-1 devstack@n-api.service[94505]: [pid: 94505|app: 0|req: 34/69] 10.222.0.22 () {58 vars in 1134 bytes} [Fri Sep 3 16:26:30 2021] GET /compute/v2.1/extensions => generated 22700 bytes in 110 msecs (HTTP/1.1 200) 9 headers in 359 bytes (1 switches on core 0)
Sep 03 16:30:35.656847 n-d-807358-1 devstack@n-api.service[94506]: DEBUG nova.api.openstack.wsgi [None req-d9fa227f-e0b1-4151-8e9e-e9a428ecc53c admin admin] Calling method '>' {{(pid=94506) _process_stack /opt/stack/nova/nova/api/openstack/wsgi.py:513}}
Sep 03 16:30:35.657913 n-d-807358-1 devstack@n-api.service[94506]: INFO nova.api.openstack.requestlog [None req-d9fa227f-e0b1-4151-8e9e-e9a428ecc53c admin admin] 10.222.0.22 "GET /compute/v2.1" status: 200 len: 388 microversion: 2.1 time: 0.001526
Sep 03 16:30:35.658371 n-d-807358-1 devstack@n-api.service[94506]: [pid: 94506|app: 0|req: 36/70] 10.222.0.22 () {56 vars in 1075 bytes} [Fri Sep 3 16:30:35 2021] GET /compute/v2.1 => generated 388 bytes in 2 msecs (HTTP/1.1 200) 9 headers in 357 bytes (1 switches on core 0)
Sep 03 16:30:35.928898 n-d-807358-1 devstack@n-api.service[94505]: DEBUG nova.api.openstack.wsgi [None req-f1d16338-5654-4d19-bd77-4b644c16920c admin admin] Calling method '>' {{(pid=94505) _process_stack /opt/stack/nova/nova/api/openstack/wsgi.py:513}}
Sep 03 16:30:35.930451 n-d-807358-1 devstack@n-api.service[94505]: /usr/local/lib/python3.8/dist-packages/oslo_policy/policy.py:1064: UserWarning: Policy os_compute_api:os-services:list failed scope check. The token used to make the request was project scoped but the policy requires ['system'] scope. This behavior may change in the future where using the intended scope is required
Sep 03 16:30:35.930451 n-d-807358-1 devstack@n-api.service[94505]: warnings.warn(msg)
Sep 03 16:30:35.931832 n-d-807358-1 devstack@n-api.service[94505]: DEBUG oslo_concurrency.lockutils [None req-f1d16338-5654-4d19-bd77-4b644c16920c admin admin] Lock "00000000-0000-0000-0000-000000000000" acquired by "nova.context.set_target_cell..get_or_set_cached_cell_and_set_connections" :: waited 0.000s {{(pid=94505) inner /usr/local/lib/python3.8/dist-packages/oslo_concurrency/lockutils.py:355}}
Sep 03 16:30:35.932312 n-d-807358-1 devstack@n-api.service[94505]: DEBUG oslo_concurrency.lockutils [None req-f1d16338-5654-4d19-bd77-4b644c16920c admin admin] Lock "00000000-0000-0000-0000-000000000000" released by "nova.context.set_target_cell..get_or_set_cached_cell_and_set_connections" :: held 0.001s {{(pid=94505) inner /usr/local/lib/python3.8/dist-packages/oslo_concurrency/lockutils.py:367}}
Sep 03 16:30:35.933153 n-d-807358-1 devstack@n-api.service[94505]: DEBUG oslo_concurrency.lockutils [None req-f1d16338-5654-4d19-bd77-4b644c16920c admin admin] Lock "da90a04d-8c30-4a85-be40-e1facc29019e" acquired by "nova.context.set_target_cell..get_or_set_cached_cell_and_set_connections" :: waited 0.000s {{(pid=94505) inner /usr/local/lib/python3.8/dist-packages/oslo_concurrency/lockutils.py:355}}
Sep 03 16:30:35.933576 n-d-807358-1 devstack@n-api.service[94505]: DEBUG oslo_concurrency.lockutils [None req-f1d16338-5654-4d19-bd77-4b644c16920c admin admin] Lock "da90a04d-8c30-4a85-be40-e1facc29019e" released by "nova.context.set_target_cell..get_or_set_cached_cell_and_set_connections" :: held 0.000s {{(pid=94505) inner /usr/local/lib/python3.8/dist-packages/oslo_concurrency/lockutils.py:367}}
Sep 03 16:30:35.977184 n-d-807358-1 devstack@n-api.service[94505]: INFO nova.api.openstack.requestlog [None req-f1d16338-5654-4d19-bd77-4b644c16920c admin admin] 10.222.0.22 "GET /compute/v2.1/os-services" status: 200 len: 1239 microversion: 2.90 time: 0.177233
Sep 03 16:30:35.977768 n-d-807358-1 devstack@n-api.service[94505]: [pid: 94505|app: 0|req: 35/71] 10.222.0.22 () {60 vars in 1194 bytes} [Fri Sep 3 16:30:35 2021] GET /compute/v2.1/os-services => generated 1239 bytes in 179 msecs (HTTP/1.1 200) 9 headers in 360 bytes (1 switches on core 0)
Sep 03 16:30:37.476152 n-d-807358-1 devstack@n-api.service[94506]: DEBUG nova.api.openstack.wsgi [None req-d9fa227f-e0b1-4151-8e9e-e9a428ecc53c admin admin] Calling method '>' {{(pid=94506) _process_stack /opt/stack/nova/nova/api/openstack/wsgi.py:513}}
Sep 03 16:30:37.477199 n-d-807358-1 devstack@n-api.service[94506]: INFO nova.api.openstack.requestlog [None req-d9fa227f-e0b1-4151-8e9e-e9a428ecc53c admin admin] 10.222.0.22 "GET /compute/v2.1" status: 200 len: 388 microversion: 2.1 time: 0.001467
Sep 03 16:30:37.477596 n-d-807358-1 devstack@n-api.service[94506]: [pid: 94506|app: 0|req: 37/72] 10.222.0.22 () {56 vars in 1075 bytes} [Fri Sep 3 16:30:37 2021] GET /compute/v2.1 => generated 388 bytes in 3 msecs (HTTP/1.1 200) 9 headers in 357 bytes (1 switches on core 0)
Sep 03 16:30:37.687893 n-d-807358-1 devstack@n-api.service[94505]: DEBUG nova.api.openstack.wsgi [None req-3875b0b2-3b93-40e5-bded-c1a5c8bf5566 admin admin] Calling method '>' {{(pid=94505) _process_stack /opt/stack/nova/nova/api/openstack/wsgi.py:513}}
