Sep 22 10:14:01.600898 n-d-807025-3 devstack@n-api.service[110680]: DEBUG oslo_concurrency.lockutils [None req-d48d4a7f-ce6e-4f99-b6c8-1c859392c9f4 tempest-HypervisorAdminTestJSON-2044258653 tempest-HypervisorAdminTestJSON-2044258653-project-admin] Lock "48ed631e-769d-4434-b6b4-33433c761607" released by "nova.context.set_target_cell..get_or_set_cached_cell_and_set_connections" :: held 0.001s {{(pid=110680) inner /usr/local/lib/python3.8/dist-packages/oslo_concurrency/lockutils.py:367}}
Sep 22 10:14:01.626919 n-d-807025-3 devstack@n-api.service[110680]: DEBUG oslo_concurrency.lockutils [None req-d48d4a7f-ce6e-4f99-b6c8-1c859392c9f4 tempest-HypervisorAdminTestJSON-2044258653 tempest-HypervisorAdminTestJSON-2044258653-project-admin] Lock "48ed631e-769d-4434-b6b4-33433c761607" acquired by "nova.context.set_target_cell..get_or_set_cached_cell_and_set_connections" :: waited 0.000s {{(pid=110680) inner /usr/local/lib/python3.8/dist-packages/oslo_concurrency/lockutils.py:355}}
Sep 22 10:14:01.630640 n-d-807025-3 devstack@n-api.service[110680]: DEBUG oslo_concurrency.lockutils [None req-d48d4a7f-ce6e-4f99-b6c8-1c859392c9f4 tempest-HypervisorAdminTestJSON-2044258653 tempest-HypervisorAdminTestJSON-2044258653-project-admin] Lock "48ed631e-769d-4434-b6b4-33433c761607" released by "nova.context.set_target_cell..get_or_set_cached_cell_and_set_connections" :: held 0.004s {{(pid=110680) inner /usr/local/lib/python3.8/dist-packages/oslo_concurrency/lockutils.py:367}}
Sep 22 10:14:01.643684 n-d-807025-3 devstack@n-api.service[110680]: INFO nova.api.openstack.requestlog [None req-d48d4a7f-ce6e-4f99-b6c8-1c859392c9f4 tempest-HypervisorAdminTestJSON-2044258653 tempest-HypervisorAdminTestJSON-2044258653-project-admin] 10.222.0.20 "GET /compute/v2.1/os-hypervisors" status: 200 len: 191 microversion: 2.1 time: 0.140418
Sep 22 10:14:01.650883 n-d-807025-3 devstack@n-api.service[110680]: [pid: 110680|app: 0|req: 52/113] 10.222.0.20 () {58 vars in 1146 bytes} [Wed Sep 22 10:14:01 2021] GET /compute/v2.1/os-hypervisors => generated 191 bytes in 148 msecs (HTTP/1.1 200) 9 headers in 357 bytes (1 switches on core 0)
Sep 22 10:14:01.656147 n-d-807025-3 devstack@n-api.service[110681]: DEBUG nova.policy [None req-214808e3-98dc-4f78-9fe9-d698cdd15b2c tempest-ServersWithSpecificFlavorTestJSON-1763059270 tempest-ServersWithSpecificFlavorTestJSON-1763059270-project] Policy check for os_compute_api:os-extended-server-attributes failed with credentials {'is_admin': False, 'user_id': 'd530e127675245a083a0c4bfc638931f', 'user_domain_id': 'default', 'system_scope': None, 'domain_id': None, 'project_id': '9a165e48c66f46fbb1b67278bff790b9', 'project_domain_id': 'default', 'roles': ['reader', 'member'], 'is_admin_project': True, 'service_user_id': None, 'service_user_domain_id': None, 'service_project_id': None, 'service_project_domain_id': None, 'service_roles': []} {{(pid=110681) authorize /opt/stack/nova/nova/policy.py:199}}
Sep 22 10:14:01.663597 n-d-807025-3 devstack@n-api.service[110681]: INFO nova.api.openstack.requestlog [None req-214808e3-98dc-4f78-9fe9-d698cdd15b2c tempest-ServersWithSpecificFlavorTestJSON-1763059270 tempest-ServersWithSpecificFlavorTestJSON-1763059270-project] 10.222.0.20 "GET /compute/v2.1/servers/d68c842f-0d18-4f94-acd3-c0bdaacf8806" status: 200 len: 1264 microversion: 2.1 time: 0.144343
Sep 22 10:14:01.664238 n-d-807025-3 devstack@n-api.service[110681]: [pid: 110681|app: 0|req: 62/114] 10.222.0.20 () {58 vars in 1236 bytes} [Wed Sep 22 10:14:01 2021] GET /compute/v2.1/servers/d68c842f-0d18-4f94-acd3-c0bdaacf8806 => generated 1264 bytes in 147 msecs (HTTP/1.1 200) 9 headers in 358 bytes (2 switches on core 0)
Sep 22 10:14:01.679032 n-d-807025-3 devstack@n-api.service[110681]: DEBUG nova.api.openstack.wsgi [None req-a4f99c2d-3e61-46d0-a967-02901ea7a5dc tempest-HypervisorAdminTestJSON-2044258653 tempest-HypervisorAdminTestJSON-2044258653-project-admin] Calling method '.version_select at 0x7f76b01a4d30>' {{(pid=110681) _process_stack /opt/stack/nova/nova/api/openstack/wsgi.py:513}}
Sep 22 10:14:01.680076 n-d-807025-3 devstack@n-api.service[110681]: /usr/local/lib/python3.8/dist-packages/oslo_policy/policy.py:1064: UserWarning: Policy os_compute_api:os-hypervisors:show failed scope check. The token used to make the request was project scoped but the policy requires ['system'] scope. This behavior may change in the future where using the intended scope is required
Sep 22 10:14:01.680076 n-d-807025-3 devstack@n-api.service[110681]: warnings.warn(msg)
Sep 22 10:14:01.693438 n-d-807025-3 devstack@n-api.service[110681]: DEBUG oslo_concurrency.lockutils [None req-a4f99c2d-3e61-46d0-a967-02901ea7a5dc tempest-HypervisorAdminTestJSON-2044258653 tempest-HypervisorAdminTestJSON-2044258653-project-admin] Lock "48ed631e-769d-4434-b6b4-33433c761607" acquired by "nova.context.set_target_cell..get_or_set_cached_cell_and_set_connections" :: waited 0.000s {{(pid=110681) inner /usr/local/lib/python3.8/dist-packages/oslo_concurrency/lockutils.py:355}}
Sep 22 10:14:01.695610 n-d-807025-3 devstack@n-api.service[110681]: DEBUG oslo_concurrency.lockutils [None req-a4f99c2d-3e61-46d0-a967-02901ea7a5dc tempest-HypervisorAdminTestJSON-2044258653 tempest-HypervisorAdminTestJSON-2044258653-project-admin] Lock "48ed631e-769d-4434-b6b4-33433c761607" released by "nova.context.set_target_cell..get_or_set_cached_cell_and_set_connections" :: held 0.013s {{(pid=110681) inner /usr/local/lib/python3.8/dist-packages/oslo_concurrency/lockutils.py:367}}
Sep 22 10:14:01.723586 n-d-807025-3 devstack@n-api.service[110681]: DEBUG oslo_concurrency.lockutils [None req-a4f99c2d-3e61-46d0-a967-02901ea7a5dc tempest-HypervisorAdminTestJSON-2044258653 tempest-HypervisorAdminTestJSON-2044258653-project-admin] Lock "48ed631e-769d-4434-b6b4-33433c761607" acquired by "nova.context.set_target_cell..get_or_set_cached_cell_and_set_connections" :: waited 0.000s {{(pid=110681) inner /usr/local/lib/python3.8/dist-packages/oslo_concurrency/lockutils.py:355}}
Sep 22 10:14:01.723586 n-d-807025-3 devstack@n-api.service[110681]: DEBUG oslo_concurrency.lockutils [None req-a4f99c2d-3e61-46d0-a967-02901ea7a5dc tempest-HypervisorAdminTestJSON-2044258653 tempest-HypervisorAdminTestJSON-2044258653-project-admin] Lock "48ed631e-769d-4434-b6b4-33433c761607" released by "nova.context.set_target_cell..get_or_set_cached_cell_and_set_connections" :: held 0.001s {{(pid=110681) inner /usr/local/lib/python3.8/dist-packages/oslo_concurrency/lockutils.py:367}}
Sep 22 10:14:01.733361 n-d-807025-3 devstack@n-api.service[110681]: INFO nova.api.openstack.requestlog [None req-a4f99c2d-3e61-46d0-a967-02901ea7a5dc tempest-HypervisorAdminTestJSON-2044258653 tempest-HypervisorAdminTestJSON-2044258653-project-admin] 10.222.0.20 "GET /compute/v2.1/os-hypervisors/1" status: 200 len: 758 microversion: 2.1 time: 0.061469
Sep 22 10:14:01.733971 n-d-807025-3 devstack@n-api.service[110681]: [pid: 110681|app: 0|req: 63/115] 10.222.0.20 () {58 vars in 1152 bytes} [Wed Sep 22 10:14:01 2021] GET /compute/v2.1/os-hypervisors/1 => generated 758 bytes in 63 msecs (HTTP/1.1 200) 9 headers in 357 bytes (1 switches on core 0)
Sep 22 10:14:01.904640 n-d-807025-3 devstack@n-api.service[110680]: DEBUG nova.api.openstack.wsgi [None req-7fc2b8c2-8c42-4673-92ea-f876b2a1462e tempest-FlavorsV255TestJSON-216964131 tempest-FlavorsV255TestJSON-216964131-project-admin] Action: 'create', calling method: >, body: {"flavor": {"ram": 512, "vcpus": 1, "disk": 10, "name": "tempest-FlavorsV255TestJSON-flavor-775952537", "id": 411534979, "os-flavor-access:is_public": "True"}} {{(pid=110680) _process_stack /opt/stack/nova/nova/api/openstack/wsgi.py:511}}
Sep 22 10:14:01.906178 n-d-807025-3 devstack@n-api.service[110680]: /usr/local/lib/python3.8/dist-packages/oslo_policy/policy.py:1064: UserWarning: Policy os_compute_api:os-flavor-manage:create failed scope check. The token used to make the request was project scoped but the policy requires ['system'] scope. This behavior may change in the future where using the intended scope is required
Sep 22 10:14:01.906178 n-d-807025-3 devstack@n-api.service[110680]: warnings.warn(msg)
Sep 22 10:14:01.932986 n-d-807025-3 devstack@n-api.service[110681]: DEBUG nova.api.openstack.wsgi [None req-2352ccaf-8c03-48ce-bc24-aa0dd725fb0f tempest-QuotasAdminNegativeTest-694199072 tempest-QuotasAdminNegativeTest-694199072-project-admin] Calling method '.version_select at 0x7f76b01a49d0>' {{(pid=110681) _process_stack /opt/stack/nova/nova/api/openstack/wsgi.py:513}}
Sep 22 10:14:02.008781 n-d-807025-3 devstack@n-api.service[110681]: INFO nova.api.openstack.requestlog [None req-2352ccaf-8c03-48ce-bc24-aa0dd725fb0f tempest-QuotasAdminNegativeTest-694199072 tempest-QuotasAdminNegativeTest-694199072-project-admin] 10.222.0.20 "GET /compute/v2.1/os-quota-sets/f1479f64447f4a509676ae7e466bacaf" status: 200 len: 371 microversion: 2.1 time: 0.273736
Sep 22 10:14:02.009402 n-d-807025-3 devstack@n-api.service[110681]: [pid: 110681|app: 0|req: 64/116] 10.222.0.20 () {58 vars in 1242 bytes} [Wed Sep 22 10:14:01 2021] GET /compute/v2.1/os-quota-sets/f1479f64447f4a509676ae7e466bacaf => generated 371 bytes in 275 msecs (HTTP/1.1 200) 9 headers in 357 bytes (1 switches on core 0)
Sep 22 10:14:02.013670 n-d-807025-3 devstack@n-api.service[110681]: DEBUG nova.api.openstack.wsgi [None req-fce90adf-bc56-4a41-9ce4-c47fc4526e67 tempest-HypervisorAdminTestJSON-2044258653 tempest-HypervisorAdminTestJSON-2044258653-project-admin] Calling method '.version_select at 0x7f76b0196b80>' {{(pid=110681) _process_stack /opt/stack/nova/nova/api/openstack/wsgi.py:513}}
Sep 22 10:14:02.014541 n-d-807025-3 devstack@n-api.service[110681]: /usr/local/lib/python3.8/dist-packages/oslo_policy/policy.py:1064: UserWarning: Policy os_compute_api:os-hypervisors:statistics failed scope check. The token used to make the request was project scoped but the policy requires ['system'] scope. This behavior may change in the future where using the intended scope is required
Sep 22 10:14:02.014541 n-d-807025-3 devstack@n-api.service[110681]: warnings.warn(msg)
Sep 22 10:14:02.016451 n-d-807025-3 devstack@n-api.service[110681]: DEBUG oslo_concurrency.lockutils [None req-fce90adf-bc56-4a41-9ce4-c47fc4526e67 tempest-HypervisorAdminTestJSON-2044258653 tempest-HypervisorAdminTestJSON-2044258653-project-admin] Lock "48ed631e-769d-4434-b6b4-33433c761607" acquired by "nova.context.set_target_cell..get_or_set_cached_cell_and_set_connections" :: waited 0.000s {{(pid=110681) inner /usr/local/lib/python3.8/dist-packages/oslo_concurrency/lockutils.py:355}}
Sep 22 10:14:02.016821 n-d-807025-3 devstack@n-api.service[110681]: DEBUG oslo_concurrency.lockutils [None req-fce90adf-bc56-4a41-9ce4-c47fc4526e67 tempest-HypervisorAdminTestJSON-2044258653 tempest-HypervisorAdminTestJSON-2044258653-project-admin] Lock "48ed631e-769d-4434-b6b4-33433c761607" released by "nova.context.set_target_cell..get_or_set_cached_cell_and_set_connections" :: held 0.000s {{(pid=110681) inner /usr/local/lib/python3.8/dist-packages/oslo_concurrency/lockutils.py:367}}
Sep 22 10:14:02.029260 n-d-807025-3 devstack@n-api.service[110680]: INFO nova.api.openstack.requestlog [None req-7fc2b8c2-8c42-4673-92ea-f876b2a1462e tempest-FlavorsV255TestJSON-216964131 tempest-FlavorsV255TestJSON-216964131-project-admin] 10.222.0.20 "POST /compute/v2.1/flavors" status: 200 len: 445 microversion: 2.55 time: 0.377228
Sep 22 10:14:02.038614 n-d-807025-3 devstack@n-api.service[110680]: [pid: 110680|app: 0|req: 53/117] 10.222.0.20 () {62 vars in 1188 bytes} [Wed Sep 22 10:14:01 2021] POST /compute/v2.1/flavors => generated 445 bytes in 378 msecs (HTTP/1.1 200) 9 headers in 359 bytes (1 switches on core 0)
Sep 22 10:14:02.043204 n-d-807025-3 devstack@n-api.service[110681]: INFO nova.api.openstack.requestlog [None req-fce90adf-bc56-4a41-9ce4-c47fc4526e67 tempest-HypervisorAdminTestJSON-2044258653 tempest-HypervisorAdminTestJSON-2044258653-project-admin] 10.222.0.20 "GET /compute/v2.1/os-hypervisors/statistics" status: 200 len: 263 microversion: 2.1 time: 0.032238
Sep 22 10:14:02.043899 n-d-807025-3 devstack@n-api.service[110681]: [pid: 110681|app: 0|req: 65/118] 10.222.0.20 () {58 vars in 1179 bytes} [Wed Sep 22 10:14:02 2021] GET /compute/v2.1/os-hypervisors/statistics => generated 263 bytes in 34 msecs (HTTP/1.1 200) 9 headers in 357 bytes (1 switches on core 0)
Sep 22 10:14:02.048351 n-d-807025-3 devstack@n-api.service[110681]: DEBUG nova.api.openstack.wsgi [None req-21101500-7895-4c03-aca4-6c80d26c26df tempest-QuotasAdminNegativeTest-694199072 tempest-QuotasAdminNegativeTest-694199072-project-admin] Action: 'update', calling method: .version_select at 0x7f76b0196670>, body: {"quota_set": {"force": true, "cores": 0}} {{(pid=110681) _process_stack /opt/stack/nova/nova/api/openstack/wsgi.py:511}}
Sep 22 10:14:02.050065 n-d-807025-3 devstack@n-api.service[110681]: /usr/local/lib/python3.8/dist-packages/oslo_policy/policy.py:1064: UserWarning: Policy os_compute_api:os-quota-sets:update failed scope check. The token used to make the request was project scoped but the policy requires ['system'] scope. This behavior may change in the future where using the intended scope is required
Sep 22 10:14:02.050065 n-d-807025-3 devstack@n-api.service[110681]: warnings.warn(msg)
Sep 22 10:14:02.098951 n-d-807025-3 devstack@n-api.service[110680]: DEBUG nova.api.openstack.wsgi [req-3e17ee6b-ba04-4412-a12e-00f534f3a20a req-e9320f99-103a-4860-a7e6-eba08054cc32 service nova] Action: 'create', calling method: >, body: {"events": [{"name": "network-changed", "server_uuid": "1140a780-b1fc-41ce-ae24-c71cd53ae3d5", "tag": "f49cfc31-9c45-4dad-b5e1-58078527a1cb"}]} {{(pid=110680) _process_stack /opt/stack/nova/nova/api/openstack/wsgi.py:511}}
Sep 22 10:14:02.100894 n-d-807025-3 devstack@n-api.service[110680]: /usr/local/lib/python3.8/dist-packages/oslo_policy/policy.py:1064: UserWarning: Policy os_compute_api:os-server-external-events:create failed scope check. The token used to make the request was project scoped but the policy requires ['system'] scope. This behavior may change in the future where using the intended scope is required
Sep 22 10:14:02.100894 n-d-807025-3 devstack@n-api.service[110680]: warnings.warn(msg)
Sep 22 10:14:02.114509 n-d-807025-3 devstack@n-api.service[110680]: DEBUG oslo_concurrency.lockutils [req-3e17ee6b-ba04-4412-a12e-00f534f3a20a req-e9320f99-103a-4860-a7e6-eba08054cc32 service nova] Lock "48ed631e-769d-4434-b6b4-33433c761607" acquired by "nova.context.set_target_cell..get_or_set_cached_cell_and_set_connections" :: waited 0.000s {{(pid=110680) inner /usr/local/lib/python3.8/dist-packages/oslo_concurrency/lockutils.py:355}}
Sep 22 10:14:02.115036 n-d-807025-3 devstack@n-api.service[110680]: DEBUG oslo_concurrency.lockutils [req-3e17ee6b-ba04-4412-a12e-00f534f3a20a req-e9320f99-103a-4860-a7e6-eba08054cc32 service nova] Lock "48ed631e-769d-4434-b6b4-33433c761607" released by "nova.context.set_target_cell..get_or_set_cached_cell_and_set_connections" :: held 0.001s {{(pid=110680) inner /usr/local/lib/python3.8/dist-packages/oslo_concurrency/lockutils.py:367}}
Sep 22 10:14:02.134324 n-d-807025-3 devstack@n-api.service[110680]: INFO nova.api.openstack.compute.server_external_events [req-3e17ee6b-ba04-4412-a12e-00f534f3a20a req-e9320f99-103a-4860-a7e6-eba08054cc32 service nova] Creating event network-changed:f49cfc31-9c45-4dad-b5e1-58078527a1cb for instance 1140a780-b1fc-41ce-ae24-c71cd53ae3d5 on n-h1-807025-3
Sep 22 10:14:02.134843 n-d-807025-3 devstack@n-api.service[110680]: DEBUG oslo_concurrency.lockutils [req-3e17ee6b-ba04-4412-a12e-00f534f3a20a req-e9320f99-103a-4860-a7e6-eba08054cc32 service nova] Acquired lock "compute-rpcapi-router" {{(pid=110680) lock /usr/local/lib/python3.8/dist-packages/oslo_concurrency/lockutils.py:266}}
Sep 22 10:14:02.138771 n-d-807025-3 devstack@n-api.service[110680]: DEBUG oslo_concurrency.lockutils [None req-e24215ee-bb97-4da8-bf53-263553425cdb None None] Lock "00000000-0000-0000-0000-000000000000" acquired by "nova.context.set_target_cell..get_or_set_cached_cell_and_set_connections" :: waited 0.000s {{(pid=110680) inner /usr/local/lib/python3.8/dist-packages/oslo_concurrency/lockutils.py:355}}
Sep 22 10:14:02.138771 n-d-807025-3 devstack@n-api.service[110680]: DEBUG oslo_concurrency.lockutils [None req-e24215ee-bb97-4da8-bf53-263553425cdb None None] Lock "00000000-0000-0000-0000-000000000000" released by "nova.context.set_target_cell..get_or_set_cached_cell_and_set_connections" :: held 0.000s {{(pid=110680) inner /usr/local/lib/python3.8/dist-packages/oslo_concurrency/lockutils.py:367}}
Sep 22 10:14:02.138771 n-d-807025-3 devstack@n-api.service[110680]: DEBUG oslo_concurrency.lockutils [None req-e24215ee-bb97-4da8-bf53-263553425cdb None None] Lock "48ed631e-769d-4434-b6b4-33433c761607" acquired by "nova.context.set_target_cell..get_or_set_cached_cell_and_set_connections" :: waited 0.000s {{(pid=110680) inner /usr/local/lib/python3.8/dist-packages/oslo_concurrency/lockutils.py:355}}
Sep 22 10:14:02.138771 n-d-807025-3 devstack@n-api.service[110680]: DEBUG oslo_concurrency.lockutils [None req-e24215ee-bb97-4da8-bf53-263553425cdb None None] Lock "48ed631e-769d-4434-b6b4-33433c761607" released by "nova.context.set_target_cell..get_or_set_cached_cell_and_set_connections" :: held 0.000s {{(pid=110680) inner /usr/local/lib/python3.8/dist-packages/oslo_concurrency/lockutils.py:367}}
Sep 22 10:14:02.154016 n-d-807025-3 devstack@n-api.service[110680]: INFO nova.compute.rpcapi [None req-e24215ee-bb97-4da8-bf53-263553425cdb None None] Automatically selected compute RPC version 6.0 from minimum service version 60
Sep 22 10:14:02.156114 n-d-807025-3 devstack@n-api.service[110680]: DEBUG oslo_concurrency.lockutils [None req-e24215ee-bb97-4da8-bf53-263553425cdb None None] Releasing lock "compute-rpcapi-router" {{(pid=110680) lock /usr/local/lib/python3.8/dist-packages/oslo_concurrency/lockutils.py:282}}
Sep 22 10:14:02.161189 n-d-807025-3 devstack@n-api.service[110681]: DEBUG oslo_concurrency.lockutils [None req-21101500-7895-4c03-aca4-6c80d26c26df tempest-QuotasAdminNegativeTest-694199072 tempest-QuotasAdminNegativeTest-694199072-project-admin] Lock "00000000-0000-0000-0000-000000000000" acquired by "nova.context.set_target_cell..get_or_set_cached_cell_and_set_connections" :: waited 0.000s {{(pid=110681) inner /usr/local/lib/python3.8/dist-packages/oslo_concurrency/lockutils.py:355}}
Sep 22 10:14:02.162299 n-d-807025-3 devstack@n-api.service[110681]: DEBUG oslo_concurrency.lockutils [None req-21101500-7895-4c03-aca4-6c80d26c26df tempest-QuotasAdminNegativeTest-694199072 tempest-QuotasAdminNegativeTest-694199072-project-admin] Lock "00000000-0000-0000-0000-000000000000" released by "nova.context.set_target_cell..get_or_set_cached_cell_and_set_connections" :: held 0.001s {{(pid=110681) inner /usr/local/lib/python3.8/dist-packages/oslo_concurrency/lockutils.py:367}}
Sep 22 10:14:02.163259 n-d-807025-3 devstack@n-api.service[110681]: DEBUG oslo_concurrency.lockutils [None req-21101500-7895-4c03-aca4-6c80d26c26df tempest-QuotasAdminNegativeTest-694199072 tempest-QuotasAdminNegativeTest-694199072-project-admin] Lock "48ed631e-769d-4434-b6b4-33433c761607" acquired by "nova.context.set_target_cell..get_or_set_cached_cell_and_set_connections" :: waited 0.000s {{(pid=110681) inner /usr/local/lib/python3.8/dist-packages/oslo_concurrency/lockutils.py:355}}
Sep 22 10:14:02.163847 n-d-807025-3 devstack@n-api.service[110681]: DEBUG oslo_concurrency.lockutils [None req-21101500-7895-4c03-aca4-6c80d26c26df tempest-QuotasAdminNegativeTest-694199072 tempest-QuotasAdminNegativeTest-694199072-project-admin] Lock "48ed631e-769d-4434-b6b4-33433c761607" released by "nova.context.set_target_cell..get_or_set_cached_cell_and_set_connections" :: held 0.001s {{(pid=110681) inner /usr/local/lib/python3.8/dist-packages/oslo_concurrency/lockutils.py:367}}
Sep 22 10:14:02.183155 n-d-807025-3 devstack@n-api.service[110680]: INFO nova.api.openstack.requestlog [None req-e24215ee-bb97-4da8-bf53-263553425cdb None None] 10.222.0.20 "POST /compute/v2.1/os-server-external-events" status: 200 len: 179 microversion: 2.1 time: 0.152016
Sep 22 10:14:02.184064 n-d-807025-3 devstack@n-api.service[110680]: [pid: 110680|app: 0|req: 54/119] 10.222.0.20 () {64 vars in 1318 bytes} [Wed Sep 22 10:14:02 2021] POST /compute/v2.1/os-server-external-events => generated 179 bytes in 154 msecs (HTTP/1.1 200) 9 headers in 357 bytes (1 switches on core 0)
Sep 22 10:14:02.340249 n-d-807025-3 devstack@n-api.service[110681]: INFO nova.api.openstack.requestlog [None req-21101500-7895-4c03-aca4-6c80d26c26df tempest-QuotasAdminNegativeTest-694199072 tempest-QuotasAdminNegativeTest-694199072-project-admin] 10.222.0.20 "PUT /compute/v2.1/os-quota-sets/f1479f64447f4a509676ae7e466bacaf" status: 200 len: 328 microversion: 2.1 time: 0.294596
Sep 22 10:14:02.346139 n-d-807025-3 devstack@n-api.service[110681]: [pid: 110681|app: 0|req: 66/120] 10.222.0.20 () {60 vars in 1262 bytes} [Wed Sep 22 10:14:02 2021] PUT /compute/v2.1/os-quota-sets/f1479f64447f4a509676ae7e466bacaf => generated 328 bytes in 297 msecs (HTTP/1.1 200) 9 headers in 357 bytes (1 switches on core 0)
Sep 22 10:14:02.351767 n-d-807025-3 devstack@n-api.service[110681]: DEBUG nova.api.openstack.wsgi [None req-173fc85d-2e65-49dd-b315-48311bc4d000 tempest-HypervisorAdminTestJSON-2044258653 tempest-HypervisorAdminTestJSON-2044258653-project-admin] Calling method '.version_select at 0x7f76b0253040>' {{(pid=110681) _process_stack /opt/stack/nova/nova/api/openstack/wsgi.py:513}}
Sep 22 10:14:02.352735 n-d-807025-3 devstack@n-api.service[110681]: /usr/local/lib/python3.8/dist-packages/oslo_policy/policy.py:1064: UserWarning: Policy os_compute_api:os-hypervisors:list failed scope check. The token used to make the request was project scoped but the policy requires ['system'] scope. This behavior may change in the future where using the intended scope is required
Sep 22 10:14:02.352735 n-d-807025-3 devstack@n-api.service[110681]: warnings.warn(msg)
Sep 22 10:14:02.354360 n-d-807025-3 devstack@n-api.service[110681]: DEBUG oslo_concurrency.lockutils [None req-173fc85d-2e65-49dd-b315-48311bc4d000 tempest-HypervisorAdminTestJSON-2044258653 tempest-HypervisorAdminTestJSON-2044258653-project-admin] Lock "48ed631e-769d-4434-b6b4-33433c761607" acquired by "nova.context.set_target_cell..get_or_set_cached_cell_and_set_connections" :: waited 0.000s {{(pid=110681) inner /usr/local/lib/python3.8/dist-packages/oslo_concurrency/lockutils.py:355}}
Sep 22 10:14:02.355158 n-d-807025-3 devstack@n-api.service[110681]: DEBUG oslo_concurrency.lockutils [None req-173fc85d-2e65-49dd-b315-48311bc4d000 tempest-HypervisorAdminTestJSON-2044258653 tempest-HypervisorAdminTestJSON-2044258653-project-admin] Lock "48ed631e-769d-4434-b6b4-33433c761607" released by "nova.context.set_target_cell..get_or_set_cached_cell_and_set_connections" :: held 0.001s {{(pid=110681) inner /usr/local/lib/python3.8/dist-packages/oslo_concurrency/lockutils.py:367}}
Sep 22 10:14:02.370248 n-d-807025-3 devstack@n-api.service[110681]: DEBUG oslo_concurrency.lockutils [None req-173fc85d-2e65-49dd-b315-48311bc4d000 tempest-HypervisorAdminTestJSON-2044258653 tempest-HypervisorAdminTestJSON-2044258653-project-admin] Lock "48ed631e-769d-4434-b6b4-33433c761607" acquired by "nova.context.set_target_cell..get_or_set_cached_cell_and_set_connections" :: waited 0.000s {{(pid=110681) inner /usr/local/lib/python3.8/dist-packages/oslo_concurrency/lockutils.py:355}}
Sep 22 10:14:02.370817 n-d-807025-3 devstack@n-api.service[110681]: DEBUG oslo_concurrency.lockutils [None req-173fc85d-2e65-49dd-b315-48311bc4d000 tempest-HypervisorAdminTestJSON-2044258653 tempest-HypervisorAdminTestJSON-2044258653-project-admin] Lock "48ed631e-769d-4434-b6b4-33433c761607" released by "nova.context.set_target_cell..get_or_set_cached_cell_and_set_connections" :: held 0.001s {{(pid=110681) inner /usr/local/lib/python3.8/dist-packages/oslo_concurrency/lockutils.py:367}}
Sep 22 10:14:02.380394 n-d-807025-3 devstack@n-api.service[110680]: DEBUG nova.api.openstack.wsgi [None req-9668363a-ebe5-43ad-9861-540786319a8b tempest-FlavorsV255TestJSON-1867597470 tempest-FlavorsV255TestJSON-1867597470-project] Calling method '>' {{(pid=110680) _process_stack /opt/stack/nova/nova/api/openstack/wsgi.py:513}}
Sep 22 10:14:02.382244 n-d-807025-3 devstack@n-api.service[110681]: DEBUG oslo_concurrency.lockutils [None req-173fc85d-2e65-49dd-b315-48311bc4d000 tempest-HypervisorAdminTestJSON-2044258653 tempest-HypervisorAdminTestJSON-2044258653-project-admin] Lock "48ed631e-769d-4434-b6b4-33433c761607" acquired by "nova.context.set_target_cell..get_or_set_cached_cell_and_set_connections" :: waited 0.000s {{(pid=110681) inner /usr/local/lib/python3.8/dist-packages/oslo_concurrency/lockutils.py:355}}
Sep 22 10:14:02.382765 n-d-807025-3 devstack@n-api.service[110681]: DEBUG oslo_concurrency.lockutils [None req-173fc85d-2e65-49dd-b315-48311bc4d000 tempest-HypervisorAdminTestJSON-2044258653 tempest-HypervisorAdminTestJSON-2044258653-project-admin] Lock "48ed631e-769d-4434-b6b4-33433c761607" released by "nova.context.set_target_cell..get_or_set_cached_cell_and_set_connections" :: held 0.001s {{(pid=110681) inner /usr/local/lib/python3.8/dist-packages/oslo_concurrency/lockutils.py:367}}
Sep 22 10:14:02.390280 n-d-807025-3 devstack@n-api.service[110681]: INFO nova.api.openstack.requestlog [None req-173fc85d-2e65-49dd-b315-48311bc4d000 tempest-HypervisorAdminTestJSON-2044258653 tempest-HypervisorAdminTestJSON-2044258653-project-admin] 10.222.0.20 "GET /compute/v2.1/os-hypervisors" status: 200 len: 191 microversion: 2.1 time: 0.042375
Sep 22 10:14:02.390987 n-d-807025-3 devstack@n-api.service[110681]: [pid: 110681|app: 0|req: 67/121] 10.222.0.20 () {58 vars in 1146 bytes} [Wed Sep 22 10:14:02 2021] GET /compute/v2.1/os-hypervisors => generated 191 bytes in 44 msecs (HTTP/1.1 200) 9 headers in 357 bytes (1 switches on core 0)
Sep 22 10:14:02.391110 n-d-807025-3 devstack@n-api.service[110680]: INFO nova.api.openstack.requestlog [None req-9668363a-ebe5-43ad-9861-540786319a8b tempest-FlavorsV255TestJSON-1867597470 tempest-FlavorsV255TestJSON-1867597470-project] 10.222.0.20 "GET /compute/v2.1/flavors/411534979" status: 200 len: 445 microversion: 2.55 time: 0.205878
Sep 22 10:14:02.396180 n-d-807025-3 devstack@n-api.service[110681]: DEBUG nova.api.openstack.wsgi [None req-7985b2c3-9985-48c2-a91a-615c34379b86 tempest-AggregatesAdminTestJSON-665280978 tempest-AggregatesAdminTestJSON-665280978-project] Calling method '>' {{(pid=110681) _process_stack /opt/stack/nova/nova/api/openstack/wsgi.py:513}}
Sep 22 10:14:02.399008 n-d-807025-3 devstack@n-api.service[110681]: DEBUG nova.compute.api [None req-7985b2c3-9985-48c2-a91a-615c34379b86 tempest-AggregatesAdminTestJSON-665280978 tempest-AggregatesAdminTestJSON-665280978-project] [instance: 1140a780-b1fc-41ce-ae24-c71cd53ae3d5] Fetching instance by UUID {{(pid=110681) get /opt/stack/nova/nova/compute/api.py:2863}}
Sep 22 10:14:02.399142 n-d-807025-3 devstack@n-api.service[110680]: [pid: 110680|app: 0|req: 55/122] 10.222.0.20 () {60 vars in 1196 bytes} [Wed Sep 22 10:14:02 2021] GET /compute/v2.1/flavors/411534979 => generated 445 bytes in 213 msecs (HTTP/1.1 200) 9 headers in 359 bytes (1 switches on core 0)
Sep 22 10:14:02.403451 n-d-807025-3 devstack@n-api.service[110680]: DEBUG nova.api.openstack.wsgi [None req-7a43c636-5f0c-4d62-a72e-a7539b42b29b tempest-HypervisorAdminTestJSON-2044258653 tempest-HypervisorAdminTestJSON-2044258653-project-admin] Calling method '.version_select at 0x7f76b02f8430>' {{(pid=110680) _process_stack /opt/stack/nova/nova/api/openstack/wsgi.py:513}}
Sep 22 10:14:02.404740 n-d-807025-3 devstack@n-api.service[110681]: DEBUG oslo_concurrency.lockutils [None req-7985b2c3-9985-48c2-a91a-615c34379b86 tempest-AggregatesAdminTestJSON-665280978 tempest-AggregatesAdminTestJSON-665280978-project] Lock "48ed631e-769d-4434-b6b4-33433c761607" acquired by "nova.context.set_target_cell..get_or_set_cached_cell_and_set_connections" :: waited 0.000s {{(pid=110681) inner /usr/local/lib/python3.8/dist-packages/oslo_concurrency/lockutils.py:355}}
Sep 22 10:14:02.405258 n-d-807025-3 devstack@n-api.service[110681]: DEBUG oslo_concurrency.lockutils [None req-7985b2c3-9985-48c2-a91a-615c34379b86 tempest-AggregatesAdminTestJSON-665280978 tempest-AggregatesAdminTestJSON-665280978-project] Lock "48ed631e-769d-4434-b6b4-33433c761607" released by "nova.context.set_target_cell..get_or_set_cached_cell_and_set_connections" :: held 0.001s {{(pid=110681) inner /usr/local/lib/python3.8/dist-packages/oslo_concurrency/lockutils.py:367}}
Sep 22 10:14:02.406140 n-d-807025-3 devstack@n-api.service[110681]: DEBUG oslo_concurrency.lockutils [None req-7985b2c3-9985-48c2-a91a-615c34379b86 tempest-AggregatesAdminTestJSON-665280978 tempest-AggregatesAdminTestJSON-665280978-project] Lock "48ed631e-769d-4434-b6b4-33433c761607" acquired by "nova.context.set_target_cell..get_or_set_cached_cell_and_set_connections" :: waited 0.000s {{(pid=110681) inner /usr/local/lib/python3.8/dist-packages/oslo_concurrency/lockutils.py:355}}
Sep 22 10:14:02.406687 n-d-807025-3 devstack@n-api.service[110681]: DEBUG oslo_concurrency.lockutils [None req-7985b2c3-9985-48c2-a91a-615c34379b86 tempest-AggregatesAdminTestJSON-665280978 tempest-AggregatesAdminTestJSON-665280978-project] Lock "48ed631e-769d-4434-b6b4-33433c761607" released by "nova.context.set_target_cell..get_or_set_cached_cell_and_set_connections" :: held 0.000s {{(pid=110681) inner /usr/local/lib/python3.8/dist-packages/oslo_concurrency/lockutils.py:367}}
Sep 22 10:14:02.406805 n-d-807025-3 devstack@n-api.service[110680]: /usr/local/lib/python3.8/dist-packages/oslo_policy/policy.py:1064: UserWarning: Policy os_compute_api:os-hypervisors:show failed scope check. The token used to make the request was project scoped but the policy requires ['system'] scope. This behavior may change in the future where using the intended scope is required
Sep 22 10:14:02.406805 n-d-807025-3 devstack@n-api.service[110680]: warnings.warn(msg)
Sep 22 10:14:02.408589 n-d-807025-3 devstack@n-api.service[110680]: DEBUG oslo_concurrency.lockutils [None req-7a43c636-5f0c-4d62-a72e-a7539b42b29b tempest-HypervisorAdminTestJSON-2044258653 tempest-HypervisorAdminTestJSON-2044258653-project-admin] Lock "48ed631e-769d-4434-b6b4-33433c761607" acquired by "nova.context.set_target_cell..get_or_set_cached_cell_and_set_connections" :: waited 0.000s {{(pid=110680) inner /usr/local/lib/python3.8/dist-packages/oslo_concurrency/lockutils.py:355}}
Sep 22 10:14:02.409073 n-d-807025-3 devstack@n-api.service[110680]: DEBUG oslo_concurrency.lockutils [None req-7a43c636-5f0c-4d62-a72e-a7539b42b29b tempest-HypervisorAdminTestJSON-2044258653 tempest-HypervisorAdminTestJSON-2044258653-project-admin] Lock "48ed631e-769d-4434-b6b4-33433c761607" released by "nova.context.set_target_cell..get_or_set_cached_cell_and_set_connections" :: held 0.001s {{(pid=110680) inner /usr/local/lib/python3.8/dist-packages/oslo_concurrency/lockutils.py:367}}
Sep 22 10:14:02.429884 n-d-807025-3 devstack@n-api.service[110680]: DEBUG oslo_concurrency.lockutils [None req-7a43c636-5f0c-4d62-a72e-a7539b42b29b tempest-HypervisorAdminTestJSON-2044258653 tempest-HypervisorAdminTestJSON-2044258653-project-admin] Lock "48ed631e-769d-4434-b6b4-33433c761607" acquired by "nova.context.set_target_cell..get_or_set_cached_cell_and_set_connections" :: waited 0.000s {{(pid=110680) inner /usr/local/lib/python3.8/dist-packages/oslo_concurrency/lockutils.py:355}}
Sep 22 10:14:02.430374 n-d-807025-3 devstack@n-api.service[110680]: DEBUG oslo_concurrency.lockutils [None req-7a43c636-5f0c-4d62-a72e-a7539b42b29b tempest-HypervisorAdminTestJSON-2044258653 tempest-HypervisorAdminTestJSON-2044258653-project-admin] Lock "48ed631e-769d-4434-b6b4-33433c761607" released by "nova.context.set_target_cell..get_or_set_cached_cell_and_set_connections" :: held 0.001s {{(pid=110680) inner /usr/local/lib/python3.8/dist-packages/oslo_concurrency/lockutils.py:367}}
Sep 22 10:14:02.453434 n-d-807025-3 devstack@n-api.service[110680]: INFO nova.api.openstack.requestlog [None req-7a43c636-5f0c-4d62-a72e-a7539b42b29b tempest-HypervisorAdminTestJSON-2044258653 tempest-HypervisorAdminTestJSON-2044258653-project-admin] 10.222.0.20 "GET /compute/v2.1/os-hypervisors/1" status: 200 len: 758 microversion: 2.1 time: 0.054352
Sep 22 10:14:02.454064 n-d-807025-3 devstack@n-api.service[110680]: [pid: 110680|app: 0|req: 56/123] 10.222.0.20 () {58 vars in 1152 bytes} [Wed Sep 22 10:14:02 2021] GET /compute/v2.1/os-hypervisors/1 => generated 758 bytes in 56 msecs (HTTP/1.1 200) 9 headers in 357 bytes (1 switches on core 0)
Sep 22 10:14:02.459829 n-d-807025-3 devstack@n-api.service[110680]: DEBUG nova.api.openstack.wsgi [None req-ab1126db-68cc-4fe8-afa6-bc51342d570b tempest-FlavorsV255TestJSON-216964131 tempest-FlavorsV255TestJSON-216964131-project-admin] Action: 'update', calling method: .version_select at 0x7f76b217d4c0>, body: {"flavor": {"description": "new"}} {{(pid=110680) _process_stack /opt/stack/nova/nova/api/openstack/wsgi.py:511}}
Sep 22 10:14:02.473550 n-d-807025-3 devstack@n-api.service[110680]: /usr/local/lib/python3.8/dist-packages/oslo_policy/policy.py:1064: UserWarning: Policy os_compute_api:os-flavor-manage:update failed scope check. The token used to make the request was project scoped but the policy requires ['system'] scope. This behavior may change in the future where using the intended scope is required
Sep 22 10:14:02.473550 n-d-807025-3 devstack@n-api.service[110680]: warnings.warn(msg)
Sep 22 10:14:02.561326 n-d-807025-3 devstack@n-api.service[110681]: DEBUG nova.policy [None req-7985b2c3-9985-48c2-a91a-615c34379b86 tempest-AggregatesAdminTestJSON-665280978 tempest-AggregatesAdminTestJSON-665280978-project] Policy check for os_compute_api:os-extended-server-attributes failed with credentials {'is_admin': False, 'user_id': '746a24a3d08f4e03a2309207b5fdbd6f', 'user_domain_id': 'default', 'system_scope': None, 'domain_id': None, 'project_id': 'e353d6c27a334864badd1bcc843dfa57', 'project_domain_id': 'default', 'roles': ['reader', 'member'], 'is_admin_project': True, 'service_user_id': None, 'service_user_domain_id': None, 'service_project_id': None, 'service_project_domain_id': None, 'service_roles': []} {{(pid=110681) authorize /opt/stack/nova/nova/policy.py:199}}
Sep 22 10:14:02.572467 n-d-807025-3 devstack@n-api.service[110681]: INFO nova.api.openstack.requestlog [None req-7985b2c3-9985-48c2-a91a-615c34379b86 tempest-AggregatesAdminTestJSON-665280978 tempest-AggregatesAdminTestJSON-665280978-project] 10.222.0.20 "GET /compute/v2.1/servers/1140a780-b1fc-41ce-ae24-c71cd53ae3d5" status: 200 len: 1338 microversion: 2.1 time: 0.179580
Sep 22 10:14:02.573321 n-d-807025-3 devstack@n-api.service[110681]: [pid: 110681|app: 0|req: 68/124] 10.222.0.20 () {58 vars in 1236 bytes} [Wed Sep 22 10:14:02 2021] GET /compute/v2.1/servers/1140a780-b1fc-41ce-ae24-c71cd53ae3d5 => generated 1338 bytes in 181 msecs (HTTP/1.1 200) 9 headers in 358 bytes (1 switches on core 0)
Sep 22 10:14:02.579912 n-d-807025-3 devstack@n-api.service[110681]: DEBUG nova.api.openstack.wsgi [None req-4e7300d1-2be7-44f0-8b6e-887f8fa8ca71 tempest-HypervisorAdminTestJSON-2044258653 tempest-HypervisorAdminTestJSON-2044258653-project-admin] Calling method '.version_select at 0x7f76b0142160>' {{(pid=110681) _process_stack /opt/stack/nova/nova/api/openstack/wsgi.py:513}}
Sep 22 10:14:02.580946 n-d-807025-3 devstack@n-api.service[110681]: /usr/local/lib/python3.8/dist-packages/oslo_policy/policy.py:1064: UserWarning: Policy os_compute_api:os-hypervisors:show failed scope check. The token used to make the request was project scoped but the policy requires ['system'] scope. This behavior may change in the future where using the intended scope is required
Sep 22 10:14:02.580946 n-d-807025-3 devstack@n-api.service[110681]: warnings.warn(msg)
Sep 22 10:14:02.587653 n-d-807025-3 devstack@n-api.service[110681]: DEBUG oslo_concurrency.lockutils [None req-4e7300d1-2be7-44f0-8b6e-887f8fa8ca71 tempest-HypervisorAdminTestJSON-2044258653 tempest-HypervisorAdminTestJSON-2044258653-project-admin] Lock "48ed631e-769d-4434-b6b4-33433c761607" acquired by "nova.context.set_target_cell..get_or_set_cached_cell_and_set_connections" :: waited 0.000s {{(pid=110681) inner /usr/local/lib/python3.8/dist-packages/oslo_concurrency/lockutils.py:355}}
Sep 22 10:14:02.588173 n-d-807025-3 devstack@n-api.service[110681]: DEBUG oslo_concurrency.lockutils [None req-4e7300d1-2be7-44f0-8b6e-887f8fa8ca71 tempest-HypervisorAdminTestJSON-2044258653 tempest-HypervisorAdminTestJSON-2044258653-project-admin] Lock "48ed631e-769d-4434-b6b4-33433c761607" released by "nova.context.set_target_cell..get_or_set_cached_cell_and_set_connections" :: held 0.001s {{(pid=110681) inner /usr/local/lib/python3.8/dist-packages/oslo_concurrency/lockutils.py:367}}
Sep 22 10:14:02.601761 n-d-807025-3 devstack@n-api.service[110680]: INFO nova.api.openstack.requestlog [None req-ab1126db-68cc-4fe8-afa6-bc51342d570b tempest-FlavorsV255TestJSON-216964131 tempest-FlavorsV255TestJSON-216964131-project-admin] 10.222.0.20 "PUT /compute/v2.1/flavors/411534979" status: 200 len: 446 microversion: 2.55 time: 0.146314
Sep 22 10:14:02.601980 n-d-807025-3 devstack@n-api.service[110681]: DEBUG oslo_concurrency.lockutils [None req-4e7300d1-2be7-44f0-8b6e-887f8fa8ca71 tempest-HypervisorAdminTestJSON-2044258653 tempest-HypervisorAdminTestJSON-2044258653-project-admin] Lock "48ed631e-769d-4434-b6b4-33433c761607" acquired by "nova.context.set_target_cell..get_or_set_cached_cell_and_set_connections" :: waited 0.000s {{(pid=110681) inner /usr/local/lib/python3.8/dist-packages/oslo_concurrency/lockutils.py:355}}
Sep 22 10:14:02.602265 n-d-807025-3 devstack@n-api.service[110681]: DEBUG oslo_concurrency.lockutils [None req-4e7300d1-2be7-44f0-8b6e-887f8fa8ca71 tempest-HypervisorAdminTestJSON-2044258653 tempest-HypervisorAdminTestJSON-2044258653-project-admin] Lock "48ed631e-769d-4434-b6b4-33433c761607" released by "nova.context.set_target_cell..get_or_set_cached_cell_and_set_connections" :: held 0.001s {{(pid=110681) inner /usr/local/lib/python3.8/dist-packages/oslo_concurrency/lockutils.py:367}}
Sep 22 10:14:02.602954 n-d-807025-3 devstack@n-api.service[110680]: [pid: 110680|app: 0|req: 57/125] 10.222.0.20 () {62 vars in 1216 bytes} [Wed Sep 22 10:14:02 2021] PUT /compute/v2.1/flavors/411534979 => generated 446 bytes in 148 msecs (HTTP/1.1 200) 9 headers in 359 bytes (1 switches on core 0)
Sep 22 10:14:02.617225 n-d-807025-3 devstack@n-api.service[110681]: INFO nova.api.openstack.requestlog [None req-4e7300d1-2be7-44f0-8b6e-887f8fa8ca71 tempest-HypervisorAdminTestJSON-2044258653 tempest-HypervisorAdminTestJSON-2044258653-project-admin] 10.222.0.20 "GET /compute/v2.1/os-hypervisors/2" status: 200 len: 757 microversion: 2.1 time: 0.040942
Sep 22 10:14:02.618372 n-d-807025-3 devstack@n-api.service[110681]: [pid: 110681|app: 0|req: 69/126] 10.222.0.20 () {58 vars in 1152 bytes} [Wed Sep 22 10:14:02 2021] GET /compute/v2.1/os-hypervisors/2 => generated 757 bytes in 44 msecs (HTTP/1.1 200) 9 headers in 357 bytes (1 switches on core 0)
Sep 22 10:14:02.629046 n-d-807025-3 devstack@n-api.service[110681]: DEBUG nova.api.openstack.wsgi [None req-36c387ac-7fe7-4531-a9a2-396c6a1f9884 tempest-FlavorsV255TestJSON-1867597470 tempest-FlavorsV255TestJSON-1867597470-project] Calling method '>' {{(pid=110681) _process_stack /opt/stack/nova/nova/api/openstack/wsgi.py:513}}
Sep 22 10:14:02.660343 n-d-807025-3 devstack@n-api.service[110681]: INFO nova.api.openstack.requestlog [None req-36c387ac-7fe7-4531-a9a2-396c6a1f9884 tempest-FlavorsV255TestJSON-1867597470 tempest-FlavorsV255TestJSON-1867597470-project] 10.222.0.20 "GET /compute/v2.1/flavors/detail" status: 200 len: 6593 microversion: 2.55 time: 0.040824
Sep 22 10:14:02.660940 n-d-807025-3 devstack@n-api.service[110681]: [pid: 110681|app: 0|req: 70/127] 10.222.0.20 () {60 vars in 1187 bytes} [Wed Sep 22 10:14:02 2021] GET /compute/v2.1/flavors/detail => generated 6593 bytes in 42 msecs (HTTP/1.1 200) 9 headers in 360 bytes (1 switches on core 0)
Sep 22 10:14:02.665829 n-d-807025-3 devstack@n-api.service[110681]: DEBUG nova.api.openstack.wsgi [None req-99be6c62-ccf9-4071-8fe5-e7eb3e3d74f8 tempest-HypervisorAdminTestJSON-2044258653 tempest-HypervisorAdminTestJSON-2044258653-project-admin] Calling method '.version_select at 0x7f76b01428b0>' {{(pid=110681) _process_stack /opt/stack/nova/nova/api/openstack/wsgi.py:513}}
Sep 22 10:14:02.666801 n-d-807025-3 devstack@n-api.service[110681]: /usr/local/lib/python3.8/dist-packages/oslo_policy/policy.py:1064: UserWarning: Policy os_compute_api:os-hypervisors:uptime failed scope check. The token used to make the request was project scoped but the policy requires ['system'] scope. This behavior may change in the future where using the intended scope is required
Sep 22 10:14:02.666801 n-d-807025-3 devstack@n-api.service[110681]: warnings.warn(msg)
Sep 22 10:14:02.668608 n-d-807025-3 devstack@n-api.service[110681]: DEBUG oslo_concurrency.lockutils [None req-99be6c62-ccf9-4071-8fe5-e7eb3e3d74f8 tempest-HypervisorAdminTestJSON-2044258653 tempest-HypervisorAdminTestJSON-2044258653-project-admin] Lock "48ed631e-769d-4434-b6b4-33433c761607" acquired by "nova.context.set_target_cell..get_or_set_cached_cell_and_set_connections" :: waited 0.000s {{(pid=110681) inner /usr/local/lib/python3.8/dist-packages/oslo_concurrency/lockutils.py:355}}
Sep 22 10:14:02.669210 n-d-807025-3 devstack@n-api.service[110681]: DEBUG oslo_concurrency.lockutils [None req-99be6c62-ccf9-4071-8fe5-e7eb3e3d74f8 tempest-HypervisorAdminTestJSON-2044258653 tempest-HypervisorAdminTestJSON-2044258653-project-admin] Lock "48ed631e-769d-4434-b6b4-33433c761607" released by "nova.context.set_target_cell..get_or_set_cached_cell_and_set_connections" :: held 0.001s {{(pid=110681) inner /usr/local/lib/python3.8/dist-packages/oslo_concurrency/lockutils.py:367}}
Sep 22 10:14:02.682478 n-d-807025-3 devstack@n-api.service[110681]: DEBUG oslo_concurrency.lockutils [None req-99be6c62-ccf9-4071-8fe5-e7eb3e3d74f8 tempest-HypervisorAdminTestJSON-2044258653 tempest-HypervisorAdminTestJSON-2044258653-project-admin] Lock "48ed631e-769d-4434-b6b4-33433c761607" acquired by "nova.context.set_target_cell..get_or_set_cached_cell_and_set_connections" :: waited 0.000s {{(pid=110681) inner /usr/local/lib/python3.8/dist-packages/oslo_concurrency/lockutils.py:355}}
Sep 22 10:14:02.683010 n-d-807025-3 devstack@n-api.service[110681]: DEBUG oslo_concurrency.lockutils [None req-99be6c62-ccf9-4071-8fe5-e7eb3e3d74f8 tempest-HypervisorAdminTestJSON-2044258653 tempest-HypervisorAdminTestJSON-2044258653-project-admin] Lock "48ed631e-769d-4434-b6b4-33433c761607" released by "nova.context.set_target_cell..get_or_set_cached_cell_and_set_connections" :: held 0.001s {{(pid=110681) inner /usr/local/lib/python3.8/dist-packages/oslo_concurrency/lockutils.py:367}}
Sep 22 10:14:02.693038 n-d-807025-3 devstack@n-api.service[110681]: DEBUG oslo_concurrency.lockutils [None req-99be6c62-ccf9-4071-8fe5-e7eb3e3d74f8 tempest-HypervisorAdminTestJSON-2044258653 tempest-HypervisorAdminTestJSON-2044258653-project-admin] Lock "48ed631e-769d-4434-b6b4-33433c761607" acquired by "nova.context.set_target_cell..get_or_set_cached_cell_and_set_connections" :: waited 0.000s {{(pid=110681) inner /usr/local/lib/python3.8/dist-packages/oslo_concurrency/lockutils.py:355}}
Sep 22 10:14:02.693699 n-d-807025-3 devstack@n-api.service[110681]: DEBUG oslo_concurrency.lockutils [None req-99be6c62-ccf9-4071-8fe5-e7eb3e3d74f8 tempest-HypervisorAdminTestJSON-2044258653 tempest-HypervisorAdminTestJSON-2044258653-project-admin] Lock "48ed631e-769d-4434-b6b4-33433c761607" released by "nova.context.set_target_cell..get_or_set_cached_cell_and_set_connections" :: held 0.001s {{(pid=110681) inner /usr/local/lib/python3.8/dist-packages/oslo_concurrency/lockutils.py:367}}
Sep 22 10:14:02.701039 n-d-807025-3 devstack@n-api.service[110681]: DEBUG oslo_concurrency.lockutils [None req-99be6c62-ccf9-4071-8fe5-e7eb3e3d74f8 tempest-HypervisorAdminTestJSON-2044258653 tempest-HypervisorAdminTestJSON-2044258653-project-admin] Acquired lock "compute-rpcapi-router" {{(pid=110681) lock /usr/local/lib/python3.8/dist-packages/oslo_concurrency/lockutils.py:266}}
Sep 22 10:14:02.702463 n-d-807025-3 devstack@n-api.service[110681]: DEBUG oslo_concurrency.lockutils [None req-72db3526-8eaa-466b-8a43-761faa262ae5 None None] Lock "00000000-0000-0000-0000-000000000000" acquired by "nova.context.set_target_cell..get_or_set_cached_cell_and_set_connections" :: waited 0.000s {{(pid=110681) inner /usr/local/lib/python3.8/dist-packages/oslo_concurrency/lockutils.py:355}}
Sep 22 10:14:02.709796 n-d-807025-3 devstack@n-api.service[110681]: DEBUG oslo_concurrency.lockutils [None req-72db3526-8eaa-466b-8a43-761faa262ae5 None None] Lock "00000000-0000-0000-0000-000000000000" released by "nova.context.set_target_cell..get_or_set_cached_cell_and_set_connections" :: held 0.001s {{(pid=110681) inner /usr/local/lib/python3.8/dist-packages/oslo_concurrency/lockutils.py:367}}
Sep 22 10:14:02.709796 n-d-807025-3 devstack@n-api.service[110681]: DEBUG oslo_concurrency.lockutils [None req-72db3526-8eaa-466b-8a43-761faa262ae5 None None] Lock "48ed631e-769d-4434-b6b4-33433c761607" acquired by "nova.context.set_target_cell..get_or_set_cached_cell_and_set_connections" :: waited 0.000s {{(pid=110681) inner /usr/local/lib/python3.8/dist-packages/oslo_concurrency/lockutils.py:355}}
Sep 22 10:14:02.709796 n-d-807025-3 devstack@n-api.service[110681]: DEBUG oslo_concurrency.lockutils [None req-72db3526-8eaa-466b-8a43-761faa262ae5 None None] Lock "48ed631e-769d-4434-b6b4-33433c761607" released by "nova.context.set_target_cell..get_or_set_cached_cell_and_set_connections" :: held 0.000s {{(pid=110681) inner /usr/local/lib/python3.8/dist-packages/oslo_concurrency/lockutils.py:367}}
Sep 22 10:14:02.715760 n-d-807025-3 devstack@n-api.service[110681]: INFO nova.compute.rpcapi [None req-72db3526-8eaa-466b-8a43-761faa262ae5 None None] Automatically selected compute RPC version 6.0 from minimum service version 60
Sep 22 10:14:02.716710 n-d-807025-3 devstack@n-api.service[110681]: DEBUG oslo_concurrency.lockutils [None req-72db3526-8eaa-466b-8a43-761faa262ae5 None None] Releasing lock "compute-rpcapi-router" {{(pid=110681) lock /usr/local/lib/python3.8/dist-packages/oslo_concurrency/lockutils.py:282}}
Sep 22 10:14:02.789257 n-d-807025-3 devstack@n-api.service[110681]: INFO nova.api.openstack.requestlog [None req-72db3526-8eaa-466b-8a43-761faa262ae5 None None] 10.222.0.20 "GET /compute/v2.1/os-hypervisors/1/uptime" status: 200 len: 175 microversion: 2.1 time: 0.126926
Sep 22 10:14:02.796151 n-d-807025-3 devstack@n-api.service[110681]: [pid: 110681|app: 0|req: 71/128] 10.222.0.20 () {58 vars in 1173 bytes} [Wed Sep 22 10:14:02 2021] GET /compute/v2.1/os-hypervisors/1/uptime => generated 175 bytes in 132 msecs (HTTP/1.1 200) 9 headers in 357 bytes (1 switches on core 0)
Sep 22 10:14:02.807486 n-d-807025-3 devstack@n-api.service[110681]: DEBUG nova.api.openstack.wsgi [None req-62fc11a8-4c46-4849-b1f9-fea7b4ea65db tempest-FlavorsV255TestJSON-1867597470 tempest-FlavorsV255TestJSON-1867597470-project] Calling method '>' {{(pid=110681) _process_stack /opt/stack/nova/nova/api/openstack/wsgi.py:513}}
Sep 22 10:14:02.829978 n-d-807025-3 devstack@n-api.service[110681]: INFO nova.api.openstack.requestlog [None req-62fc11a8-4c46-4849-b1f9-fea7b4ea65db tempest-FlavorsV255TestJSON-1867597470 tempest-FlavorsV255TestJSON-1867597470-project] 10.222.0.20 "GET /compute/v2.1/flavors" status: 200 len: 3683 microversion: 2.55 time: 0.032038
Sep 22 10:14:02.830911 n-d-807025-3 devstack@n-api.service[110681]: [pid: 110681|app: 0|req: 72/129] 10.222.0.20 () {60 vars in 1166 bytes} [Wed Sep 22 10:14:02 2021] GET /compute/v2.1/flavors => generated 3683 bytes in 34 msecs (HTTP/1.1 200) 9 headers in 360 bytes (1 switches on core 0)
Sep 22 10:14:02.835430 n-d-807025-3 devstack@n-api.service[110681]: DEBUG nova.api.openstack.wsgi [None req-219bf300-2683-4b46-a2f6-d7cebd3decda tempest-ServersWithSpecificFlavorTestJSON-1763059270 tempest-ServersWithSpecificFlavorTestJSON-1763059270-project] Calling method '>' {{(pid=110681) _process_stack /opt/stack/nova/nova/api/openstack/wsgi.py:513}}
Sep 22 10:14:02.836475 n-d-807025-3 devstack@n-api.service[110681]: DEBUG nova.compute.api [None req-219bf300-2683-4b46-a2f6-d7cebd3decda tempest-ServersWithSpecificFlavorTestJSON-1763059270 tempest-ServersWithSpecificFlavorTestJSON-1763059270-project] [instance: d68c842f-0d18-4f94-acd3-c0bdaacf8806] Fetching instance by UUID {{(pid=110681) get /opt/stack/nova/nova/compute/api.py:2863}}
Sep 22 10:14:02.845347 n-d-807025-3 devstack@n-api.service[110681]: DEBUG oslo_concurrency.lockutils [None req-219bf300-2683-4b46-a2f6-d7cebd3decda tempest-ServersWithSpecificFlavorTestJSON-1763059270 tempest-ServersWithSpecificFlavorTestJSON-1763059270-project] Lock "48ed631e-769d-4434-b6b4-33433c761607" acquired by "nova.context.set_target_cell..get_or_set_cached_cell_and_set_connections" :: waited 0.000s {{(pid=110681) inner /usr/local/lib/python3.8/dist-packages/oslo_concurrency/lockutils.py:355}}
Sep 22 10:14:02.845950 n-d-807025-3 devstack@n-api.service[110681]: DEBUG oslo_concurrency.lockutils [None req-219bf300-2683-4b46-a2f6-d7cebd3decda tempest-ServersWithSpecificFlavorTestJSON-1763059270 tempest-ServersWithSpecificFlavorTestJSON-1763059270-project] Lock "48ed631e-769d-4434-b6b4-33433c761607" released by "nova.context.set_target_cell..get_or_set_cached_cell_and_set_connections" :: held 0.001s {{(pid=110681) inner /usr/local/lib/python3.8/dist-packages/oslo_concurrency/lockutils.py:367}}
