Sep 02 07:24:38.538482 n-d-807025-1 devstack@placement-api.service[95398]: INFO placement.requestlog [req-35c1e77d-8df8-4543-9845-caa1dfe34079 req-efdf8787-c4b1-4f13-b1c5-cadf170ae7db service placement] 10.222.0.46 "PUT /placement/allocations/bbfc71c0-d15b-4a32-a512-41fc08942260" status: 204 len: 0 microversion: 1.36
Sep 02 07:24:38.539528 n-d-807025-1 devstack@placement-api.service[95398]: [pid: 95398|app: 0|req: 364/727] 10.222.0.46 () {64 vars in 1434 bytes} [Thu Sep 2 07:24:38 2021] PUT /placement/allocations/bbfc71c0-d15b-4a32-a512-41fc08942260 => generated 0 bytes in 70 msecs (HTTP/1.1 204) 5 headers in 199 bytes (1 switches on core 0)
Sep 02 07:24:39.058126 n-d-807025-1 devstack@placement-api.service[95399]: DEBUG placement.requestlog [req-35c1e77d-8df8-4543-9845-caa1dfe34079 req-1d9665f0-a046-4a48-bffe-f84716a6cd81 None None] Starting request: 10.222.0.49 "GET /placement/allocations/bbfc71c0-d15b-4a32-a512-41fc08942260" {{(pid=95399) __call__ /opt/stack/placement/placement/requestlog.py:55}}
Sep 02 07:24:39.080533 n-d-807025-1 devstack@placement-api.service[95399]: INFO placement.requestlog [req-35c1e77d-8df8-4543-9845-caa1dfe34079 req-1d9665f0-a046-4a48-bffe-f84716a6cd81 service placement] 10.222.0.49 "GET /placement/allocations/bbfc71c0-d15b-4a32-a512-41fc08942260" status: 200 len: 259 microversion: 1.28
Sep 02 07:24:39.081744 n-d-807025-1 devstack@placement-api.service[95399]: [pid: 95399|app: 0|req: 364/728] 10.222.0.49 () {60 vars in 1378 bytes} [Thu Sep 2 07:24:39 2021] GET /placement/allocations/bbfc71c0-d15b-4a32-a512-41fc08942260 => generated 259 bytes in 24 msecs (HTTP/1.1 200) 8 headers in 296 bytes (1 switches on core 0)
Sep 02 07:24:46.245059 n-d-807025-1 devstack@placement-api.service[95398]: DEBUG placement.requestlog [req-ddce504c-941c-41cb-a1d4-896b4915741c req-9f9834aa-630d-4963-8507-ebb036421b71 None None] Starting request: 10.222.0.46 "GET /placement/allocation_candidates?limit=1000&resources=DISK_GB%3A1%2CMEMORY_MB%3A1024%2CVCPU%3A1&root_required=%21COMPUTE_STATUS_DISABLED" {{(pid=95398) __call__ /opt/stack/placement/placement/requestlog.py:55}}
Sep 02 07:24:46.299545 n-d-807025-1 devstack@placement-api.service[95398]: DEBUG placement.objects.research_context [req-ddce504c-941c-41cb-a1d4-896b4915741c req-9f9834aa-630d-4963-8507-ebb036421b71 service placement] getting providers with 1 DISK_GB {{(pid=95398) __init__ /opt/stack/placement/placement/objects/research_context.py:126}}
Sep 02 07:24:46.312967 n-d-807025-1 devstack@placement-api.service[95398]: DEBUG placement.objects.research_context [req-ddce504c-941c-41cb-a1d4-896b4915741c req-9f9834aa-630d-4963-8507-ebb036421b71 service placement] getting providers with 1024 MEMORY_MB {{(pid=95398) __init__ /opt/stack/placement/placement/objects/research_context.py:126}}
Sep 02 07:24:46.318940 n-d-807025-1 devstack@placement-api.service[95398]: DEBUG placement.objects.research_context [req-ddce504c-941c-41cb-a1d4-896b4915741c req-9f9834aa-630d-4963-8507-ebb036421b71 service placement] getting providers with 1 VCPU {{(pid=95398) __init__ /opt/stack/placement/placement/objects/research_context.py:126}}
Sep 02 07:24:46.326055 n-d-807025-1 devstack@placement-api.service[95398]: DEBUG placement.objects.research_context [req-ddce504c-941c-41cb-a1d4-896b4915741c req-9f9834aa-630d-4963-8507-ebb036421b71 service placement] found 2 providers with available 1 DISK_GB {{(pid=95398) get_provider_ids_matching /opt/stack/placement/placement/objects/research_context.py:549}}
Sep 02 07:24:46.326651 n-d-807025-1 devstack@placement-api.service[95398]: DEBUG placement.objects.research_context [req-ddce504c-941c-41cb-a1d4-896b4915741c req-9f9834aa-630d-4963-8507-ebb036421b71 service placement] found 2 providers with available 1024 MEMORY_MB {{(pid=95398) get_provider_ids_matching /opt/stack/placement/placement/objects/research_context.py:549}}
Sep 02 07:24:46.327153 n-d-807025-1 devstack@placement-api.service[95398]: DEBUG placement.objects.research_context [req-ddce504c-941c-41cb-a1d4-896b4915741c req-9f9834aa-630d-4963-8507-ebb036421b71 service placement] found 2 providers after filtering by previous result {{(pid=95398) get_provider_ids_matching /opt/stack/placement/placement/objects/research_context.py:580}}
Sep 02 07:24:46.327634 n-d-807025-1 devstack@placement-api.service[95398]: DEBUG placement.objects.research_context [req-ddce504c-941c-41cb-a1d4-896b4915741c req-9f9834aa-630d-4963-8507-ebb036421b71 service placement] found 2 providers with available 1 VCPU {{(pid=95398) get_provider_ids_matching /opt/stack/placement/placement/objects/research_context.py:549}}
Sep 02 07:24:46.328138 n-d-807025-1 devstack@placement-api.service[95398]: DEBUG placement.objects.research_context [req-ddce504c-941c-41cb-a1d4-896b4915741c req-9f9834aa-630d-4963-8507-ebb036421b71 service placement] found 2 providers after filtering by previous result {{(pid=95398) get_provider_ids_matching /opt/stack/placement/placement/objects/research_context.py:580}}
Sep 02 07:24:46.340042 n-d-807025-1 devstack@placement-api.service[95398]: DEBUG placement.objects.allocation_candidate [req-ddce504c-941c-41cb-a1d4-896b4915741c req-9f9834aa-630d-4963-8507-ebb036421b71 service placement] RequestGroup(use_same_provider=False, resources={DISK_GB:1, MEMORY_MB:1024, VCPU:1}, traits=[], aggregates=[]) (suffix '') returned 2 matches {{(pid=95398) _get_by_requests /opt/stack/placement/placement/objects/allocation_candidate.py:145}}
Sep 02 07:24:46.340875 n-d-807025-1 devstack@placement-api.service[95398]: DEBUG placement.objects.allocation_candidate [req-ddce504c-941c-41cb-a1d4-896b4915741c req-9f9834aa-630d-4963-8507-ebb036421b71 service placement] Merging candidates yields 2 allocation requests and 2 provider summaries {{(pid=95398) _merge_candidates /opt/stack/placement/placement/objects/allocation_candidate.py:783}}
Sep 02 07:24:46.342859 n-d-807025-1 devstack@placement-api.service[95398]: INFO placement.requestlog [req-ddce504c-941c-41cb-a1d4-896b4915741c req-9f9834aa-630d-4963-8507-ebb036421b71 service placement] 10.222.0.46 "GET /placement/allocation_candidates?limit=1000&resources=DISK_GB%3A1%2CMEMORY_MB%3A1024%2CVCPU%3A1&root_required=%21COMPUTE_STATUS_DISABLED" status: 200 len: 1309 microversion: 1.36
Sep 02 07:24:46.343379 n-d-807025-1 devstack@placement-api.service[95398]: [pid: 95398|app: 0|req: 365/729] 10.222.0.46 () {60 vars in 1507 bytes} [Thu Sep 2 07:24:46 2021] GET /placement/allocation_candidates?limit=1000&resources=DISK_GB%3A1%2CMEMORY_MB%3A1024%2CVCPU%3A1&root_required=%21COMPUTE_STATUS_DISABLED => generated 1309 bytes in 99 msecs (HTTP/1.1 200) 8 headers in 297 bytes (1 switches on core 0)
Sep 02 07:24:46.448116 n-d-807025-1 devstack@placement-api.service[95399]: DEBUG placement.requestlog [req-ddce504c-941c-41cb-a1d4-896b4915741c req-081dd2ae-b9b5-4baf-a07b-d7662ee06678 None None] Starting request: 10.222.0.46 "GET /placement/allocations/269c9aec-4c02-4f03-bdc1-cd48c58c45e3" {{(pid=95399) __call__ /opt/stack/placement/placement/requestlog.py:55}}
Sep 02 07:24:46.459283 n-d-807025-1 devstack@placement-api.service[95399]: INFO placement.requestlog [req-ddce504c-941c-41cb-a1d4-896b4915741c req-081dd2ae-b9b5-4baf-a07b-d7662ee06678 service placement] 10.222.0.46 "GET /placement/allocations/269c9aec-4c02-4f03-bdc1-cd48c58c45e3" status: 200 len: 19 microversion: 1.28
Sep 02 07:24:46.459756 n-d-807025-1 devstack@placement-api.service[95399]: [pid: 95399|app: 0|req: 365/730] 10.222.0.46 () {60 vars in 1381 bytes} [Thu Sep 2 07:24:46 2021] GET /placement/allocations/269c9aec-4c02-4f03-bdc1-cd48c58c45e3 => generated 19 bytes in 12 msecs (HTTP/1.1 200) 8 headers in 295 bytes (1 switches on core 0)
Sep 02 07:24:46.472507 n-d-807025-1 devstack@placement-api.service[95398]: DEBUG placement.requestlog [req-ddce504c-941c-41cb-a1d4-896b4915741c req-75e35ccd-a625-440d-80bb-f9349a748d13 None None] Starting request: 10.222.0.46 "PUT /placement/allocations/269c9aec-4c02-4f03-bdc1-cd48c58c45e3" {{(pid=95398) __call__ /opt/stack/placement/placement/requestlog.py:55}}
Sep 02 07:24:46.516980 n-d-807025-1 devstack@placement-api.service[95398]: DEBUG placement.handlers.allocation [req-ddce504c-941c-41cb-a1d4-896b4915741c req-75e35ccd-a625-440d-80bb-f9349a748d13 service placement] Successfully wrote allocations [, , ] {{(pid=95398) _create_allocations /opt/stack/placement/placement/handlers/allocation.py:461}}
Sep 02 07:24:46.529430 n-d-807025-1 devstack@placement-api.service[95398]: INFO placement.requestlog [req-ddce504c-941c-41cb-a1d4-896b4915741c req-75e35ccd-a625-440d-80bb-f9349a748d13 service placement] 10.222.0.46 "PUT /placement/allocations/269c9aec-4c02-4f03-bdc1-cd48c58c45e3" status: 204 len: 0 microversion: 1.36
Sep 02 07:24:46.536819 n-d-807025-1 devstack@placement-api.service[95398]: [pid: 95398|app: 0|req: 366/731] 10.222.0.46 () {64 vars in 1434 bytes} [Thu Sep 2 07:24:46 2021] PUT /placement/allocations/269c9aec-4c02-4f03-bdc1-cd48c58c45e3 => generated 0 bytes in 58 msecs (HTTP/1.1 204) 5 headers in 199 bytes (1 switches on core 0)
Sep 02 07:24:46.917291 n-d-807025-1 devstack@placement-api.service[95399]: DEBUG placement.requestlog [req-ddce504c-941c-41cb-a1d4-896b4915741c req-f460d7d8-d3b1-46f5-ac89-1df0efbf0bda None None] Starting request: 10.222.0.13 "GET /placement/allocations/269c9aec-4c02-4f03-bdc1-cd48c58c45e3" {{(pid=95399) __call__ /opt/stack/placement/placement/requestlog.py:55}}
Sep 02 07:24:46.947709 n-d-807025-1 devstack@placement-api.service[95399]: INFO placement.requestlog [req-ddce504c-941c-41cb-a1d4-896b4915741c req-f460d7d8-d3b1-46f5-ac89-1df0efbf0bda service placement] 10.222.0.13 "GET /placement/allocations/269c9aec-4c02-4f03-bdc1-cd48c58c45e3" status: 200 len: 259 microversion: 1.28
Sep 02 07:24:46.949459 n-d-807025-1 devstack@placement-api.service[95399]: [pid: 95399|app: 0|req: 366/732] 10.222.0.13 () {60 vars in 1378 bytes} [Thu Sep 2 07:24:46 2021] GET /placement/allocations/269c9aec-4c02-4f03-bdc1-cd48c58c45e3 => generated 259 bytes in 32 msecs (HTTP/1.1 200) 8 headers in 296 bytes (2 switches on core 0)
Sep 02 07:25:01.461247 n-d-807025-1 devstack@placement-api.service[95398]: DEBUG placement.requestlog [req-4f89fac3-5552-409d-831d-fbe38b2216e2 req-e830abb4-cec3-47a6-bb81-1e224ee5b9e0 None None] Starting request: 10.222.0.13 "DELETE /placement/allocations/269c9aec-4c02-4f03-bdc1-cd48c58c45e3" {{(pid=95398) __call__ /opt/stack/placement/placement/requestlog.py:55}}
Sep 02 07:25:01.496446 n-d-807025-1 devstack@placement-api.service[95398]: DEBUG placement.handlers.allocation [req-4f89fac3-5552-409d-831d-fbe38b2216e2 req-e830abb4-cec3-47a6-bb81-1e224ee5b9e0 service placement] Successfully deleted allocations [, , ] {{(pid=95398) delete_allocations /opt/stack/placement/placement/handlers/allocation.py:603}}
Sep 02 07:25:01.497358 n-d-807025-1 devstack@placement-api.service[95398]: INFO placement.requestlog [req-4f89fac3-5552-409d-831d-fbe38b2216e2 req-e830abb4-cec3-47a6-bb81-1e224ee5b9e0 service placement] 10.222.0.13 "DELETE /placement/allocations/269c9aec-4c02-4f03-bdc1-cd48c58c45e3" status: 204 len: 0 microversion: 1.0
Sep 02 07:25:01.497860 n-d-807025-1 devstack@placement-api.service[95398]: [pid: 95398|app: 0|req: 367/733] 10.222.0.13 () {60 vars in 1356 bytes} [Thu Sep 2 07:25:01 2021] DELETE /placement/allocations/269c9aec-4c02-4f03-bdc1-cd48c58c45e3 => generated 0 bytes in 37 msecs (HTTP/1.1 204) 5 headers in 198 bytes (1 switches on core 0)
Sep 02 07:25:19.151114 n-d-807025-1 devstack@placement-api.service[95399]: DEBUG placement.requestlog [req-2f4afcd2-6ee0-4fa4-b9cc-325fbda52c03 req-99f5eb48-a2c5-46ec-859c-9aaea2adf067 None None] Starting request: 10.222.0.49 "GET /placement/resource_providers/f512eeda-69d9-4351-8ec0-0f1b0dcb357b/allocations" {{(pid=95399) __call__ /opt/stack/placement/placement/requestlog.py:55}}
Sep 02 07:25:19.280658 n-d-807025-1 devstack@placement-api.service[95398]: DEBUG placement.requestlog [req-d6c1f82f-b023-4cd0-90ca-ab0fb5bdd1df req-4353d252-2148-44a7-a570-f98651737886 None None] Starting request: 10.222.0.13 "GET /placement/resource_providers/c163364e-f586-46b4-9be0-9eac61538b1f/allocations" {{(pid=95398) __call__ /opt/stack/placement/placement/requestlog.py:55}}
Sep 02 07:25:19.488861 n-d-807025-1 devstack@placement-api.service[95399]: INFO placement.requestlog [req-2f4afcd2-6ee0-4fa4-b9cc-325fbda52c03 req-99f5eb48-a2c5-46ec-859c-9aaea2adf067 service placement] 10.222.0.49 "GET /placement/resource_providers/f512eeda-69d9-4351-8ec0-0f1b0dcb357b/allocations" status: 200 len: 342 microversion: 1.0
Sep 02 07:25:19.490049 n-d-807025-1 devstack@placement-api.service[95399]: [pid: 95399|app: 0|req: 367/734] 10.222.0.49 () {58 vars in 1391 bytes} [Thu Sep 2 07:25:19 2021] GET /placement/resource_providers/f512eeda-69d9-4351-8ec0-0f1b0dcb357b/allocations => generated 342 bytes in 339 msecs (HTTP/1.1 200) 6 headers in 224 bytes (1 switches on core 0)
Sep 02 07:25:19.604708 n-d-807025-1 devstack@placement-api.service[95399]: DEBUG placement.requestlog [req-2f4afcd2-6ee0-4fa4-b9cc-325fbda52c03 req-aea744ab-6203-4246-a49e-395b2d9c8b30 None None] Starting request: 10.222.0.49 "GET /placement/resource_providers?in_tree=f512eeda-69d9-4351-8ec0-0f1b0dcb357b" {{(pid=95399) __call__ /opt/stack/placement/placement/requestlog.py:55}}
Sep 02 07:25:19.668124 n-d-807025-1 devstack@placement-api.service[95398]: INFO placement.requestlog [req-d6c1f82f-b023-4cd0-90ca-ab0fb5bdd1df req-4353d252-2148-44a7-a570-f98651737886 service placement] 10.222.0.13 "GET /placement/resource_providers/c163364e-f586-46b4-9be0-9eac61538b1f/allocations" status: 200 len: 241 microversion: 1.0
Sep 02 07:25:19.672749 n-d-807025-1 devstack@placement-api.service[95399]: INFO placement.requestlog [req-2f4afcd2-6ee0-4fa4-b9cc-325fbda52c03 req-aea744ab-6203-4246-a49e-395b2d9c8b30 service placement] 10.222.0.49 "GET /placement/resource_providers?in_tree=f512eeda-69d9-4351-8ec0-0f1b0dcb357b" status: 200 len: 863 microversion: 1.14
Sep 02 07:25:19.673610 n-d-807025-1 devstack@placement-api.service[95399]: [pid: 95399|app: 0|req: 368/735] 10.222.0.49 () {60 vars in 1377 bytes} [Thu Sep 2 07:25:19 2021] GET /placement/resource_providers?in_tree=f512eeda-69d9-4351-8ec0-0f1b0dcb357b => generated 863 bytes in 70 msecs (HTTP/1.1 200) 6 headers in 225 bytes (1 switches on core 0)
Sep 02 07:25:19.674145 n-d-807025-1 devstack@placement-api.service[95398]: [pid: 95398|app: 0|req: 368/736] 10.222.0.13 () {58 vars in 1391 bytes} [Thu Sep 2 07:25:19 2021] GET /placement/resource_providers/c163364e-f586-46b4-9be0-9eac61538b1f/allocations => generated 241 bytes in 394 msecs (HTTP/1.1 200) 6 headers in 224 bytes (1 switches on core 0)
Sep 02 07:25:19.687890 n-d-807025-1 devstack@placement-api.service[95399]: DEBUG placement.requestlog [req-2f4afcd2-6ee0-4fa4-b9cc-325fbda52c03 req-e7ea34fd-37be-4490-b769-62abefea776d None None] Starting request: 10.222.0.49 "GET /placement/resource_providers/f512eeda-69d9-4351-8ec0-0f1b0dcb357b/inventories" {{(pid=95399) __call__ /opt/stack/placement/placement/requestlog.py:55}}
Sep 02 07:25:19.766187 n-d-807025-1 devstack@placement-api.service[95398]: DEBUG placement.requestlog [req-d6c1f82f-b023-4cd0-90ca-ab0fb5bdd1df req-e933c295-54bb-44b7-a366-fb6231d69a61 None None] Starting request: 10.222.0.13 "GET /placement/resource_providers?in_tree=c163364e-f586-46b4-9be0-9eac61538b1f" {{(pid=95398) __call__ /opt/stack/placement/placement/requestlog.py:55}}
Sep 02 07:25:19.770562 n-d-807025-1 devstack@placement-api.service[95399]: INFO placement.requestlog [req-2f4afcd2-6ee0-4fa4-b9cc-325fbda52c03 req-e7ea34fd-37be-4490-b769-62abefea776d service placement] 10.222.0.49 "GET /placement/resource_providers/f512eeda-69d9-4351-8ec0-0f1b0dcb357b/inventories" status: 200 len: 398 microversion: 1.0
Sep 02 07:25:19.770789 n-d-807025-1 devstack@placement-api.service[95399]: [pid: 95399|app: 0|req: 369/737] 10.222.0.49 () {58 vars in 1391 bytes} [Thu Sep 2 07:25:19 2021] GET /placement/resource_providers/f512eeda-69d9-4351-8ec0-0f1b0dcb357b/inventories => generated 398 bytes in 84 msecs (HTTP/1.1 200) 6 headers in 224 bytes (2 switches on core 0)
Sep 02 07:25:19.799732 n-d-807025-1 devstack@placement-api.service[95398]: INFO placement.requestlog [req-d6c1f82f-b023-4cd0-90ca-ab0fb5bdd1df req-e933c295-54bb-44b7-a366-fb6231d69a61 service placement] 10.222.0.13 "GET /placement/resource_providers?in_tree=c163364e-f586-46b4-9be0-9eac61538b1f" status: 200 len: 863 microversion: 1.14
Sep 02 07:25:19.800882 n-d-807025-1 devstack@placement-api.service[95398]: [pid: 95398|app: 0|req: 369/738] 10.222.0.13 () {60 vars in 1377 bytes} [Thu Sep 2 07:25:19 2021] GET /placement/resource_providers?in_tree=c163364e-f586-46b4-9be0-9eac61538b1f => generated 863 bytes in 35 msecs (HTTP/1.1 200) 6 headers in 225 bytes (1 switches on core 0)
Sep 02 07:25:19.806907 n-d-807025-1 devstack@placement-api.service[95399]: DEBUG placement.requestlog [req-2f4afcd2-6ee0-4fa4-b9cc-325fbda52c03 req-459b41fd-975b-4f18-ba59-132d97ec79e2 None None] Starting request: 10.222.0.49 "GET /placement/resource_providers/f512eeda-69d9-4351-8ec0-0f1b0dcb357b/aggregates" {{(pid=95399) __call__ /opt/stack/placement/placement/requestlog.py:55}}
Sep 02 07:25:19.818613 n-d-807025-1 devstack@placement-api.service[95398]: DEBUG placement.requestlog [req-d6c1f82f-b023-4cd0-90ca-ab0fb5bdd1df req-63dfeefc-e1f9-4802-9b89-041ab0e70c02 None None] Starting request: 10.222.0.13 "GET /placement/resource_providers/c163364e-f586-46b4-9be0-9eac61538b1f/inventories" {{(pid=95398) __call__ /opt/stack/placement/placement/requestlog.py:55}}
Sep 02 07:25:19.828431 n-d-807025-1 devstack@placement-api.service[95399]: INFO placement.requestlog [req-2f4afcd2-6ee0-4fa4-b9cc-325fbda52c03 req-459b41fd-975b-4f18-ba59-132d97ec79e2 service placement] 10.222.0.49 "GET /placement/resource_providers/f512eeda-69d9-4351-8ec0-0f1b0dcb357b/aggregates" status: 200 len: 54 microversion: 1.19
Sep 02 07:25:19.829021 n-d-807025-1 devstack@placement-api.service[95399]: [pid: 95399|app: 0|req: 370/739] 10.222.0.49 () {60 vars in 1432 bytes} [Thu Sep 2 07:25:19 2021] GET /placement/resource_providers/f512eeda-69d9-4351-8ec0-0f1b0dcb357b/aggregates => generated 54 bytes in 23 msecs (HTTP/1.1 200) 8 headers in 295 bytes (1 switches on core 0)
Sep 02 07:25:19.843354 n-d-807025-1 devstack@placement-api.service[95398]: INFO placement.requestlog [req-d6c1f82f-b023-4cd0-90ca-ab0fb5bdd1df req-63dfeefc-e1f9-4802-9b89-041ab0e70c02 service placement] 10.222.0.13 "GET /placement/resource_providers/c163364e-f586-46b4-9be0-9eac61538b1f/inventories" status: 200 len: 398 microversion: 1.0
Sep 02 07:25:19.843902 n-d-807025-1 devstack@placement-api.service[95398]: [pid: 95398|app: 0|req: 370/740] 10.222.0.13 () {58 vars in 1391 bytes} [Thu Sep 2 07:25:19 2021] GET /placement/resource_providers/c163364e-f586-46b4-9be0-9eac61538b1f/inventories => generated 398 bytes in 35 msecs (HTTP/1.1 200) 6 headers in 224 bytes (1 switches on core 0)
Sep 02 07:25:19.851030 n-d-807025-1 devstack@placement-api.service[95398]: DEBUG placement.requestlog [req-2f4afcd2-6ee0-4fa4-b9cc-325fbda52c03 req-c38736eb-0a8b-4a4b-802a-54254830bf2f None None] Starting request: 10.222.0.49 "GET /placement/resource_providers/f512eeda-69d9-4351-8ec0-0f1b0dcb357b/traits" {{(pid=95398) __call__ /opt/stack/placement/placement/requestlog.py:55}}
Sep 02 07:25:19.852816 n-d-807025-1 devstack@placement-api.service[95399]: DEBUG placement.requestlog [req-d6c1f82f-b023-4cd0-90ca-ab0fb5bdd1df req-49b76c2e-39de-4286-8fbe-35af1d69cbc7 None None] Starting request: 10.222.0.13 "GET /placement/resource_providers/c163364e-f586-46b4-9be0-9eac61538b1f/aggregates" {{(pid=95399) __call__ /opt/stack/placement/placement/requestlog.py:55}}
Sep 02 07:25:19.872428 n-d-807025-1 devstack@placement-api.service[95399]: INFO placement.requestlog [req-d6c1f82f-b023-4cd0-90ca-ab0fb5bdd1df req-49b76c2e-39de-4286-8fbe-35af1d69cbc7 service placement] 10.222.0.13 "GET /placement/resource_providers/c163364e-f586-46b4-9be0-9eac61538b1f/aggregates" status: 200 len: 54 microversion: 1.19
Sep 02 07:25:19.873197 n-d-807025-1 devstack@placement-api.service[95399]: [pid: 95399|app: 0|req: 371/741] 10.222.0.13 () {60 vars in 1432 bytes} [Thu Sep 2 07:25:19 2021] GET /placement/resource_providers/c163364e-f586-46b4-9be0-9eac61538b1f/aggregates => generated 54 bytes in 21 msecs (HTTP/1.1 200) 8 headers in 295 bytes (2 switches on core 0)
Sep 02 07:25:19.881901 n-d-807025-1 devstack@placement-api.service[95399]: DEBUG placement.requestlog [req-d6c1f82f-b023-4cd0-90ca-ab0fb5bdd1df req-3ca72a35-73f9-4416-9685-18dbaa804e75 None None] Starting request: 10.222.0.13 "GET /placement/resource_providers/c163364e-f586-46b4-9be0-9eac61538b1f/traits" {{(pid=95399) __call__ /opt/stack/placement/placement/requestlog.py:55}}
Sep 02 07:25:19.884578 n-d-807025-1 devstack@placement-api.service[95398]: INFO placement.requestlog [req-2f4afcd2-6ee0-4fa4-b9cc-325fbda52c03 req-c38736eb-0a8b-4a4b-802a-54254830bf2f service placement] 10.222.0.49 "GET /placement/resource_providers/f512eeda-69d9-4351-8ec0-0f1b0dcb357b/traits" status: 200 len: 212 microversion: 1.6
Sep 02 07:25:19.885089 n-d-807025-1 devstack@placement-api.service[95398]: [pid: 95398|app: 0|req: 371/742] 10.222.0.49 () {60 vars in 1419 bytes} [Thu Sep 2 07:25:19 2021] GET /placement/resource_providers/f512eeda-69d9-4351-8ec0-0f1b0dcb357b/traits => generated 212 bytes in 35 msecs (HTTP/1.1 200) 6 headers in 224 bytes (2 switches on core 0)
Sep 02 07:25:19.920189 n-d-807025-1 devstack@placement-api.service[95399]: INFO placement.requestlog [req-d6c1f82f-b023-4cd0-90ca-ab0fb5bdd1df req-3ca72a35-73f9-4416-9685-18dbaa804e75 service placement] 10.222.0.13 "GET /placement/resource_providers/c163364e-f586-46b4-9be0-9eac61538b1f/traits" status: 200 len: 212 microversion: 1.6
Sep 02 07:25:19.920978 n-d-807025-1 devstack@placement-api.service[95399]: [pid: 95399|app: 0|req: 372/743] 10.222.0.13 () {60 vars in 1419 bytes} [Thu Sep 2 07:25:19 2021] GET /placement/resource_providers/c163364e-f586-46b4-9be0-9eac61538b1f/traits => generated 212 bytes in 39 msecs (HTTP/1.1 200) 6 headers in 224 bytes (2 switches on core 0)
Sep 02 07:25:21.851676 n-d-807025-1 devstack@placement-api.service[95398]: DEBUG placement.requestlog [req-4d74523e-6c65-40be-a92d-d5bd046d66be req-6b863878-bab2-4507-b510-904da9ff60b9 None None] Starting request: 10.222.0.46 "GET /placement/allocation_candidates?limit=1000&resources=DISK_GB%3A1%2CMEMORY_MB%3A1024%2CVCPU%3A1&root_required=%21COMPUTE_STATUS_DISABLED" {{(pid=95398) __call__ /opt/stack/placement/placement/requestlog.py:55}}
Sep 02 07:25:21.956086 n-d-807025-1 devstack@placement-api.service[95398]: DEBUG placement.objects.research_context [req-4d74523e-6c65-40be-a92d-d5bd046d66be req-6b863878-bab2-4507-b510-904da9ff60b9 service placement] getting providers with 1 DISK_GB {{(pid=95398) __init__ /opt/stack/placement/placement/objects/research_context.py:126}}
Sep 02 07:25:21.968854 n-d-807025-1 devstack@placement-api.service[95398]: DEBUG placement.objects.research_context [req-4d74523e-6c65-40be-a92d-d5bd046d66be req-6b863878-bab2-4507-b510-904da9ff60b9 service placement] getting providers with 1024 MEMORY_MB {{(pid=95398) __init__ /opt/stack/placement/placement/objects/research_context.py:126}}
Sep 02 07:25:21.982260 n-d-807025-1 devstack@placement-api.service[95398]: DEBUG placement.objects.research_context [req-4d74523e-6c65-40be-a92d-d5bd046d66be req-6b863878-bab2-4507-b510-904da9ff60b9 service placement] getting providers with 1 VCPU {{(pid=95398) __init__ /opt/stack/placement/placement/objects/research_context.py:126}}
Sep 02 07:25:21.988559 n-d-807025-1 devstack@placement-api.service[95398]: DEBUG placement.objects.research_context [req-4d74523e-6c65-40be-a92d-d5bd046d66be req-6b863878-bab2-4507-b510-904da9ff60b9 service placement] found 2 providers with available 1 DISK_GB {{(pid=95398) get_provider_ids_matching /opt/stack/placement/placement/objects/research_context.py:549}}
Sep 02 07:25:21.988856 n-d-807025-1 devstack@placement-api.service[95398]: DEBUG placement.objects.research_context [req-4d74523e-6c65-40be-a92d-d5bd046d66be req-6b863878-bab2-4507-b510-904da9ff60b9 service placement] found 2 providers with available 1024 MEMORY_MB {{(pid=95398) get_provider_ids_matching /opt/stack/placement/placement/objects/research_context.py:549}}
Sep 02 07:25:21.989115 n-d-807025-1 devstack@placement-api.service[95398]: DEBUG placement.objects.research_context [req-4d74523e-6c65-40be-a92d-d5bd046d66be req-6b863878-bab2-4507-b510-904da9ff60b9 service placement] found 2 providers after filtering by previous result {{(pid=95398) get_provider_ids_matching /opt/stack/placement/placement/objects/research_context.py:580}}
Sep 02 07:25:21.989403 n-d-807025-1 devstack@placement-api.service[95398]: DEBUG placement.objects.research_context [req-4d74523e-6c65-40be-a92d-d5bd046d66be req-6b863878-bab2-4507-b510-904da9ff60b9 service placement] found 2 providers with available 1 VCPU {{(pid=95398) get_provider_ids_matching /opt/stack/placement/placement/objects/research_context.py:549}}
Sep 02 07:25:21.989677 n-d-807025-1 devstack@placement-api.service[95398]: DEBUG placement.objects.research_context [req-4d74523e-6c65-40be-a92d-d5bd046d66be req-6b863878-bab2-4507-b510-904da9ff60b9 service placement] found 2 providers after filtering by previous result {{(pid=95398) get_provider_ids_matching /opt/stack/placement/placement/objects/research_context.py:580}}
Sep 02 07:25:22.001511 n-d-807025-1 devstack@placement-api.service[95398]: DEBUG placement.objects.allocation_candidate [req-4d74523e-6c65-40be-a92d-d5bd046d66be req-6b863878-bab2-4507-b510-904da9ff60b9 service placement] RequestGroup(use_same_provider=False, resources={DISK_GB:1, MEMORY_MB:1024, VCPU:1}, traits=[], aggregates=[]) (suffix '') returned 2 matches {{(pid=95398) _get_by_requests /opt/stack/placement/placement/objects/allocation_candidate.py:145}}
Sep 02 07:25:22.001888 n-d-807025-1 devstack@placement-api.service[95398]: DEBUG placement.objects.allocation_candidate [req-4d74523e-6c65-40be-a92d-d5bd046d66be req-6b863878-bab2-4507-b510-904da9ff60b9 service placement] Merging candidates yields 2 allocation requests and 2 provider summaries {{(pid=95398) _merge_candidates /opt/stack/placement/placement/objects/allocation_candidate.py:783}}
Sep 02 07:25:22.003568 n-d-807025-1 devstack@placement-api.service[95398]: INFO placement.requestlog [req-4d74523e-6c65-40be-a92d-d5bd046d66be req-6b863878-bab2-4507-b510-904da9ff60b9 service placement] 10.222.0.46 "GET /placement/allocation_candidates?limit=1000&resources=DISK_GB%3A1%2CMEMORY_MB%3A1024%2CVCPU%3A1&root_required=%21COMPUTE_STATUS_DISABLED" status: 200 len: 1309 microversion: 1.36
Sep 02 07:25:22.004140 n-d-807025-1 devstack@placement-api.service[95398]: [pid: 95398|app: 0|req: 372/744] 10.222.0.46 () {60 vars in 1507 bytes} [Thu Sep 2 07:25:21 2021] GET /placement/allocation_candidates?limit=1000&resources=DISK_GB%3A1%2CMEMORY_MB%3A1024%2CVCPU%3A1&root_required=%21COMPUTE_STATUS_DISABLED => generated 1309 bytes in 153 msecs (HTTP/1.1 200) 8 headers in 297 bytes (1 switches on core 0)
Sep 02 07:25:22.058465 n-d-807025-1 devstack@placement-api.service[95399]: DEBUG placement.requestlog [req-4d74523e-6c65-40be-a92d-d5bd046d66be req-36ebe4b3-d824-4cc3-b85b-34b18b5571b2 None None] Starting request: 10.222.0.46 "GET /placement/allocations/cd49331d-8817-4a21-bd58-c462bfd0de51" {{(pid=95399) __call__ /opt/stack/placement/placement/requestlog.py:55}}
Sep 02 07:25:22.072235 n-d-807025-1 devstack@placement-api.service[95399]: INFO placement.requestlog [req-4d74523e-6c65-40be-a92d-d5bd046d66be req-36ebe4b3-d824-4cc3-b85b-34b18b5571b2 service placement] 10.222.0.46 "GET /placement/allocations/cd49331d-8817-4a21-bd58-c462bfd0de51" status: 200 len: 19 microversion: 1.28
Sep 02 07:25:22.072842 n-d-807025-1 devstack@placement-api.service[95399]: [pid: 95399|app: 0|req: 373/745] 10.222.0.46 () {60 vars in 1381 bytes} [Thu Sep 2 07:25:22 2021] GET /placement/allocations/cd49331d-8817-4a21-bd58-c462bfd0de51 => generated 19 bytes in 14 msecs (HTTP/1.1 200) 8 headers in 295 bytes (1 switches on core 0)
Sep 02 07:25:22.079160 n-d-807025-1 devstack@placement-api.service[95398]: DEBUG placement.requestlog [req-4d74523e-6c65-40be-a92d-d5bd046d66be req-6ce63922-bf50-410d-9092-4f242d79724c None None] Starting request: 10.222.0.46 "PUT /placement/allocations/cd49331d-8817-4a21-bd58-c462bfd0de51" {{(pid=95398) __call__ /opt/stack/placement/placement/requestlog.py:55}}
Sep 02 07:25:22.144171 n-d-807025-1 devstack@placement-api.service[95398]: DEBUG placement.handlers.allocation [req-4d74523e-6c65-40be-a92d-d5bd046d66be req-6ce63922-bf50-410d-9092-4f242d79724c service placement] Successfully wrote allocations [, , ] {{(pid=95398) _create_allocations /opt/stack/placement/placement/handlers/allocation.py:461}}
Sep 02 07:25:22.152646 n-d-807025-1 devstack@placement-api.service[95398]: INFO placement.requestlog [req-4d74523e-6c65-40be-a92d-d5bd046d66be req-6ce63922-bf50-410d-9092-4f242d79724c service placement] 10.222.0.46 "PUT /placement/allocations/cd49331d-8817-4a21-bd58-c462bfd0de51" status: 204 len: 0 microversion: 1.36
Sep 02 07:25:22.153256 n-d-807025-1 devstack@placement-api.service[95398]: [pid: 95398|app: 0|req: 373/746] 10.222.0.46 () {64 vars in 1434 bytes} [Thu Sep 2 07:25:22 2021] PUT /placement/allocations/cd49331d-8817-4a21-bd58-c462bfd0de51 => generated 0 bytes in 74 msecs (HTTP/1.1 204) 5 headers in 199 bytes (1 switches on core 0)
Sep 02 07:25:22.635509 n-d-807025-1 devstack@placement-api.service[95399]: DEBUG placement.requestlog [req-4d74523e-6c65-40be-a92d-d5bd046d66be req-c55038db-0419-413a-87e5-fef257b9a051 None None] Starting request: 10.222.0.13 "GET /placement/allocations/cd49331d-8817-4a21-bd58-c462bfd0de51" {{(pid=95399) __call__ /opt/stack/placement/placement/requestlog.py:55}}
Sep 02 07:25:22.669658 n-d-807025-1 devstack@placement-api.service[95399]: INFO placement.requestlog [req-4d74523e-6c65-40be-a92d-d5bd046d66be req-c55038db-0419-413a-87e5-fef257b9a051 service placement] 10.222.0.13 "GET /placement/allocations/cd49331d-8817-4a21-bd58-c462bfd0de51" status: 200 len: 259 microversion: 1.28
Sep 02 07:25:22.670065 n-d-807025-1 devstack@placement-api.service[95399]: [pid: 95399|app: 0|req: 374/747] 10.222.0.13 () {60 vars in 1378 bytes} [Thu Sep 2 07:25:22 2021] GET /placement/allocations/cd49331d-8817-4a21-bd58-c462bfd0de51 => generated 259 bytes in 35 msecs (HTTP/1.1 200) 8 headers in 296 bytes (1 switches on core 0)
Sep 02 07:25:49.017095 n-d-807025-1 devstack@placement-api.service[95398]: DEBUG placement.requestlog [req-9f3363bd-12bc-49db-9e2f-3ea3a44e20ec req-527eee08-72f1-4d4a-8b15-f85a4fafd9b3 None None] Starting request: 10.222.0.13 "DELETE /placement/allocations/c0001546-0996-40b6-b083-ec772b0bc045" {{(pid=95398) __call__ /opt/stack/placement/placement/requestlog.py:55}}
Sep 02 07:25:49.071068 n-d-807025-1 devstack@placement-api.service[95398]: DEBUG placement.handlers.allocation [req-9f3363bd-12bc-49db-9e2f-3ea3a44e20ec req-527eee08-72f1-4d4a-8b15-f85a4fafd9b3 service placement] Successfully deleted allocations [, , ] {{(pid=95398) delete_allocations /opt/stack/placement/placement/handlers/allocation.py:603}}
Sep 02 07:25:49.071068 n-d-807025-1 devstack@placement-api.service[95398]: INFO placement.requestlog [req-9f3363bd-12bc-49db-9e2f-3ea3a44e20ec req-527eee08-72f1-4d4a-8b15-f85a4fafd9b3 service placement] 10.222.0.13 "DELETE /placement/allocations/c0001546-0996-40b6-b083-ec772b0bc045" status: 204 len: 0 microversion: 1.0
Sep 02 07:25:49.071068 n-d-807025-1 devstack@placement-api.service[95398]: [pid: 95398|app: 0|req: 374/748] 10.222.0.13 () {60 vars in 1356 bytes} [Thu Sep 2 07:25:49 2021] DELETE /placement/allocations/c0001546-0996-40b6-b083-ec772b0bc045 => generated 0 bytes in 53 msecs (HTTP/1.1 204) 5 headers in 198 bytes (1 switches on core 0)
Sep 02 07:25:52.003676 n-d-807025-1 devstack@placement-api.service[95399]: DEBUG placement.requestlog [req-c13dd6d2-9f54-430c-a1aa-18e72e244619 req-d93cbaf3-81f4-4180-b2a3-d0d0bc8638f0 None None] Starting request: 10.222.0.46 "GET /placement/allocation_candidates?limit=1000&resources=DISK_GB%3A1%2CMEMORY_MB%3A1024%2CVCPU%3A1&root_required=%21COMPUTE_STATUS_DISABLED" {{(pid=95399) __call__ /opt/stack/placement/placement/requestlog.py:55}}
Sep 02 07:25:52.094863 n-d-807025-1 devstack@placement-api.service[95399]: DEBUG placement.objects.research_context [req-c13dd6d2-9f54-430c-a1aa-18e72e244619 req-d93cbaf3-81f4-4180-b2a3-d0d0bc8638f0 service placement] getting providers with 1 DISK_GB {{(pid=95399) __init__ /opt/stack/placement/placement/objects/research_context.py:126}}
Sep 02 07:25:52.130004 n-d-807025-1 devstack@placement-api.service[95399]: DEBUG placement.objects.research_context [req-c13dd6d2-9f54-430c-a1aa-18e72e244619 req-d93cbaf3-81f4-4180-b2a3-d0d0bc8638f0 service placement] getting providers with 1024 MEMORY_MB {{(pid=95399) __init__ /opt/stack/placement/placement/objects/research_context.py:126}}
Sep 02 07:25:52.148797 n-d-807025-1 devstack@placement-api.service[95399]: DEBUG placement.objects.research_context [req-c13dd6d2-9f54-430c-a1aa-18e72e244619 req-d93cbaf3-81f4-4180-b2a3-d0d0bc8638f0 service placement] getting providers with 1 VCPU {{(pid=95399) __init__ /opt/stack/placement/placement/objects/research_context.py:126}}
Sep 02 07:25:52.213326 n-d-807025-1 devstack@placement-api.service[95399]: DEBUG placement.objects.research_context [req-c13dd6d2-9f54-430c-a1aa-18e72e244619 req-d93cbaf3-81f4-4180-b2a3-d0d0bc8638f0 service placement] found 2 providers with available 1 DISK_GB {{(pid=95399) get_provider_ids_matching /opt/stack/placement/placement/objects/research_context.py:549}}
Sep 02 07:25:52.213601 n-d-807025-1 devstack@placement-api.service[95399]: DEBUG placement.objects.research_context [req-c13dd6d2-9f54-430c-a1aa-18e72e244619 req-d93cbaf3-81f4-4180-b2a3-d0d0bc8638f0 service placement] found 2 providers with available 1024 MEMORY_MB {{(pid=95399) get_provider_ids_matching /opt/stack/placement/placement/objects/research_context.py:549}}
Sep 02 07:25:52.221657 n-d-807025-1 devstack@placement-api.service[95399]: DEBUG placement.objects.research_context [req-c13dd6d2-9f54-430c-a1aa-18e72e244619 req-d93cbaf3-81f4-4180-b2a3-d0d0bc8638f0 service placement] found 2 providers after filtering by previous result {{(pid=95399) get_provider_ids_matching /opt/stack/placement/placement/objects/research_context.py:580}}
Sep 02 07:25:52.222404 n-d-807025-1 devstack@placement-api.service[95399]: DEBUG placement.objects.research_context [req-c13dd6d2-9f54-430c-a1aa-18e72e244619 req-d93cbaf3-81f4-4180-b2a3-d0d0bc8638f0 service placement] found 2 providers with available 1 VCPU {{(pid=95399) get_provider_ids_matching /opt/stack/placement/placement/objects/research_context.py:549}}
Sep 02 07:25:52.222684 n-d-807025-1 devstack@placement-api.service[95399]: DEBUG placement.objects.research_context [req-c13dd6d2-9f54-430c-a1aa-18e72e244619 req-d93cbaf3-81f4-4180-b2a3-d0d0bc8638f0 service placement] found 2 providers after filtering by previous result {{(pid=95399) get_provider_ids_matching /opt/stack/placement/placement/objects/research_context.py:580}}
Sep 02 07:25:52.241678 n-d-807025-1 devstack@placement-api.service[95399]: DEBUG placement.objects.allocation_candidate [req-c13dd6d2-9f54-430c-a1aa-18e72e244619 req-d93cbaf3-81f4-4180-b2a3-d0d0bc8638f0 service placement] RequestGroup(use_same_provider=False, resources={DISK_GB:1, MEMORY_MB:1024, VCPU:1}, traits=[], aggregates=[]) (suffix '') returned 2 matches {{(pid=95399) _get_by_requests /opt/stack/placement/placement/objects/allocation_candidate.py:145}}
Sep 02 07:25:52.242040 n-d-807025-1 devstack@placement-api.service[95399]: DEBUG placement.objects.allocation_candidate [req-c13dd6d2-9f54-430c-a1aa-18e72e244619 req-d93cbaf3-81f4-4180-b2a3-d0d0bc8638f0 service placement] Merging candidates yields 2 allocation requests and 2 provider summaries {{(pid=95399) _merge_candidates /opt/stack/placement/placement/objects/allocation_candidate.py:783}}
Sep 02 07:25:52.244832 n-d-807025-1 devstack@placement-api.service[95399]: INFO placement.requestlog [req-c13dd6d2-9f54-430c-a1aa-18e72e244619 req-d93cbaf3-81f4-4180-b2a3-d0d0bc8638f0 service placement] 10.222.0.46 "GET /placement/allocation_candidates?limit=1000&resources=DISK_GB%3A1%2CMEMORY_MB%3A1024%2CVCPU%3A1&root_required=%21COMPUTE_STATUS_DISABLED" status: 200 len: 1309 microversion: 1.36
Sep 02 07:25:52.245339 n-d-807025-1 devstack@placement-api.service[95399]: [pid: 95399|app: 0|req: 375/749] 10.222.0.46 () {60 vars in 1507 bytes} [Thu Sep 2 07:25:52 2021] GET /placement/allocation_candidates?limit=1000&resources=DISK_GB%3A1%2CMEMORY_MB%3A1024%2CVCPU%3A1&root_required=%21COMPUTE_STATUS_DISABLED => generated 1309 bytes in 242 msecs (HTTP/1.1 200) 8 headers in 297 bytes (1 switches on core 0)
Sep 02 07:25:52.322861 n-d-807025-1 devstack@placement-api.service[95398]: DEBUG placement.requestlog [req-c13dd6d2-9f54-430c-a1aa-18e72e244619 req-5d3e962b-dd59-407f-bdda-28aed9c6599c None None] Starting request: 10.222.0.46 "GET /placement/allocations/0bd8a463-0d05-41a1-acbd-4b6baa0c8402" {{(pid=95398) __call__ /opt/stack/placement/placement/requestlog.py:55}}
Sep 02 07:25:52.334547 n-d-807025-1 devstack@placement-api.service[95398]: INFO placement.requestlog [req-c13dd6d2-9f54-430c-a1aa-18e72e244619 req-5d3e962b-dd59-407f-bdda-28aed9c6599c service placement] 10.222.0.46 "GET /placement/allocations/0bd8a463-0d05-41a1-acbd-4b6baa0c8402" status: 200 len: 19 microversion: 1.28
Sep 02 07:25:52.335531 n-d-807025-1 devstack@placement-api.service[95398]: [pid: 95398|app: 0|req: 375/750] 10.222.0.46 () {60 vars in 1381 bytes} [Thu Sep 2 07:25:52 2021] GET /placement/allocations/0bd8a463-0d05-41a1-acbd-4b6baa0c8402 => generated 19 bytes in 13 msecs (HTTP/1.1 200) 8 headers in 295 bytes (2 switches on core 0)
Sep 02 07:25:52.378657 n-d-807025-1 devstack@placement-api.service[95399]: DEBUG placement.requestlog [req-c13dd6d2-9f54-430c-a1aa-18e72e244619 req-c9bff63f-4d69-4687-b3c3-f29063f0e9d5 None None] Starting request: 10.222.0.46 "PUT /placement/allocations/0bd8a463-0d05-41a1-acbd-4b6baa0c8402" {{(pid=95399) __call__ /opt/stack/placement/placement/requestlog.py:55}}
Sep 02 07:25:52.551170 n-d-807025-1 devstack@placement-api.service[95399]: DEBUG placement.handlers.allocation [req-c13dd6d2-9f54-430c-a1aa-18e72e244619 req-c9bff63f-4d69-4687-b3c3-f29063f0e9d5 service placement] Successfully wrote allocations [, , ] {{(pid=95399) _create_allocations /opt/stack/placement/placement/handlers/allocation.py:461}}
Sep 02 07:25:52.557515 n-d-807025-1 devstack@placement-api.service[95399]: INFO placement.requestlog [req-c13dd6d2-9f54-430c-a1aa-18e72e244619 req-c9bff63f-4d69-4687-b3c3-f29063f0e9d5 service placement] 10.222.0.46 "PUT /placement/allocations/0bd8a463-0d05-41a1-acbd-4b6baa0c8402" status: 204 len: 0 microversion: 1.36
Sep 02 07:25:52.557866 n-d-807025-1 devstack@placement-api.service[95399]: [pid: 95399|app: 0|req: 376/751] 10.222.0.46 () {64 vars in 1434 bytes} [Thu Sep 2 07:25:52 2021] PUT /placement/allocations/0bd8a463-0d05-41a1-acbd-4b6baa0c8402 => generated 0 bytes in 179 msecs (HTTP/1.1 204) 5 headers in 199 bytes (2 switches on core 0)
Sep 02 07:25:53.004280 n-d-807025-1 devstack@placement-api.service[95398]: DEBUG placement.requestlog [req-c13dd6d2-9f54-430c-a1aa-18e72e244619 req-246ebd46-f9d1-4e1e-aa54-a5b915e8b31e None None] Starting request: 10.222.0.13 "GET /placement/allocations/0bd8a463-0d05-41a1-acbd-4b6baa0c8402" {{(pid=95398) __call__ /opt/stack/placement/placement/requestlog.py:55}}
Sep 02 07:25:53.042383 n-d-807025-1 devstack@placement-api.service[95398]: INFO placement.requestlog [req-c13dd6d2-9f54-430c-a1aa-18e72e244619 req-246ebd46-f9d1-4e1e-aa54-a5b915e8b31e service placement] 10.222.0.13 "GET /placement/allocations/0bd8a463-0d05-41a1-acbd-4b6baa0c8402" status: 200 len: 259 microversion: 1.28
Sep 02 07:25:53.043212 n-d-807025-1 devstack@placement-api.service[95398]: [pid: 95398|app: 0|req: 376/752] 10.222.0.13 () {60 vars in 1378 bytes} [Thu Sep 2 07:25:53 2021] GET /placement/allocations/0bd8a463-0d05-41a1-acbd-4b6baa0c8402 => generated 259 bytes in 42 msecs (HTTP/1.1 200) 8 headers in 296 bytes (1 switches on core 0)
Sep 02 07:25:55.996038 n-d-807025-1 devstack@placement-api.service[95399]: DEBUG placement.requestlog [req-f0bb2e2e-5790-41dd-9ec4-333574026d73 req-48066751-8f25-4acd-914a-ed3e1bf0928c None None] Starting request: 10.222.0.49 "DELETE /placement/allocations/75e078cd-c66e-4954-9e73-fc68db5ec193" {{(pid=95399) __call__ /opt/stack/placement/placement/requestlog.py:55}}
Sep 02 07:25:56.035702 n-d-807025-1 devstack@placement-api.service[95399]: DEBUG placement.handlers.allocation [req-f0bb2e2e-5790-41dd-9ec4-333574026d73 req-48066751-8f25-4acd-914a-ed3e1bf0928c service placement] Successfully deleted allocations [, , ] {{(pid=95399) delete_allocations /opt/stack/placement/placement/handlers/allocation.py:603}}
Sep 02 07:25:56.038732 n-d-807025-1 devstack@placement-api.service[95399]: INFO placement.requestlog [req-f0bb2e2e-5790-41dd-9ec4-333574026d73 req-48066751-8f25-4acd-914a-ed3e1bf0928c service placement] 10.222.0.49 "DELETE /placement/allocations/75e078cd-c66e-4954-9e73-fc68db5ec193" status: 204 len: 0 microversion: 1.0
Sep 02 07:25:56.039969 n-d-807025-1 devstack@placement-api.service[95399]: [pid: 95399|app: 0|req: 377/753] 10.222.0.49 () {60 vars in 1356 bytes} [Thu Sep 2 07:25:55 2021] DELETE /placement/allocations/75e078cd-c66e-4954-9e73-fc68db5ec193 => generated 0 bytes in 45 msecs (HTTP/1.1 204) 5 headers in 198 bytes (2 switches on core 0)
Sep 02 07:26:01.099176 n-d-807025-1 devstack@placement-api.service[95398]: DEBUG placement.requestlog [req-dab4d88e-5210-4d49-bea2-52dd5855c5b0 req-0d1a27de-035e-4caa-ba43-0d128796b556 None None] Starting request: 10.222.0.46 "GET /placement/allocation_candidates?limit=1000&resources=DISK_GB%3A1%2CMEMORY_MB%3A1024%2CVCPU%3A1&root_required=%21COMPUTE_STATUS_DISABLED" {{(pid=95398) __call__ /opt/stack/placement/placement/requestlog.py:55}}
Sep 02 07:26:01.144998 n-d-807025-1 devstack@placement-api.service[95398]: DEBUG placement.objects.research_context [req-dab4d88e-5210-4d49-bea2-52dd5855c5b0 req-0d1a27de-035e-4caa-ba43-0d128796b556 service placement] getting providers with 1 DISK_GB {{(pid=95398) __init__ /opt/stack/placement/placement/objects/research_context.py:126}}
Sep 02 07:26:01.170796 n-d-807025-1 devstack@placement-api.service[95398]: DEBUG placement.objects.research_context [req-dab4d88e-5210-4d49-bea2-52dd5855c5b0 req-0d1a27de-035e-4caa-ba43-0d128796b556 service placement] getting providers with 1024 MEMORY_MB {{(pid=95398) __init__ /opt/stack/placement/placement/objects/research_context.py:126}}
Sep 02 07:26:01.179212 n-d-807025-1 devstack@placement-api.service[95398]: DEBUG placement.objects.research_context [req-dab4d88e-5210-4d49-bea2-52dd5855c5b0 req-0d1a27de-035e-4caa-ba43-0d128796b556 service placement] getting providers with 1 VCPU {{(pid=95398) __init__ /opt/stack/placement/placement/objects/research_context.py:126}}
Sep 02 07:26:01.187478 n-d-807025-1 devstack@placement-api.service[95398]: DEBUG placement.objects.research_context [req-dab4d88e-5210-4d49-bea2-52dd5855c5b0 req-0d1a27de-035e-4caa-ba43-0d128796b556 service placement] found 2 providers with available 1 DISK_GB {{(pid=95398) get_provider_ids_matching /opt/stack/placement/placement/objects/research_context.py:549}}
Sep 02 07:26:01.188324 n-d-807025-1 devstack@placement-api.service[95398]: DEBUG placement.objects.research_context [req-dab4d88e-5210-4d49-bea2-52dd5855c5b0 req-0d1a27de-035e-4caa-ba43-0d128796b556 service placement] found 2 providers with available 1024 MEMORY_MB {{(pid=95398) get_provider_ids_matching /opt/stack/placement/placement/objects/research_context.py:549}}
Sep 02 07:26:01.188924 n-d-807025-1 devstack@placement-api.service[95398]: DEBUG placement.objects.research_context [req-dab4d88e-5210-4d49-bea2-52dd5855c5b0 req-0d1a27de-035e-4caa-ba43-0d128796b556 service placement] found 2 providers after filtering by previous result {{(pid=95398) get_provider_ids_matching /opt/stack/placement/placement/objects/research_context.py:580}}
Sep 02 07:26:01.189371 n-d-807025-1 devstack@placement-api.service[95398]: DEBUG placement.objects.research_context [req-dab4d88e-5210-4d49-bea2-52dd5855c5b0 req-0d1a27de-035e-4caa-ba43-0d128796b556 service placement] found 2 providers with available 1 VCPU {{(pid=95398) get_provider_ids_matching /opt/stack/placement/placement/objects/research_context.py:549}}
Sep 02 07:26:01.189805 n-d-807025-1 devstack@placement-api.service[95398]: DEBUG placement.objects.research_context [req-dab4d88e-5210-4d49-bea2-52dd5855c5b0 req-0d1a27de-035e-4caa-ba43-0d128796b556 service placement] found 2 providers after filtering by previous result {{(pid=95398) get_provider_ids_matching /opt/stack/placement/placement/objects/research_context.py:580}}
Sep 02 07:26:01.209968 n-d-807025-1 devstack@placement-api.service[95398]: DEBUG placement.objects.allocation_candidate [req-dab4d88e-5210-4d49-bea2-52dd5855c5b0 req-0d1a27de-035e-4caa-ba43-0d128796b556 service placement] RequestGroup(use_same_provider=False, resources={DISK_GB:1, MEMORY_MB:1024, VCPU:1}, traits=[], aggregates=[]) (suffix '') returned 2 matches {{(pid=95398) _get_by_requests /opt/stack/placement/placement/objects/allocation_candidate.py:145}}
Sep 02 07:26:01.210523 n-d-807025-1 devstack@placement-api.service[95398]: DEBUG placement.objects.allocation_candidate [req-dab4d88e-5210-4d49-bea2-52dd5855c5b0 req-0d1a27de-035e-4caa-ba43-0d128796b556 service placement] Merging candidates yields 2 allocation requests and 2 provider summaries {{(pid=95398) _merge_candidates /opt/stack/placement/placement/objects/allocation_candidate.py:783}}
Sep 02 07:26:01.213837 n-d-807025-1 devstack@placement-api.service[95398]: INFO placement.requestlog [req-dab4d88e-5210-4d49-bea2-52dd5855c5b0 req-0d1a27de-035e-4caa-ba43-0d128796b556 service placement] 10.222.0.46 "GET /placement/allocation_candidates?limit=1000&resources=DISK_GB%3A1%2CMEMORY_MB%3A1024%2CVCPU%3A1&root_required=%21COMPUTE_STATUS_DISABLED" status: 200 len: 1309 microversion: 1.36
Sep 02 07:26:01.214614 n-d-807025-1 devstack@placement-api.service[95398]: [pid: 95398|app: 0|req: 377/754] 10.222.0.46 () {60 vars in 1507 bytes} [Thu Sep 2 07:26:01 2021] GET /placement/allocation_candidates?limit=1000&resources=DISK_GB%3A1%2CMEMORY_MB%3A1024%2CVCPU%3A1&root_required=%21COMPUTE_STATUS_DISABLED => generated 1309 bytes in 116 msecs (HTTP/1.1 200) 8 headers in 297 bytes (1 switches on core 0)
Sep 02 07:26:01.285654 n-d-807025-1 devstack@placement-api.service[95399]: DEBUG placement.requestlog [req-dab4d88e-5210-4d49-bea2-52dd5855c5b0 req-3151bac7-960a-45cc-8f69-6eb7596d71de None None] Starting request: 10.222.0.46 "GET /placement/allocations/fe67ff13-b6f9-432d-b3f9-1c2add12ebbb" {{(pid=95399) __call__ /opt/stack/placement/placement/requestlog.py:55}}
Sep 02 07:26:01.313438 n-d-807025-1 devstack@placement-api.service[95399]: INFO placement.requestlog [req-dab4d88e-5210-4d49-bea2-52dd5855c5b0 req-3151bac7-960a-45cc-8f69-6eb7596d71de service placement] 10.222.0.46 "GET /placement/allocations/fe67ff13-b6f9-432d-b3f9-1c2add12ebbb" status: 200 len: 19 microversion: 1.28
Sep 02 07:26:01.314219 n-d-807025-1 devstack@placement-api.service[95399]: [pid: 95399|app: 0|req: 378/755] 10.222.0.46 () {60 vars in 1381 bytes} [Thu Sep 2 07:26:01 2021] GET /placement/allocations/fe67ff13-b6f9-432d-b3f9-1c2add12ebbb => generated 19 bytes in 29 msecs (HTTP/1.1 200) 8 headers in 295 bytes (1 switches on core 0)
Sep 02 07:26:01.322620 n-d-807025-1 devstack@placement-api.service[95398]: DEBUG placement.requestlog [req-dab4d88e-5210-4d49-bea2-52dd5855c5b0 req-4c1b0a4e-93e0-49fa-9ba8-f0fba792f6e3 None None] Starting request: 10.222.0.46 "PUT /placement/allocations/fe67ff13-b6f9-432d-b3f9-1c2add12ebbb" {{(pid=95398) __call__ /opt/stack/placement/placement/requestlog.py:55}}
Sep 02 07:26:01.415383 n-d-807025-1 devstack@placement-api.service[95398]: DEBUG placement.handlers.allocation [req-dab4d88e-5210-4d49-bea2-52dd5855c5b0 req-4c1b0a4e-93e0-49fa-9ba8-f0fba792f6e3 service placement] Successfully wrote allocations [, , ] {{(pid=95398) _create_allocations /opt/stack/placement/placement/handlers/allocation.py:461}}
Sep 02 07:26:01.422295 n-d-807025-1 devstack@placement-api.service[95398]: INFO placement.requestlog [req-dab4d88e-5210-4d49-bea2-52dd5855c5b0 req-4c1b0a4e-93e0-49fa-9ba8-f0fba792f6e3 service placement] 10.222.0.46 "PUT /placement/allocations/fe67ff13-b6f9-432d-b3f9-1c2add12ebbb" status: 204 len: 0 microversion: 1.36
Sep 02 07:26:01.422949 n-d-807025-1 devstack@placement-api.service[95398]: [pid: 95398|app: 0|req: 378/756] 10.222.0.46 () {64 vars in 1434 bytes} [Thu Sep 2 07:26:01 2021] PUT /placement/allocations/fe67ff13-b6f9-432d-b3f9-1c2add12ebbb => generated 0 bytes in 100 msecs (HTTP/1.1 204) 5 headers in 199 bytes (2 switches on core 0)
Sep 02 07:26:02.088577 n-d-807025-1 devstack@placement-api.service[95399]: DEBUG placement.requestlog [req-dab4d88e-5210-4d49-bea2-52dd5855c5b0 req-3d05be3a-2fc3-4ebb-97c7-6929bed7bc96 None None] Starting request: 10.222.0.49 "GET /placement/allocations/fe67ff13-b6f9-432d-b3f9-1c2add12ebbb" {{(pid=95399) __call__ /opt/stack/placement/placement/requestlog.py:55}}
Sep 02 07:26:02.116651 n-d-807025-1 devstack@placement-api.service[95399]: INFO placement.requestlog [req-dab4d88e-5210-4d49-bea2-52dd5855c5b0 req-3d05be3a-2fc3-4ebb-97c7-6929bed7bc96 service placement] 10.222.0.49 "GET /placement/allocations/fe67ff13-b6f9-432d-b3f9-1c2add12ebbb" status: 200 len: 259 microversion: 1.28
Sep 02 07:26:02.116904 n-d-807025-1 devstack@placement-api.service[95399]: [pid: 95399|app: 0|req: 379/757] 10.222.0.49 () {60 vars in 1378 bytes} [Thu Sep 2 07:26:02 2021] GET /placement/allocations/fe67ff13-b6f9-432d-b3f9-1c2add12ebbb => generated 259 bytes in 29 msecs (HTTP/1.1 200) 8 headers in 296 bytes (1 switches on core 0)
