Oct 22 09:11:56.509091 n-d-806853-9 neutron-server[100776]: DEBUG neutron_lib.callbacks.manager [req-2654513f-c543-44b8-9f89-582a7a06e9fc req-29110300-b506-4cc1-8b1d-afe54e97d294 tempest-ServerDiagnosticsNegativeTest-74268566 tempest-ServerDiagnosticsNegativeTest-74268566-project] Publish callbacks ['neutron.plugins.ml2.plugin.SecurityGroupServerNotifierRpcMixin._notify_sg_on_port_change-1730230', 'neutron.plugins.ml2.ovo_rpc._ObjectChangeHandler.handle_event-211347', 'neutron.api.rpc.agentnotifiers.dhcp_rpc_agent_api.DhcpAgentNotifyAPI._native_event_send_dhcp_notification-603679', 'neutron.db.l3_dvrscheduler_db._notify_l3_agent_new_port-8765718306214'] for port, after_create {{(pid=100776) _notify_loop /usr/local/lib/python3.8/dist-packages/neutron_lib/callbacks/manager.py:175}}
Oct 22 09:11:56.610336 n-d-806853-9 neutron-server[100776]: DEBUG neutron.scheduler.dhcp_agent_scheduler [req-2654513f-c543-44b8-9f89-582a7a06e9fc req-29110300-b506-4cc1-8b1d-afe54e97d294 tempest-ServerDiagnosticsNegativeTest-74268566 tempest-ServerDiagnosticsNegativeTest-74268566-project] Network 2c6e586f-cc26-4889-ad7d-346aad730a41 is already hosted by enough agents. {{(pid=100776) _get_dhcp_agents_hosting_network /opt/stack/neutron/neutron/scheduler/dhcp_agent_scheduler.py:275}}
Oct 22 09:11:56.665166 n-d-806853-9 neutron-server[100776]: DEBUG neutron.scheduler.base_scheduler [req-2654513f-c543-44b8-9f89-582a7a06e9fc req-29110300-b506-4cc1-8b1d-afe54e97d294 tempest-ServerDiagnosticsNegativeTest-74268566 tempest-ServerDiagnosticsNegativeTest-74268566-project] Resources bound (agent type, host, resource id): {{(pid=100776) schedule /opt/stack/neutron/neutron/scheduler/base_scheduler.py:57}}
Oct 22 09:11:56.667866 n-d-806853-9 neutron-server[100776]: DEBUG neutron.db.l3_dvrscheduler_db [req-2654513f-c543-44b8-9f89-582a7a06e9fc req-29110300-b506-4cc1-8b1d-afe54e97d294 tempest-ServerDiagnosticsNegativeTest-74268566 tempest-ServerDiagnosticsNegativeTest-74268566-project] Received port after_create {{(pid=100776) _notify_l3_agent_new_port /opt/stack/neutron/neutron/db/l3_dvrscheduler_db.py:535}}
Oct 22 09:11:56.673900 n-d-806853-9 neutron-server[100776]: DEBUG neutron.pecan_wsgi.hooks.policy_enforcement [req-2654513f-c543-44b8-9f89-582a7a06e9fc req-29110300-b506-4cc1-8b1d-afe54e97d294 tempest-ServerDiagnosticsNegativeTest-74268566 tempest-ServerDiagnosticsNegativeTest-74268566-project] Attributes excluded by policy engine: ['standard_attr_id', 'binding:profile', 'binding:host_id', 'binding:vif_type', 'binding:vif_details', 'network'] {{(pid=100776) _exclude_attributes_by_policy /opt/stack/neutron/neutron/pecan_wsgi/hooks/policy_enforcement.py:255}}
Oct 22 09:11:56.674570 n-d-806853-9 neutron-server[100776]: DEBUG neutron_lib.callbacks.manager [req-2654513f-c543-44b8-9f89-582a7a06e9fc req-29110300-b506-4cc1-8b1d-afe54e97d294 tempest-ServerDiagnosticsNegativeTest-74268566 tempest-ServerDiagnosticsNegativeTest-74268566-project] Publish callbacks ['neutron.notifiers.nova.Notifier._send_nova_notification-176325', 'neutron.api.rpc.agentnotifiers.dhcp_rpc_agent_api.DhcpAgentNotifyAPI._send_dhcp_notification-603661'] for port, before_response {{(pid=100776) _notify_loop /usr/local/lib/python3.8/dist-packages/neutron_lib/callbacks/manager.py:175}}
Oct 22 09:11:56.677293 n-d-806853-9 neutron-server[100777]: DEBUG neutron.plugins.ml2.managers [None req-ce919fef-8663-40b9-bc50-800ff76f9055 None None] Attempting to bind port 09045834-1b60-4063-8c28-4f230dc670da on host n-d-806853-9 for vnic_type normal with profile {{(pid=100777) bind_port /opt/stack/neutron/neutron/plugins/ml2/managers.py:795}}
Oct 22 09:11:56.677661 n-d-806853-9 neutron-server[100777]: DEBUG neutron.plugins.ml2.managers [None req-ce919fef-8663-40b9-bc50-800ff76f9055 None None] Attempting to bind port 09045834-1b60-4063-8c28-4f230dc670da by drivers openvswitch,hyperv on host n-d-806853-9 at level 0 using segments [{'id': 'fbdc2138-235d-4b86-8e65-4c93b64c8eb6', 'network_type': 'vlan', 'physical_network': 'physnet1', 'segmentation_id': 565, 'network_id': '2544c4a9-92d6-4f7f-b2ec-b2a3f0d4e58e'}] {{(pid=100777) _bind_port_level /opt/stack/neutron/neutron/plugins/ml2/managers.py:820}}
Oct 22 09:11:56.678019 n-d-806853-9 neutron-server[100777]: DEBUG neutron.plugins.ml2.drivers.mech_agent [None req-ce919fef-8663-40b9-bc50-800ff76f9055 None None] Attempting to bind port 09045834-1b60-4063-8c28-4f230dc670da on network 2544c4a9-92d6-4f7f-b2ec-b2a3f0d4e58e {{(pid=100777) bind_port /opt/stack/neutron/neutron/plugins/ml2/drivers/mech_agent.py:91}}
Oct 22 09:11:56.684160 n-d-806853-9 neutron-server[100777]: DEBUG neutron.api.rpc.handlers.resources_rpc [None req-5bd9721a-fdde-4f35-a60e-9103cb82a4f4 None None] Pushing event updated for resources: {'Port': ['ID=09045834-1b60-4063-8c28-4f230dc670da,revision_number=3']} {{(pid=100777) push /opt/stack/neutron/neutron/api/rpc/handlers/resources_rpc.py:237}}
Oct 22 09:11:56.696235 n-d-806853-9 neutron-server[100777]: DEBUG neutron.plugins.ml2.managers [None req-62468f45-9fcf-419e-9a47-a8373d1f13e8 None None] Attempting to bind port 9bf75496-ab51-4bcf-9da4-f6fa4271ae30 on host n-d-806853-9 for vnic_type normal with profile {{(pid=100777) bind_port /opt/stack/neutron/neutron/plugins/ml2/managers.py:795}}
Oct 22 09:11:56.696387 n-d-806853-9 neutron-server[100777]: DEBUG neutron.plugins.ml2.managers [None req-62468f45-9fcf-419e-9a47-a8373d1f13e8 None None] Attempting to bind port 9bf75496-ab51-4bcf-9da4-f6fa4271ae30 by drivers openvswitch,hyperv on host n-d-806853-9 at level 0 using segments [{'id': 'fbbaf353-82e0-4798-baac-fe081303c54a', 'network_type': 'vlan', 'physical_network': 'physnet1', 'segmentation_id': 563, 'network_id': 'c743fa37-90ad-4f3e-ae5a-0f7578975cf3'}] {{(pid=100777) _bind_port_level /opt/stack/neutron/neutron/plugins/ml2/managers.py:820}}
Oct 22 09:11:56.696743 n-d-806853-9 neutron-server[100777]: DEBUG neutron.plugins.ml2.drivers.mech_agent [None req-62468f45-9fcf-419e-9a47-a8373d1f13e8 None None] Attempting to bind port 9bf75496-ab51-4bcf-9da4-f6fa4271ae30 on network c743fa37-90ad-4f3e-ae5a-0f7578975cf3 {{(pid=100777) bind_port /opt/stack/neutron/neutron/plugins/ml2/drivers/mech_agent.py:91}}
Oct 22 09:11:56.705859 n-d-806853-9 neutron-server[100777]: DEBUG neutron.plugins.ml2.drivers.mech_agent [None req-ce919fef-8663-40b9-bc50-800ff76f9055 None None] Checking agent: {'id': '0f9ec7a0-64cd-4bf5-9217-243881e7a02f', 'agent_type': 'Open vSwitch agent', 'binary': 'neutron-openvswitch-agent', 'topic': 'N/A', 'host': 'n-d-806853-9', 'admin_state_up': True, 'created_at': datetime.datetime(2021, 10, 22, 9, 0, 26), 'started_at': datetime.datetime(2021, 10, 22, 9, 0, 56), 'heartbeat_timestamp': datetime.datetime(2021, 10, 22, 9, 11, 56), 'description': None, 'resources_synced': None, 'availability_zone': None, 'alive': True, 'configurations': {'arp_responder_enabled': False, 'baremetal_smartnic': False, 'bridge_mappings': {'physnet1': 'br-data'}, 'datapath_type': 'system', 'devices': 0, 'enable_distributed_routing': False, 'extensions': [], 'in_distributed_mode': False, 'integration_bridge': 'br-int', 'l2_population': False, 'log_agent_heartbeats': False, 'ovs_capabilities': {'datapath_types': ['netdev', 'system'], 'iface_types': ['erspan', 'geneve', 'gre', 'internal', 'ip6erspan', 'ip6gre', 'lisp', 'patch', 'stt', 'system', 'tap', 'vxlan']}, 'ovs_hybrid_plug': False, 'resource_provider_bandwidths': {}, 'resource_provider_hypervisors': {'br-data': 'n-d-806853-9'}, 'resource_provider_inventory_defaults': {'allocation_ratio': 1.0, 'min_unit': 1, 'step_size': 1, 'reserved': 0}, 'resource_provider_packet_processing_inventory_defaults': {'allocation_ratio': 1.0, 'min_unit': 1, 'step_size': 1, 'reserved': 0}, 'resource_provider_packet_processing_with_direction': {}, 'resource_provider_packet_processing_without_direction': {}, 'tunnel_types': [], 'tunneling_ip': None, 'vhostuser_socket_dir': '/var/run/openvswitch'}, 'resource_versions': {'AddressGroup': '1.2', 'ConntrackHelper': '1.0', 'Log': '1.0', 'Network': '1.1', 'Port': '1.7', 'PortForwarding': '1.2', 'QosPolicy': '1.10', 'SecurityGroup': '1.4', 'SecurityGroupRule': '1.2', 'SubPort': '1.0', 'Subnet': '1.1', 'Trunk': '1.1'}} {{(pid=100777) bind_port /opt/stack/neutron/neutron/plugins/ml2/drivers/mech_agent.py:110}}
Oct 22 09:11:56.706274 n-d-806853-9 neutron-server[100777]: DEBUG neutron.plugins.ml2.drivers.mech_agent [None req-ce919fef-8663-40b9-bc50-800ff76f9055 None None] Checking segment: {'id': 'fbdc2138-235d-4b86-8e65-4c93b64c8eb6', 'network_type': 'vlan', 'physical_network': 'physnet1', 'segmentation_id': 565, 'network_id': '2544c4a9-92d6-4f7f-b2ec-b2a3f0d4e58e'} for mappings: {'physnet1': 'br-data'} with network types: ['local', 'flat', 'vlan'] {{(pid=100777) check_segment_for_agent /opt/stack/neutron/neutron/plugins/ml2/drivers/mech_agent.py:358}}
Oct 22 09:11:56.706647 n-d-806853-9 neutron-server[100777]: DEBUG neutron_lib.callbacks.manager [None req-ce919fef-8663-40b9-bc50-800ff76f9055 None None] Publish callbacks [] for ovs_bridge_name, before_read {{(pid=100777) _notify_loop /usr/local/lib/python3.8/dist-packages/neutron_lib/callbacks/manager.py:175}}
Oct 22 09:11:56.707739 n-d-806853-9 neutron-server[100777]: DEBUG neutron.plugins.ml2.drivers.mech_agent [None req-ce919fef-8663-40b9-bc50-800ff76f9055 None None] Bound using segment: {'id': 'fbdc2138-235d-4b86-8e65-4c93b64c8eb6', 'network_type': 'vlan', 'physical_network': 'physnet1', 'segmentation_id': 565, 'network_id': '2544c4a9-92d6-4f7f-b2ec-b2a3f0d4e58e'} {{(pid=100777) bind_port /opt/stack/neutron/neutron/plugins/ml2/drivers/mech_agent.py:120}}
Oct 22 09:11:56.708315 n-d-806853-9 neutron-server[100777]: DEBUG neutron.plugins.ml2.managers [None req-ce919fef-8663-40b9-bc50-800ff76f9055 None None] Bound port: 09045834-1b60-4063-8c28-4f230dc670da, host: n-d-806853-9, vif_type: ovs, vif_details: {"connectivity": "l2", "port_filter": true, "ovs_hybrid_plug": false, "datapath_type": "system", "bridge_name": "br-int"}, binding_levels: [{'bound_driver': 'openvswitch', 'bound_segment': {'id': 'fbdc2138-235d-4b86-8e65-4c93b64c8eb6', 'network_type': 'vlan', 'physical_network': 'physnet1', 'segmentation_id': 565, 'network_id': '2544c4a9-92d6-4f7f-b2ec-b2a3f0d4e58e'}}] {{(pid=100777) _bind_port_level /opt/stack/neutron/neutron/plugins/ml2/managers.py:933}}
Oct 22 09:11:56.708696 n-d-806853-9 neutron-server[100777]: DEBUG neutron_lib.callbacks.manager [None req-ce919fef-8663-40b9-bc50-800ff76f9055 None None] Publish callbacks ['neutron.plugins.ml2.plugin.SecurityGroupDbMixin._ensure_default_security_group_handler-1730367'] for port, before_update {{(pid=100777) _notify_loop /usr/local/lib/python3.8/dist-packages/neutron_lib/callbacks/manager.py:175}}
Oct 22 09:11:56.724714 n-d-806853-9 neutron-server[100777]: DEBUG neutron.plugins.ml2.drivers.mech_agent [None req-62468f45-9fcf-419e-9a47-a8373d1f13e8 None None] Checking agent: {'id': '0f9ec7a0-64cd-4bf5-9217-243881e7a02f', 'agent_type': 'Open vSwitch agent', 'binary': 'neutron-openvswitch-agent', 'topic': 'N/A', 'host': 'n-d-806853-9', 'admin_state_up': True, 'created_at': datetime.datetime(2021, 10, 22, 9, 0, 26), 'started_at': datetime.datetime(2021, 10, 22, 9, 0, 56), 'heartbeat_timestamp': datetime.datetime(2021, 10, 22, 9, 11, 56), 'description': None, 'resources_synced': None, 'availability_zone': None, 'alive': True, 'configurations': {'arp_responder_enabled': False, 'baremetal_smartnic': False, 'bridge_mappings': {'physnet1': 'br-data'}, 'datapath_type': 'system', 'devices': 0, 'enable_distributed_routing': False, 'extensions': [], 'in_distributed_mode': False, 'integration_bridge': 'br-int', 'l2_population': False, 'log_agent_heartbeats': False, 'ovs_capabilities': {'datapath_types': ['netdev', 'system'], 'iface_types': ['erspan', 'geneve', 'gre', 'internal', 'ip6erspan', 'ip6gre', 'lisp', 'patch', 'stt', 'system', 'tap', 'vxlan']}, 'ovs_hybrid_plug': False, 'resource_provider_bandwidths': {}, 'resource_provider_hypervisors': {'br-data': 'n-d-806853-9'}, 'resource_provider_inventory_defaults': {'allocation_ratio': 1.0, 'min_unit': 1, 'step_size': 1, 'reserved': 0}, 'resource_provider_packet_processing_inventory_defaults': {'allocation_ratio': 1.0, 'min_unit': 1, 'step_size': 1, 'reserved': 0}, 'resource_provider_packet_processing_with_direction': {}, 'resource_provider_packet_processing_without_direction': {}, 'tunnel_types': [], 'tunneling_ip': None, 'vhostuser_socket_dir': '/var/run/openvswitch'}, 'resource_versions': {'AddressGroup': '1.2', 'ConntrackHelper': '1.0', 'Log': '1.0', 'Network': '1.1', 'Port': '1.7', 'PortForwarding': '1.2', 'QosPolicy': '1.10', 'SecurityGroup': '1.4', 'SecurityGroupRule': '1.2', 'SubPort': '1.0', 'Subnet': '1.1', 'Trunk': '1.1'}} {{(pid=100777) bind_port /opt/stack/neutron/neutron/plugins/ml2/drivers/mech_agent.py:110}}
Oct 22 09:11:56.725230 n-d-806853-9 neutron-server[100777]: DEBUG neutron.plugins.ml2.drivers.mech_agent [None req-62468f45-9fcf-419e-9a47-a8373d1f13e8 None None] Checking segment: {'id': 'fbbaf353-82e0-4798-baac-fe081303c54a', 'network_type': 'vlan', 'physical_network': 'physnet1', 'segmentation_id': 563, 'network_id': 'c743fa37-90ad-4f3e-ae5a-0f7578975cf3'} for mappings: {'physnet1': 'br-data'} with network types: ['local', 'flat', 'vlan'] {{(pid=100777) check_segment_for_agent /opt/stack/neutron/neutron/plugins/ml2/drivers/mech_agent.py:358}}
Oct 22 09:11:56.725548 n-d-806853-9 neutron-server[100777]: DEBUG neutron_lib.callbacks.manager [None req-62468f45-9fcf-419e-9a47-a8373d1f13e8 None None] Publish callbacks [] for ovs_bridge_name, before_read {{(pid=100777) _notify_loop /usr/local/lib/python3.8/dist-packages/neutron_lib/callbacks/manager.py:175}}
Oct 22 09:11:56.726931 n-d-806853-9 neutron-server[100775]: DEBUG neutron.pecan_wsgi.hooks.policy_enforcement [req-c3db42cf-2fc5-432a-914f-32be77a42fc7 req-b54a1673-e507-4777-98b3-4282bf07c34f tempest-MigrationsAdminTest-1628075653 tempest-MigrationsAdminTest-1628075653-project] Attributes excluded by policy engine: ['standard_attr_id', 'binding:profile', 'binding:host_id', 'binding:vif_type', 'binding:vif_details'] {{(pid=100775) _exclude_attributes_by_policy /opt/stack/neutron/neutron/pecan_wsgi/hooks/policy_enforcement.py:255}}
Oct 22 09:11:56.728554 n-d-806853-9 neutron-server[100775]: INFO neutron.wsgi [req-c3db42cf-2fc5-432a-914f-32be77a42fc7 req-b54a1673-e507-4777-98b3-4282bf07c34f tempest-MigrationsAdminTest-1628075653 tempest-MigrationsAdminTest-1628075653-project] 10.222.0.55 "GET /v2.0/ports?device_id=650e832a-d342-48ac-b0fa-d6b4125add7c HTTP/1.1" status: 200 len: 950 time: 0.0922620
Oct 22 09:11:56.729034 n-d-806853-9 neutron-server[100777]: DEBUG neutron.plugins.ml2.drivers.mech_agent [None req-62468f45-9fcf-419e-9a47-a8373d1f13e8 None None] Bound using segment: {'id': 'fbbaf353-82e0-4798-baac-fe081303c54a', 'network_type': 'vlan', 'physical_network': 'physnet1', 'segmentation_id': 563, 'network_id': 'c743fa37-90ad-4f3e-ae5a-0f7578975cf3'} {{(pid=100777) bind_port /opt/stack/neutron/neutron/plugins/ml2/drivers/mech_agent.py:120}}
Oct 22 09:11:56.729590 n-d-806853-9 neutron-server[100777]: DEBUG neutron.plugins.ml2.managers [None req-62468f45-9fcf-419e-9a47-a8373d1f13e8 None None] Bound port: 9bf75496-ab51-4bcf-9da4-f6fa4271ae30, host: n-d-806853-9, vif_type: ovs, vif_details: {"connectivity": "l2", "port_filter": true, "ovs_hybrid_plug": false, "datapath_type": "system", "bridge_name": "br-int"}, binding_levels: [{'bound_driver': 'openvswitch', 'bound_segment': {'id': 'fbbaf353-82e0-4798-baac-fe081303c54a', 'network_type': 'vlan', 'physical_network': 'physnet1', 'segmentation_id': 563, 'network_id': 'c743fa37-90ad-4f3e-ae5a-0f7578975cf3'}}] {{(pid=100777) _bind_port_level /opt/stack/neutron/neutron/plugins/ml2/managers.py:933}}
Oct 22 09:11:56.729989 n-d-806853-9 neutron-server[100777]: DEBUG neutron_lib.callbacks.manager [None req-62468f45-9fcf-419e-9a47-a8373d1f13e8 None None] Publish callbacks ['neutron.plugins.ml2.plugin.SecurityGroupDbMixin._ensure_default_security_group_handler-1730367'] for port, before_update {{(pid=100777) _notify_loop /usr/local/lib/python3.8/dist-packages/neutron_lib/callbacks/manager.py:175}}
Oct 22 09:11:56.803090 n-d-806853-9 neutron-server[100776]: INFO neutron.wsgi [req-2654513f-c543-44b8-9f89-582a7a06e9fc req-29110300-b506-4cc1-8b1d-afe54e97d294 tempest-ServerDiagnosticsNegativeTest-74268566 tempest-ServerDiagnosticsNegativeTest-74268566-project] 10.222.0.32 "POST /v2.0/ports HTTP/1.1" status: 201 len: 938 time: 1.9398680
Oct 22 09:11:56.804094 n-d-806853-9 neutron-server[100776]: DEBUG neutron.api.rpc.handlers.resources_rpc [None req-29110300-b506-4cc1-8b1d-afe54e97d294 tempest-ServerDiagnosticsNegativeTest-74268566 tempest-ServerDiagnosticsNegativeTest-74268566-project] Pushing event updated for resources: {'Port': ['ID=61bab4d7-7381-4cdf-bb3a-b082b05d716e,revision_number=1']} {{(pid=100776) push /opt/stack/neutron/neutron/api/rpc/handlers/resources_rpc.py:237}}
Oct 22 09:11:56.826019 n-d-806853-9 neutron-server[100776]: DEBUG neutron.api.v2.base [req-2654513f-c543-44b8-9f89-582a7a06e9fc req-e4fe6c67-3d68-47ec-b059-d861551b730e service neutron] Request body: {'port': {'device_id': 'b7623f87-4f8f-40f4-b1b9-828c168ea69e', 'device_owner': 'compute:nova', 'binding:host_id': 'n-h2-806853-9'}} {{(pid=100776) prepare_request_body /opt/stack/neutron/neutron/api/v2/base.py:729}}
Oct 22 09:11:56.840719 n-d-806853-9 neutron-server[100775]: INFO neutron.wsgi [req-c3db42cf-2fc5-432a-914f-32be77a42fc7 req-fc7974de-9aa8-43b0-8c2e-fb6cf6ada9b5 tempest-MigrationsAdminTest-1628075653 tempest-MigrationsAdminTest-1628075653-project] 10.222.0.55 "GET /v2.0/security-groups?id=cae5961f-feed-48b8-9945-8430416f9c59&fields=id&fields=name HTTP/1.1" status: 200 len: 286 time: 0.1036260
Oct 22 09:11:56.847330 n-d-806853-9 neutron-server[100777]: DEBUG neutron.plugins.ml2.rpc [None req-e53ca804-3dee-4ab3-a2a9-61eefe5a6062 None None] Device aeae9ac7-875f-4a56-829b-9e7c9e4c5a59 details requested by agent hyperv_n-h2-806853-9 with host n-h2-806853-9 {{(pid=100777) get_device_details /opt/stack/neutron/neutron/plugins/ml2/rpc.py:102}}
Oct 22 09:11:57.129010 n-d-806853-9 neutron-server[100777]: DEBUG neutron.db.provisioning_blocks [None req-a34490fa-38c2-4ad7-b299-37246a4f1491 None None] Provisioning complete for port 09045834-1b60-4063-8c28-4f230dc670da triggered by entity DHCP. {{(pid=100777) provisioning_complete /opt/stack/neutron/neutron/db/provisioning_blocks.py:139}}
Oct 22 09:11:57.129903 n-d-806853-9 neutron-server[100777]: DEBUG neutron_lib.callbacks.manager [None req-a34490fa-38c2-4ad7-b299-37246a4f1491 None None] Publish callbacks ['neutron.plugins.ml2.plugin.Ml2Plugin._port_provisioned-1828790'] for port, provisioning_complete {{(pid=100777) _notify_loop /usr/local/lib/python3.8/dist-packages/neutron_lib/callbacks/manager.py:175}}
Oct 22 09:11:57.172005 n-d-806853-9 neutron-server[100777]: DEBUG neutron.plugins.ml2.db [None req-62468f45-9fcf-419e-9a47-a8373d1f13e8 None None] For port 9bf75496-ab51-4bcf-9da4-f6fa4271ae30, host n-d-806853-9, cleared binding levels {{(pid=100777) clear_binding_levels /opt/stack/neutron/neutron/plugins/ml2/db.py:87}}
Oct 22 09:11:57.211884 n-d-806853-9 neutron-server[100777]: DEBUG neutron.plugins.ml2.db [None req-ce919fef-8663-40b9-bc50-800ff76f9055 None None] For port 09045834-1b60-4063-8c28-4f230dc670da, host n-d-806853-9, cleared binding levels {{(pid=100777) clear_binding_levels /opt/stack/neutron/neutron/plugins/ml2/db.py:87}}
Oct 22 09:11:57.212099 n-d-806853-9 neutron-server[100776]: DEBUG neutron_lib.callbacks.manager [req-2654513f-c543-44b8-9f89-582a7a06e9fc req-e4fe6c67-3d68-47ec-b059-d861551b730e service neutron] Publish callbacks ['neutron.plugins.ml2.plugin.SecurityGroupDbMixin._ensure_default_security_group_handler-1730367'] for port, before_update {{(pid=100776) _notify_loop /usr/local/lib/python3.8/dist-packages/neutron_lib/callbacks/manager.py:175}}
Oct 22 09:11:57.220068 n-d-806853-9 neutron-server[100777]: DEBUG neutron.plugins.ml2.db [None req-e53ca804-3dee-4ab3-a2a9-61eefe5a6062 None None] For port aeae9ac7-875f-4a56-829b-9e7c9e4c5a59, host n-h2-806853-9, got binding levels [PortBindingLevel(driver='hyperv',host='n-h2-806853-9',level=0,port_id=aeae9ac7-875f-4a56-829b-9e7c9e4c5a59,segment=NetworkSegment(21cd8237-dc74-46c0-8135-32697c170df4),segment_id=21cd8237-dc74-46c0-8135-32697c170df4)] {{(pid=100777) get_binding_level_objs /opt/stack/neutron/neutron/plugins/ml2/db.py:74}}
Oct 22 09:11:57.239939 n-d-806853-9 neutron-server[100776]: DEBUG neutron_lib.callbacks.manager [None req-49e083fd-fb40-4acb-8f30-89a762d0f24b admin admin] Publish callbacks [] for router_gateway, after_create {{(pid=100776) _notify_loop /usr/local/lib/python3.8/dist-packages/neutron_lib/callbacks/manager.py:175}}
Oct 22 09:11:57.243035 n-d-806853-9 neutron-server[100777]: DEBUG neutron.plugins.ml2.db [None req-62468f45-9fcf-419e-9a47-a8373d1f13e8 None None] For port 9bf75496-ab51-4bcf-9da4-f6fa4271ae30, host n-d-806853-9, set binding levels [PortBindingLevel(driver='openvswitch',host='n-d-806853-9',level=0,port_id=9bf75496-ab51-4bcf-9da4-f6fa4271ae30,segment=NetworkSegment(fbbaf353-82e0-4798-baac-fe081303c54a),segment_id=fbbaf353-82e0-4798-baac-fe081303c54a)] {{(pid=100777) set_binding_levels /opt/stack/neutron/neutron/plugins/ml2/db.py:59}}
Oct 22 09:11:57.248881 n-d-806853-9 neutron-server[100777]: DEBUG neutron.plugins.ml2.plugin [None req-a34490fa-38c2-4ad7-b299-37246a4f1491 None None] Port 09045834-1b60-4063-8c28-4f230dc670da cannot update to ACTIVE because it is not bound. {{(pid=100777) _port_provisioned /opt/stack/neutron/neutron/plugins/ml2/plugin.py:338}}
Oct 22 09:11:57.258805 n-d-806853-9 neutron-server[100777]: DEBUG neutron.plugins.ml2.db [None req-ce919fef-8663-40b9-bc50-800ff76f9055 None None] For port 09045834-1b60-4063-8c28-4f230dc670da, host n-d-806853-9, set binding levels [PortBindingLevel(driver='openvswitch',host='n-d-806853-9',level=0,port_id=09045834-1b60-4063-8c28-4f230dc670da,segment=NetworkSegment(fbdc2138-235d-4b86-8e65-4c93b64c8eb6),segment_id=fbdc2138-235d-4b86-8e65-4c93b64c8eb6)] {{(pid=100777) set_binding_levels /opt/stack/neutron/neutron/plugins/ml2/db.py:59}}
Oct 22 09:11:57.260263 n-d-806853-9 neutron-server[100777]: DEBUG neutron.plugins.ml2.rpc [None req-00ad49a6-4cee-4130-ac74-f0334c776ae7 None None] Device 1b69d85f-c614-4d33-994b-87b97789beee details requested by agent hyperv_n-h1-806853-9 with host n-h1-806853-9 {{(pid=100777) get_device_details /opt/stack/neutron/neutron/plugins/ml2/rpc.py:102}}
Oct 22 09:11:57.473475 n-d-806853-9 neutron-server[100777]: DEBUG neutron.plugins.ml2.db [None req-00ad49a6-4cee-4130-ac74-f0334c776ae7 None None] For port 1b69d85f-c614-4d33-994b-87b97789beee, host n-h1-806853-9, got binding levels [PortBindingLevel(driver='hyperv',host='n-h1-806853-9',level=0,port_id=1b69d85f-c614-4d33-994b-87b97789beee,segment=NetworkSegment(21e35667-6eb6-4341-96f0-95c1e8c86dd6),segment_id=21e35667-6eb6-4341-96f0-95c1e8c86dd6)] {{(pid=100777) get_binding_level_objs /opt/stack/neutron/neutron/plugins/ml2/db.py:74}}
Oct 22 09:11:57.509747 n-d-806853-9 neutron-server[100777]: DEBUG neutron_lib.callbacks.manager [None req-62468f45-9fcf-419e-9a47-a8373d1f13e8 None None] Publish callbacks ['neutron.plugins.ml2.plugin.SecurityGroupServerNotifierRpcMixin._notify_sg_on_port_change-1730230', 'neutron.plugins.ml2.ovo_rpc._ObjectChangeHandler.handle_event-211347', 'neutron.api.rpc.agentnotifiers.dhcp_rpc_agent_api.DhcpAgentNotifyAPI._native_event_send_dhcp_notification-603679', 'neutron.db.l3_db.L3RpcNotifierMixin._notify_gateway_port_ip_changed-8765718836965', 'neutron.db.l3_dvrscheduler_db._notify_l3_agent_port_update-8765718306232', 'neutron.db.l3_hascheduler_db._notify_l3_agent_ha_port_update-8765718306250'] for port, after_update {{(pid=100777) _notify_loop /usr/local/lib/python3.8/dist-packages/neutron_lib/callbacks/manager.py:175}}
Oct 22 09:11:57.517587 n-d-806853-9 neutron-server[100775]: DEBUG neutron.pecan_wsgi.hooks.policy_enforcement [req-beeca402-27e6-48b1-826d-43a38348f0ae req-0b6a7fb0-dba2-4d8a-a553-4dc21f3b6108 tempest-ServerDiagnosticsNegativeTest-74268566 tempest-ServerDiagnosticsNegativeTest-74268566-project] Attributes excluded by policy engine: ['standard_attr_id', 'binding:profile', 'binding:host_id', 'binding:vif_type', 'binding:vif_details'] {{(pid=100775) _exclude_attributes_by_policy /opt/stack/neutron/neutron/pecan_wsgi/hooks/policy_enforcement.py:255}}
Oct 22 09:11:57.519199 n-d-806853-9 neutron-server[100775]: INFO neutron.wsgi [req-beeca402-27e6-48b1-826d-43a38348f0ae req-0b6a7fb0-dba2-4d8a-a553-4dc21f3b6108 tempest-ServerDiagnosticsNegativeTest-74268566 tempest-ServerDiagnosticsNegativeTest-74268566-project] 10.222.0.55 "GET /v2.0/ports?device_id=b7623f87-4f8f-40f4-b1b9-828c168ea69e HTTP/1.1" status: 200 len: 936 time: 0.1214490
Oct 22 09:11:57.527379 n-d-806853-9 neutron-server[100777]: DEBUG neutron.plugins.ml2.rpc [None req-e53ca804-3dee-4ab3-a2a9-61eefe5a6062 None None] Returning: {'device': 'aeae9ac7-875f-4a56-829b-9e7c9e4c5a59', 'network_id': '0bb867aa-fbbd-4140-bfed-f7b5a77db79e', 'port_id': 'aeae9ac7-875f-4a56-829b-9e7c9e4c5a59', 'mac_address': 'fa:16:3e:cc:6e:ae', 'admin_state_up': True, 'network_type': 'vlan', 'segmentation_id': 564, 'physical_network': 'physnet1', 'mtu': 1500, 'fixed_ips': [{'subnet_id': '95e2f094-b11f-43ce-bdf0-fb4249651cf3', 'ip_address': '172.20.0.2'}], 'device_owner': 'compute:nova', 'allowed_address_pairs': [], 'port_security_enabled': True, 'qos_policy_id': None, 'network_qos_policy_id': None, 'profile': {}, 'propagate_uplink_status': False} {{(pid=100777) _get_device_details /opt/stack/neutron/neutron/plugins/ml2/rpc.py:184}}
Oct 22 09:11:57.536870 n-d-806853-9 neutron-server[100777]: DEBUG neutron_lib.callbacks.manager [None req-ce919fef-8663-40b9-bc50-800ff76f9055 None None] Publish callbacks ['neutron.plugins.ml2.plugin.SecurityGroupServerNotifierRpcMixin._notify_sg_on_port_change-1730230', 'neutron.plugins.ml2.ovo_rpc._ObjectChangeHandler.handle_event-211347', 'neutron.api.rpc.agentnotifiers.dhcp_rpc_agent_api.DhcpAgentNotifyAPI._native_event_send_dhcp_notification-603679', 'neutron.db.l3_db.L3RpcNotifierMixin._notify_gateway_port_ip_changed-8765718836965', 'neutron.db.l3_dvrscheduler_db._notify_l3_agent_port_update-8765718306232', 'neutron.db.l3_hascheduler_db._notify_l3_agent_ha_port_update-8765718306250'] for port, after_update {{(pid=100777) _notify_loop /usr/local/lib/python3.8/dist-packages/neutron_lib/callbacks/manager.py:175}}
Oct 22 09:11:57.601004 n-d-806853-9 neutron-server[100775]: INFO neutron.wsgi [req-beeca402-27e6-48b1-826d-43a38348f0ae req-ed1d4deb-6cb6-4df7-ae9e-a6821eff63e3 tempest-ServerDiagnosticsNegativeTest-74268566 tempest-ServerDiagnosticsNegativeTest-74268566-project] 10.222.0.55 "GET /v2.0/security-groups?id=aa64fc9e-9ea4-4151-acbc-a9a12be91e67&fields=id&fields=name HTTP/1.1" status: 200 len: 286 time: 0.0712268
Oct 22 09:11:57.623531 n-d-806853-9 neutron-server[100777]: DEBUG neutron.plugins.ml2.rpc [None req-00ad49a6-4cee-4130-ac74-f0334c776ae7 None None] Returning: {'device': '1b69d85f-c614-4d33-994b-87b97789beee', 'network_id': '2c6e586f-cc26-4889-ad7d-346aad730a41', 'port_id': '1b69d85f-c614-4d33-994b-87b97789beee', 'mac_address': 'fa:16:3e:8c:c9:85', 'admin_state_up': True, 'network_type': 'vlan', 'segmentation_id': 586, 'physical_network': 'physnet1', 'mtu': 1500, 'fixed_ips': [{'subnet_id': '5e87b095-2bd6-403b-9ce9-f221eef42518', 'ip_address': '192.168.233.188'}], 'device_owner': 'compute:nova', 'allowed_address_pairs': [], 'port_security_enabled': True, 'qos_policy_id': None, 'network_qos_policy_id': None, 'profile': {}, 'propagate_uplink_status': False} {{(pid=100777) _get_device_details /opt/stack/neutron/neutron/plugins/ml2/rpc.py:184}}
Oct 22 09:11:57.721077 n-d-806853-9 neutron-server[100777]: DEBUG neutron_lib.callbacks.manager [None req-e53ca804-3dee-4ab3-a2a9-61eefe5a6062 None None] Publish callbacks ['neutron.plugins.ml2.plugin.SecurityGroupDbMixin._ensure_default_security_group_handler-1730367'] for port, before_update {{(pid=100777) _notify_loop /usr/local/lib/python3.8/dist-packages/neutron_lib/callbacks/manager.py:175}}
Oct 22 09:11:57.791385 n-d-806853-9 neutron-server[100775]: DEBUG neutron.pecan_wsgi.hooks.policy_enforcement [req-83b96a4b-4118-48ee-8261-250fda079286 req-424814ea-3e73-425b-90a9-a533d7d7329b tempest-LiveAutoBlockMigrationV225Test-1026187601 tempest-LiveAutoBlockMigrationV225Test-1026187601-project] Attributes excluded by policy engine: ['standard_attr_id', 'binding:profile', 'binding:host_id', 'binding:vif_type', 'binding:vif_details'] {{(pid=100775) _exclude_attributes_by_policy /opt/stack/neutron/neutron/pecan_wsgi/hooks/policy_enforcement.py:255}}
Oct 22 09:11:57.798898 n-d-806853-9 neutron-server[100775]: INFO neutron.wsgi [req-83b96a4b-4118-48ee-8261-250fda079286 req-424814ea-3e73-425b-90a9-a533d7d7329b tempest-LiveAutoBlockMigrationV225Test-1026187601 tempest-LiveAutoBlockMigrationV225Test-1026187601-project] 10.222.0.55 "GET /v2.0/ports?device_id=e6b42e5e-abd5-4746-9aff-9a8ecce13250 HTTP/1.1" status: 200 len: 943 time: 0.1484375
Oct 22 09:11:57.843793 n-d-806853-9 neutron-server[100777]: DEBUG neutron.api.rpc.handlers.resources_rpc [None req-62468f45-9fcf-419e-9a47-a8373d1f13e8 None None] Pushing event updated for resources: {'Port': ['ID=9bf75496-ab51-4bcf-9da4-f6fa4271ae30,revision_number=2']} {{(pid=100777) push /opt/stack/neutron/neutron/api/rpc/handlers/resources_rpc.py:237}}
Oct 22 09:11:57.967219 n-d-806853-9 neutron-server[100775]: INFO neutron.wsgi [req-83b96a4b-4118-48ee-8261-250fda079286 req-522555b6-a650-4f80-90f4-d320ec2d8b39 tempest-LiveAutoBlockMigrationV225Test-1026187601 tempest-LiveAutoBlockMigrationV225Test-1026187601-project] 10.222.0.55 "GET /v2.0/security-groups?id=78674d07-d556-49ab-bc11-c9526f9ed8cd&fields=id&fields=name HTTP/1.1" status: 200 len: 286 time: 0.1609645
Oct 22 09:11:57.984019 n-d-806853-9 neutron-server[100777]: DEBUG neutron.api.rpc.handlers.resources_rpc [None req-5bd9721a-fdde-4f35-a60e-9103cb82a4f4 None None] Pushing event updated for resources: {'Port': ['ID=09045834-1b60-4063-8c28-4f230dc670da,revision_number=4']} {{(pid=100777) push /opt/stack/neutron/neutron/api/rpc/handlers/resources_rpc.py:237}}
Oct 22 09:11:58.053516 n-d-806853-9 neutron-server[100777]: DEBUG neutron.db.provisioning_blocks [None req-1aa1880f-bdc1-4a75-9e85-a61f1d381ffd None None] Provisioning complete for port 61bab4d7-7381-4cdf-bb3a-b082b05d716e triggered by entity DHCP. {{(pid=100777) provisioning_complete /opt/stack/neutron/neutron/db/provisioning_blocks.py:139}}
Oct 22 09:11:58.055112 n-d-806853-9 neutron-server[100777]: DEBUG neutron_lib.callbacks.manager [None req-1aa1880f-bdc1-4a75-9e85-a61f1d381ffd None None] Publish callbacks ['neutron.plugins.ml2.plugin.Ml2Plugin._port_provisioned-1828790'] for port, provisioning_complete {{(pid=100777) _notify_loop /usr/local/lib/python3.8/dist-packages/neutron_lib/callbacks/manager.py:175}}
Oct 22 09:11:58.113200 n-d-806853-9 neutron-server[100777]: DEBUG neutron.plugins.ml2.plugin [None req-1aa1880f-bdc1-4a75-9e85-a61f1d381ffd None None] Port 61bab4d7-7381-4cdf-bb3a-b082b05d716e cannot update to ACTIVE because it is not bound. {{(pid=100777) _port_provisioned /opt/stack/neutron/neutron/plugins/ml2/plugin.py:338}}
Oct 22 09:11:58.117713 n-d-806853-9 neutron-server[100777]: DEBUG neutron.db.l3_dvrscheduler_db [None req-ce919fef-8663-40b9-bc50-800ff76f9055 None None] Routers {'10ef5c3b-ed1e-4ccc-ba5d-3ec661d27162'} bound to L3 agent in host n-d-806853-9 {{(pid=100777) _get_router_ids_for_agent /opt/stack/neutron/neutron/db/l3_dvrscheduler_db.py:420}}
Oct 22 09:11:58.119170 n-d-806853-9 neutron-server[100777]: DEBUG neutron.db.l3_hamode_db [None req-ce919fef-8663-40b9-bc50-800ff76f9055 None None] neutron.services.l3_router.l3_router_plugin.L3RouterPlugin method get_ha_sync_data_for_host called with arguments (, 'n-d-806853-9', Agent(admin_state_up=True,agent_type='L3 agent',availability_zone='nova',binary='neutron-l3-agent',configurations={"agent_mode": "legacy", "ex_gw_ports": 3, "extensions": [], "floating_ips": 0, "handle_internal_only_routers": true, "interface_driver": "openvswitch", "interfaces": 2, "log_agent_heartbeats": false, "routers": 3},created_at=2021-10-22T09:00:25Z,description=,heartbeat_timestamp=2021-10-22T09:11:55Z,host='n-d-806853-9',id=fa3a70e8-ae9b-422e-8654-b90c5bf1b94a,load=0,resource_versions=,resources_synced=,started_at=2021-10-22T09:00:25Z,topic='l3_agent')) {'router_ids': ['10ef5c3b-ed1e-4ccc-ba5d-3ec661d27162'], 'active': True} {{(pid=100777) wrapper /usr/local/lib/python3.8/dist-packages/oslo_log/helpers.py:65}}
Oct 22 09:11:58.124713 n-d-806853-9 neutron-server[100777]: DEBUG neutron.notifiers.nova [None req-e53ca804-3dee-4ab3-a2a9-61eefe5a6062 None None] Ignoring state change previous_port_status: DOWN current_port_status: BUILD port_id aeae9ac7-875f-4a56-829b-9e7c9e4c5a59 {{(pid=100777) record_port_status_changed /opt/stack/neutron/neutron/notifiers/nova.py:224}}
Oct 22 09:11:58.166180 n-d-806853-9 neutron-server[100777]: DEBUG neutron.plugins.ml2.db [None req-e53ca804-3dee-4ab3-a2a9-61eefe5a6062 None None] For port aeae9ac7-875f-4a56-829b-9e7c9e4c5a59, host n-h2-806853-9, got binding levels [PortBindingLevel(driver='hyperv',host='n-h2-806853-9',level=0,port_id=aeae9ac7-875f-4a56-829b-9e7c9e4c5a59,segment=NetworkSegment(21cd8237-dc74-46c0-8135-32697c170df4),segment_id=21cd8237-dc74-46c0-8135-32697c170df4)] {{(pid=100777) get_binding_level_objs /opt/stack/neutron/neutron/plugins/ml2/db.py:74}}
Oct 22 09:11:58.244936 n-d-806853-9 neutron-server[100777]: DEBUG neutron_lib.callbacks.manager [None req-c7e9a077-61ea-487c-9fae-78d7e0ce6fa1 None None] Publish callbacks ['neutron.services.segments.db._update_segment_host_mapping_for_agent-8765718812429', 'neutron.plugins.ml2.plugin.Ml2Plugin._retry_binding_revived_agents-1828195'] for agent, after_update {{(pid=100777) _notify_loop /usr/local/lib/python3.8/dist-packages/neutron_lib/callbacks/manager.py:175}}
Oct 22 09:11:58.246430 n-d-806853-9 neutron-server[100777]: DEBUG neutron_lib.callbacks.manager [None req-e53ca804-3dee-4ab3-a2a9-61eefe5a6062 None None] Publish callbacks ['neutron.plugins.ml2.plugin.SecurityGroupServerNotifierRpcMixin._notify_sg_on_port_change-1730230', 'neutron.plugins.ml2.ovo_rpc._ObjectChangeHandler.handle_event-211347', 'neutron.api.rpc.agentnotifiers.dhcp_rpc_agent_api.DhcpAgentNotifyAPI._native_event_send_dhcp_notification-603679', 'neutron.db.l3_db.L3RpcNotifierMixin._notify_gateway_port_ip_changed-8765718836965', 'neutron.db.l3_dvrscheduler_db._notify_l3_agent_port_update-8765718306232', 'neutron.db.l3_hascheduler_db._notify_l3_agent_ha_port_update-8765718306250'] for port, after_update {{(pid=100777) _notify_loop /usr/local/lib/python3.8/dist-packages/neutron_lib/callbacks/manager.py:175}}
Oct 22 09:11:58.298196 n-d-806853-9 neutron-server[100777]: DEBUG neutron_lib.callbacks.manager [None req-00ad49a6-4cee-4130-ac74-f0334c776ae7 None None] Publish callbacks ['neutron.plugins.ml2.plugin.SecurityGroupDbMixin._ensure_default_security_group_handler-1730367'] for port, before_update {{(pid=100777) _notify_loop /usr/local/lib/python3.8/dist-packages/neutron_lib/callbacks/manager.py:175}}
Oct 22 09:11:58.325402 n-d-806853-9 neutron-server[100777]: DEBUG neutron.notifiers.nova [None req-00ad49a6-4cee-4130-ac74-f0334c776ae7 None None] Ignoring state change previous_port_status: ACTIVE current_port_status: BUILD port_id 1b69d85f-c614-4d33-994b-87b97789beee {{(pid=100777) record_port_status_changed /opt/stack/neutron/neutron/notifiers/nova.py:224}}
Oct 22 09:11:58.329984 n-d-806853-9 neutron-server[100775]: DEBUG neutron.pecan_wsgi.hooks.policy_enforcement [req-bdbbc85e-9e13-4c2a-ae50-26dba23c4884 req-b8a7ffe6-0838-4b13-86bd-825fd4d590d7 tempest-MigrationsAdminTest-1628075653 tempest-MigrationsAdminTest-1628075653-project] Attributes excluded by policy engine: ['standard_attr_id', 'binding:profile', 'binding:host_id', 'binding:vif_type', 'binding:vif_details'] {{(pid=100775) _exclude_attributes_by_policy /opt/stack/neutron/neutron/pecan_wsgi/hooks/policy_enforcement.py:255}}
Oct 22 09:11:58.330475 n-d-806853-9 neutron-server[100776]: DEBUG neutron_lib.callbacks.manager [None req-25fecef1-3146-477c-beb1-fb6854798dee admin admin] Publish callbacks ['neutron.services.l3_router.l3_router_plugin.DVRResourceOperationHandler._cache_related_dvr_routers_info_before_interface_removal-564265'] for router_interface, before_delete {{(pid=100776) _notify_loop /usr/local/lib/python3.8/dist-packages/neutron_lib/callbacks/manager.py:175}}
Oct 22 09:11:58.357251 n-d-806853-9 neutron-server[100775]: INFO neutron.wsgi [req-bdbbc85e-9e13-4c2a-ae50-26dba23c4884 req-b8a7ffe6-0838-4b13-86bd-825fd4d590d7 tempest-MigrationsAdminTest-1628075653 tempest-MigrationsAdminTest-1628075653-project] 10.222.0.55 "GET /v2.0/ports?device_id=650e832a-d342-48ac-b0fa-d6b4125add7c HTTP/1.1" status: 200 len: 950 time: 0.1726985
Oct 22 09:11:58.412188 n-d-806853-9 neutron-server[100777]: DEBUG neutron.plugins.ml2.db [None req-00ad49a6-4cee-4130-ac74-f0334c776ae7 None None] For port 1b69d85f-c614-4d33-994b-87b97789beee, host n-h1-806853-9, got binding levels [PortBindingLevel(driver='hyperv',host='n-h1-806853-9',level=0,port_id=1b69d85f-c614-4d33-994b-87b97789beee,segment=NetworkSegment(21e35667-6eb6-4341-96f0-95c1e8c86dd6),segment_id=21e35667-6eb6-4341-96f0-95c1e8c86dd6)] {{(pid=100777) get_binding_level_objs /opt/stack/neutron/neutron/plugins/ml2/db.py:74}}
Oct 22 09:11:58.414419 n-d-806853-9 neutron-server[100777]: DEBUG neutron.db.provisioning_blocks [None req-de7967f8-d41a-40ac-a635-8eb7e80f1cb4 None None] Provisioning complete for port 09045834-1b60-4063-8c28-4f230dc670da triggered by entity DHCP. {{(pid=100777) provisioning_complete /opt/stack/neutron/neutron/db/provisioning_blocks.py:139}}
Oct 22 09:11:58.414841 n-d-806853-9 neutron-server[100777]: DEBUG neutron_lib.callbacks.manager [None req-de7967f8-d41a-40ac-a635-8eb7e80f1cb4 None None] Publish callbacks ['neutron.plugins.ml2.plugin.Ml2Plugin._port_provisioned-1828790'] for port, provisioning_complete {{(pid=100777) _notify_loop /usr/local/lib/python3.8/dist-packages/neutron_lib/callbacks/manager.py:175}}
Oct 22 09:11:58.417798 n-d-806853-9 neutron-server[100776]: DEBUG neutron_lib.callbacks.manager [None req-49e083fd-fb40-4acb-8f30-89a762d0f24b admin admin] Publish callbacks ['neutron.services.l3_router.l3_router_plugin.L3_HA_NAT_db_mixin._after_router_create-562509', 'neutron.services.l3_router.l3_router_plugin.DVRResourceOperationHandler._create_snat_interfaces_after_change-563663'] for router, after_create {{(pid=100776) _notify_loop /usr/local/lib/python3.8/dist-packages/neutron_lib/callbacks/manager.py:175}}
Oct 22 09:11:58.455890 n-d-806853-9 neutron-server[100775]: INFO neutron.wsgi [req-bdbbc85e-9e13-4c2a-ae50-26dba23c4884 req-4a04bad2-541d-4c3b-afdb-5e002b918b47 tempest-MigrationsAdminTest-1628075653 tempest-MigrationsAdminTest-1628075653-project] 10.222.0.55 "GET /v2.0/security-groups?id=cae5961f-feed-48b8-9945-8430416f9c59&fields=id&fields=name HTTP/1.1" status: 200 len: 286 time: 0.0947993
Oct 22 09:11:58.524357 n-d-806853-9 neutron-server[100777]: DEBUG neutron_lib.callbacks.manager [None req-00ad49a6-4cee-4130-ac74-f0334c776ae7 None None] Publish callbacks ['neutron.plugins.ml2.plugin.SecurityGroupServerNotifierRpcMixin._notify_sg_on_port_change-1730230', 'neutron.plugins.ml2.ovo_rpc._ObjectChangeHandler.handle_event-211347', 'neutron.api.rpc.agentnotifiers.dhcp_rpc_agent_api.DhcpAgentNotifyAPI._native_event_send_dhcp_notification-603679', 'neutron.db.l3_db.L3RpcNotifierMixin._notify_gateway_port_ip_changed-8765718836965', 'neutron.db.l3_dvrscheduler_db._notify_l3_agent_port_update-8765718306232', 'neutron.db.l3_hascheduler_db._notify_l3_agent_ha_port_update-8765718306250'] for port, after_update {{(pid=100777) _notify_loop /usr/local/lib/python3.8/dist-packages/neutron_lib/callbacks/manager.py:175}}
Oct 22 09:11:58.606347 n-d-806853-9 neutron-server[100777]: DEBUG neutron.plugins.ml2.db [None req-e53ca804-3dee-4ab3-a2a9-61eefe5a6062 None None] get_ports_and_sgs() called for port_ids ['aeae9ac7-875f-4a56-829b-9e7c9e4c5a59'] {{(pid=100777) get_ports_and_sgs /opt/stack/neutron/neutron/plugins/ml2/db.py:156}}
Oct 22 09:11:58.675218 n-d-806853-9 neutron-server[100777]: DEBUG neutron.plugins.ml2.db [None req-00ad49a6-4cee-4130-ac74-f0334c776ae7 None None] get_ports_and_sgs() called for port_ids ['1b69d85f-c614-4d33-994b-87b97789beee'] {{(pid=100777) get_ports_and_sgs /opt/stack/neutron/neutron/plugins/ml2/db.py:156}}
Oct 22 09:11:58.677882 n-d-806853-9 neutron-server[100777]: DEBUG neutron.api.rpc.handlers.resources_rpc [None req-e53ca804-3dee-4ab3-a2a9-61eefe5a6062 None None] Pushing event updated for resources: {'Port': ['ID=aeae9ac7-875f-4a56-829b-9e7c9e4c5a59,revision_number=4']} {{(pid=100777) push /opt/stack/neutron/neutron/api/rpc/handlers/resources_rpc.py:237}}
Oct 22 09:11:58.827200 n-d-806853-9 neutron-server[100777]: DEBUG neutron.db.l3_dvr_db [None req-ce919fef-8663-40b9-bc50-800ff76f9055 None None] Set router 10ef5c3b-ed1e-4ccc-ba5d-3ec661d27162 gateway port host: n-d-806853-9 {{(pid=100777) _build_routers_list /opt/stack/neutron/neutron/db/l3_dvr_db.py:906}}
Oct 22 09:11:58.908992 n-d-806853-9 neutron-server[100776]: DEBUG neutron.notifiers.nova [req-2654513f-c543-44b8-9f89-582a7a06e9fc req-e4fe6c67-3d68-47ec-b059-d861551b730e service neutron] Ignoring state change previous_port_status: DOWN current_port_status: DOWN port_id 61bab4d7-7381-4cdf-bb3a-b082b05d716e {{(pid=100776) record_port_status_changed /opt/stack/neutron/neutron/notifiers/nova.py:224}}
Oct 22 09:11:58.953402 n-d-806853-9 neutron-server[100775]: DEBUG neutron.pecan_wsgi.hooks.policy_enforcement [req-dd847d2e-26eb-4910-8ad2-79ac77869205 req-e489c436-55b5-430a-a82d-3b5398155b1a tempest-ServerDiagnosticsNegativeTest-74268566 tempest-ServerDiagnosticsNegativeTest-74268566-project] Attributes excluded by policy engine: ['standard_attr_id', 'binding:profile', 'binding:host_id', 'binding:vif_type', 'binding:vif_details'] {{(pid=100775) _exclude_attributes_by_policy /opt/stack/neutron/neutron/pecan_wsgi/hooks/policy_enforcement.py:255}}
Oct 22 09:11:58.977615 n-d-806853-9 neutron-server[100775]: INFO neutron.wsgi [req-dd847d2e-26eb-4910-8ad2-79ac77869205 req-e489c436-55b5-430a-a82d-3b5398155b1a tempest-ServerDiagnosticsNegativeTest-74268566 tempest-ServerDiagnosticsNegativeTest-74268566-project] 10.222.0.55 "GET /v2.0/ports?device_id=b7623f87-4f8f-40f4-b1b9-828c168ea69e HTTP/1.1" status: 200 len: 936 time: 0.1925852
Oct 22 09:11:59.037319 n-d-806853-9 neutron-server[100776]: DEBUG neutron_lib.callbacks.manager [req-2654513f-c543-44b8-9f89-582a7a06e9fc req-e4fe6c67-3d68-47ec-b059-d861551b730e service neutron] Publish callbacks [] for port, precommit_update {{(pid=100776) _notify_loop /usr/local/lib/python3.8/dist-packages/neutron_lib/callbacks/manager.py:175}}
Oct 22 09:11:59.070460 n-d-806853-9 neutron-server[100775]: INFO neutron.wsgi [req-dd847d2e-26eb-4910-8ad2-79ac77869205 req-e28e6011-7221-4406-ac0f-63ed9ce0e1e4 tempest-ServerDiagnosticsNegativeTest-74268566 tempest-ServerDiagnosticsNegativeTest-74268566-project] 10.222.0.55 "GET /v2.0/security-groups?id=aa64fc9e-9ea4-4151-acbc-a9a12be91e67&fields=id&fields=name HTTP/1.1" status: 200 len: 286 time: 0.0885434
Oct 22 09:11:59.091716 n-d-806853-9 neutron-server[100777]: DEBUG neutron.plugins.ml2.rpc [None req-d6171b7c-9341-4ae7-9d18-293133c44f10 None None] Device 9bf75496-ab51-4bcf-9da4-f6fa4271ae30 up at agent ovs-agent-n-d-806853-9 {{(pid=100777) update_device_up /opt/stack/neutron/neutron/plugins/ml2/rpc.py:296}}
Oct 22 09:11:59.238128 n-d-806853-9 neutron-server[100777]: DEBUG neutron.api.rpc.handlers.resources_rpc [None req-00ad49a6-4cee-4130-ac74-f0334c776ae7 None None] Pushing event updated for resources: {'Port': ['ID=1b69d85f-c614-4d33-994b-87b97789beee,revision_number=6']} {{(pid=100777) push /opt/stack/neutron/neutron/api/rpc/handlers/resources_rpc.py:237}}
Oct 22 09:11:59.260596 n-d-806853-9 neutron-server[100776]: DEBUG neutron.db.provisioning_blocks [req-2654513f-c543-44b8-9f89-582a7a06e9fc req-e4fe6c67-3d68-47ec-b059-d861551b730e service neutron] Transition to ACTIVE for port object 61bab4d7-7381-4cdf-bb3a-b082b05d716e will not be triggered until provisioned by entity L2. {{(pid=100776) add_provisioning_component /opt/stack/neutron/neutron/db/provisioning_blocks.py:73}}
Oct 22 09:11:59.263514 n-d-806853-9 neutron-server[100776]: DEBUG neutron.wsgi [-] (100776) accepted ('10.222.0.55', 36870) {{(pid=100776) server /usr/local/lib/python3.8/dist-packages/eventlet/wsgi.py:982}}
Oct 22 09:11:59.285893 n-d-806853-9 neutron-server[100776]: DEBUG neutron_lib.callbacks.manager [req-2654513f-c543-44b8-9f89-582a7a06e9fc req-e4fe6c67-3d68-47ec-b059-d861551b730e service neutron] Publish callbacks ['neutron.plugins.ml2.plugin.SecurityGroupServerNotifierRpcMixin._notify_sg_on_port_change-1730230', 'neutron.plugins.ml2.ovo_rpc._ObjectChangeHandler.handle_event-211347', 'neutron.api.rpc.agentnotifiers.dhcp_rpc_agent_api.DhcpAgentNotifyAPI._native_event_send_dhcp_notification-603679', 'neutron.db.l3_db.L3RpcNotifierMixin._notify_gateway_port_ip_changed-8765718836965', 'neutron.db.l3_dvrscheduler_db._notify_l3_agent_port_update-8765718306232', 'neutron.db.l3_hascheduler_db._notify_l3_agent_ha_port_update-8765718306250'] for port, after_update {{(pid=100776) _notify_loop /usr/local/lib/python3.8/dist-packages/neutron_lib/callbacks/manager.py:175}}
Oct 22 09:11:59.367065 n-d-806853-9 neutron-server[100776]: DEBUG neutron.api.rpc.handlers.resources_rpc [None req-e4fe6c67-3d68-47ec-b059-d861551b730e service neutron] Pushing event updated for resources: {'Port': ['ID=61bab4d7-7381-4cdf-bb3a-b082b05d716e,revision_number=2']} {{(pid=100776) push /opt/stack/neutron/neutron/api/rpc/handlers/resources_rpc.py:237}}
Oct 22 09:11:59.385576 n-d-806853-9 neutron-server[100775]: DEBUG neutron.pecan_wsgi.hooks.policy_enforcement [req-a0db734a-f4ef-4b6c-a705-0a72a80c7d0e req-9f6d3042-5f61-4068-9880-f9c6e5d15e46 tempest-LiveAutoBlockMigrationV225Test-1026187601 tempest-LiveAutoBlockMigrationV225Test-1026187601-project] Attributes excluded by policy engine: ['standard_attr_id', 'binding:profile', 'binding:host_id', 'binding:vif_type', 'binding:vif_details'] {{(pid=100775) _exclude_attributes_by_policy /opt/stack/neutron/neutron/pecan_wsgi/hooks/policy_enforcement.py:255}}
Oct 22 09:11:59.390724 n-d-806853-9 neutron-server[100775]: INFO neutron.wsgi [req-a0db734a-f4ef-4b6c-a705-0a72a80c7d0e req-9f6d3042-5f61-4068-9880-f9c6e5d15e46 tempest-LiveAutoBlockMigrationV225Test-1026187601 tempest-LiveAutoBlockMigrationV225Test-1026187601-project] 10.222.0.55 "GET /v2.0/ports?device_id=e6b42e5e-abd5-4746-9aff-9a8ecce13250 HTTP/1.1" status: 200 len: 944 time: 0.1917896
Oct 22 09:11:59.509423 n-d-806853-9 neutron-server[100775]: INFO neutron.wsgi [req-a0db734a-f4ef-4b6c-a705-0a72a80c7d0e req-61936041-9db4-4e59-87ef-f07039824460 tempest-LiveAutoBlockMigrationV225Test-1026187601 tempest-LiveAutoBlockMigrationV225Test-1026187601-project] 10.222.0.55 "GET /v2.0/security-groups?id=78674d07-d556-49ab-bc11-c9526f9ed8cd&fields=id&fields=name HTTP/1.1" status: 200 len: 286 time: 0.1110847
Oct 22 09:11:59.550375 n-d-806853-9 neutron-server[100777]: DEBUG neutron_lib.callbacks.manager [None req-de7967f8-d41a-40ac-a635-8eb7e80f1cb4 None None] Publish callbacks ['neutron.plugins.ml2.plugin.SecurityGroupDbMixin._ensure_default_security_group_handler-1730367'] for port, before_update {{(pid=100777) _notify_loop /usr/local/lib/python3.8/dist-packages/neutron_lib/callbacks/manager.py:175}}
Oct 22 09:11:59.664278 n-d-806853-9 neutron-server[100776]: DEBUG neutron_lib.callbacks.manager [None req-f7cbd500-04c7-4f60-b287-7b880380c402 admin admin] Publish callbacks [] for security_group, before_create {{(pid=100776) _notify_loop /usr/local/lib/python3.8/dist-packages/neutron_lib/callbacks/manager.py:175}}
Oct 22 09:11:59.695462 n-d-806853-9 neutron-server[100776]: DEBUG neutron.plugins.ml2.managers [req-2654513f-c543-44b8-9f89-582a7a06e9fc req-e4fe6c67-3d68-47ec-b059-d861551b730e service neutron] Attempting to bind port 61bab4d7-7381-4cdf-bb3a-b082b05d716e on host n-h2-806853-9 for vnic_type normal with profile {{(pid=100776) bind_port /opt/stack/neutron/neutron/plugins/ml2/managers.py:795}}
Oct 22 09:11:59.696447 n-d-806853-9 neutron-server[100776]: DEBUG neutron.plugins.ml2.managers [req-2654513f-c543-44b8-9f89-582a7a06e9fc req-e4fe6c67-3d68-47ec-b059-d861551b730e service neutron] Attempting to bind port 61bab4d7-7381-4cdf-bb3a-b082b05d716e by drivers openvswitch,hyperv on host n-h2-806853-9 at level 0 using segments [{'id': '21e35667-6eb6-4341-96f0-95c1e8c86dd6', 'network_type': 'vlan', 'physical_network': 'physnet1', 'segmentation_id': 586, 'network_id': '2c6e586f-cc26-4889-ad7d-346aad730a41'}] {{(pid=100776) _bind_port_level /opt/stack/neutron/neutron/plugins/ml2/managers.py:820}}
Oct 22 09:11:59.697053 n-d-806853-9 neutron-server[100776]: DEBUG neutron.plugins.ml2.drivers.mech_agent [req-2654513f-c543-44b8-9f89-582a7a06e9fc req-e4fe6c67-3d68-47ec-b059-d861551b730e service neutron] Attempting to bind port 61bab4d7-7381-4cdf-bb3a-b082b05d716e on network 2c6e586f-cc26-4889-ad7d-346aad730a41 {{(pid=100776) bind_port /opt/stack/neutron/neutron/plugins/ml2/drivers/mech_agent.py:91}}
Oct 22 09:11:59.858632 n-d-806853-9 neutron-server[100776]: DEBUG neutron_lib.callbacks.manager [None req-f7cbd500-04c7-4f60-b287-7b880380c402 admin admin] Publish callbacks [] for security_group, precommit_create {{(pid=100776) _notify_loop /usr/local/lib/python3.8/dist-packages/neutron_lib/callbacks/manager.py:175}}
