Sep 12 00:02:41.737109 n-d-806853-5 devstack@placement-api.service[95322]: [pid: 95322|app: 0|req: 447/895] 10.222.0.18 () {60 vars in 1381 bytes} [Sun Sep 12 00:02:41 2021] GET /placement/allocations/363cd0e8-c1cf-49db-8bd8-2f6e362b7555 => generated 19 bytes in 12 msecs (HTTP/1.1 200) 8 headers in 295 bytes (1 switches on core 0)
Sep 12 00:02:41.743354 n-d-806853-5 devstack@placement-api.service[95321]: DEBUG placement.requestlog [req-a024fac2-01f0-4999-9092-1afa8c6e0c7f req-02aaab77-b2a7-4e73-b2e5-bb3034c50de9 None None] Starting request: 10.222.0.18 "PUT /placement/allocations/363cd0e8-c1cf-49db-8bd8-2f6e362b7555" {{(pid=95321) __call__ /opt/stack/placement/placement/requestlog.py:55}}
Sep 12 00:02:41.812537 n-d-806853-5 devstack@placement-api.service[95321]: DEBUG placement.handlers.allocation [req-a024fac2-01f0-4999-9092-1afa8c6e0c7f req-02aaab77-b2a7-4e73-b2e5-bb3034c50de9 service placement] Successfully wrote allocations [, , ] {{(pid=95321) _update_consumers_and_create_allocations /opt/stack/placement/placement/handlers/allocation.py:462}}
Sep 12 00:02:41.816270 n-d-806853-5 devstack@placement-api.service[95321]: INFO placement.requestlog [req-a024fac2-01f0-4999-9092-1afa8c6e0c7f req-02aaab77-b2a7-4e73-b2e5-bb3034c50de9 service placement] 10.222.0.18 "PUT /placement/allocations/363cd0e8-c1cf-49db-8bd8-2f6e362b7555" status: 204 len: 0 microversion: 1.36
Sep 12 00:02:41.816893 n-d-806853-5 devstack@placement-api.service[95321]: [pid: 95321|app: 0|req: 449/896] 10.222.0.18 () {64 vars in 1434 bytes} [Sun Sep 12 00:02:41 2021] PUT /placement/allocations/363cd0e8-c1cf-49db-8bd8-2f6e362b7555 => generated 0 bytes in 74 msecs (HTTP/1.1 204) 5 headers in 199 bytes (2 switches on core 0)
Sep 12 00:02:42.099038 n-d-806853-5 devstack@placement-api.service[95322]: DEBUG placement.requestlog [req-a024fac2-01f0-4999-9092-1afa8c6e0c7f req-291e2cd6-4bf7-4bed-88db-792d3c9ffaa7 None None] Starting request: 10.222.0.13 "GET /placement/allocations/363cd0e8-c1cf-49db-8bd8-2f6e362b7555" {{(pid=95322) __call__ /opt/stack/placement/placement/requestlog.py:55}}
Sep 12 00:02:42.116697 n-d-806853-5 devstack@placement-api.service[95322]: INFO placement.requestlog [req-a024fac2-01f0-4999-9092-1afa8c6e0c7f req-291e2cd6-4bf7-4bed-88db-792d3c9ffaa7 service placement] 10.222.0.13 "GET /placement/allocations/363cd0e8-c1cf-49db-8bd8-2f6e362b7555" status: 200 len: 259 microversion: 1.28
Sep 12 00:02:42.117230 n-d-806853-5 devstack@placement-api.service[95322]: [pid: 95322|app: 0|req: 448/897] 10.222.0.13 () {60 vars in 1378 bytes} [Sun Sep 12 00:02:42 2021] GET /placement/allocations/363cd0e8-c1cf-49db-8bd8-2f6e362b7555 => generated 259 bytes in 18 msecs (HTTP/1.1 200) 8 headers in 296 bytes (2 switches on core 0)
Sep 12 00:02:47.894867 n-d-806853-5 devstack@placement-api.service[95321]: DEBUG placement.requestlog [req-133f5895-41d9-4fc8-b83b-76d7679cce1c req-3e8fb5cf-d673-4d58-af6a-9acea49de816 None None] Starting request: 10.222.0.21 "GET /placement/resource_providers/9e72ee0a-440e-45c6-b253-c09c4e452be0/allocations" {{(pid=95321) __call__ /opt/stack/placement/placement/requestlog.py:55}}
Sep 12 00:02:47.922978 n-d-806853-5 devstack@placement-api.service[95321]: INFO placement.requestlog [req-133f5895-41d9-4fc8-b83b-76d7679cce1c req-3e8fb5cf-d673-4d58-af6a-9acea49de816 service placement] 10.222.0.21 "GET /placement/resource_providers/9e72ee0a-440e-45c6-b253-c09c4e452be0/allocations" status: 200 len: 356 microversion: 1.0
Sep 12 00:02:47.923923 n-d-806853-5 devstack@placement-api.service[95321]: [pid: 95321|app: 0|req: 450/898] 10.222.0.21 () {58 vars in 1391 bytes} [Sun Sep 12 00:02:47 2021] GET /placement/resource_providers/9e72ee0a-440e-45c6-b253-c09c4e452be0/allocations => generated 356 bytes in 29 msecs (HTTP/1.1 200) 6 headers in 224 bytes (1 switches on core 0)
Sep 12 00:02:53.722248 n-d-806853-5 devstack@placement-api.service[95322]: DEBUG placement.requestlog [req-0ae97f75-e569-47b5-ae34-b59bb73b22a5 req-afad846e-a418-45a0-a3d6-831e61468df1 None None] Starting request: 10.222.0.13 "GET /placement/resource_providers/e3a6af1a-5edf-41b8-bdb2-096779d6e12c/allocations" {{(pid=95322) __call__ /opt/stack/placement/placement/requestlog.py:55}}
Sep 12 00:02:53.742752 n-d-806853-5 devstack@placement-api.service[95322]: INFO placement.requestlog [req-0ae97f75-e569-47b5-ae34-b59bb73b22a5 req-afad846e-a418-45a0-a3d6-831e61468df1 service placement] 10.222.0.13 "GET /placement/resource_providers/e3a6af1a-5edf-41b8-bdb2-096779d6e12c/allocations" status: 200 len: 342 microversion: 1.0
Sep 12 00:02:53.743294 n-d-806853-5 devstack@placement-api.service[95322]: [pid: 95322|app: 0|req: 449/899] 10.222.0.13 () {58 vars in 1391 bytes} [Sun Sep 12 00:02:53 2021] GET /placement/resource_providers/e3a6af1a-5edf-41b8-bdb2-096779d6e12c/allocations => generated 342 bytes in 21 msecs (HTTP/1.1 200) 6 headers in 224 bytes (2 switches on core 0)
Sep 12 00:02:56.823496 n-d-806853-5 devstack@placement-api.service[95321]: DEBUG placement.requestlog [req-79f0dc0e-3f85-4df9-84af-350943a767bc req-10f0c452-011e-402d-a693-66b631cdcff2 None None] Starting request: 10.222.0.21 "DELETE /placement/allocations/878fe1c7-cc4c-4798-a35e-9f6113576353" {{(pid=95321) __call__ /opt/stack/placement/placement/requestlog.py:55}}
Sep 12 00:02:56.856368 n-d-806853-5 devstack@placement-api.service[95321]: DEBUG placement.handlers.allocation [req-79f0dc0e-3f85-4df9-84af-350943a767bc req-10f0c452-011e-402d-a693-66b631cdcff2 service placement] Successfully deleted allocations [, , ] {{(pid=95321) delete_allocations /opt/stack/placement/placement/handlers/allocation.py:627}}
Sep 12 00:02:56.857109 n-d-806853-5 devstack@placement-api.service[95321]: INFO placement.requestlog [req-79f0dc0e-3f85-4df9-84af-350943a767bc req-10f0c452-011e-402d-a693-66b631cdcff2 service placement] 10.222.0.21 "DELETE /placement/allocations/878fe1c7-cc4c-4798-a35e-9f6113576353" status: 204 len: 0 microversion: 1.0
Sep 12 00:02:56.857659 n-d-806853-5 devstack@placement-api.service[95321]: [pid: 95321|app: 0|req: 451/900] 10.222.0.21 () {60 vars in 1356 bytes} [Sun Sep 12 00:02:56 2021] DELETE /placement/allocations/878fe1c7-cc4c-4798-a35e-9f6113576353 => generated 0 bytes in 34 msecs (HTTP/1.1 204) 5 headers in 198 bytes (2 switches on core 0)
Sep 12 00:02:57.074490 n-d-806853-5 devstack@placement-api.service[95322]: DEBUG placement.requestlog [req-e92d097d-d63f-4bff-a2d5-eca67ce3c59f req-f0e9a102-f11f-4a14-bea4-1ffcb02fc131 None None] Starting request: 10.222.0.13 "DELETE /placement/allocations/363cd0e8-c1cf-49db-8bd8-2f6e362b7555" {{(pid=95322) __call__ /opt/stack/placement/placement/requestlog.py:55}}
Sep 12 00:02:57.105009 n-d-806853-5 devstack@placement-api.service[95322]: DEBUG placement.handlers.allocation [req-e92d097d-d63f-4bff-a2d5-eca67ce3c59f req-f0e9a102-f11f-4a14-bea4-1ffcb02fc131 service placement] Successfully deleted allocations [, , ] {{(pid=95322) delete_allocations /opt/stack/placement/placement/handlers/allocation.py:627}}
Sep 12 00:02:57.105840 n-d-806853-5 devstack@placement-api.service[95322]: INFO placement.requestlog [req-e92d097d-d63f-4bff-a2d5-eca67ce3c59f req-f0e9a102-f11f-4a14-bea4-1ffcb02fc131 service placement] 10.222.0.13 "DELETE /placement/allocations/363cd0e8-c1cf-49db-8bd8-2f6e362b7555" status: 204 len: 0 microversion: 1.0
Sep 12 00:02:57.106644 n-d-806853-5 devstack@placement-api.service[95322]: [pid: 95322|app: 0|req: 450/901] 10.222.0.13 () {60 vars in 1356 bytes} [Sun Sep 12 00:02:57 2021] DELETE /placement/allocations/363cd0e8-c1cf-49db-8bd8-2f6e362b7555 => generated 0 bytes in 32 msecs (HTTP/1.1 204) 5 headers in 198 bytes (1 switches on core 0)
Sep 12 00:02:59.319739 n-d-806853-5 devstack@placement-api.service[95321]: DEBUG placement.requestlog [req-1f8db006-bb1e-491d-ab35-a49467bc9792 req-2be2ed1b-88dd-4322-9c58-315d6b21a4d6 None None] Starting request: 10.222.0.21 "DELETE /placement/allocations/d2dc60df-1e94-4fc3-9f34-895185a34810" {{(pid=95321) __call__ /opt/stack/placement/placement/requestlog.py:55}}
Sep 12 00:02:59.357571 n-d-806853-5 devstack@placement-api.service[95321]: DEBUG placement.handlers.allocation [req-1f8db006-bb1e-491d-ab35-a49467bc9792 req-2be2ed1b-88dd-4322-9c58-315d6b21a4d6 service placement] Successfully deleted allocations [, , ] {{(pid=95321) delete_allocations /opt/stack/placement/placement/handlers/allocation.py:627}}
Sep 12 00:02:59.358053 n-d-806853-5 devstack@placement-api.service[95321]: INFO placement.requestlog [req-1f8db006-bb1e-491d-ab35-a49467bc9792 req-2be2ed1b-88dd-4322-9c58-315d6b21a4d6 service placement] 10.222.0.21 "DELETE /placement/allocations/d2dc60df-1e94-4fc3-9f34-895185a34810" status: 204 len: 0 microversion: 1.0
Sep 12 00:02:59.358280 n-d-806853-5 devstack@placement-api.service[95321]: [pid: 95321|app: 0|req: 452/902] 10.222.0.21 () {60 vars in 1356 bytes} [Sun Sep 12 00:02:59 2021] DELETE /placement/allocations/d2dc60df-1e94-4fc3-9f34-895185a34810 => generated 0 bytes in 39 msecs (HTTP/1.1 204) 5 headers in 198 bytes (2 switches on core 0)
Sep 12 00:03:03.371401 n-d-806853-5 devstack@placement-api.service[95322]: DEBUG placement.requestlog [req-e7e1f557-4cc5-4a5b-97ac-a29ba337ffbf req-d256fa2c-bb55-493d-b1eb-0b2b2f3be3a6 None None] Starting request: 10.222.0.18 "GET /placement/allocation_candidates?limit=1000&resources=DISK_GB%3A1%2CMEMORY_MB%3A1024%2CVCPU%3A1&root_required=%21COMPUTE_STATUS_DISABLED" {{(pid=95322) __call__ /opt/stack/placement/placement/requestlog.py:55}}
Sep 12 00:03:03.423929 n-d-806853-5 devstack@placement-api.service[95322]: DEBUG placement.objects.research_context [req-e7e1f557-4cc5-4a5b-97ac-a29ba337ffbf req-d256fa2c-bb55-493d-b1eb-0b2b2f3be3a6 service placement] getting providers with 1 DISK_GB {{(pid=95322) __init__ /opt/stack/placement/placement/objects/research_context.py:126}}
Sep 12 00:03:03.435343 n-d-806853-5 devstack@placement-api.service[95322]: DEBUG placement.objects.research_context [req-e7e1f557-4cc5-4a5b-97ac-a29ba337ffbf req-d256fa2c-bb55-493d-b1eb-0b2b2f3be3a6 service placement] getting providers with 1024 MEMORY_MB {{(pid=95322) __init__ /opt/stack/placement/placement/objects/research_context.py:126}}
Sep 12 00:03:03.442569 n-d-806853-5 devstack@placement-api.service[95322]: DEBUG placement.objects.research_context [req-e7e1f557-4cc5-4a5b-97ac-a29ba337ffbf req-d256fa2c-bb55-493d-b1eb-0b2b2f3be3a6 service placement] getting providers with 1 VCPU {{(pid=95322) __init__ /opt/stack/placement/placement/objects/research_context.py:126}}
Sep 12 00:03:03.462612 n-d-806853-5 devstack@placement-api.service[95322]: DEBUG placement.objects.research_context [req-e7e1f557-4cc5-4a5b-97ac-a29ba337ffbf req-d256fa2c-bb55-493d-b1eb-0b2b2f3be3a6 service placement] found 2 providers with available 1 DISK_GB {{(pid=95322) get_provider_ids_matching /opt/stack/placement/placement/objects/research_context.py:549}}
Sep 12 00:03:03.462888 n-d-806853-5 devstack@placement-api.service[95322]: DEBUG placement.objects.research_context [req-e7e1f557-4cc5-4a5b-97ac-a29ba337ffbf req-d256fa2c-bb55-493d-b1eb-0b2b2f3be3a6 service placement] found 2 providers with available 1024 MEMORY_MB {{(pid=95322) get_provider_ids_matching /opt/stack/placement/placement/objects/research_context.py:549}}
Sep 12 00:03:03.463159 n-d-806853-5 devstack@placement-api.service[95322]: DEBUG placement.objects.research_context [req-e7e1f557-4cc5-4a5b-97ac-a29ba337ffbf req-d256fa2c-bb55-493d-b1eb-0b2b2f3be3a6 service placement] found 2 providers after filtering by previous result {{(pid=95322) get_provider_ids_matching /opt/stack/placement/placement/objects/research_context.py:580}}
Sep 12 00:03:03.463407 n-d-806853-5 devstack@placement-api.service[95322]: DEBUG placement.objects.research_context [req-e7e1f557-4cc5-4a5b-97ac-a29ba337ffbf req-d256fa2c-bb55-493d-b1eb-0b2b2f3be3a6 service placement] found 2 providers with available 1 VCPU {{(pid=95322) get_provider_ids_matching /opt/stack/placement/placement/objects/research_context.py:549}}
Sep 12 00:03:03.463660 n-d-806853-5 devstack@placement-api.service[95322]: DEBUG placement.objects.research_context [req-e7e1f557-4cc5-4a5b-97ac-a29ba337ffbf req-d256fa2c-bb55-493d-b1eb-0b2b2f3be3a6 service placement] found 2 providers after filtering by previous result {{(pid=95322) get_provider_ids_matching /opt/stack/placement/placement/objects/research_context.py:580}}
Sep 12 00:03:03.476404 n-d-806853-5 devstack@placement-api.service[95322]: DEBUG placement.objects.allocation_candidate [req-e7e1f557-4cc5-4a5b-97ac-a29ba337ffbf req-d256fa2c-bb55-493d-b1eb-0b2b2f3be3a6 service placement] RequestGroup(use_same_provider=False, resources={DISK_GB:1, MEMORY_MB:1024, VCPU:1}, traits=[], aggregates=[]) (suffix '') returned 2 matches {{(pid=95322) _get_by_requests /opt/stack/placement/placement/objects/allocation_candidate.py:145}}
Sep 12 00:03:03.476771 n-d-806853-5 devstack@placement-api.service[95322]: DEBUG placement.objects.allocation_candidate [req-e7e1f557-4cc5-4a5b-97ac-a29ba337ffbf req-d256fa2c-bb55-493d-b1eb-0b2b2f3be3a6 service placement] Merging candidates yields 2 allocation requests and 2 provider summaries {{(pid=95322) _merge_candidates /opt/stack/placement/placement/objects/allocation_candidate.py:783}}
Sep 12 00:03:03.479016 n-d-806853-5 devstack@placement-api.service[95322]: INFO placement.requestlog [req-e7e1f557-4cc5-4a5b-97ac-a29ba337ffbf req-d256fa2c-bb55-493d-b1eb-0b2b2f3be3a6 service placement] 10.222.0.18 "GET /placement/allocation_candidates?limit=1000&resources=DISK_GB%3A1%2CMEMORY_MB%3A1024%2CVCPU%3A1&root_required=%21COMPUTE_STATUS_DISABLED" status: 200 len: 1309 microversion: 1.36
Sep 12 00:03:03.479249 n-d-806853-5 devstack@placement-api.service[95322]: [pid: 95322|app: 0|req: 451/903] 10.222.0.18 () {60 vars in 1507 bytes} [Sun Sep 12 00:03:03 2021] GET /placement/allocation_candidates?limit=1000&resources=DISK_GB%3A1%2CMEMORY_MB%3A1024%2CVCPU%3A1&root_required=%21COMPUTE_STATUS_DISABLED => generated 1309 bytes in 108 msecs (HTTP/1.1 200) 8 headers in 297 bytes (1 switches on core 0)
Sep 12 00:03:03.527061 n-d-806853-5 devstack@placement-api.service[95321]: DEBUG placement.requestlog [req-e7e1f557-4cc5-4a5b-97ac-a29ba337ffbf req-9bbfebec-0fb9-4269-9dbf-4ed02fa0f904 None None] Starting request: 10.222.0.18 "GET /placement/allocations/319d9657-dc18-46af-8737-2c81c2b96b87" {{(pid=95321) __call__ /opt/stack/placement/placement/requestlog.py:55}}
Sep 12 00:03:03.540040 n-d-806853-5 devstack@placement-api.service[95321]: INFO placement.requestlog [req-e7e1f557-4cc5-4a5b-97ac-a29ba337ffbf req-9bbfebec-0fb9-4269-9dbf-4ed02fa0f904 service placement] 10.222.0.18 "GET /placement/allocations/319d9657-dc18-46af-8737-2c81c2b96b87" status: 200 len: 19 microversion: 1.28
Sep 12 00:03:03.541648 n-d-806853-5 devstack@placement-api.service[95321]: [pid: 95321|app: 0|req: 453/904] 10.222.0.18 () {60 vars in 1381 bytes} [Sun Sep 12 00:03:03 2021] GET /placement/allocations/319d9657-dc18-46af-8737-2c81c2b96b87 => generated 19 bytes in 15 msecs (HTTP/1.1 200) 8 headers in 295 bytes (1 switches on core 0)
Sep 12 00:03:03.547586 n-d-806853-5 devstack@placement-api.service[95322]: DEBUG placement.requestlog [req-e7e1f557-4cc5-4a5b-97ac-a29ba337ffbf req-bc0aaba2-0361-4985-ad8b-ae2e702b0e5d None None] Starting request: 10.222.0.18 "PUT /placement/allocations/319d9657-dc18-46af-8737-2c81c2b96b87" {{(pid=95322) __call__ /opt/stack/placement/placement/requestlog.py:55}}
Sep 12 00:03:03.612381 n-d-806853-5 devstack@placement-api.service[95322]: DEBUG placement.handlers.allocation [req-e7e1f557-4cc5-4a5b-97ac-a29ba337ffbf req-bc0aaba2-0361-4985-ad8b-ae2e702b0e5d service placement] Successfully wrote allocations [, , ] {{(pid=95322) _update_consumers_and_create_allocations /opt/stack/placement/placement/handlers/allocation.py:462}}
Sep 12 00:03:03.615251 n-d-806853-5 devstack@placement-api.service[95322]: INFO placement.requestlog [req-e7e1f557-4cc5-4a5b-97ac-a29ba337ffbf req-bc0aaba2-0361-4985-ad8b-ae2e702b0e5d service placement] 10.222.0.18 "PUT /placement/allocations/319d9657-dc18-46af-8737-2c81c2b96b87" status: 204 len: 0 microversion: 1.36
Sep 12 00:03:03.615849 n-d-806853-5 devstack@placement-api.service[95322]: [pid: 95322|app: 0|req: 452/905] 10.222.0.18 () {64 vars in 1434 bytes} [Sun Sep 12 00:03:03 2021] PUT /placement/allocations/319d9657-dc18-46af-8737-2c81c2b96b87 => generated 0 bytes in 68 msecs (HTTP/1.1 204) 5 headers in 199 bytes (2 switches on core 0)
Sep 12 00:03:03.918198 n-d-806853-5 devstack@placement-api.service[95321]: DEBUG placement.requestlog [req-e7e1f557-4cc5-4a5b-97ac-a29ba337ffbf req-4118d54c-4edb-46fa-acc0-6ff35c13d734 None None] Starting request: 10.222.0.13 "GET /placement/allocations/319d9657-dc18-46af-8737-2c81c2b96b87" {{(pid=95321) __call__ /opt/stack/placement/placement/requestlog.py:55}}
Sep 12 00:03:03.936230 n-d-806853-5 devstack@placement-api.service[95321]: INFO placement.requestlog [req-e7e1f557-4cc5-4a5b-97ac-a29ba337ffbf req-4118d54c-4edb-46fa-acc0-6ff35c13d734 service placement] 10.222.0.13 "GET /placement/allocations/319d9657-dc18-46af-8737-2c81c2b96b87" status: 200 len: 259 microversion: 1.28
Sep 12 00:03:03.936444 n-d-806853-5 devstack@placement-api.service[95321]: [pid: 95321|app: 0|req: 454/906] 10.222.0.13 () {60 vars in 1378 bytes} [Sun Sep 12 00:03:03 2021] GET /placement/allocations/319d9657-dc18-46af-8737-2c81c2b96b87 => generated 259 bytes in 18 msecs (HTTP/1.1 200) 8 headers in 296 bytes (1 switches on core 0)
Sep 12 00:03:15.335657 n-d-806853-5 devstack@placement-api.service[95322]: DEBUG placement.requestlog [req-25586de6-5073-4b72-8f1a-f72958ba0183 req-903fe93f-f2bb-4a2d-85d5-7295e9bd0ab5 None None] Starting request: 10.222.0.18 "GET /placement/allocation_candidates?limit=1000&resources=DISK_GB%3A1%2CMEMORY_MB%3A1024%2CVCPU%3A1&root_required=%21COMPUTE_STATUS_DISABLED" {{(pid=95322) __call__ /opt/stack/placement/placement/requestlog.py:55}}
Sep 12 00:03:15.373735 n-d-806853-5 devstack@placement-api.service[95322]: DEBUG placement.objects.research_context [req-25586de6-5073-4b72-8f1a-f72958ba0183 req-903fe93f-f2bb-4a2d-85d5-7295e9bd0ab5 service placement] getting providers with 1 DISK_GB {{(pid=95322) __init__ /opt/stack/placement/placement/objects/research_context.py:126}}
Sep 12 00:03:15.385120 n-d-806853-5 devstack@placement-api.service[95322]: DEBUG placement.objects.research_context [req-25586de6-5073-4b72-8f1a-f72958ba0183 req-903fe93f-f2bb-4a2d-85d5-7295e9bd0ab5 service placement] getting providers with 1024 MEMORY_MB {{(pid=95322) __init__ /opt/stack/placement/placement/objects/research_context.py:126}}
Sep 12 00:03:15.414003 n-d-806853-5 devstack@placement-api.service[95322]: DEBUG placement.objects.research_context [req-25586de6-5073-4b72-8f1a-f72958ba0183 req-903fe93f-f2bb-4a2d-85d5-7295e9bd0ab5 service placement] getting providers with 1 VCPU {{(pid=95322) __init__ /opt/stack/placement/placement/objects/research_context.py:126}}
Sep 12 00:03:15.422406 n-d-806853-5 devstack@placement-api.service[95322]: DEBUG placement.objects.research_context [req-25586de6-5073-4b72-8f1a-f72958ba0183 req-903fe93f-f2bb-4a2d-85d5-7295e9bd0ab5 service placement] found 2 providers with available 1 DISK_GB {{(pid=95322) get_provider_ids_matching /opt/stack/placement/placement/objects/research_context.py:549}}
Sep 12 00:03:15.422793 n-d-806853-5 devstack@placement-api.service[95322]: DEBUG placement.objects.research_context [req-25586de6-5073-4b72-8f1a-f72958ba0183 req-903fe93f-f2bb-4a2d-85d5-7295e9bd0ab5 service placement] found 2 providers with available 1024 MEMORY_MB {{(pid=95322) get_provider_ids_matching /opt/stack/placement/placement/objects/research_context.py:549}}
Sep 12 00:03:15.423362 n-d-806853-5 devstack@placement-api.service[95322]: DEBUG placement.objects.research_context [req-25586de6-5073-4b72-8f1a-f72958ba0183 req-903fe93f-f2bb-4a2d-85d5-7295e9bd0ab5 service placement] found 2 providers after filtering by previous result {{(pid=95322) get_provider_ids_matching /opt/stack/placement/placement/objects/research_context.py:580}}
Sep 12 00:03:15.424066 n-d-806853-5 devstack@placement-api.service[95322]: DEBUG placement.objects.research_context [req-25586de6-5073-4b72-8f1a-f72958ba0183 req-903fe93f-f2bb-4a2d-85d5-7295e9bd0ab5 service placement] found 2 providers with available 1 VCPU {{(pid=95322) get_provider_ids_matching /opt/stack/placement/placement/objects/research_context.py:549}}
Sep 12 00:03:15.425245 n-d-806853-5 devstack@placement-api.service[95322]: DEBUG placement.objects.research_context [req-25586de6-5073-4b72-8f1a-f72958ba0183 req-903fe93f-f2bb-4a2d-85d5-7295e9bd0ab5 service placement] found 2 providers after filtering by previous result {{(pid=95322) get_provider_ids_matching /opt/stack/placement/placement/objects/research_context.py:580}}
Sep 12 00:03:15.440534 n-d-806853-5 devstack@placement-api.service[95322]: DEBUG placement.objects.allocation_candidate [req-25586de6-5073-4b72-8f1a-f72958ba0183 req-903fe93f-f2bb-4a2d-85d5-7295e9bd0ab5 service placement] RequestGroup(use_same_provider=False, resources={DISK_GB:1, MEMORY_MB:1024, VCPU:1}, traits=[], aggregates=[]) (suffix '') returned 2 matches {{(pid=95322) _get_by_requests /opt/stack/placement/placement/objects/allocation_candidate.py:145}}
Sep 12 00:03:15.441271 n-d-806853-5 devstack@placement-api.service[95322]: DEBUG placement.objects.allocation_candidate [req-25586de6-5073-4b72-8f1a-f72958ba0183 req-903fe93f-f2bb-4a2d-85d5-7295e9bd0ab5 service placement] Merging candidates yields 2 allocation requests and 2 provider summaries {{(pid=95322) _merge_candidates /opt/stack/placement/placement/objects/allocation_candidate.py:783}}
Sep 12 00:03:15.444629 n-d-806853-5 devstack@placement-api.service[95322]: INFO placement.requestlog [req-25586de6-5073-4b72-8f1a-f72958ba0183 req-903fe93f-f2bb-4a2d-85d5-7295e9bd0ab5 service placement] 10.222.0.18 "GET /placement/allocation_candidates?limit=1000&resources=DISK_GB%3A1%2CMEMORY_MB%3A1024%2CVCPU%3A1&root_required=%21COMPUTE_STATUS_DISABLED" status: 200 len: 1309 microversion: 1.36
Sep 12 00:03:15.445577 n-d-806853-5 devstack@placement-api.service[95322]: [pid: 95322|app: 0|req: 453/907] 10.222.0.18 () {60 vars in 1507 bytes} [Sun Sep 12 00:03:15 2021] GET /placement/allocation_candidates?limit=1000&resources=DISK_GB%3A1%2CMEMORY_MB%3A1024%2CVCPU%3A1&root_required=%21COMPUTE_STATUS_DISABLED => generated 1309 bytes in 110 msecs (HTTP/1.1 200) 8 headers in 297 bytes (1 switches on core 0)
Sep 12 00:03:15.511545 n-d-806853-5 devstack@placement-api.service[95321]: DEBUG placement.requestlog [req-25586de6-5073-4b72-8f1a-f72958ba0183 req-9b8962a5-8409-4f5d-a89c-6cc80fdb22b7 None None] Starting request: 10.222.0.18 "GET /placement/allocations/bc6fcb69-5e5f-4439-9aaa-87651312e875" {{(pid=95321) __call__ /opt/stack/placement/placement/requestlog.py:55}}
Sep 12 00:03:15.522715 n-d-806853-5 devstack@placement-api.service[95321]: INFO placement.requestlog [req-25586de6-5073-4b72-8f1a-f72958ba0183 req-9b8962a5-8409-4f5d-a89c-6cc80fdb22b7 service placement] 10.222.0.18 "GET /placement/allocations/bc6fcb69-5e5f-4439-9aaa-87651312e875" status: 200 len: 19 microversion: 1.28
Sep 12 00:03:15.523622 n-d-806853-5 devstack@placement-api.service[95321]: [pid: 95321|app: 0|req: 455/908] 10.222.0.18 () {60 vars in 1381 bytes} [Sun Sep 12 00:03:15 2021] GET /placement/allocations/bc6fcb69-5e5f-4439-9aaa-87651312e875 => generated 19 bytes in 12 msecs (HTTP/1.1 200) 8 headers in 295 bytes (1 switches on core 0)
Sep 12 00:03:15.565155 n-d-806853-5 devstack@placement-api.service[95322]: DEBUG placement.requestlog [req-25586de6-5073-4b72-8f1a-f72958ba0183 req-8ff00d6a-ac74-43a5-ae28-65080dc11e29 None None] Starting request: 10.222.0.18 "PUT /placement/allocations/bc6fcb69-5e5f-4439-9aaa-87651312e875" {{(pid=95322) __call__ /opt/stack/placement/placement/requestlog.py:55}}
Sep 12 00:03:15.673393 n-d-806853-5 devstack@placement-api.service[95322]: DEBUG placement.handlers.allocation [req-25586de6-5073-4b72-8f1a-f72958ba0183 req-8ff00d6a-ac74-43a5-ae28-65080dc11e29 service placement] Successfully wrote allocations [, , ] {{(pid=95322) _update_consumers_and_create_allocations /opt/stack/placement/placement/handlers/allocation.py:462}}
Sep 12 00:03:15.677037 n-d-806853-5 devstack@placement-api.service[95322]: INFO placement.requestlog [req-25586de6-5073-4b72-8f1a-f72958ba0183 req-8ff00d6a-ac74-43a5-ae28-65080dc11e29 service placement] 10.222.0.18 "PUT /placement/allocations/bc6fcb69-5e5f-4439-9aaa-87651312e875" status: 204 len: 0 microversion: 1.36
Sep 12 00:03:15.677802 n-d-806853-5 devstack@placement-api.service[95322]: [pid: 95322|app: 0|req: 454/909] 10.222.0.18 () {64 vars in 1434 bytes} [Sun Sep 12 00:03:15 2021] PUT /placement/allocations/bc6fcb69-5e5f-4439-9aaa-87651312e875 => generated 0 bytes in 113 msecs (HTTP/1.1 204) 5 headers in 199 bytes (2 switches on core 0)
Sep 12 00:03:16.170733 n-d-806853-5 devstack@placement-api.service[95321]: DEBUG placement.requestlog [req-25586de6-5073-4b72-8f1a-f72958ba0183 req-30c88877-103c-461f-a562-fc0bb5f1fc2c None None] Starting request: 10.222.0.21 "GET /placement/allocations/bc6fcb69-5e5f-4439-9aaa-87651312e875" {{(pid=95321) __call__ /opt/stack/placement/placement/requestlog.py:55}}
Sep 12 00:03:16.198140 n-d-806853-5 devstack@placement-api.service[95321]: INFO placement.requestlog [req-25586de6-5073-4b72-8f1a-f72958ba0183 req-30c88877-103c-461f-a562-fc0bb5f1fc2c service placement] 10.222.0.21 "GET /placement/allocations/bc6fcb69-5e5f-4439-9aaa-87651312e875" status: 200 len: 259 microversion: 1.28
Sep 12 00:03:16.201841 n-d-806853-5 devstack@placement-api.service[95321]: [pid: 95321|app: 0|req: 456/910] 10.222.0.21 () {60 vars in 1378 bytes} [Sun Sep 12 00:03:16 2021] GET /placement/allocations/bc6fcb69-5e5f-4439-9aaa-87651312e875 => generated 259 bytes in 31 msecs (HTTP/1.1 200) 8 headers in 296 bytes (1 switches on core 0)
Sep 12 00:03:17.951444 n-d-806853-5 devstack@placement-api.service[95322]: DEBUG placement.requestlog [req-f1696645-d527-4f94-b583-22b508cd0939 req-19588d59-1769-491f-b920-fe759c3f6efd None None] Starting request: 10.222.0.18 "GET /placement/resource_providers?name=n-h1-806853-5" {{(pid=95322) __call__ /opt/stack/placement/placement/requestlog.py:55}}
Sep 12 00:03:18.113479 n-d-806853-5 devstack@placement-api.service[95322]: INFO placement.requestlog [req-f1696645-d527-4f94-b583-22b508cd0939 req-19588d59-1769-491f-b920-fe759c3f6efd service placement] 10.222.0.18 "GET /placement/resource_providers?name=n-h1-806853-5" status: 200 len: 441 microversion: 1.0
Sep 12 00:03:18.113920 n-d-806853-5 devstack@placement-api.service[95322]: [pid: 95322|app: 0|req: 455/911] 10.222.0.18 () {58 vars in 1275 bytes} [Sun Sep 12 00:03:17 2021] GET /placement/resource_providers?name=n-h1-806853-5 => generated 441 bytes in 163 msecs (HTTP/1.1 200) 6 headers in 224 bytes (1 switches on core 0)
Sep 12 00:03:18.128067 n-d-806853-5 devstack@placement-api.service[95321]: DEBUG placement.requestlog [req-f1696645-d527-4f94-b583-22b508cd0939 req-40dd79a4-a9a7-40eb-a3e7-60bc7924b026 None None] Starting request: 10.222.0.18 "GET /placement/resource_providers/9e72ee0a-440e-45c6-b253-c09c4e452be0/aggregates" {{(pid=95321) __call__ /opt/stack/placement/placement/requestlog.py:55}}
Sep 12 00:03:18.152946 n-d-806853-5 devstack@placement-api.service[95321]: INFO placement.requestlog [req-f1696645-d527-4f94-b583-22b508cd0939 req-40dd79a4-a9a7-40eb-a3e7-60bc7924b026 service placement] 10.222.0.18 "GET /placement/resource_providers/9e72ee0a-440e-45c6-b253-c09c4e452be0/aggregates" status: 200 len: 54 microversion: 1.19
Sep 12 00:03:18.153954 n-d-806853-5 devstack@placement-api.service[95321]: [pid: 95321|app: 0|req: 457/912] 10.222.0.18 () {60 vars in 1426 bytes} [Sun Sep 12 00:03:18 2021] GET /placement/resource_providers/9e72ee0a-440e-45c6-b253-c09c4e452be0/aggregates => generated 54 bytes in 26 msecs (HTTP/1.1 200) 8 headers in 295 bytes (1 switches on core 0)
Sep 12 00:03:18.160985 n-d-806853-5 devstack@placement-api.service[95322]: DEBUG placement.requestlog [req-f1696645-d527-4f94-b583-22b508cd0939 req-e0b2c02c-1e2f-4ada-96fb-76c1b92175a3 None None] Starting request: 10.222.0.18 "PUT /placement/resource_providers/9e72ee0a-440e-45c6-b253-c09c4e452be0/aggregates" {{(pid=95322) __call__ /opt/stack/placement/placement/requestlog.py:55}}
Sep 12 00:03:18.190566 n-d-806853-5 devstack@placement-api.service[95322]: DEBUG placement.objects.resource_provider [req-f1696645-d527-4f94-b583-22b508cd0939 req-e0b2c02c-1e2f-4ada-96fb-76c1b92175a3 service placement] _ensure_aggregate() did not find aggregate dc018e3a-035b-4fff-a1f0-f529a61b8c95. Attempting to create it. {{(pid=95322) _ensure_aggregate /opt/stack/placement/placement/objects/resource_provider.py:320}}
Sep 12 00:03:18.190566 n-d-806853-5 devstack@placement-api.service[95322]: DEBUG placement.objects.resource_provider [req-f1696645-d527-4f94-b583-22b508cd0939 req-e0b2c02c-1e2f-4ada-96fb-76c1b92175a3 service placement] _ensure_aggregate() created new aggregate dc018e3a-035b-4fff-a1f0-f529a61b8c95 (id=8). {{(pid=95322) _ensure_aggregate /opt/stack/placement/placement/objects/resource_provider.py:326}}
Sep 12 00:03:18.191177 n-d-806853-5 devstack@placement-api.service[95322]: DEBUG placement.objects.resource_provider [req-f1696645-d527-4f94-b583-22b508cd0939 req-e0b2c02c-1e2f-4ada-96fb-76c1b92175a3 service placement] Setting aggregates for provider 9e72ee0a-440e-45c6-b253-c09c4e452be0. Successfully associated aggregate dc018e3a-035b-4fff-a1f0-f529a61b8c95. {{(pid=95322) _set_aggregates /opt/stack/placement/placement/objects/resource_provider.py:388}}
Sep 12 00:03:18.202730 n-d-806853-5 devstack@placement-api.service[95322]: INFO placement.requestlog [req-f1696645-d527-4f94-b583-22b508cd0939 req-e0b2c02c-1e2f-4ada-96fb-76c1b92175a3 service placement] 10.222.0.18 "PUT /placement/resource_providers/9e72ee0a-440e-45c6-b253-c09c4e452be0/aggregates" status: 200 len: 93 microversion: 1.19
Sep 12 00:03:18.203091 n-d-806853-5 devstack@placement-api.service[95322]: [pid: 95322|app: 0|req: 456/913] 10.222.0.18 () {64 vars in 1478 bytes} [Sun Sep 12 00:03:18 2021] PUT /placement/resource_providers/9e72ee0a-440e-45c6-b253-c09c4e452be0/aggregates => generated 93 bytes in 42 msecs (HTTP/1.1 200) 8 headers in 295 bytes (1 switches on core 0)
Sep 12 00:03:18.527013 n-d-806853-5 devstack@placement-api.service[95321]: DEBUG placement.requestlog [req-0d88d845-1793-4032-bcfe-5aa0b11e2ddc req-64e6221f-9a5a-4efb-a264-6413bfad5a5a None None] Starting request: 10.222.0.18 "GET /placement/resource_providers?name=n-h1-806853-5" {{(pid=95321) __call__ /opt/stack/placement/placement/requestlog.py:55}}
Sep 12 00:03:18.539361 n-d-806853-5 devstack@placement-api.service[95321]: INFO placement.requestlog [req-0d88d845-1793-4032-bcfe-5aa0b11e2ddc req-64e6221f-9a5a-4efb-a264-6413bfad5a5a service placement] 10.222.0.18 "GET /placement/resource_providers?name=n-h1-806853-5" status: 200 len: 442 microversion: 1.0
Sep 12 00:03:18.540375 n-d-806853-5 devstack@placement-api.service[95321]: [pid: 95321|app: 0|req: 458/914] 10.222.0.18 () {58 vars in 1275 bytes} [Sun Sep 12 00:03:18 2021] GET /placement/resource_providers?name=n-h1-806853-5 => generated 442 bytes in 13 msecs (HTTP/1.1 200) 6 headers in 224 bytes (2 switches on core 0)
Sep 12 00:03:18.550466 n-d-806853-5 devstack@placement-api.service[95322]: DEBUG placement.requestlog [req-0d88d845-1793-4032-bcfe-5aa0b11e2ddc req-adce331a-8b23-4761-bc4c-e1d9425edfb2 None None] Starting request: 10.222.0.18 "GET /placement/resource_providers/9e72ee0a-440e-45c6-b253-c09c4e452be0/aggregates" {{(pid=95322) __call__ /opt/stack/placement/placement/requestlog.py:55}}
Sep 12 00:03:18.566656 n-d-806853-5 devstack@placement-api.service[95322]: INFO placement.requestlog [req-0d88d845-1793-4032-bcfe-5aa0b11e2ddc req-adce331a-8b23-4761-bc4c-e1d9425edfb2 service placement] 10.222.0.18 "GET /placement/resource_providers/9e72ee0a-440e-45c6-b253-c09c4e452be0/aggregates" status: 200 len: 93 microversion: 1.19
Sep 12 00:03:18.567205 n-d-806853-5 devstack@placement-api.service[95322]: [pid: 95322|app: 0|req: 457/915] 10.222.0.18 () {60 vars in 1426 bytes} [Sun Sep 12 00:03:18 2021] GET /placement/resource_providers/9e72ee0a-440e-45c6-b253-c09c4e452be0/aggregates => generated 93 bytes in 17 msecs (HTTP/1.1 200) 8 headers in 295 bytes (1 switches on core 0)
Sep 12 00:03:18.575951 n-d-806853-5 devstack@placement-api.service[95321]: DEBUG placement.requestlog [req-0d88d845-1793-4032-bcfe-5aa0b11e2ddc req-d98aa857-08be-49cc-8078-260a402f9e91 None None] Starting request: 10.222.0.18 "PUT /placement/resource_providers/9e72ee0a-440e-45c6-b253-c09c4e452be0/aggregates" {{(pid=95321) __call__ /opt/stack/placement/placement/requestlog.py:55}}
Sep 12 00:03:18.591537 n-d-806853-5 devstack@placement-api.service[95321]: DEBUG placement.objects.resource_provider [req-0d88d845-1793-4032-bcfe-5aa0b11e2ddc req-d98aa857-08be-49cc-8078-260a402f9e91 service placement] Setting aggregates for provider 9e72ee0a-440e-45c6-b253-c09c4e452be0. Successfully disassociated aggregate dc018e3a-035b-4fff-a1f0-f529a61b8c95. {{(pid=95321) _set_aggregates /opt/stack/placement/placement/objects/resource_provider.py:403}}
Sep 12 00:03:18.597894 n-d-806853-5 devstack@placement-api.service[95321]: INFO placement.requestlog [req-0d88d845-1793-4032-bcfe-5aa0b11e2ddc req-d98aa857-08be-49cc-8078-260a402f9e91 service placement] 10.222.0.18 "PUT /placement/resource_providers/9e72ee0a-440e-45c6-b253-c09c4e452be0/aggregates" status: 200 len: 55 microversion: 1.19
Sep 12 00:03:18.598283 n-d-806853-5 devstack@placement-api.service[95321]: [pid: 95321|app: 0|req: 459/916] 10.222.0.18 () {64 vars in 1478 bytes} [Sun Sep 12 00:03:18 2021] PUT /placement/resource_providers/9e72ee0a-440e-45c6-b253-c09c4e452be0/aggregates => generated 55 bytes in 24 msecs (HTTP/1.1 200) 8 headers in 295 bytes (2 switches on core 0)
Sep 12 00:03:20.681047 n-d-806853-5 devstack@placement-api.service[95322]: DEBUG placement.requestlog [req-d24d0099-6779-4d12-8952-eb17e9e5ee94 req-51da2d05-c0ee-4331-88e6-c38725435619 None None] Starting request: 10.222.0.18 "GET /placement/allocation_candidates?limit=1000&resources=DISK_GB%3A1%2CMEMORY_MB%3A1024%2CVCPU%3A1&root_required=%21COMPUTE_STATUS_DISABLED" {{(pid=95322) __call__ /opt/stack/placement/placement/requestlog.py:55}}
Sep 12 00:03:20.784024 n-d-806853-5 devstack@placement-api.service[95322]: DEBUG placement.objects.research_context [req-d24d0099-6779-4d12-8952-eb17e9e5ee94 req-51da2d05-c0ee-4331-88e6-c38725435619 service placement] getting providers with 1 DISK_GB {{(pid=95322) __init__ /opt/stack/placement/placement/objects/research_context.py:126}}
Sep 12 00:03:20.790911 n-d-806853-5 devstack@placement-api.service[95322]: DEBUG placement.objects.research_context [req-d24d0099-6779-4d12-8952-eb17e9e5ee94 req-51da2d05-c0ee-4331-88e6-c38725435619 service placement] getting providers with 1024 MEMORY_MB {{(pid=95322) __init__ /opt/stack/placement/placement/objects/research_context.py:126}}
Sep 12 00:03:20.796718 n-d-806853-5 devstack@placement-api.service[95322]: DEBUG placement.objects.research_context [req-d24d0099-6779-4d12-8952-eb17e9e5ee94 req-51da2d05-c0ee-4331-88e6-c38725435619 service placement] getting providers with 1 VCPU {{(pid=95322) __init__ /opt/stack/placement/placement/objects/research_context.py:126}}
Sep 12 00:03:20.803080 n-d-806853-5 devstack@placement-api.service[95322]: DEBUG placement.objects.research_context [req-d24d0099-6779-4d12-8952-eb17e9e5ee94 req-51da2d05-c0ee-4331-88e6-c38725435619 service placement] found 2 providers with available 1 DISK_GB {{(pid=95322) get_provider_ids_matching /opt/stack/placement/placement/objects/research_context.py:549}}
Sep 12 00:03:20.803760 n-d-806853-5 devstack@placement-api.service[95322]: DEBUG placement.objects.research_context [req-d24d0099-6779-4d12-8952-eb17e9e5ee94 req-51da2d05-c0ee-4331-88e6-c38725435619 service placement] found 2 providers with available 1024 MEMORY_MB {{(pid=95322) get_provider_ids_matching /opt/stack/placement/placement/objects/research_context.py:549}}
Sep 12 00:03:20.803913 n-d-806853-5 devstack@placement-api.service[95322]: DEBUG placement.objects.research_context [req-d24d0099-6779-4d12-8952-eb17e9e5ee94 req-51da2d05-c0ee-4331-88e6-c38725435619 service placement] found 2 providers after filtering by previous result {{(pid=95322) get_provider_ids_matching /opt/stack/placement/placement/objects/research_context.py:580}}
Sep 12 00:03:20.804282 n-d-806853-5 devstack@placement-api.service[95322]: DEBUG placement.objects.research_context [req-d24d0099-6779-4d12-8952-eb17e9e5ee94 req-51da2d05-c0ee-4331-88e6-c38725435619 service placement] found 2 providers with available 1 VCPU {{(pid=95322) get_provider_ids_matching /opt/stack/placement/placement/objects/research_context.py:549}}
Sep 12 00:03:20.804663 n-d-806853-5 devstack@placement-api.service[95322]: DEBUG placement.objects.research_context [req-d24d0099-6779-4d12-8952-eb17e9e5ee94 req-51da2d05-c0ee-4331-88e6-c38725435619 service placement] found 2 providers after filtering by previous result {{(pid=95322) get_provider_ids_matching /opt/stack/placement/placement/objects/research_context.py:580}}
Sep 12 00:03:20.822256 n-d-806853-5 devstack@placement-api.service[95322]: DEBUG placement.objects.allocation_candidate [req-d24d0099-6779-4d12-8952-eb17e9e5ee94 req-51da2d05-c0ee-4331-88e6-c38725435619 service placement] RequestGroup(use_same_provider=False, resources={DISK_GB:1, MEMORY_MB:1024, VCPU:1}, traits=[], aggregates=[]) (suffix '') returned 2 matches {{(pid=95322) _get_by_requests /opt/stack/placement/placement/objects/allocation_candidate.py:145}}
Sep 12 00:03:20.822629 n-d-806853-5 devstack@placement-api.service[95322]: DEBUG placement.objects.allocation_candidate [req-d24d0099-6779-4d12-8952-eb17e9e5ee94 req-51da2d05-c0ee-4331-88e6-c38725435619 service placement] Merging candidates yields 2 allocation requests and 2 provider summaries {{(pid=95322) _merge_candidates /opt/stack/placement/placement/objects/allocation_candidate.py:783}}
Sep 12 00:03:20.824155 n-d-806853-5 devstack@placement-api.service[95322]: INFO placement.requestlog [req-d24d0099-6779-4d12-8952-eb17e9e5ee94 req-51da2d05-c0ee-4331-88e6-c38725435619 service placement] 10.222.0.18 "GET /placement/allocation_candidates?limit=1000&resources=DISK_GB%3A1%2CMEMORY_MB%3A1024%2CVCPU%3A1&root_required=%21COMPUTE_STATUS_DISABLED" status: 200 len: 1309 microversion: 1.36
Sep 12 00:03:20.824692 n-d-806853-5 devstack@placement-api.service[95322]: [pid: 95322|app: 0|req: 458/917] 10.222.0.18 () {60 vars in 1507 bytes} [Sun Sep 12 00:03:20 2021] GET /placement/allocation_candidates?limit=1000&resources=DISK_GB%3A1%2CMEMORY_MB%3A1024%2CVCPU%3A1&root_required=%21COMPUTE_STATUS_DISABLED => generated 1309 bytes in 144 msecs (HTTP/1.1 200) 8 headers in 297 bytes (1 switches on core 0)
Sep 12 00:03:20.872073 n-d-806853-5 devstack@placement-api.service[95321]: DEBUG placement.requestlog [req-d24d0099-6779-4d12-8952-eb17e9e5ee94 req-6f8f0251-d50e-4ff8-9066-6ea5bcd4ca10 None None] Starting request: 10.222.0.18 "GET /placement/allocations/22a80371-4ff9-451d-848c-5b6c32e197ce" {{(pid=95321) __call__ /opt/stack/placement/placement/requestlog.py:55}}
Sep 12 00:03:20.883962 n-d-806853-5 devstack@placement-api.service[95321]: INFO placement.requestlog [req-d24d0099-6779-4d12-8952-eb17e9e5ee94 req-6f8f0251-d50e-4ff8-9066-6ea5bcd4ca10 service placement] 10.222.0.18 "GET /placement/allocations/22a80371-4ff9-451d-848c-5b6c32e197ce" status: 200 len: 19 microversion: 1.28
Sep 12 00:03:20.884192 n-d-806853-5 devstack@placement-api.service[95321]: [pid: 95321|app: 0|req: 460/918] 10.222.0.18 () {60 vars in 1381 bytes} [Sun Sep 12 00:03:20 2021] GET /placement/allocations/22a80371-4ff9-451d-848c-5b6c32e197ce => generated 19 bytes in 12 msecs (HTTP/1.1 200) 8 headers in 295 bytes (1 switches on core 0)
Sep 12 00:03:20.890352 n-d-806853-5 devstack@placement-api.service[95322]: DEBUG placement.requestlog [req-d24d0099-6779-4d12-8952-eb17e9e5ee94 req-74f659da-9148-44a1-8e21-3ed77394e9f6 None None] Starting request: 10.222.0.18 "PUT /placement/allocations/22a80371-4ff9-451d-848c-5b6c32e197ce" {{(pid=95322) __call__ /opt/stack/placement/placement/requestlog.py:55}}
Sep 12 00:03:20.943287 n-d-806853-5 devstack@placement-api.service[95322]: DEBUG placement.handlers.allocation [req-d24d0099-6779-4d12-8952-eb17e9e5ee94 req-74f659da-9148-44a1-8e21-3ed77394e9f6 service placement] Successfully wrote allocations [, , ] {{(pid=95322) _update_consumers_and_create_allocations /opt/stack/placement/placement/handlers/allocation.py:462}}
Sep 12 00:03:20.947574 n-d-806853-5 devstack@placement-api.service[95322]: INFO placement.requestlog [req-d24d0099-6779-4d12-8952-eb17e9e5ee94 req-74f659da-9148-44a1-8e21-3ed77394e9f6 service placement] 10.222.0.18 "PUT /placement/allocations/22a80371-4ff9-451d-848c-5b6c32e197ce" status: 204 len: 0 microversion: 1.36
Sep 12 00:03:20.948298 n-d-806853-5 devstack@placement-api.service[95322]: [pid: 95322|app: 0|req: 459/919] 10.222.0.18 () {64 vars in 1434 bytes} [Sun Sep 12 00:03:20 2021] PUT /placement/allocations/22a80371-4ff9-451d-848c-5b6c32e197ce => generated 0 bytes in 58 msecs (HTTP/1.1 204) 5 headers in 199 bytes (1 switches on core 0)
Sep 12 00:03:21.309476 n-d-806853-5 devstack@placement-api.service[95321]: DEBUG placement.requestlog [req-d24d0099-6779-4d12-8952-eb17e9e5ee94 req-428b5da8-8166-4295-83cc-7eb8d1f4bd6f None None] Starting request: 10.222.0.13 "GET /placement/allocations/22a80371-4ff9-451d-848c-5b6c32e197ce" {{(pid=95321) __call__ /opt/stack/placement/placement/requestlog.py:55}}
Sep 12 00:03:21.327141 n-d-806853-5 devstack@placement-api.service[95321]: INFO placement.requestlog [req-d24d0099-6779-4d12-8952-eb17e9e5ee94 req-428b5da8-8166-4295-83cc-7eb8d1f4bd6f service placement] 10.222.0.13 "GET /placement/allocations/22a80371-4ff9-451d-848c-5b6c32e197ce" status: 200 len: 259 microversion: 1.28
Sep 12 00:03:21.327518 n-d-806853-5 devstack@placement-api.service[95321]: [pid: 95321|app: 0|req: 461/920] 10.222.0.13 () {60 vars in 1378 bytes} [Sun Sep 12 00:03:21 2021] GET /placement/allocations/22a80371-4ff9-451d-848c-5b6c32e197ce => generated 259 bytes in 18 msecs (HTTP/1.1 200) 8 headers in 296 bytes (1 switches on core 0)
Sep 12 00:03:35.310285 n-d-806853-5 devstack@placement-api.service[95322]: DEBUG placement.requestlog [req-24210e64-5bf1-45d3-af9d-cd1acdf25a4d req-15c175b2-5fbc-4f6a-964f-aa27c3e0e89c None None] Starting request: 10.222.0.13 "DELETE /placement/allocations/22a80371-4ff9-451d-848c-5b6c32e197ce" {{(pid=95322) __call__ /opt/stack/placement/placement/requestlog.py:55}}
Sep 12 00:03:35.353768 n-d-806853-5 devstack@placement-api.service[95322]: DEBUG placement.handlers.allocation [req-24210e64-5bf1-45d3-af9d-cd1acdf25a4d req-15c175b2-5fbc-4f6a-964f-aa27c3e0e89c service placement] Successfully deleted allocations [, , ] {{(pid=95322) delete_allocations /opt/stack/placement/placement/handlers/allocation.py:627}}
Sep 12 00:03:35.354295 n-d-806853-5 devstack@placement-api.service[95322]: INFO placement.requestlog [req-24210e64-5bf1-45d3-af9d-cd1acdf25a4d req-15c175b2-5fbc-4f6a-964f-aa27c3e0e89c service placement] 10.222.0.13 "DELETE /placement/allocations/22a80371-4ff9-451d-848c-5b6c32e197ce" status: 204 len: 0 microversion: 1.0
Sep 12 00:03:35.354536 n-d-806853-5 devstack@placement-api.service[95322]: [pid: 95322|app: 0|req: 460/921] 10.222.0.13 () {60 vars in 1356 bytes} [Sun Sep 12 00:03:35 2021] DELETE /placement/allocations/22a80371-4ff9-451d-848c-5b6c32e197ce => generated 0 bytes in 45 msecs (HTTP/1.1 204) 5 headers in 198 bytes (1 switches on core 0)
Sep 12 00:03:48.863611 n-d-806853-5 devstack@placement-api.service[95321]: DEBUG placement.requestlog [req-74ce6407-8812-42ae-a142-92d8f3326b71 req-94b30f98-939f-40a8-9801-4b8199d56a79 None None] Starting request: 10.222.0.21 "GET /placement/resource_providers/9e72ee0a-440e-45c6-b253-c09c4e452be0/allocations" {{(pid=95321) __call__ /opt/stack/placement/placement/requestlog.py:55}}
Sep 12 00:03:48.884686 n-d-806853-5 devstack@placement-api.service[95321]: INFO placement.requestlog [req-74ce6407-8812-42ae-a142-92d8f3326b71 req-94b30f98-939f-40a8-9801-4b8199d56a79 service placement] 10.222.0.21 "GET /placement/resource_providers/9e72ee0a-440e-45c6-b253-c09c4e452be0/allocations" status: 200 len: 256 microversion: 1.0
Sep 12 00:03:48.885028 n-d-806853-5 devstack@placement-api.service[95321]: [pid: 95321|app: 0|req: 462/922] 10.222.0.21 () {58 vars in 1391 bytes} [Sun Sep 12 00:03:48 2021] GET /placement/resource_providers/9e72ee0a-440e-45c6-b253-c09c4e452be0/allocations => generated 256 bytes in 22 msecs (HTTP/1.1 200) 6 headers in 224 bytes (1 switches on core 0)
Sep 12 00:03:54.670182 n-d-806853-5 devstack@placement-api.service[95322]: DEBUG placement.requestlog [req-44b71775-f261-4bbf-8e34-6eb4344449cb req-d77e7689-5474-4b34-a53e-9b5b6fa75e43 None None] Starting request: 10.222.0.13 "GET /placement/resource_providers/e3a6af1a-5edf-41b8-bdb2-096779d6e12c/allocations" {{(pid=95322) __call__ /opt/stack/placement/placement/requestlog.py:55}}
Sep 12 00:03:54.692561 n-d-806853-5 devstack@placement-api.service[95322]: INFO placement.requestlog [req-44b71775-f261-4bbf-8e34-6eb4344449cb req-d77e7689-5474-4b34-a53e-9b5b6fa75e43 service placement] 10.222.0.13 "GET /placement/resource_providers/e3a6af1a-5edf-41b8-bdb2-096779d6e12c/allocations" status: 200 len: 342 microversion: 1.0
Sep 12 00:03:54.692963 n-d-806853-5 devstack@placement-api.service[95322]: [pid: 95322|app: 0|req: 461/923] 10.222.0.13 () {58 vars in 1391 bytes} [Sun Sep 12 00:03:54 2021] GET /placement/resource_providers/e3a6af1a-5edf-41b8-bdb2-096779d6e12c/allocations => generated 342 bytes in 23 msecs (HTTP/1.1 200) 6 headers in 224 bytes (1 switches on core 0)
Sep 12 00:04:01.162796 n-d-806853-5 devstack@placement-api.service[95321]: DEBUG placement.requestlog [req-ef2d5d30-e31e-4087-b556-5ba83649d6c6 req-756252d7-37f7-4420-b95d-2dece6fed88f None None] Starting request: 10.222.0.21 "DELETE /placement/allocations/bc6fcb69-5e5f-4439-9aaa-87651312e875" {{(pid=95321) __call__ /opt/stack/placement/placement/requestlog.py:55}}
Sep 12 00:04:01.187937 n-d-806853-5 devstack@placement-api.service[95321]: DEBUG placement.handlers.allocation [req-ef2d5d30-e31e-4087-b556-5ba83649d6c6 req-756252d7-37f7-4420-b95d-2dece6fed88f service placement] Successfully deleted allocations [, , ] {{(pid=95321) delete_allocations /opt/stack/placement/placement/handlers/allocation.py:627}}
Sep 12 00:04:01.188423 n-d-806853-5 devstack@placement-api.service[95321]: INFO placement.requestlog [req-ef2d5d30-e31e-4087-b556-5ba83649d6c6 req-756252d7-37f7-4420-b95d-2dece6fed88f service placement] 10.222.0.21 "DELETE /placement/allocations/bc6fcb69-5e5f-4439-9aaa-87651312e875" status: 204 len: 0 microversion: 1.0
Sep 12 00:04:01.188741 n-d-806853-5 devstack@placement-api.service[95321]: [pid: 95321|app: 0|req: 463/924] 10.222.0.21 () {60 vars in 1356 bytes} [Sun Sep 12 00:04:01 2021] DELETE /placement/allocations/bc6fcb69-5e5f-4439-9aaa-87651312e875 => generated 0 bytes in 26 msecs (HTTP/1.1 204) 5 headers in 198 bytes (1 switches on core 0)
Sep 12 00:04:04.884183 n-d-806853-5 devstack@placement-api.service[95322]: DEBUG placement.requestlog [req-6f313201-097a-4b4c-9b68-f400001d9f92 req-e1dfac82-180a-4183-be2d-df36d1852dad None None] Starting request: 10.222.0.21 "DELETE /placement/allocations/8e45e91c-ae4d-4bcc-8d0c-58917f2b0070" {{(pid=95322) __call__ /opt/stack/placement/placement/requestlog.py:55}}
Sep 12 00:04:04.910520 n-d-806853-5 devstack@placement-api.service[95322]: DEBUG placement.handlers.allocation [req-6f313201-097a-4b4c-9b68-f400001d9f92 req-e1dfac82-180a-4183-be2d-df36d1852dad service placement] Successfully deleted allocations [, , ] {{(pid=95322) delete_allocations /opt/stack/placement/placement/handlers/allocation.py:627}}
Sep 12 00:04:04.910974 n-d-806853-5 devstack@placement-api.service[95322]: INFO placement.requestlog [req-6f313201-097a-4b4c-9b68-f400001d9f92 req-e1dfac82-180a-4183-be2d-df36d1852dad service placement] 10.222.0.21 "DELETE /placement/allocations/8e45e91c-ae4d-4bcc-8d0c-58917f2b0070" status: 204 len: 0 microversion: 1.0
Sep 12 00:04:04.911199 n-d-806853-5 devstack@placement-api.service[95322]: [pid: 95322|app: 0|req: 462/925] 10.222.0.21 () {60 vars in 1356 bytes} [Sun Sep 12 00:04:04 2021] DELETE /placement/allocations/8e45e91c-ae4d-4bcc-8d0c-58917f2b0070 => generated 0 bytes in 27 msecs (HTTP/1.1 204) 5 headers in 198 bytes (1 switches on core 0)
Sep 12 00:04:12.295847 n-d-806853-5 devstack@placement-api.service[95321]: DEBUG placement.requestlog [req-11795ae6-224b-4f74-afaa-e51d09f51561 req-df061957-e3ac-48b4-8abb-0b29360fd2c5 None None] Starting request: 10.222.0.18 "GET /placement/allocation_candidates?limit=1000&resources=DISK_GB%3A1%2CMEMORY_MB%3A1024%2CVCPU%3A1&root_required=%21COMPUTE_STATUS_DISABLED" {{(pid=95321) __call__ /opt/stack/placement/placement/requestlog.py:55}}
Sep 12 00:04:12.328241 n-d-806853-5 devstack@placement-api.service[95321]: DEBUG placement.objects.research_context [req-11795ae6-224b-4f74-afaa-e51d09f51561 req-df061957-e3ac-48b4-8abb-0b29360fd2c5 service placement] getting providers with 1 DISK_GB {{(pid=95321) __init__ /opt/stack/placement/placement/objects/research_context.py:126}}
Sep 12 00:04:12.337150 n-d-806853-5 devstack@placement-api.service[95321]: DEBUG placement.objects.research_context [req-11795ae6-224b-4f74-afaa-e51d09f51561 req-df061957-e3ac-48b4-8abb-0b29360fd2c5 service placement] getting providers with 1024 MEMORY_MB {{(pid=95321) __init__ /opt/stack/placement/placement/objects/research_context.py:126}}
Sep 12 00:04:12.342615 n-d-806853-5 devstack@placement-api.service[95321]: DEBUG placement.objects.research_context [req-11795ae6-224b-4f74-afaa-e51d09f51561 req-df061957-e3ac-48b4-8abb-0b29360fd2c5 service placement] getting providers with 1 VCPU {{(pid=95321) __init__ /opt/stack/placement/placement/objects/research_context.py:126}}
