Sep 02 13:19:03.732397 n-d-806853-3 neutron-server[94813]: DEBUG neutron_lib.callbacks.manager [req-123bff58-0990-4e0f-9db6-da4f522b2eb7 req-9cdf1202-b293-42c5-9778-c3d33164ff8a tempest-DeleteServersAdminTestJSON-380136894 tempest-DeleteServersAdminTestJSON-380136894-project-admin] Notify callbacks ['neutron.plugins.ml2.plugin.SecurityGroupServerNotifierRpcMixin._notify_sg_on_port_change-2079417', 'neutron.plugins.ml2.ovo_rpc._ObjectChangeHandler.handle_event-49488', 'neutron.api.rpc.agentnotifiers.dhcp_rpc_agent_api.DhcpAgentNotifyAPI._native_event_send_dhcp_notification-529645', 'neutron.db.l3_db.L3RpcNotifierMixin._notify_routers_callback-8786123806401', 'neutron.db.l3_dvrscheduler_db._notify_port_delete-8786123381899'] for port, after_delete {{(pid=94813) _notify_loop /usr/local/lib/python3.8/dist-packages/neutron_lib/callbacks/manager.py:192}}
Sep 02 13:19:03.733700 n-d-806853-3 neutron-server[94813]: DEBUG neutron_lib.callbacks.manager [None req-40d74504-8b4d-4044-b7b9-434c1746b411 admin admin] Notify callbacks [] for security_group, before_create {{(pid=94813) _notify_loop /usr/local/lib/python3.8/dist-packages/neutron_lib/callbacks/manager.py:192}}
Sep 02 13:19:03.754150 n-d-806853-3 neutron-server[94814]: DEBUG neutron.plugins.ml2.db [None req-c283d10c-65b6-4255-b50a-b0a23fc0438d None None] get_ports_and_sgs() called for port_ids ['653db161-031d-44d6-b755-b32f9877bb07'] {{(pid=94814) get_ports_and_sgs /opt/stack/neutron/neutron/plugins/ml2/db.py:156}}
Sep 02 13:19:03.807244 n-d-806853-3 neutron-server[94813]: DEBUG neutron.api.rpc.handlers.resources_rpc [None req-9cdf1202-b293-42c5-9778-c3d33164ff8a tempest-DeleteServersAdminTestJSON-380136894 tempest-DeleteServersAdminTestJSON-380136894-project-admin] Pushing event deleted for resources: {'Port': ['ID=653db161-031d-44d6-b755-b32f9877bb07,revision_number=None']} {{(pid=94813) push /opt/stack/neutron/neutron/api/rpc/handlers/resources_rpc.py:237}}
Sep 02 13:19:03.876843 n-d-806853-3 neutron-server[94813]: DEBUG neutron.db.l3_dvrscheduler_db [req-123bff58-0990-4e0f-9db6-da4f522b2eb7 req-9cdf1202-b293-42c5-9778-c3d33164ff8a tempest-DeleteServersAdminTestJSON-380136894 tempest-DeleteServersAdminTestJSON-380136894-project-admin] No DVR routers for this DVR port 653db161-031d-44d6-b755-b32f9877bb07 on host n-h2-806853-3 {{(pid=94813) get_dvr_routers_to_remove /opt/stack/neutron/neutron/db/l3_dvrscheduler_db.py:214}}
Sep 02 13:19:03.884255 n-d-806853-3 neutron-server[94813]: DEBUG neutron_lib.callbacks.manager [req-123bff58-0990-4e0f-9db6-da4f522b2eb7 req-9cdf1202-b293-42c5-9778-c3d33164ff8a tempest-DeleteServersAdminTestJSON-380136894 tempest-DeleteServersAdminTestJSON-380136894-project-admin] Notify callbacks ['neutron.notifiers.nova.Notifier._send_nova_notification-196843'] for port, before_response {{(pid=94813) _notify_loop /usr/local/lib/python3.8/dist-packages/neutron_lib/callbacks/manager.py:192}}
Sep 02 13:19:03.887082 n-d-806853-3 neutron-server[94813]: INFO neutron.wsgi [req-123bff58-0990-4e0f-9db6-da4f522b2eb7 req-9cdf1202-b293-42c5-9778-c3d33164ff8a tempest-DeleteServersAdminTestJSON-380136894 tempest-DeleteServersAdminTestJSON-380136894-project-admin] 10.222.0.16 "DELETE /v2.0/ports/653db161-031d-44d6-b755-b32f9877bb07 HTTP/1.1" status: 204 len: 173 time: 0.9209511
Sep 02 13:19:03.887639 n-d-806853-3 neutron-server[94813]: DEBUG neutron.notifiers.nova [-] Sending events: [{'server_uuid': '7a2f2417-b3cb-4dc2-9cc7-459e86297a98', 'name': 'network-vif-deleted', 'tag': '653db161-031d-44d6-b755-b32f9877bb07'}] {{(pid=94813) send_events /opt/stack/neutron/neutron/notifiers/nova.py:262}}
Sep 02 13:19:03.900113 n-d-806853-3 neutron-server[94813]: DEBUG novaclient.v2.client [-] REQ: curl -g -i --cacert "/opt/stack/data/ca-bundle.pem" -X POST http://10.222.0.84/compute/v2.1/os-server-external-events -H "Accept: application/json" -H "Content-Type: application/json" -H "User-Agent: python-novaclient" -H "X-Auth-Token: {SHA256}801f2b85d3b86509056b92952e8b92a75fc784b503ea9367d26509fab36c1a3e" -H "X-OpenStack-Nova-API-Version: 2.1" -H "X-OpenStack-Request-ID: req-36a45df9-b8be-4641-9894-9bff0b90a9d3" -d '{"events": [{"server_uuid": "7a2f2417-b3cb-4dc2-9cc7-459e86297a98", "name": "network-vif-deleted", "tag": "653db161-031d-44d6-b755-b32f9877bb07"}]}' {{(pid=94813) _http_log_request /usr/local/lib/python3.8/dist-packages/keystoneauth1/session.py:519}}
Sep 02 13:19:04.107936 n-d-806853-3 neutron-server[94813]: DEBUG neutron_lib.callbacks.manager [None req-40d74504-8b4d-4044-b7b9-434c1746b411 admin admin] Notify callbacks [] for security_group, precommit_create {{(pid=94813) _notify_loop /usr/local/lib/python3.8/dist-packages/neutron_lib/callbacks/manager.py:192}}
Sep 02 13:19:04.111216 n-d-806853-3 neutron-server[94813]: DEBUG novaclient.v2.client [-] RESP: [200] Connection: close Content-Length: 183 Content-Type: application/json Date: Thu, 02 Sep 2021 13:19:03 GMT OpenStack-API-Version: compute 2.1 Server: Apache/2.4.41 (Ubuntu) Vary: OpenStack-API-Version,X-OpenStack-Nova-API-Version X-OpenStack-Nova-API-Version: 2.1 x-compute-request-id: req-f8ff08a9-d742-44eb-bb93-76d819c5641f x-openstack-request-id: req-f8ff08a9-d742-44eb-bb93-76d819c5641f {{(pid=94813) _http_log_response /usr/local/lib/python3.8/dist-packages/keystoneauth1/session.py:550}}
Sep 02 13:19:04.111652 n-d-806853-3 neutron-server[94813]: DEBUG novaclient.v2.client [-] RESP BODY: {"events": [{"server_uuid": "7a2f2417-b3cb-4dc2-9cc7-459e86297a98", "name": "network-vif-deleted", "tag": "653db161-031d-44d6-b755-b32f9877bb07", "status": "completed", "code": 200}]} {{(pid=94813) _http_log_response /usr/local/lib/python3.8/dist-packages/keystoneauth1/session.py:582}}
Sep 02 13:19:04.111902 n-d-806853-3 neutron-server[94813]: DEBUG novaclient.v2.client [-] POST call to compute for http://10.222.0.84/compute/v2.1/os-server-external-events used request id req-f8ff08a9-d742-44eb-bb93-76d819c5641f {{(pid=94813) request /usr/local/lib/python3.8/dist-packages/keystoneauth1/session.py:954}}
Sep 02 13:19:04.112487 n-d-806853-3 neutron-server[94813]: INFO neutron.notifiers.nova [-] Nova event response: {'server_uuid': '7a2f2417-b3cb-4dc2-9cc7-459e86297a98', 'name': 'network-vif-deleted', 'tag': '653db161-031d-44d6-b755-b32f9877bb07', 'status': 'completed', 'code': 200}
Sep 02 13:19:04.116724 n-d-806853-3 neutron-server[94813]: DEBUG neutron_lib.callbacks.manager [None req-40d74504-8b4d-4044-b7b9-434c1746b411 admin admin] Notify callbacks ['neutron.plugins.ml2.ovo_rpc._ObjectChangeHandler.handle_event-584426'] for security_group, after_create {{(pid=94813) _notify_loop /usr/local/lib/python3.8/dist-packages/neutron_lib/callbacks/manager.py:192}}
Sep 02 13:19:04.117487 n-d-806853-3 neutron-server[94812]: INFO neutron.wsgi [req-24ab2f7a-dc0a-44ac-9462-cf20d4dc3d40 req-faddb3cc-27cb-4826-ba69-8b4ffc562480 tempest-DeleteServersAdminTestJSON-1262876436 tempest-DeleteServersAdminTestJSON-1262876436-project] 10.222.0.84 "GET /v2.0/ports?device_id=7a2f2417-b3cb-4dc2-9cc7-459e86297a98 HTTP/1.1" status: 200 len: 210 time: 0.1157095
Sep 02 13:19:04.193393 n-d-806853-3 neutron-server[94813]: INFO neutron.wsgi [None req-40d74504-8b4d-4044-b7b9-434c1746b411 admin admin] 10.222.0.84 "GET /v2.0/security-groups?tenant_id=398ea71f4e5a49ca8c6a8931b2774417&name=default HTTP/1.1" status: 200 len: 2979 time: 0.4898596
Sep 02 13:19:04.194934 n-d-806853-3 neutron-server[94813]: DEBUG neutron.api.rpc.handlers.resources_rpc [None req-40d74504-8b4d-4044-b7b9-434c1746b411 admin admin] Pushing event updated for resources: {'SecurityGroup': ['ID=73704497-a25f-475b-bbdc-3b6f32a15a74,revision_number=1']} {{(pid=94813) push /opt/stack/neutron/neutron/api/rpc/handlers/resources_rpc.py:237}}
Sep 02 13:19:04.197994 n-d-806853-3 neutron-server[94813]: DEBUG neutron.wsgi [-] (94813) accepted ('10.222.0.84', 34582) {{(pid=94813) server /usr/local/lib/python3.8/dist-packages/eventlet/wsgi.py:982}}
Sep 02 13:19:04.280421 n-d-806853-3 neutron-server[94812]: DEBUG neutron_lib.callbacks.manager [None req-5d18ff3d-9020-449e-8ae5-adcb6e6fb310 admin admin] Notify callbacks ['neutron.plugins.ml2.ovo_rpc._ObjectChangeHandler.handle_event-577940', 'neutron.api.rpc.agentnotifiers.dhcp_rpc_agent_api.DhcpAgentNotifyAPI._native_event_send_dhcp_notification-529645'] for subnet, after_create {{(pid=94812) _notify_loop /usr/local/lib/python3.8/dist-packages/neutron_lib/callbacks/manager.py:192}}
Sep 02 13:19:04.333813 n-d-806853-3 neutron-server[94813]: DEBUG neutron_lib.callbacks.manager [None req-fac9f21d-ba95-4a36-9165-d033b76a07d2 admin admin] Notify callbacks [] for security_group, before_delete {{(pid=94813) _notify_loop /usr/local/lib/python3.8/dist-packages/neutron_lib/callbacks/manager.py:192}}
Sep 02 13:19:04.365097 n-d-806853-3 neutron-server[94812]: DEBUG neutron.api.rpc.handlers.resources_rpc [None req-5d18ff3d-9020-449e-8ae5-adcb6e6fb310 admin admin] Pushing event updated for resources: {'Subnet': ['ID=e0ffca07-27f1-45de-8281-36821067cefc,revision_number=0']} {{(pid=94812) push /opt/stack/neutron/neutron/api/rpc/handlers/resources_rpc.py:237}}
Sep 02 13:19:04.383545 n-d-806853-3 neutron-server[94812]: DEBUG neutron.plugins.ml2.drivers.mech_agent [None req-5d18ff3d-9020-449e-8ae5-adcb6e6fb310 admin admin] Checking segment: {'id': 'e9dbd7e5-4048-4301-914d-e65c6c1374f7', 'network_type': 'vlan', 'physical_network': 'physnet1', 'segmentation_id': 108, 'network_id': 'f3a819a3-4ad3-4779-944c-f3895251466c'} for mappings: {'physnet1': 'br-data'} with network types: ['local', 'flat', 'vlan'] {{(pid=94812) check_segment_for_agent /opt/stack/neutron/neutron/plugins/ml2/drivers/mech_agent.py:352}}
Sep 02 13:19:04.384399 n-d-806853-3 neutron-server[94812]: DEBUG neutron.scheduler.dhcp_agent_scheduler [None req-5d18ff3d-9020-449e-8ae5-adcb6e6fb310 admin admin] Network hostable DHCP agents. Network: f3a819a3-4ad3-4779-944c-f3895251466c, hostable agents: ['1cae8fd4-04bc-41b7-8b72-4805d7d06b82'], hosted agents: [] {{(pid=94812) _get_network_hostable_dhcp_agents /opt/stack/neutron/neutron/scheduler/dhcp_agent_scheduler.py:329}}
Sep 02 13:19:04.402123 n-d-806853-3 neutron-server[94813]: DEBUG neutron_lib.callbacks.manager [None req-fac9f21d-ba95-4a36-9165-d033b76a07d2 admin admin] Notify callbacks [] for security_group, precommit_delete {{(pid=94813) _notify_loop /usr/local/lib/python3.8/dist-packages/neutron_lib/callbacks/manager.py:192}}
Sep 02 13:19:04.431980 n-d-806853-3 neutron-server[94812]: DEBUG neutron.scheduler.dhcp_agent_scheduler [None req-5d18ff3d-9020-449e-8ae5-adcb6e6fb310 admin admin] Network f3a819a3-4ad3-4779-944c-f3895251466c is scheduled to be hosted by DHCP agent 1cae8fd4-04bc-41b7-8b72-4805d7d06b82 with binding_index 1 {{(pid=94812) bind /opt/stack/neutron/neutron/scheduler/dhcp_agent_scheduler.py:227}}
Sep 02 13:19:04.458688 n-d-806853-3 neutron-server[94812]: DEBUG neutron.scheduler.base_scheduler [None req-5d18ff3d-9020-449e-8ae5-adcb6e6fb310 admin admin] Resources bound (agent type, host, resource id): (DHCP agent, n-d-806853-3, f3a819a3-4ad3-4779-944c-f3895251466c) {{(pid=94812) schedule /opt/stack/neutron/neutron/scheduler/base_scheduler.py:57}}
Sep 02 13:19:04.471666 n-d-806853-3 neutron-server[94812]: DEBUG neutron.pecan_wsgi.hooks.policy_enforcement [None req-5d18ff3d-9020-449e-8ae5-adcb6e6fb310 admin admin] Attributes excluded by policy engine: ['standard_attr_id', 'shared', 'network'] {{(pid=94812) _exclude_attributes_by_policy /opt/stack/neutron/neutron/pecan_wsgi/hooks/policy_enforcement.py:255}}
Sep 02 13:19:04.472528 n-d-806853-3 neutron-server[94814]: DEBUG neutron.api.rpc.handlers.dhcp_rpc [None req-7dbd4165-b644-4b08-8600-019b1ea2b958 None None] Network f3a819a3-4ad3-4779-944c-f3895251466c requested from n-d-806853-3 {{(pid=94814) get_network_info /opt/stack/neutron/neutron/api/rpc/handlers/dhcp_rpc.py:218}}
Sep 02 13:19:04.472801 n-d-806853-3 neutron-server[94812]: DEBUG neutron_lib.callbacks.manager [None req-5d18ff3d-9020-449e-8ae5-adcb6e6fb310 admin admin] Notify callbacks ['neutron.api.rpc.agentnotifiers.dhcp_rpc_agent_api.DhcpAgentNotifyAPI._send_dhcp_notification-529631'] for subnet, before_response {{(pid=94812) _notify_loop /usr/local/lib/python3.8/dist-packages/neutron_lib/callbacks/manager.py:192}}
Sep 02 13:19:04.496418 n-d-806853-3 neutron-server[94812]: INFO neutron.wsgi [None req-5d18ff3d-9020-449e-8ae5-adcb6e6fb310 admin admin] 10.222.0.84 "POST /v2.0/subnets HTTP/1.1" status: 201 len: 861 time: 0.9432254
Sep 02 13:19:04.518324 n-d-806853-3 neutron-server[94813]: DEBUG neutron_lib.callbacks.manager [None req-fac9f21d-ba95-4a36-9165-d033b76a07d2 admin admin] Notify callbacks ['neutron.plugins.ml2.ovo_rpc._ObjectChangeHandler.handle_event-584426'] for security_group, after_delete {{(pid=94813) _notify_loop /usr/local/lib/python3.8/dist-packages/neutron_lib/callbacks/manager.py:192}}
Sep 02 13:19:04.525236 n-d-806853-3 neutron-server[94813]: DEBUG neutron_lib.callbacks.manager [None req-fac9f21d-ba95-4a36-9165-d033b76a07d2 admin admin] Notify callbacks [] for security_group, before_response {{(pid=94813) _notify_loop /usr/local/lib/python3.8/dist-packages/neutron_lib/callbacks/manager.py:192}}
Sep 02 13:19:04.537250 n-d-806853-3 neutron-server[94813]: INFO neutron.wsgi [None req-fac9f21d-ba95-4a36-9165-d033b76a07d2 admin admin] 10.222.0.84 "DELETE /v2.0/security-groups/73704497-a25f-475b-bbdc-3b6f32a15a74 HTTP/1.1" status: 204 len: 168 time: 0.3352380
Sep 02 13:19:04.549855 n-d-806853-3 neutron-server[94813]: DEBUG neutron.api.rpc.handlers.resources_rpc [None req-fac9f21d-ba95-4a36-9165-d033b76a07d2 admin admin] Pushing event deleted for resources: {'SecurityGroup': ['ID=73704497-a25f-475b-bbdc-3b6f32a15a74,revision_number=None']} {{(pid=94813) push /opt/stack/neutron/neutron/api/rpc/handlers/resources_rpc.py:237}}
Sep 02 13:19:04.759883 n-d-806853-3 neutron-server[94814]: DEBUG neutron.api.rpc.handlers.dhcp_rpc [None req-d2fca3f1-c878-405e-a361-623ad74b7211 None None] Network f3a819a3-4ad3-4779-944c-f3895251466c requested from n-d-806853-3 {{(pid=94814) get_network_info /opt/stack/neutron/neutron/api/rpc/handlers/dhcp_rpc.py:218}}
Sep 02 13:19:05.377436 n-d-806853-3 neutron-server[94812]: INFO neutron.wsgi [req-8e069887-ef27-46e5-b2f6-0a6356e02da7 req-405022b3-c817-43af-acf2-316405076780 tempest-ServerDiagnosticsNegativeTest-2078853203 tempest-ServerDiagnosticsNegativeTest-2078853203-project] 10.222.0.84 "GET /v2.0/networks?tenant_id=c2e51c62ac284e489b881254c9cace52&shared=False HTTP/1.1" status: 200 len: 213 time: 0.0311534
Sep 02 13:19:05.519425 n-d-806853-3 neutron-server[94813]: DEBUG neutron.wsgi [-] (94813) accepted ('10.222.0.84', 34682) {{(pid=94813) server /usr/local/lib/python3.8/dist-packages/eventlet/wsgi.py:982}}
Sep 02 13:19:05.556285 n-d-806853-3 neutron-server[94813]: DEBUG neutron_lib.callbacks.manager [None req-369d4960-2389-418d-b240-dfaec767b5c9 admin admin] Notify callbacks [] for security_group, before_create {{(pid=94813) _notify_loop /usr/local/lib/python3.8/dist-packages/neutron_lib/callbacks/manager.py:192}}
Sep 02 13:19:05.688922 n-d-806853-3 neutron-server[94812]: DEBUG neutron.pecan_wsgi.hooks.policy_enforcement [req-8e069887-ef27-46e5-b2f6-0a6356e02da7 req-1c50d5bb-3933-4e69-a102-9da8b8fa1517 tempest-ServerDiagnosticsNegativeTest-2078853203 tempest-ServerDiagnosticsNegativeTest-2078853203-project] Attributes excluded by policy engine: ['standard_attr_id', 'vlan_transparent', 'provider:network_type', 'provider:physical_network', 'provider:segmentation_id'] {{(pid=94812) _exclude_attributes_by_policy /opt/stack/neutron/neutron/pecan_wsgi/hooks/policy_enforcement.py:255}}
Sep 02 13:19:05.699756 n-d-806853-3 neutron-server[94812]: INFO neutron.wsgi [req-8e069887-ef27-46e5-b2f6-0a6356e02da7 req-1c50d5bb-3933-4e69-a102-9da8b8fa1517 tempest-ServerDiagnosticsNegativeTest-2078853203 tempest-ServerDiagnosticsNegativeTest-2078853203-project] 10.222.0.84 "GET /v2.0/networks?shared=True HTTP/1.1" status: 200 len: 769 time: 0.3062871
Sep 02 13:19:05.719048 n-d-806853-3 neutron-server[94812]: INFO neutron.wsgi [req-8e069887-ef27-46e5-b2f6-0a6356e02da7 req-e7cb7e45-ed14-4d7f-b6c3-fee529597c0e tempest-ServerDiagnosticsNegativeTest-2078853203 tempest-ServerDiagnosticsNegativeTest-2078853203-project] 10.222.0.84 "GET /v2.0/quotas/c2e51c62ac284e489b881254c9cace52 HTTP/1.1" status: 200 len: 375 time: 0.0182078
Sep 02 13:19:05.785378 n-d-806853-3 neutron-server[94812]: INFO neutron.wsgi [req-8e069887-ef27-46e5-b2f6-0a6356e02da7 req-e31680b0-df88-4b70-8aee-bf70d9ea1636 tempest-ServerDiagnosticsNegativeTest-2078853203 tempest-ServerDiagnosticsNegativeTest-2078853203-project] 10.222.0.84 "GET /v2.0/ports?tenant_id=c2e51c62ac284e489b881254c9cace52&fields=id HTTP/1.1" status: 200 len: 210 time: 0.0513451
Sep 02 13:19:05.816472 n-d-806853-3 neutron-server[94813]: DEBUG neutron_lib.callbacks.manager [None req-369d4960-2389-418d-b240-dfaec767b5c9 admin admin] Notify callbacks [] for security_group, precommit_create {{(pid=94813) _notify_loop /usr/local/lib/python3.8/dist-packages/neutron_lib/callbacks/manager.py:192}}
Sep 02 13:19:05.831110 n-d-806853-3 neutron-server[94813]: DEBUG neutron_lib.callbacks.manager [None req-369d4960-2389-418d-b240-dfaec767b5c9 admin admin] Notify callbacks ['neutron.plugins.ml2.ovo_rpc._ObjectChangeHandler.handle_event-584426'] for security_group, after_create {{(pid=94813) _notify_loop /usr/local/lib/python3.8/dist-packages/neutron_lib/callbacks/manager.py:192}}
Sep 02 13:19:05.859660 n-d-806853-3 neutron-server[94812]: INFO neutron.wsgi [req-6933a400-1682-423b-b7db-6806fa0d2d89 req-c9222d4a-f16f-44f2-a3a2-087e88a2e97f tempest-DeleteServersAdminTestJSON-1262876436 tempest-DeleteServersAdminTestJSON-1262876436-project] 10.222.0.84 "GET /v2.0/networks?tenant_id=a19f24932a8749f6927baf291354c278&shared=False HTTP/1.1" status: 200 len: 213 time: 0.0300231
Sep 02 13:19:05.871723 n-d-806853-3 neutron-server[94813]: DEBUG neutron.api.rpc.handlers.resources_rpc [None req-369d4960-2389-418d-b240-dfaec767b5c9 admin admin] Pushing event updated for resources: {'SecurityGroup': ['ID=c59da372-d0f9-4db5-8d1f-d09fb9329be2,revision_number=1']} {{(pid=94813) push /opt/stack/neutron/neutron/api/rpc/handlers/resources_rpc.py:237}}
Sep 02 13:19:05.914139 n-d-806853-3 neutron-server[94813]: INFO neutron.wsgi [None req-369d4960-2389-418d-b240-dfaec767b5c9 admin admin] 10.222.0.84 "GET /v2.0/security-groups?tenant_id=13ead2d6cabc4daf80341a024e6592bd&name=default HTTP/1.1" status: 200 len: 2979 time: 0.3872135
Sep 02 13:19:05.915394 n-d-806853-3 neutron-server[94813]: DEBUG neutron.wsgi [-] (94813) accepted ('10.222.0.84', 34716) {{(pid=94813) server /usr/local/lib/python3.8/dist-packages/eventlet/wsgi.py:982}}
Sep 02 13:19:06.002461 n-d-806853-3 neutron-server[94813]: DEBUG neutron_lib.callbacks.manager [None req-b845eb06-d727-4be5-b186-d2593a678c8b admin admin] Notify callbacks [] for security_group, before_delete {{(pid=94813) _notify_loop /usr/local/lib/python3.8/dist-packages/neutron_lib/callbacks/manager.py:192}}
Sep 02 13:19:06.033333 n-d-806853-3 neutron-server[94813]: DEBUG neutron_lib.callbacks.manager [None req-b845eb06-d727-4be5-b186-d2593a678c8b admin admin] Notify callbacks [] for security_group, precommit_delete {{(pid=94813) _notify_loop /usr/local/lib/python3.8/dist-packages/neutron_lib/callbacks/manager.py:192}}
Sep 02 13:19:06.040804 n-d-806853-3 neutron-server[94812]: DEBUG neutron.pecan_wsgi.hooks.policy_enforcement [req-6933a400-1682-423b-b7db-6806fa0d2d89 req-3ef8fcf7-ca25-4b86-b4a8-24e630fef33a tempest-DeleteServersAdminTestJSON-1262876436 tempest-DeleteServersAdminTestJSON-1262876436-project] Attributes excluded by policy engine: ['standard_attr_id', 'vlan_transparent', 'provider:network_type', 'provider:physical_network', 'provider:segmentation_id'] {{(pid=94812) _exclude_attributes_by_policy /opt/stack/neutron/neutron/pecan_wsgi/hooks/policy_enforcement.py:255}}
Sep 02 13:19:06.055321 n-d-806853-3 neutron-server[94812]: INFO neutron.wsgi [req-6933a400-1682-423b-b7db-6806fa0d2d89 req-3ef8fcf7-ca25-4b86-b4a8-24e630fef33a tempest-DeleteServersAdminTestJSON-1262876436 tempest-DeleteServersAdminTestJSON-1262876436-project] 10.222.0.84 "GET /v2.0/networks?shared=True HTTP/1.1" status: 200 len: 769 time: 0.1897514
Sep 02 13:19:06.083720 n-d-806853-3 neutron-server[94812]: INFO neutron.wsgi [req-6933a400-1682-423b-b7db-6806fa0d2d89 req-d0f037af-3675-46ff-a099-3f2f9e0625ee tempest-DeleteServersAdminTestJSON-1262876436 tempest-DeleteServersAdminTestJSON-1262876436-project] 10.222.0.84 "GET /v2.0/quotas/a19f24932a8749f6927baf291354c278 HTTP/1.1" status: 200 len: 375 time: 0.0226111
Sep 02 13:19:06.093764 n-d-806853-3 neutron-server[94813]: DEBUG neutron.wsgi [-] (94813) accepted ('10.222.0.84', 34724) {{(pid=94813) server /usr/local/lib/python3.8/dist-packages/eventlet/wsgi.py:982}}
Sep 02 13:19:06.105681 n-d-806853-3 neutron-server[94813]: DEBUG neutron.api.v2.base [None req-4c0f1d49-3f92-4216-801d-a377ea0e376a admin admin] Request body: {'network': {'name': 'tempest-LiveMigrationRemoteConsolesV26Test-1228557321-network', 'tenant_id': 'b0476bbeb07944c996db213c97fd094d'}} {{(pid=94813) prepare_request_body /opt/stack/neutron/neutron/api/v2/base.py:730}}
Sep 02 13:19:06.132602 n-d-806853-3 neutron-server[94812]: INFO neutron.wsgi [req-6933a400-1682-423b-b7db-6806fa0d2d89 req-43959ce2-e676-4467-8af1-d1f87dd05a3b tempest-DeleteServersAdminTestJSON-1262876436 tempest-DeleteServersAdminTestJSON-1262876436-project] 10.222.0.84 "GET /v2.0/ports?tenant_id=a19f24932a8749f6927baf291354c278&fields=id HTTP/1.1" status: 200 len: 210 time: 0.0524263
Sep 02 13:19:06.153169 n-d-806853-3 neutron-server[94813]: DEBUG neutron.pecan_wsgi.hooks.quota_enforcement [None req-4c0f1d49-3f92-4216-801d-a377ea0e376a admin admin] Made reservation on behalf of b0476bbeb07944c996db213c97fd094d for: {'network': 1} {{(pid=94813) before /opt/stack/neutron/neutron/pecan_wsgi/hooks/quota_enforcement.py:53}}
Sep 02 13:19:06.163404 n-d-806853-3 neutron-server[94813]: DEBUG neutron_lib.callbacks.manager [None req-4c0f1d49-3f92-4216-801d-a377ea0e376a admin admin] Notify callbacks ['neutron.plugins.ml2.plugin.SecurityGroupDbMixin._ensure_default_security_group_handler-2073702'] for network, before_create {{(pid=94813) _notify_loop /usr/local/lib/python3.8/dist-packages/neutron_lib/callbacks/manager.py:192}}
Sep 02 13:19:06.194521 n-d-806853-3 neutron-server[94813]: DEBUG neutron_lib.callbacks.manager [None req-4c0f1d49-3f92-4216-801d-a377ea0e376a admin admin] Notify callbacks [] for security_group, before_create {{(pid=94813) _notify_loop /usr/local/lib/python3.8/dist-packages/neutron_lib/callbacks/manager.py:192}}
Sep 02 13:19:06.249590 n-d-806853-3 neutron-server[94813]: DEBUG neutron_lib.callbacks.manager [None req-b845eb06-d727-4be5-b186-d2593a678c8b admin admin] Notify callbacks ['neutron.plugins.ml2.ovo_rpc._ObjectChangeHandler.handle_event-584426'] for security_group, after_delete {{(pid=94813) _notify_loop /usr/local/lib/python3.8/dist-packages/neutron_lib/callbacks/manager.py:192}}
Sep 02 13:19:06.252997 n-d-806853-3 neutron-server[94813]: DEBUG neutron_lib.callbacks.manager [None req-b845eb06-d727-4be5-b186-d2593a678c8b admin admin] Notify callbacks [] for security_group, before_response {{(pid=94813) _notify_loop /usr/local/lib/python3.8/dist-packages/neutron_lib/callbacks/manager.py:192}}
Sep 02 13:19:06.255612 n-d-806853-3 neutron-server[94813]: INFO neutron.wsgi [None req-b845eb06-d727-4be5-b186-d2593a678c8b admin admin] 10.222.0.84 "DELETE /v2.0/security-groups/c59da372-d0f9-4db5-8d1f-d09fb9329be2 HTTP/1.1" status: 204 len: 168 time: 0.3387663
Sep 02 13:19:06.325477 n-d-806853-3 neutron-server[94813]: DEBUG neutron.api.rpc.handlers.resources_rpc [None req-b845eb06-d727-4be5-b186-d2593a678c8b admin admin] Pushing event deleted for resources: {'SecurityGroup': ['ID=c59da372-d0f9-4db5-8d1f-d09fb9329be2,revision_number=None']} {{(pid=94813) push /opt/stack/neutron/neutron/api/rpc/handlers/resources_rpc.py:237}}
Sep 02 13:19:06.402418 n-d-806853-3 neutron-server[94812]: INFO neutron.wsgi [req-a8454dd1-598c-4af4-b890-e6b22e6c2147 req-c7b2bff4-ed17-4dba-bf90-190d25bd8d61 tempest-ServerDiagnosticsNegativeTest-2078853203 tempest-ServerDiagnosticsNegativeTest-2078853203-project] 10.222.0.84 "GET /v2.0/ports?device_id=64f262a7-d5c4-4c75-8da0-4aa0e2d812cf HTTP/1.1" status: 200 len: 210 time: 0.0533476
Sep 02 13:19:06.503966 n-d-806853-3 neutron-server[94813]: DEBUG neutron_lib.callbacks.manager [None req-4c0f1d49-3f92-4216-801d-a377ea0e376a admin admin] Notify callbacks [] for security_group, precommit_create {{(pid=94813) _notify_loop /usr/local/lib/python3.8/dist-packages/neutron_lib/callbacks/manager.py:192}}
Sep 02 13:19:06.528564 n-d-806853-3 neutron-server[94813]: DEBUG neutron_lib.callbacks.manager [None req-4c0f1d49-3f92-4216-801d-a377ea0e376a admin admin] Notify callbacks ['neutron.plugins.ml2.ovo_rpc._ObjectChangeHandler.handle_event-584426'] for security_group, after_create {{(pid=94813) _notify_loop /usr/local/lib/python3.8/dist-packages/neutron_lib/callbacks/manager.py:192}}
Sep 02 13:19:06.587324 n-d-806853-3 neutron-server[94813]: DEBUG neutron.plugins.ml2.drivers.helpers [None req-4c0f1d49-3f92-4216-801d-a377ea0e376a admin admin] vlan segment allocate from pool success with {'physical_network': 'physnet1', 'vlan_id': 138} {{(pid=94813) allocate_partially_specified_segment /opt/stack/neutron/neutron/plugins/ml2/drivers/helpers.py:153}}
Sep 02 13:19:06.608700 n-d-806853-3 neutron-server[94813]: DEBUG neutron.api.rpc.handlers.resources_rpc [None req-4c0f1d49-3f92-4216-801d-a377ea0e376a admin admin] Pushing event updated for resources: {'SecurityGroup': ['ID=2f38cc83-6651-453f-a3c4-2f82ddb195f7,revision_number=1']} {{(pid=94813) push /opt/stack/neutron/neutron/api/rpc/handlers/resources_rpc.py:237}}
Sep 02 13:19:06.629347 n-d-806853-3 neutron-server[94813]: DEBUG neutron_lib.callbacks.manager [None req-4c0f1d49-3f92-4216-801d-a377ea0e376a admin admin] Notify callbacks ['neutron.plugins.ml2.plugin.Ml2Plugin._handle_segment_change-1942668'] for segment, precommit_create {{(pid=94813) _notify_loop /usr/local/lib/python3.8/dist-packages/neutron_lib/callbacks/manager.py:192}}
Sep 02 13:19:06.632247 n-d-806853-3 neutron-server[94813]: INFO neutron.db.segments_db [None req-4c0f1d49-3f92-4216-801d-a377ea0e376a admin admin] Added segment 807b6175-e2be-4ba5-9b7f-879d8fe3edc1 of type vlan for network 820cd0a0-d1b4-49df-a92c-78c35d53c01d
Sep 02 13:19:06.692007 n-d-806853-3 neutron-server[94812]: INFO neutron.wsgi [req-99fa8586-e60f-49f7-aa9a-488d282bd35d req-1df9bd02-640a-4ae7-8a55-84ced67d187e tempest-DeleteServersAdminTestJSON-1262876436 tempest-DeleteServersAdminTestJSON-1262876436-project] 10.222.0.84 "GET /v2.0/ports?device_id=3944373a-3120-4373-b897-1b53bf3d5029 HTTP/1.1" status: 200 len: 210 time: 0.0492628
Sep 02 13:19:06.748754 n-d-806853-3 neutron-server[94813]: DEBUG neutron_lib.callbacks.manager [None req-4c0f1d49-3f92-4216-801d-a377ea0e376a admin admin] Notify callbacks ['neutron.services.auto_allocate.db._ensure_external_network_default_value_callback-8786123372261'] for network, precommit_create {{(pid=94813) _notify_loop /usr/local/lib/python3.8/dist-packages/neutron_lib/callbacks/manager.py:192}}
Sep 02 13:19:06.846210 n-d-806853-3 neutron-server[94813]: DEBUG neutron_lib.callbacks.manager [None req-4c0f1d49-3f92-4216-801d-a377ea0e376a admin admin] Notify callbacks ['neutron.plugins.ml2.ovo_rpc._ObjectChangeHandler.handle_event-577821', 'neutron.api.rpc.agentnotifiers.dhcp_rpc_agent_api.DhcpAgentNotifyAPI._native_event_send_dhcp_notification-529645'] for network, after_create {{(pid=94813) _notify_loop /usr/local/lib/python3.8/dist-packages/neutron_lib/callbacks/manager.py:192}}
Sep 02 13:19:06.849867 n-d-806853-3 neutron-server[94813]: DEBUG neutron.pecan_wsgi.hooks.policy_enforcement [None req-4c0f1d49-3f92-4216-801d-a377ea0e376a admin admin] Attributes excluded by policy engine: ['standard_attr_id', 'vlan_transparent'] {{(pid=94813) _exclude_attributes_by_policy /opt/stack/neutron/neutron/pecan_wsgi/hooks/policy_enforcement.py:255}}
Sep 02 13:19:06.851637 n-d-806853-3 neutron-server[94813]: DEBUG neutron_lib.callbacks.manager [None req-4c0f1d49-3f92-4216-801d-a377ea0e376a admin admin] Notify callbacks ['neutron.api.rpc.agentnotifiers.dhcp_rpc_agent_api.DhcpAgentNotifyAPI._send_dhcp_notification-529631'] for network, before_response {{(pid=94813) _notify_loop /usr/local/lib/python3.8/dist-packages/neutron_lib/callbacks/manager.py:192}}
Sep 02 13:19:07.041281 n-d-806853-3 neutron-server[94813]: INFO neutron.wsgi [None req-4c0f1d49-3f92-4216-801d-a377ea0e376a admin admin] 10.222.0.84 "POST /v2.0/networks HTTP/1.1" status: 201 len: 898 time: 0.9453638
Sep 02 13:19:07.044243 n-d-806853-3 neutron-server[94812]: DEBUG neutron.wsgi [-] (94812) accepted ('10.222.0.84', 34812) {{(pid=94812) server /usr/local/lib/python3.8/dist-packages/eventlet/wsgi.py:982}}
Sep 02 13:19:07.054213 n-d-806853-3 neutron-server[94812]: DEBUG neutron.api.v2.base [None req-2e077f1d-7013-472b-a828-885395cd9107 admin admin] Request body: {'subnet': {'network_id': '820cd0a0-d1b4-49df-a92c-78c35d53c01d', 'cidr': '172.20.0.0/28', 'name': 'tempest-LiveMigrationRemoteConsolesV26Test-1228557321-subnet', 'tenant_id': 'b0476bbeb07944c996db213c97fd094d', 'enable_dhcp': False, 'ip_version': 4}} {{(pid=94812) prepare_request_body /opt/stack/neutron/neutron/api/v2/base.py:730}}
Sep 02 13:19:07.061285 n-d-806853-3 neutron-server[94813]: DEBUG neutron.api.rpc.handlers.resources_rpc [None req-4c0f1d49-3f92-4216-801d-a377ea0e376a admin admin] Pushing event updated for resources: {'Network': ['ID=820cd0a0-d1b4-49df-a92c-78c35d53c01d,revision_number=1']} {{(pid=94813) push /opt/stack/neutron/neutron/api/rpc/handlers/resources_rpc.py:237}}
Sep 02 13:19:07.084161 n-d-806853-3 neutron-server[94814]: DEBUG neutron.plugins.ml2.rpc [None req-47e7714f-7b70-413b-9217-3a80b2fbf185 None None] Network 820cd0a0-d1b4-49df-a92c-78c35d53c01d details requested by agent ovs-agent-n-d-806853-3 with host n-d-806853-3 {{(pid=94814) get_network_details /opt/stack/neutron/neutron/plugins/ml2/rpc.py:248}}
Sep 02 13:19:07.142720 n-d-806853-3 neutron-server[94812]: DEBUG neutron.pecan_wsgi.hooks.quota_enforcement [None req-2e077f1d-7013-472b-a828-885395cd9107 admin admin] Made reservation on behalf of b0476bbeb07944c996db213c97fd094d for: {'subnet': 1} {{(pid=94812) before /opt/stack/neutron/neutron/pecan_wsgi/hooks/quota_enforcement.py:53}}
Sep 02 13:19:07.149633 n-d-806853-3 neutron-server[94812]: DEBUG neutron_lib.callbacks.manager [None req-2e077f1d-7013-472b-a828-885395cd9107 admin admin] Notify callbacks [] for subnet, before_create {{(pid=94812) _notify_loop /usr/local/lib/python3.8/dist-packages/neutron_lib/callbacks/manager.py:192}}
Sep 02 13:19:07.627690 n-d-806853-3 neutron-server[94814]: DEBUG neutron.plugins.ml2.rpc [None req-c283d10c-65b6-4255-b50a-b0a23fc0438d None None] Device 653db161-031d-44d6-b755-b32f9877bb07 no longer exists at agent hyperv_n-h2-806853-3 {{(pid=94814) update_device_down /opt/stack/neutron/neutron/plugins/ml2/rpc.py:259}}
Sep 02 13:19:07.667024 n-d-806853-3 neutron-server[94812]: DEBUG neutron_lib.callbacks.manager [None req-2e077f1d-7013-472b-a828-885395cd9107 admin admin] Notify callbacks ['neutron.plugins.ml2.ovo_rpc._ObjectChangeHandler.handle_event-577940', 'neutron.api.rpc.agentnotifiers.dhcp_rpc_agent_api.DhcpAgentNotifyAPI._native_event_send_dhcp_notification-529645'] for subnet, after_create {{(pid=94812) _notify_loop /usr/local/lib/python3.8/dist-packages/neutron_lib/callbacks/manager.py:192}}
Sep 02 13:19:07.714808 n-d-806853-3 neutron-server[94814]: DEBUG neutron.plugins.ml2.plugin [None req-c283d10c-65b6-4255-b50a-b0a23fc0438d None None] No Port match for: 653db161-031d-44d6-b755-b32f9877bb07 {{(pid=94814) port_bound_to_host /opt/stack/neutron/neutron/plugins/ml2/plugin.py:2257}}
Sep 02 13:19:07.715600 n-d-806853-3 neutron-server[94814]: DEBUG neutron.plugins.ml2.rpc [None req-c283d10c-65b6-4255-b50a-b0a23fc0438d None None] Device 653db161-031d-44d6-b755-b32f9877bb07 not bound to the agent host n-h2-806853-3 {{(pid=94814) update_device_down /opt/stack/neutron/neutron/plugins/ml2/rpc.py:269}}
Sep 02 13:19:07.743206 n-d-806853-3 neutron-server[94813]: DEBUG neutron.wsgi [-] (94813) accepted ('10.222.0.84', 34852) {{(pid=94813) server /usr/local/lib/python3.8/dist-packages/eventlet/wsgi.py:982}}
Sep 02 13:19:07.778774 n-d-806853-3 neutron-server[94814]: DEBUG neutron_lib.callbacks.manager [None req-ef2f291c-622e-456a-9a9a-635322395526 None None] Notify callbacks ['neutron.services.segments.db._update_segment_host_mapping_for_agent-8786123816021', 'neutron.plugins.ml2.plugin.Ml2Plugin._retry_binding_revived_agents-1924454'] for agent, after_update {{(pid=94814) _notify_loop /usr/local/lib/python3.8/dist-packages/neutron_lib/callbacks/manager.py:192}}
Sep 02 13:19:07.789115 n-d-806853-3 neutron-server[94812]: INFO neutron.wsgi [req-4c7a061c-4d39-47c7-af37-ae2a897a6e9d req-59c012e7-3ba7-42a0-846d-89aa0f061a2d tempest-ServerDiagnosticsNegativeTest-2078853203 tempest-ServerDiagnosticsNegativeTest-2078853203-project] 10.222.0.84 "GET /v2.0/ports?device_id=64f262a7-d5c4-4c75-8da0-4aa0e2d812cf HTTP/1.1" status: 200 len: 210 time: 0.0669813
Sep 02 13:19:07.835685 n-d-806853-3 neutron-server[94812]: DEBUG neutron.api.rpc.handlers.resources_rpc [None req-2e077f1d-7013-472b-a828-885395cd9107 admin admin] Pushing event updated for resources: {'Subnet': ['ID=8024d4b1-49e4-43fc-a820-8a8fbf321190,revision_number=0']} {{(pid=94812) push /opt/stack/neutron/neutron/api/rpc/handlers/resources_rpc.py:237}}
Sep 02 13:19:07.846268 n-d-806853-3 neutron-server[94812]: DEBUG neutron.plugins.ml2.drivers.mech_agent [None req-2e077f1d-7013-472b-a828-885395cd9107 admin admin] Checking segment: {'id': '807b6175-e2be-4ba5-9b7f-879d8fe3edc1', 'network_type': 'vlan', 'physical_network': 'physnet1', 'segmentation_id': 138, 'network_id': '820cd0a0-d1b4-49df-a92c-78c35d53c01d'} for mappings: {'physnet1': 'br-data'} with network types: ['local', 'flat', 'vlan'] {{(pid=94812) check_segment_for_agent /opt/stack/neutron/neutron/plugins/ml2/drivers/mech_agent.py:352}}
Sep 02 13:19:07.847648 n-d-806853-3 neutron-server[94812]: DEBUG neutron.scheduler.dhcp_agent_scheduler [None req-2e077f1d-7013-472b-a828-885395cd9107 admin admin] Network hostable DHCP agents. Network: 820cd0a0-d1b4-49df-a92c-78c35d53c01d, hostable agents: ['1cae8fd4-04bc-41b7-8b72-4805d7d06b82'], hosted agents: [] {{(pid=94812) _get_network_hostable_dhcp_agents /opt/stack/neutron/neutron/scheduler/dhcp_agent_scheduler.py:329}}
Sep 02 13:19:07.879973 n-d-806853-3 neutron-server[94812]: DEBUG neutron.scheduler.dhcp_agent_scheduler [None req-2e077f1d-7013-472b-a828-885395cd9107 admin admin] Network 820cd0a0-d1b4-49df-a92c-78c35d53c01d is scheduled to be hosted by DHCP agent 1cae8fd4-04bc-41b7-8b72-4805d7d06b82 with binding_index 1 {{(pid=94812) bind /opt/stack/neutron/neutron/scheduler/dhcp_agent_scheduler.py:227}}
Sep 02 13:19:07.899795 n-d-806853-3 neutron-server[94812]: DEBUG neutron.scheduler.base_scheduler [None req-2e077f1d-7013-472b-a828-885395cd9107 admin admin] Resources bound (agent type, host, resource id): (DHCP agent, n-d-806853-3, 820cd0a0-d1b4-49df-a92c-78c35d53c01d) {{(pid=94812) schedule /opt/stack/neutron/neutron/scheduler/base_scheduler.py:57}}
Sep 02 13:19:07.915669 n-d-806853-3 neutron-server[94814]: DEBUG neutron.api.rpc.handlers.dhcp_rpc [None req-7f231a6e-e8c4-471e-bbde-86ede597d06f None None] Network 820cd0a0-d1b4-49df-a92c-78c35d53c01d requested from n-d-806853-3 {{(pid=94814) get_network_info /opt/stack/neutron/neutron/api/rpc/handlers/dhcp_rpc.py:218}}
Sep 02 13:19:07.917498 n-d-806853-3 neutron-server[94812]: DEBUG neutron.pecan_wsgi.hooks.policy_enforcement [None req-2e077f1d-7013-472b-a828-885395cd9107 admin admin] Attributes excluded by policy engine: ['standard_attr_id', 'shared', 'network'] {{(pid=94812) _exclude_attributes_by_policy /opt/stack/neutron/neutron/pecan_wsgi/hooks/policy_enforcement.py:255}}
Sep 02 13:19:07.918985 n-d-806853-3 neutron-server[94812]: DEBUG neutron_lib.callbacks.manager [None req-2e077f1d-7013-472b-a828-885395cd9107 admin admin] Notify callbacks ['neutron.api.rpc.agentnotifiers.dhcp_rpc_agent_api.DhcpAgentNotifyAPI._send_dhcp_notification-529631'] for subnet, before_response {{(pid=94812) _notify_loop /usr/local/lib/python3.8/dist-packages/neutron_lib/callbacks/manager.py:192}}
Sep 02 13:19:08.035354 n-d-806853-3 neutron-server[94812]: INFO neutron.wsgi [req-5f99bce5-1a93-47b9-87b9-3a2b618c7d03 req-7c2473c0-548a-4ac2-9a14-3a71d755ce15 tempest-DeleteServersAdminTestJSON-1262876436 tempest-DeleteServersAdminTestJSON-1262876436-project] 10.222.0.84 "GET /v2.0/ports?device_id=3944373a-3120-4373-b897-1b53bf3d5029 HTTP/1.1" status: 200 len: 210 time: 0.1052587
Sep 02 13:19:08.066889 n-d-806853-3 neutron-server[94812]: INFO neutron.wsgi [None req-2e077f1d-7013-472b-a828-885395cd9107 admin admin] 10.222.0.84 "POST /v2.0/subnets HTTP/1.1" status: 201 len: 862 time: 1.0119348
Sep 02 13:19:08.249610 n-d-806853-3 neutron-server[94813]: DEBUG neutron_lib.callbacks.manager [None req-848237c5-6cc9-494b-9b1c-ab8b75945800 admin admin] Notify callbacks [] for security_group, before_create {{(pid=94813) _notify_loop /usr/local/lib/python3.8/dist-packages/neutron_lib/callbacks/manager.py:192}}
Sep 02 13:19:08.351031 n-d-806853-3 neutron-server[94812]: DEBUG neutron.wsgi [-] (94812) accepted ('10.222.0.84', 34906) {{(pid=94812) server /usr/local/lib/python3.8/dist-packages/eventlet/wsgi.py:982}}
Sep 02 13:19:08.367460 n-d-806853-3 neutron-server[94813]: INFO neutron.wsgi [req-8e069887-ef27-46e5-b2f6-0a6356e02da7 req-69278f4d-1a42-4f4f-b78e-e29cd851ba42 tempest-ServerDiagnosticsNegativeTest-2078853203 tempest-ServerDiagnosticsNegativeTest-2078853203-project] 10.222.0.16 "GET /v2.0/networks?tenant_id=c2e51c62ac284e489b881254c9cace52&shared=False HTTP/1.1" status: 200 len: 213 time: 0.0819721
Sep 02 13:19:08.531802 n-d-806853-3 neutron-server[94812]: DEBUG neutron.db.db_base_plugin_v2 [None req-22b74740-5786-4d22-8180-69eaa84d8f27 admin admin] Deleting subnet e0ffca07-27f1-45de-8281-36821067cefc {{(pid=94812) delete_subnet /opt/stack/neutron/neutron/db/db_base_plugin_v2.py:1056}}
Sep 02 13:19:08.549440 n-d-806853-3 neutron-server[94812]: DEBUG neutron_lib.callbacks.manager [None req-22b74740-5786-4d22-8180-69eaa84d8f27 admin admin] Notify callbacks [] for subnet, before_delete {{(pid=94812) _notify_loop /usr/local/lib/python3.8/dist-packages/neutron_lib/callbacks/manager.py:192}}
Sep 02 13:19:08.608808 n-d-806853-3 neutron-server[94814]: DEBUG neutron.api.rpc.handlers.dhcp_rpc [None req-fbadfa6e-3bf4-4d6f-ba01-ee0c3f019729 None None] Network 820cd0a0-d1b4-49df-a92c-78c35d53c01d requested from n-d-806853-3 {{(pid=94814) get_network_info /opt/stack/neutron/neutron/api/rpc/handlers/dhcp_rpc.py:218}}
Sep 02 13:19:08.625216 n-d-806853-3 neutron-server[94813]: DEBUG neutron.pecan_wsgi.hooks.policy_enforcement [req-8e069887-ef27-46e5-b2f6-0a6356e02da7 req-61119ccf-f8cd-4046-bbe3-f58e0ba72600 tempest-ServerDiagnosticsNegativeTest-2078853203 tempest-ServerDiagnosticsNegativeTest-2078853203-project] Attributes excluded by policy engine: ['standard_attr_id', 'vlan_transparent', 'provider:network_type', 'provider:physical_network', 'provider:segmentation_id'] {{(pid=94813) _exclude_attributes_by_policy /opt/stack/neutron/neutron/pecan_wsgi/hooks/policy_enforcement.py:255}}
Sep 02 13:19:08.626922 n-d-806853-3 neutron-server[94813]: INFO neutron.wsgi [req-8e069887-ef27-46e5-b2f6-0a6356e02da7 req-61119ccf-f8cd-4046-bbe3-f58e0ba72600 tempest-ServerDiagnosticsNegativeTest-2078853203 tempest-ServerDiagnosticsNegativeTest-2078853203-project] 10.222.0.16 "GET /v2.0/networks?shared=True HTTP/1.1" status: 200 len: 769 time: 0.2497158
Sep 02 13:19:08.658287 n-d-806853-3 neutron-server[94813]: DEBUG neutron.api.v2.base [req-8e069887-ef27-46e5-b2f6-0a6356e02da7 req-0899b4a0-760f-43bc-babc-0d766507cb53 tempest-ServerDiagnosticsNegativeTest-2078853203 tempest-ServerDiagnosticsNegativeTest-2078853203-project] Request body: {'port': {'device_id': '64f262a7-d5c4-4c75-8da0-4aa0e2d812cf', 'network_id': 'bdf2bb08-9e35-46aa-8948-32341a47e4ee', 'admin_state_up': True, 'tenant_id': 'c2e51c62ac284e489b881254c9cace52'}} {{(pid=94813) prepare_request_body /opt/stack/neutron/neutron/api/v2/base.py:730}}
Sep 02 13:19:08.688707 n-d-806853-3 neutron-server[94812]: DEBUG neutron_lib.callbacks.manager [None req-22b74740-5786-4d22-8180-69eaa84d8f27 admin admin] Notify callbacks [] for subnet, precommit_delete_associations {{(pid=94812) _notify_loop /usr/local/lib/python3.8/dist-packages/neutron_lib/callbacks/manager.py:192}}
Sep 02 13:19:08.748146 n-d-806853-3 neutron-server[94812]: DEBUG neutron_lib.callbacks.manager [None req-22b74740-5786-4d22-8180-69eaa84d8f27 admin admin] Notify callbacks ['neutron.plugins.ml2.plugin.Ml2Plugin._subnet_delete_precommit_handler-1945585'] for subnet, precommit_delete {{(pid=94812) _notify_loop /usr/local/lib/python3.8/dist-packages/neutron_lib/callbacks/manager.py:192}}
Sep 02 13:19:08.765506 n-d-806853-3 neutron-server[94812]: DEBUG neutron.wsgi [-] (94812) accepted ('10.222.0.16', 55850) {{(pid=94812) server /usr/local/lib/python3.8/dist-packages/eventlet/wsgi.py:982}}
Sep 02 13:19:08.827894 n-d-806853-3 neutron-server[94814]: DEBUG neutron_lib.callbacks.manager [None req-c283d10c-65b6-4255-b50a-b0a23fc0438d None None] Notify callbacks ['neutron.services.segments.db._update_segment_host_mapping_for_agent-8786123816021', 'neutron.plugins.ml2.plugin.Ml2Plugin._retry_binding_revived_agents-1924454'] for agent, after_update {{(pid=94814) _notify_loop /usr/local/lib/python3.8/dist-packages/neutron_lib/callbacks/manager.py:192}}
Sep 02 13:19:08.955086 n-d-806853-3 neutron-server[94812]: INFO neutron.wsgi [req-6933a400-1682-423b-b7db-6806fa0d2d89 req-b34da493-1bd1-4573-a31d-363ae9901ae7 tempest-DeleteServersAdminTestJSON-1262876436 tempest-DeleteServersAdminTestJSON-1262876436-project] 10.222.0.16 "GET /v2.0/networks?tenant_id=a19f24932a8749f6927baf291354c278&shared=False HTTP/1.1" status: 200 len: 213 time: 0.1816218
Sep 02 13:19:09.004400 n-d-806853-3 neutron-server[94813]: DEBUG neutron_lib.callbacks.manager [None req-848237c5-6cc9-494b-9b1c-ab8b75945800 admin admin] Notify callbacks [] for security_group, precommit_create {{(pid=94813) _notify_loop /usr/local/lib/python3.8/dist-packages/neutron_lib/callbacks/manager.py:192}}
Sep 02 13:19:09.022275 n-d-806853-3 neutron-server[94813]: DEBUG neutron_lib.callbacks.manager [None req-848237c5-6cc9-494b-9b1c-ab8b75945800 admin admin] Notify callbacks ['neutron.plugins.ml2.ovo_rpc._ObjectChangeHandler.handle_event-584426'] for security_group, after_create {{(pid=94813) _notify_loop /usr/local/lib/python3.8/dist-packages/neutron_lib/callbacks/manager.py:192}}
Sep 02 13:19:09.123905 n-d-806853-3 neutron-server[94812]: DEBUG neutron_lib.callbacks.manager [None req-22b74740-5786-4d22-8180-69eaa84d8f27 admin admin] Notify callbacks ['neutron.plugins.ml2.plugin.Ml2Plugin._subnet_delete_after_delete_handler-1945354', 'neutron.plugins.ml2.ovo_rpc._ObjectChangeHandler.handle_event-577940', 'neutron.api.rpc.agentnotifiers.dhcp_rpc_agent_api.DhcpAgentNotifyAPI._native_event_send_dhcp_notification-529645'] for subnet, after_delete {{(pid=94812) _notify_loop /usr/local/lib/python3.8/dist-packages/neutron_lib/callbacks/manager.py:192}}
Sep 02 13:19:09.187132 n-d-806853-3 neutron-server[94813]: INFO neutron.wsgi [None req-848237c5-6cc9-494b-9b1c-ab8b75945800 admin admin] 10.222.0.84 "GET /v2.0/security-groups?tenant_id=5349770241364bd3b0b382630c9688d1&name=default HTTP/1.1" status: 200 len: 2979 time: 1.4385552
Sep 02 13:19:09.189437 n-d-806853-3 neutron-server[94813]: DEBUG neutron.api.rpc.handlers.resources_rpc [None req-848237c5-6cc9-494b-9b1c-ab8b75945800 admin admin] Pushing event updated for resources: {'SecurityGroup': ['ID=563974af-e860-4edb-849a-9ad440b9a459,revision_number=1']} {{(pid=94813) push /opt/stack/neutron/neutron/api/rpc/handlers/resources_rpc.py:237}}
Sep 02 13:19:09.195291 n-d-806853-3 neutron-server[94813]: DEBUG neutron.wsgi [-] (94813) accepted ('10.222.0.84', 34970) {{(pid=94813) server /usr/local/lib/python3.8/dist-packages/eventlet/wsgi.py:982}}
Sep 02 13:19:09.198913 n-d-806853-3 neutron-server[94813]: DEBUG neutron.pecan_wsgi.hooks.quota_enforcement [req-8e069887-ef27-46e5-b2f6-0a6356e02da7 req-0899b4a0-760f-43bc-babc-0d766507cb53 tempest-ServerDiagnosticsNegativeTest-2078853203 tempest-ServerDiagnosticsNegativeTest-2078853203-project] Made reservation on behalf of c2e51c62ac284e489b881254c9cace52 for: {'port': 1} {{(pid=94813) before /opt/stack/neutron/neutron/pecan_wsgi/hooks/quota_enforcement.py:53}}
Sep 02 13:19:09.208629 n-d-806853-3 neutron-server[94813]: DEBUG neutron_lib.callbacks.manager [req-8e069887-ef27-46e5-b2f6-0a6356e02da7 req-0899b4a0-760f-43bc-babc-0d766507cb53 tempest-ServerDiagnosticsNegativeTest-2078853203 tempest-ServerDiagnosticsNegativeTest-2078853203-project] Notify callbacks ['neutron.plugins.ml2.plugin.SecurityGroupDbMixin._ensure_default_security_group_handler-2073702'] for port, before_create {{(pid=94813) _notify_loop /usr/local/lib/python3.8/dist-packages/neutron_lib/callbacks/manager.py:192}}
Sep 02 13:19:09.274998 n-d-806853-3 neutron-server[94812]: DEBUG neutron.api.rpc.handlers.resources_rpc [None req-22b74740-5786-4d22-8180-69eaa84d8f27 admin admin] Pushing event deleted for resources: {'Subnet': ['ID=e0ffca07-27f1-45de-8281-36821067cefc,revision_number=None']} {{(pid=94812) push /opt/stack/neutron/neutron/api/rpc/handlers/resources_rpc.py:237}}
Sep 02 13:19:09.285964 n-d-806853-3 neutron-server[94812]: INFO neutron.wsgi [req-b330618c-e379-402d-a27f-75e2bca286c3 req-ef25e1a3-f8c7-41aa-9454-a5289e7a6c20 tempest-ServerDiagnosticsNegativeTest-2078853203 tempest-ServerDiagnosticsNegativeTest-2078853203-project] 10.222.0.84 "GET /v2.0/ports?device_id=64f262a7-d5c4-4c75-8da0-4aa0e2d812cf HTTP/1.1" status: 200 len: 210 time: 0.1267984
Sep 02 13:19:09.294374 n-d-806853-3 neutron-server[94812]: DEBUG neutron.pecan_wsgi.hooks.policy_enforcement [req-6933a400-1682-423b-b7db-6806fa0d2d89 req-c3f4c5f4-490b-4769-871f-61c43dc10739 tempest-DeleteServersAdminTestJSON-1262876436 tempest-DeleteServersAdminTestJSON-1262876436-project] Attributes excluded by policy engine: ['standard_attr_id', 'vlan_transparent', 'provider:network_type', 'provider:physical_network', 'provider:segmentation_id'] {{(pid=94812) _exclude_attributes_by_policy /opt/stack/neutron/neutron/pecan_wsgi/hooks/policy_enforcement.py:255}}
Sep 02 13:19:09.296962 n-d-806853-3 neutron-server[94812]: INFO neutron.wsgi [req-6933a400-1682-423b-b7db-6806fa0d2d89 req-c3f4c5f4-490b-4769-871f-61c43dc10739 tempest-DeleteServersAdminTestJSON-1262876436 tempest-DeleteServersAdminTestJSON-1262876436-project] 10.222.0.16 "GET /v2.0/networks?shared=True HTTP/1.1" status: 200 len: 769 time: 0.3406844
Sep 02 13:19:09.305241 n-d-806853-3 neutron-server[94812]: DEBUG neutron_lib.callbacks.manager [None req-22b74740-5786-4d22-8180-69eaa84d8f27 admin admin] Notify callbacks ['neutron.api.rpc.agentnotifiers.dhcp_rpc_agent_api.DhcpAgentNotifyAPI._send_dhcp_notification-529631'] for subnet, before_response {{(pid=94812) _notify_loop /usr/local/lib/python3.8/dist-packages/neutron_lib/callbacks/manager.py:192}}
Sep 02 13:19:09.307689 n-d-806853-3 neutron-server[94812]: INFO neutron.wsgi [None req-22b74740-5786-4d22-8180-69eaa84d8f27 admin admin] 10.222.0.84 "DELETE /v2.0/subnets/e0ffca07-27f1-45de-8281-36821067cefc HTTP/1.1" status: 204 len: 168 time: 0.9549179
Sep 02 13:19:09.313405 n-d-806853-3 neutron-server[94812]: DEBUG neutron.api.v2.base [req-6933a400-1682-423b-b7db-6806fa0d2d89 req-30bf67bd-164c-4dfd-93a6-99aac4987133 tempest-DeleteServersAdminTestJSON-1262876436 tempest-DeleteServersAdminTestJSON-1262876436-project] Request body: {'port': {'device_id': '3944373a-3120-4373-b897-1b53bf3d5029', 'network_id': 'bdf2bb08-9e35-46aa-8948-32341a47e4ee', 'admin_state_up': True, 'tenant_id': 'a19f24932a8749f6927baf291354c278'}} {{(pid=94812) prepare_request_body /opt/stack/neutron/neutron/api/v2/base.py:730}}
Sep 02 13:19:09.318167 n-d-806853-3 neutron-server[94812]: DEBUG neutron.wsgi [-] (94812) accepted ('10.222.0.84', 34974) {{(pid=94812) server /usr/local/lib/python3.8/dist-packages/eventlet/wsgi.py:982}}
Sep 02 13:19:09.425659 n-d-806853-3 neutron-server[94813]: DEBUG neutron_lib.callbacks.manager [req-8e069887-ef27-46e5-b2f6-0a6356e02da7 req-0899b4a0-760f-43bc-babc-0d766507cb53 tempest-ServerDiagnosticsNegativeTest-2078853203 tempest-ServerDiagnosticsNegativeTest-2078853203-project] Notify callbacks [] for security_group, before_create {{(pid=94813) _notify_loop /usr/local/lib/python3.8/dist-packages/neutron_lib/callbacks/manager.py:192}}
Sep 02 13:19:09.486320 n-d-806853-3 neutron-server[94813]: DEBUG neutron_lib.callbacks.manager [None req-a955f671-42eb-4c4e-8645-beddb95d8a0a admin admin] Notify callbacks [] for security_group, before_delete {{(pid=94813) _notify_loop /usr/local/lib/python3.8/dist-packages/neutron_lib/callbacks/manager.py:192}}
Sep 02 13:19:09.546681 n-d-806853-3 neutron-server[94813]: DEBUG neutron_lib.callbacks.manager [None req-a955f671-42eb-4c4e-8645-beddb95d8a0a admin admin] Notify callbacks [] for security_group, precommit_delete {{(pid=94813) _notify_loop /usr/local/lib/python3.8/dist-packages/neutron_lib/callbacks/manager.py:192}}
Sep 02 13:19:09.642176 n-d-806853-3 neutron-server[94812]: DEBUG neutron_lib.callbacks.manager [None req-5f4b1f73-8d32-4f32-b87e-5ad36affa1f2 admin admin] Notify callbacks ['neutron.plugins.ml2.plugin.External_net_db_mixin._before_network_delete_handler-2024651'] for network, before_delete {{(pid=94812) _notify_loop /usr/local/lib/python3.8/dist-packages/neutron_lib/callbacks/manager.py:192}}
