Sep 02 13:19:25.973093 n-d-806853-3 neutron-server[94812]: DEBUG neutron.plugins.ml2.drivers.mech_agent [req-6f34fd10-9c2a-4398-b334-20e629db3af9 req-b0e4d431-ab96-4f4c-aa59-2de903420dc6 service neutron] Checking agent: {'id': '541e8889-58eb-4cf8-b837-e5ccb0a0a201', 'agent_type': 'HyperV agent', 'binary': 'neutron-hyperv-agent', 'topic': 'N/A', 'host': 'n-h1-806853-3', 'admin_state_up': True, 'created_at': datetime.datetime(2021, 9, 2, 13, 16, 8), 'started_at': datetime.datetime(2021, 9, 2, 13, 16, 8), 'heartbeat_timestamp': datetime.datetime(2021, 9, 2, 13, 19, 8), 'description': None, 'resources_synced': None, 'availability_zone': None, 'alive': True, 'configurations': {'vswitch_mappings': {'physnet1$': 'br-data'}}, 'resource_versions': {}} {{(pid=94812) bind_port /opt/stack/neutron/neutron/plugins/ml2/drivers/mech_agent.py:104}}
Sep 02 13:19:25.973093 n-d-806853-3 neutron-server[94812]: DEBUG neutron.plugins.ml2.drivers.mech_agent [req-6f34fd10-9c2a-4398-b334-20e629db3af9 req-b0e4d431-ab96-4f4c-aa59-2de903420dc6 service neutron] Checking segment: {'id': '1e3473f7-6d3d-473a-9463-9f59d32b3e9d', 'network_type': 'vlan', 'physical_network': 'physnet1', 'segmentation_id': 145, 'network_id': 'bdf2bb08-9e35-46aa-8948-32341a47e4ee'} for mappings: {'physnet1$': 'br-data'} with network types: ['local', 'flat', 'vlan'] {{(pid=94812) check_segment_for_agent /opt/stack/neutron/neutron/plugins/ml2/drivers/mech_agent.py:352}}
Sep 02 13:19:25.973428 n-d-806853-3 neutron-server[94812]: DEBUG neutron.plugins.ml2.drivers.mech_agent [req-6f34fd10-9c2a-4398-b334-20e629db3af9 req-b0e4d431-ab96-4f4c-aa59-2de903420dc6 service neutron] Bound using segment: {'id': '1e3473f7-6d3d-473a-9463-9f59d32b3e9d', 'network_type': 'vlan', 'physical_network': 'physnet1', 'segmentation_id': 145, 'network_id': 'bdf2bb08-9e35-46aa-8948-32341a47e4ee'} {{(pid=94812) bind_port /opt/stack/neutron/neutron/plugins/ml2/drivers/mech_agent.py:114}}
Sep 02 13:19:25.974360 n-d-806853-3 neutron-server[94812]: DEBUG neutron.plugins.ml2.managers [req-6f34fd10-9c2a-4398-b334-20e629db3af9 req-b0e4d431-ab96-4f4c-aa59-2de903420dc6 service neutron] Bound port: d9085167-7b62-48a5-8b37-3c463d6d4cf4, host: n-h1-806853-3, vif_type: hyperv, vif_details: {"connectivity": "legacy", "port_filter": false}, binding_levels: [{'bound_driver': 'hyperv', 'bound_segment': {'id': '1e3473f7-6d3d-473a-9463-9f59d32b3e9d', 'network_type': 'vlan', 'physical_network': 'physnet1', 'segmentation_id': 145, 'network_id': 'bdf2bb08-9e35-46aa-8948-32341a47e4ee'}}] {{(pid=94812) _bind_port_level /opt/stack/neutron/neutron/plugins/ml2/managers.py:928}}
Sep 02 13:19:25.974360 n-d-806853-3 neutron-server[94812]: DEBUG neutron_lib.callbacks.manager [req-6f34fd10-9c2a-4398-b334-20e629db3af9 req-b0e4d431-ab96-4f4c-aa59-2de903420dc6 service neutron] Notify callbacks ['neutron.plugins.ml2.plugin.SecurityGroupDbMixin._ensure_default_security_group_handler-2073702'] for port, before_update {{(pid=94812) _notify_loop /usr/local/lib/python3.8/dist-packages/neutron_lib/callbacks/manager.py:192}}
Sep 02 13:19:25.979508 n-d-806853-3 neutron-server[94813]: DEBUG neutron_lib.callbacks.manager [None req-16d9cae2-2a4f-4e51-9072-ad56f77318f4 admin admin] Notify callbacks ['neutron.plugins.ml2.ovo_rpc._ObjectChangeHandler.handle_event-577821', 'neutron.api.rpc.agentnotifiers.dhcp_rpc_agent_api.DhcpAgentNotifyAPI._native_event_send_dhcp_notification-529645'] for network, after_create {{(pid=94813) _notify_loop /usr/local/lib/python3.8/dist-packages/neutron_lib/callbacks/manager.py:192}}
Sep 02 13:19:25.981244 n-d-806853-3 neutron-server[94813]: DEBUG neutron.pecan_wsgi.hooks.policy_enforcement [None req-16d9cae2-2a4f-4e51-9072-ad56f77318f4 admin admin] Attributes excluded by policy engine: ['standard_attr_id', 'vlan_transparent'] {{(pid=94813) _exclude_attributes_by_policy /opt/stack/neutron/neutron/pecan_wsgi/hooks/policy_enforcement.py:255}}
Sep 02 13:19:25.982436 n-d-806853-3 neutron-server[94813]: DEBUG neutron_lib.callbacks.manager [None req-16d9cae2-2a4f-4e51-9072-ad56f77318f4 admin admin] Notify callbacks ['neutron.api.rpc.agentnotifiers.dhcp_rpc_agent_api.DhcpAgentNotifyAPI._send_dhcp_notification-529631'] for network, before_response {{(pid=94813) _notify_loop /usr/local/lib/python3.8/dist-packages/neutron_lib/callbacks/manager.py:192}}
Sep 02 13:19:26.007218 n-d-806853-3 neutron-server[94812]: DEBUG neutron.pecan_wsgi.hooks.policy_enforcement [req-721f458e-351b-43ce-8354-a4c717d9d506 req-14d57b26-d0dd-491d-b77d-6b100b696af0 tempest-DeleteServersAdminTestJSON-1262876436 tempest-DeleteServersAdminTestJSON-1262876436-project] Attributes excluded by policy engine: ['standard_attr_id', 'binding:profile', 'binding:host_id', 'binding:vif_type', 'binding:vif_details'] {{(pid=94812) _exclude_attributes_by_policy /opt/stack/neutron/neutron/pecan_wsgi/hooks/policy_enforcement.py:255}}
Sep 02 13:19:26.008831 n-d-806853-3 neutron-server[94812]: INFO neutron.wsgi [req-721f458e-351b-43ce-8354-a4c717d9d506 req-14d57b26-d0dd-491d-b77d-6b100b696af0 tempest-DeleteServersAdminTestJSON-1262876436 tempest-DeleteServersAdminTestJSON-1262876436-project] 10.222.0.84 "GET /v2.0/ports?device_id=3944373a-3120-4373-b897-1b53bf3d5029 HTTP/1.1" status: 200 len: 950 time: 0.4360793
Sep 02 13:19:26.086430 n-d-806853-3 neutron-server[94813]: DEBUG neutron.api.rpc.handlers.resources_rpc [None req-16d9cae2-2a4f-4e51-9072-ad56f77318f4 admin admin] Pushing event updated for resources: {'Network': ['ID=2121e38e-2da9-4185-9301-96154287472d,revision_number=1']} {{(pid=94813) push /opt/stack/neutron/neutron/api/rpc/handlers/resources_rpc.py:237}}
Sep 02 13:19:26.089392 n-d-806853-3 neutron-server[94812]: DEBUG neutron.pecan_wsgi.hooks.quota_enforcement [None req-e5f03fc1-820d-4b45-a7dc-a3c6f754ac26 admin admin] Made reservation on behalf of 0e3b7c7526dc4a1c81d6559855b7e506 for: {'network': 1} {{(pid=94812) before /opt/stack/neutron/neutron/pecan_wsgi/hooks/quota_enforcement.py:53}}
Sep 02 13:19:26.091334 n-d-806853-3 neutron-server[94812]: DEBUG neutron_lib.callbacks.manager [None req-e5f03fc1-820d-4b45-a7dc-a3c6f754ac26 admin admin] Notify callbacks ['neutron.plugins.ml2.plugin.SecurityGroupDbMixin._ensure_default_security_group_handler-2073702'] for network, before_create {{(pid=94812) _notify_loop /usr/local/lib/python3.8/dist-packages/neutron_lib/callbacks/manager.py:192}}
Sep 02 13:19:26.102167 n-d-806853-3 neutron-server[94813]: INFO neutron.wsgi [None req-16d9cae2-2a4f-4e51-9072-ad56f77318f4 admin admin] 10.222.0.84 "POST /v2.0/networks HTTP/1.1" status: 201 len: 887 time: 2.7119772
Sep 02 13:19:26.102423 n-d-806853-3 neutron-server[94814]: DEBUG neutron.plugins.ml2.rpc [None req-47e7714f-7b70-413b-9217-3a80b2fbf185 None None] Network 2121e38e-2da9-4185-9301-96154287472d details requested by agent ovs-agent-n-d-806853-3 with host n-d-806853-3 {{(pid=94814) get_network_details /opt/stack/neutron/neutron/plugins/ml2/rpc.py:248}}
Sep 02 13:19:26.103446 n-d-806853-3 neutron-server[94813]: DEBUG neutron.wsgi [-] (94813) accepted ('10.222.0.84', 35908) {{(pid=94813) server /usr/local/lib/python3.8/dist-packages/eventlet/wsgi.py:982}}
Sep 02 13:19:26.113659 n-d-806853-3 neutron-server[94813]: DEBUG neutron.api.v2.base [None req-d0ee1a66-18d9-42e9-ad70-8ea8a11bafe5 admin admin] Request body: {'subnet': {'network_id': '2121e38e-2da9-4185-9301-96154287472d', 'cidr': '172.20.0.0/28', 'name': 'tempest-ServersTestFqdnHostnames-115480867-subnet', 'tenant_id': 'e7d3b3b5aa224d30aadfe93370c0d23b', 'enable_dhcp': True, 'ip_version': 4}} {{(pid=94813) prepare_request_body /opt/stack/neutron/neutron/api/v2/base.py:730}}
Sep 02 13:19:26.155009 n-d-806853-3 neutron-server[94813]: DEBUG neutron.pecan_wsgi.hooks.quota_enforcement [None req-d0ee1a66-18d9-42e9-ad70-8ea8a11bafe5 admin admin] Made reservation on behalf of e7d3b3b5aa224d30aadfe93370c0d23b for: {'subnet': 1} {{(pid=94813) before /opt/stack/neutron/neutron/pecan_wsgi/hooks/quota_enforcement.py:53}}
Sep 02 13:19:26.155812 n-d-806853-3 neutron-server[94812]: DEBUG neutron_lib.callbacks.manager [None req-e5f03fc1-820d-4b45-a7dc-a3c6f754ac26 admin admin] Notify callbacks [] for security_group, before_create {{(pid=94812) _notify_loop /usr/local/lib/python3.8/dist-packages/neutron_lib/callbacks/manager.py:192}}
Sep 02 13:19:26.159657 n-d-806853-3 neutron-server[94813]: DEBUG neutron_lib.callbacks.manager [None req-d0ee1a66-18d9-42e9-ad70-8ea8a11bafe5 admin admin] Notify callbacks ['neutron.services.segments.plugin.SegmentHostRoutes.host_routes_before_create-4616265'] for subnet, before_create {{(pid=94813) _notify_loop /usr/local/lib/python3.8/dist-packages/neutron_lib/callbacks/manager.py:192}}
Sep 02 13:19:26.206739 n-d-806853-3 neutron-server[94812]: INFO neutron.wsgi [req-721f458e-351b-43ce-8354-a4c717d9d506 req-743710f7-20f0-4343-aefe-a686740ae452 tempest-DeleteServersAdminTestJSON-1262876436 tempest-DeleteServersAdminTestJSON-1262876436-project] 10.222.0.84 "GET /v2.0/security-groups?id=6e4ea1a2-e892-48ac-a723-2f6997062e37&fields=id&fields=name HTTP/1.1" status: 200 len: 286 time: 0.1871827
Sep 02 13:19:26.230847 n-d-806853-3 neutron-server[94812]: DEBUG neutron_lib.callbacks.manager [req-c6e16948-8a3a-44da-b19f-7728f22c405a req-3c73a6f4-b8a5-4b9c-a28e-4f97d94e32b3 tempest-ServersAdminTestJSON-430920274 tempest-ServersAdminTestJSON-430920274-project] Notify callbacks [] for port, precommit_create {{(pid=94812) _notify_loop /usr/local/lib/python3.8/dist-packages/neutron_lib/callbacks/manager.py:192}}
Sep 02 13:19:26.238111 n-d-806853-3 neutron-server[94812]: DEBUG neutron.plugins.ml2.db [req-6f34fd10-9c2a-4398-b334-20e629db3af9 req-b0e4d431-ab96-4f4c-aa59-2de903420dc6 service neutron] For port d9085167-7b62-48a5-8b37-3c463d6d4cf4, host n-h1-806853-3, cleared binding levels {{(pid=94812) clear_binding_levels /opt/stack/neutron/neutron/plugins/ml2/db.py:87}}
Sep 02 13:19:26.297517 n-d-806853-3 neutron-server[94812]: DEBUG neutron.plugins.ml2.db [req-6f34fd10-9c2a-4398-b334-20e629db3af9 req-b0e4d431-ab96-4f4c-aa59-2de903420dc6 service neutron] For port d9085167-7b62-48a5-8b37-3c463d6d4cf4, host n-h1-806853-3, set binding levels [PortBindingLevel(driver='hyperv',host='n-h1-806853-3',level=0,port_id=d9085167-7b62-48a5-8b37-3c463d6d4cf4,segment=NetworkSegment(1e3473f7-6d3d-473a-9463-9f59d32b3e9d),segment_id=1e3473f7-6d3d-473a-9463-9f59d32b3e9d)] {{(pid=94812) set_binding_levels /opt/stack/neutron/neutron/plugins/ml2/db.py:59}}
Sep 02 13:19:26.301280 n-d-806853-3 neutron-server[94812]: DEBUG neutron.db.provisioning_blocks [req-c6e16948-8a3a-44da-b19f-7728f22c405a req-3c73a6f4-b8a5-4b9c-a28e-4f97d94e32b3 tempest-ServersAdminTestJSON-430920274 tempest-ServersAdminTestJSON-430920274-project] Transition to ACTIVE for port object 5df9f34b-6273-4340-8379-04cf5294ce91 will not be triggered until provisioned by entity DHCP. {{(pid=94812) add_provisioning_component /opt/stack/neutron/neutron/db/provisioning_blocks.py:73}}
Sep 02 13:19:26.310651 n-d-806853-3 neutron-server[94812]: DEBUG neutron_lib.callbacks.manager [req-6f34fd10-9c2a-4398-b334-20e629db3af9 req-b0e4d431-ab96-4f4c-aa59-2de903420dc6 service neutron] Notify callbacks ['neutron.plugins.ml2.plugin.SecurityGroupServerNotifierRpcMixin._notify_sg_on_port_change-2079417', 'neutron.plugins.ml2.ovo_rpc._ObjectChangeHandler.handle_event-49488', 'neutron.api.rpc.agentnotifiers.dhcp_rpc_agent_api.DhcpAgentNotifyAPI._native_event_send_dhcp_notification-529645', 'neutron.db.l3_db.L3RpcNotifierMixin._notify_gateway_port_ip_changed-8786123806419', 'neutron.db.l3_dvrscheduler_db._notify_l3_agent_port_update-8786123381908', 'neutron.db.l3_hascheduler_db._notify_l3_agent_ha_port_update-8786123381926', 'neutron.services.segments.plugin.NovaSegmentNotifier._notify_port_updated-5678838'] for port, after_update {{(pid=94812) _notify_loop /usr/local/lib/python3.8/dist-packages/neutron_lib/callbacks/manager.py:192}}
Sep 02 13:19:26.409849 n-d-806853-3 neutron-server[94812]: DEBUG neutron.pecan_wsgi.hooks.policy_enforcement [req-6f34fd10-9c2a-4398-b334-20e629db3af9 req-b0e4d431-ab96-4f4c-aa59-2de903420dc6 service neutron] Attributes excluded by policy engine: ['standard_attr_id'] {{(pid=94812) _exclude_attributes_by_policy /opt/stack/neutron/neutron/pecan_wsgi/hooks/policy_enforcement.py:255}}
Sep 02 13:19:26.410485 n-d-806853-3 neutron-server[94812]: DEBUG neutron_lib.callbacks.manager [req-6f34fd10-9c2a-4398-b334-20e629db3af9 req-b0e4d431-ab96-4f4c-aa59-2de903420dc6 service neutron] Notify callbacks ['neutron.notifiers.nova.Notifier._send_nova_notification-196843'] for port, before_response {{(pid=94812) _notify_loop /usr/local/lib/python3.8/dist-packages/neutron_lib/callbacks/manager.py:192}}
Sep 02 13:19:26.412247 n-d-806853-3 neutron-server[94812]: INFO neutron.wsgi [req-6f34fd10-9c2a-4398-b334-20e629db3af9 req-b0e4d431-ab96-4f4c-aa59-2de903420dc6 service neutron] 10.222.0.78 "PUT /v2.0/ports/d9085167-7b62-48a5-8b37-3c463d6d4cf4 HTTP/1.1" status: 200 len: 1096 time: 2.1849408
Sep 02 13:19:26.412713 n-d-806853-3 neutron-server[94812]: DEBUG neutron.notifiers.nova [-] Sending events: [{'name': 'network-changed', 'server_uuid': '72e36f71-20a8-4389-af0d-3bf2b3f334dc', 'tag': 'd9085167-7b62-48a5-8b37-3c463d6d4cf4'}] {{(pid=94812) send_events /opt/stack/neutron/neutron/notifiers/nova.py:262}}
Sep 02 13:19:26.415011 n-d-806853-3 neutron-server[94812]: DEBUG novaclient.v2.client [-] REQ: curl -g -i --cacert "/opt/stack/data/ca-bundle.pem" -X POST http://10.222.0.84/compute/v2.1/os-server-external-events -H "Accept: application/json" -H "Content-Type: application/json" -H "User-Agent: python-novaclient" -H "X-Auth-Token: {SHA256}dda37945eb5090330d26c22aadd12d7afaafb2491d79b6477f4557ed007d521f" -H "X-OpenStack-Nova-API-Version: 2.1" -H "X-OpenStack-Request-ID: req-50797196-6dcb-4154-a5be-533f7d4d764a" -d '{"events": [{"name": "network-changed", "server_uuid": "72e36f71-20a8-4389-af0d-3bf2b3f334dc", "tag": "d9085167-7b62-48a5-8b37-3c463d6d4cf4"}]}' {{(pid=94812) _http_log_request /usr/local/lib/python3.8/dist-packages/keystoneauth1/session.py:519}}
Sep 02 13:19:26.451143 n-d-806853-3 neutron-server[94813]: DEBUG neutron_lib.callbacks.manager [None req-d0ee1a66-18d9-42e9-ad70-8ea8a11bafe5 admin admin] Notify callbacks ['neutron.plugins.ml2.ovo_rpc._ObjectChangeHandler.handle_event-577940', 'neutron.api.rpc.agentnotifiers.dhcp_rpc_agent_api.DhcpAgentNotifyAPI._native_event_send_dhcp_notification-529645', 'neutron.services.segments.plugin.NovaSegmentNotifier._notify_subnet_created-883603', 'neutron.services.segments.plugin.SegmentHostRoutes.host_routes_after_create-4616283'] for subnet, after_create {{(pid=94813) _notify_loop /usr/local/lib/python3.8/dist-packages/neutron_lib/callbacks/manager.py:192}}
Sep 02 13:19:26.511927 n-d-806853-3 neutron-server[94813]: DEBUG neutron.api.rpc.handlers.resources_rpc [None req-d0ee1a66-18d9-42e9-ad70-8ea8a11bafe5 admin admin] Pushing event updated for resources: {'Subnet': ['ID=ddd2a6f5-5fd4-41e8-8f48-73fee57d3047,revision_number=0']} {{(pid=94813) push /opt/stack/neutron/neutron/api/rpc/handlers/resources_rpc.py:237}}
Sep 02 13:19:26.543798 n-d-806853-3 neutron-server[94812]: DEBUG neutron.api.rpc.handlers.resources_rpc [None req-b0e4d431-ab96-4f4c-aa59-2de903420dc6 service neutron] Pushing event updated for resources: {'Port': ['ID=d9085167-7b62-48a5-8b37-3c463d6d4cf4,revision_number=3']} {{(pid=94812) push /opt/stack/neutron/neutron/api/rpc/handlers/resources_rpc.py:237}}
Sep 02 13:19:26.550616 n-d-806853-3 neutron-server[94812]: DEBUG neutron_lib.callbacks.manager [req-c6e16948-8a3a-44da-b19f-7728f22c405a req-3c73a6f4-b8a5-4b9c-a28e-4f97d94e32b3 tempest-ServersAdminTestJSON-430920274 tempest-ServersAdminTestJSON-430920274-project] Notify callbacks ['neutron.plugins.ml2.plugin.SecurityGroupServerNotifierRpcMixin._notify_sg_on_port_change-2079417', 'neutron.plugins.ml2.ovo_rpc._ObjectChangeHandler.handle_event-49488', 'neutron.api.rpc.agentnotifiers.dhcp_rpc_agent_api.DhcpAgentNotifyAPI._native_event_send_dhcp_notification-529645', 'neutron.db.l3_dvrscheduler_db._notify_l3_agent_new_port-8786123381890', 'neutron.services.segments.plugin.NovaSegmentNotifier._notify_port_created_or_deleted-5678735'] for port, after_create {{(pid=94812) _notify_loop /usr/local/lib/python3.8/dist-packages/neutron_lib/callbacks/manager.py:192}}
Sep 02 13:19:26.601132 n-d-806853-3 neutron-server[94813]: DEBUG neutron.plugins.ml2.drivers.mech_agent [None req-d0ee1a66-18d9-42e9-ad70-8ea8a11bafe5 admin admin] Checking segment: {'id': 'a169d7bb-34c4-4772-bde4-55b33500c91e', 'network_type': 'vlan', 'physical_network': 'physnet1', 'segmentation_id': 104, 'network_id': '2121e38e-2da9-4185-9301-96154287472d'} for mappings: {'physnet1': 'br-data'} with network types: ['local', 'flat', 'vlan'] {{(pid=94813) check_segment_for_agent /opt/stack/neutron/neutron/plugins/ml2/drivers/mech_agent.py:352}}
Sep 02 13:19:26.601480 n-d-806853-3 neutron-server[94813]: DEBUG neutron.scheduler.dhcp_agent_scheduler [None req-d0ee1a66-18d9-42e9-ad70-8ea8a11bafe5 admin admin] Network hostable DHCP agents. Network: 2121e38e-2da9-4185-9301-96154287472d, hostable agents: ['1cae8fd4-04bc-41b7-8b72-4805d7d06b82'], hosted agents: [] {{(pid=94813) _get_network_hostable_dhcp_agents /opt/stack/neutron/neutron/scheduler/dhcp_agent_scheduler.py:329}}
Sep 02 13:19:26.601769 n-d-806853-3 neutron-server[94812]: DEBUG neutron.pecan_wsgi.hooks.policy_enforcement [req-48e07dab-2475-4be1-b1e9-cce90ca3a8be req-f2add1bd-61e1-4845-8f1e-ee929a2edd4f tempest-MigrationsAdminTest-1813847399 tempest-MigrationsAdminTest-1813847399-project] Attributes excluded by policy engine: ['standard_attr_id', 'binding:profile', 'binding:host_id', 'binding:vif_type', 'binding:vif_details'] {{(pid=94812) _exclude_attributes_by_policy /opt/stack/neutron/neutron/pecan_wsgi/hooks/policy_enforcement.py:255}}
Sep 02 13:19:26.604484 n-d-806853-3 neutron-server[94812]: INFO neutron.wsgi [req-48e07dab-2475-4be1-b1e9-cce90ca3a8be req-f2add1bd-61e1-4845-8f1e-ee929a2edd4f tempest-MigrationsAdminTest-1813847399 tempest-MigrationsAdminTest-1813847399-project] 10.222.0.84 "GET /v2.0/ports?device_id=3a654f9f-c732-4d23-ae17-a6b3813ce16e HTTP/1.1" status: 200 len: 936 time: 0.2456234
Sep 02 13:19:26.634995 n-d-806853-3 neutron-server[94813]: DEBUG neutron.scheduler.dhcp_agent_scheduler [None req-d0ee1a66-18d9-42e9-ad70-8ea8a11bafe5 admin admin] Network 2121e38e-2da9-4185-9301-96154287472d is scheduled to be hosted by DHCP agent 1cae8fd4-04bc-41b7-8b72-4805d7d06b82 with binding_index 1 {{(pid=94813) bind /opt/stack/neutron/neutron/scheduler/dhcp_agent_scheduler.py:227}}
Sep 02 13:19:26.665176 n-d-806853-3 neutron-server[94813]: DEBUG neutron.scheduler.base_scheduler [None req-d0ee1a66-18d9-42e9-ad70-8ea8a11bafe5 admin admin] Resources bound (agent type, host, resource id): (DHCP agent, n-d-806853-3, 2121e38e-2da9-4185-9301-96154287472d) {{(pid=94813) schedule /opt/stack/neutron/neutron/scheduler/base_scheduler.py:57}}
Sep 02 13:19:26.678445 n-d-806853-3 neutron-server[94813]: DEBUG neutron.pecan_wsgi.hooks.policy_enforcement [None req-d0ee1a66-18d9-42e9-ad70-8ea8a11bafe5 admin admin] Attributes excluded by policy engine: ['standard_attr_id', 'shared', 'segment_id', 'network'] {{(pid=94813) _exclude_attributes_by_policy /opt/stack/neutron/neutron/pecan_wsgi/hooks/policy_enforcement.py:255}}
Sep 02 13:19:26.678987 n-d-806853-3 neutron-server[94813]: DEBUG neutron_lib.callbacks.manager [None req-d0ee1a66-18d9-42e9-ad70-8ea8a11bafe5 admin admin] Notify callbacks [] for subnet, before_response {{(pid=94813) _notify_loop /usr/local/lib/python3.8/dist-packages/neutron_lib/callbacks/manager.py:192}}
Sep 02 13:19:26.697923 n-d-806853-3 neutron-server[94814]: DEBUG neutron.api.rpc.handlers.dhcp_rpc [None req-0ceaa844-ac54-4c1a-9967-e24609572bfb None None] Network 2121e38e-2da9-4185-9301-96154287472d requested from n-d-806853-3 {{(pid=94814) get_network_info /opt/stack/neutron/neutron/api/rpc/handlers/dhcp_rpc.py:218}}
Sep 02 13:19:26.698865 n-d-806853-3 neutron-server[94812]: DEBUG neutron.pecan_wsgi.hooks.policy_enforcement [req-3707965d-3b5b-424e-aaf2-a004a88326b3 req-bd06322a-0e74-49a5-bbe0-4fbab8370cf3 tempest-ServerDiagnosticsNegativeTest-2078853203 tempest-ServerDiagnosticsNegativeTest-2078853203-project] Attributes excluded by policy engine: ['standard_attr_id', 'binding:profile', 'binding:host_id', 'binding:vif_type', 'binding:vif_details'] {{(pid=94812) _exclude_attributes_by_policy /opt/stack/neutron/neutron/pecan_wsgi/hooks/policy_enforcement.py:255}}
Sep 02 13:19:26.700173 n-d-806853-3 neutron-server[94812]: INFO neutron.wsgi [req-3707965d-3b5b-424e-aaf2-a004a88326b3 req-bd06322a-0e74-49a5-bbe0-4fbab8370cf3 tempest-ServerDiagnosticsNegativeTest-2078853203 tempest-ServerDiagnosticsNegativeTest-2078853203-project] 10.222.0.84 "GET /v2.0/ports?device_id=64f262a7-d5c4-4c75-8da0-4aa0e2d812cf HTTP/1.1" status: 200 len: 950 time: 0.2637661
Sep 02 13:19:26.709169 n-d-806853-3 neutron-server[94812]: DEBUG neutron.pecan_wsgi.hooks.policy_enforcement [req-6f34fd10-9c2a-4398-b334-20e629db3af9 req-007bf82e-3ec7-4651-8ce5-6037b623500f service neutron] Attributes excluded by policy engine: ['standard_attr_id'] {{(pid=94812) _exclude_attributes_by_policy /opt/stack/neutron/neutron/pecan_wsgi/hooks/policy_enforcement.py:255}}
Sep 02 13:19:26.710738 n-d-806853-3 neutron-server[94812]: INFO neutron.wsgi [req-6f34fd10-9c2a-4398-b334-20e629db3af9 req-007bf82e-3ec7-4651-8ce5-6037b623500f service neutron] 10.222.0.78 "GET /v2.0/ports?tenant_id=abd2ea2875f24813a6ac83f2cd343d93&device_id=72e36f71-20a8-4389-af0d-3bf2b3f334dc HTTP/1.1" status: 200 len: 1099 time: 0.2185879
Sep 02 13:19:26.712698 n-d-806853-3 neutron-server[94812]: DEBUG neutron_lib.callbacks.manager [None req-e5f03fc1-820d-4b45-a7dc-a3c6f754ac26 admin admin] Notify callbacks [] for security_group, precommit_create {{(pid=94812) _notify_loop /usr/local/lib/python3.8/dist-packages/neutron_lib/callbacks/manager.py:192}}
Sep 02 13:19:26.740058 n-d-806853-3 neutron-server[94812]: DEBUG neutron_lib.callbacks.manager [None req-e5f03fc1-820d-4b45-a7dc-a3c6f754ac26 admin admin] Notify callbacks ['neutron.plugins.ml2.ovo_rpc._ObjectChangeHandler.handle_event-584426'] for security_group, after_create {{(pid=94812) _notify_loop /usr/local/lib/python3.8/dist-packages/neutron_lib/callbacks/manager.py:192}}
Sep 02 13:19:26.751199 n-d-806853-3 neutron-server[94813]: INFO neutron.wsgi [None req-d0ee1a66-18d9-42e9-ad70-8ea8a11bafe5 admin admin] 10.222.0.84 "POST /v2.0/subnets HTTP/1.1" status: 201 len: 850 time: 0.6459579
Sep 02 13:19:26.751914 n-d-806853-3 neutron-server[94813]: DEBUG neutron.wsgi [-] (94813) accepted ('10.222.0.84', 35928) {{(pid=94813) server /usr/local/lib/python3.8/dist-packages/eventlet/wsgi.py:982}}
Sep 02 13:19:26.752265 n-d-806853-3 neutron-server[94812]: DEBUG neutron.scheduler.dhcp_agent_scheduler [req-c6e16948-8a3a-44da-b19f-7728f22c405a req-3c73a6f4-b8a5-4b9c-a28e-4f97d94e32b3 tempest-ServersAdminTestJSON-430920274 tempest-ServersAdminTestJSON-430920274-project] Network bdf2bb08-9e35-46aa-8948-32341a47e4ee is already hosted by enough agents. {{(pid=94812) _get_dhcp_agents_hosting_network /opt/stack/neutron/neutron/scheduler/dhcp_agent_scheduler.py:275}}
Sep 02 13:19:26.761008 n-d-806853-3 neutron-server[94813]: DEBUG neutron.api.v2.base [None req-d89a8cc1-3ba2-44d8-8c66-dbea01b960ba admin admin] Request body: {'router': {'name': 'tempest-ServersTestFqdnHostnames-115480867-router', 'tenant_id': 'e7d3b3b5aa224d30aadfe93370c0d23b', 'external_gateway_info': {'network_id': 'cf41c4b9-25ef-4027-9f55-0d9c6ba95977'}}} {{(pid=94813) prepare_request_body /opt/stack/neutron/neutron/api/v2/base.py:730}}
Sep 02 13:19:26.782537 n-d-806853-3 neutron-server[94813]: DEBUG neutron.notifiers.nova [req-7c7bca05-d715-4157-be4f-149b60f21236 req-8c4baba2-74a2-4c3c-b0f7-6c8ce0fc013a service neutron] Ignoring state change previous_port_status: DOWN current_port_status: DOWN port_id 739e41e9-99ec-4fc3-96c9-43e21d6d2d54 {{(pid=94813) record_port_status_changed /opt/stack/neutron/neutron/notifiers/nova.py:224}}
Sep 02 13:19:26.794055 n-d-806853-3 neutron-server[94813]: DEBUG neutron_lib.callbacks.manager [req-7c7bca05-d715-4157-be4f-149b60f21236 req-8c4baba2-74a2-4c3c-b0f7-6c8ce0fc013a service neutron] Notify callbacks [] for port, precommit_update {{(pid=94813) _notify_loop /usr/local/lib/python3.8/dist-packages/neutron_lib/callbacks/manager.py:192}}
Sep 02 13:19:26.804103 n-d-806853-3 neutron-server[94812]: DEBUG neutron.scheduler.base_scheduler [req-c6e16948-8a3a-44da-b19f-7728f22c405a req-3c73a6f4-b8a5-4b9c-a28e-4f97d94e32b3 tempest-ServersAdminTestJSON-430920274 tempest-ServersAdminTestJSON-430920274-project] Resources bound (agent type, host, resource id): {{(pid=94812) schedule /opt/stack/neutron/neutron/scheduler/base_scheduler.py:57}}
Sep 02 13:19:26.806825 n-d-806853-3 neutron-server[94813]: DEBUG neutron_lib.callbacks.manager [None req-d89a8cc1-3ba2-44d8-8c66-dbea01b960ba admin admin] Notify callbacks ['neutron.services.l3_router.l3_router_plugin.L3_HA_NAT_db_mixin._before_router_create_handler-658900', 'neutron.services.l3_router.service_providers.driver_controller.DriverController._check_router_request-130684'] for router, before_create {{(pid=94813) _notify_loop /usr/local/lib/python3.8/dist-packages/neutron_lib/callbacks/manager.py:192}}
Sep 02 13:19:26.808060 n-d-806853-3 neutron-server[94813]: DEBUG neutron_lib.callbacks.manager [None req-d89a8cc1-3ba2-44d8-8c66-dbea01b960ba admin admin] Notify callbacks ['neutron.services.l3_router.l3_router_plugin.L3_HA_NAT_db_mixin._precommit_router_create-668484', 'neutron.services.l3_router.l3_router_plugin.DVRResourceOperationHandler._set_distributed_flag-669396', 'neutron.services.l3_router.l3_router_plugin.RouterAvailabilityZoneMixin._process_az_request-711032', 'neutron.services.l3_router.service_providers.driver_controller.DriverController._set_router_provider-130675'] for router, precommit_create {{(pid=94813) _notify_loop /usr/local/lib/python3.8/dist-packages/neutron_lib/callbacks/manager.py:192}}
Sep 02 13:19:26.822632 n-d-806853-3 neutron-server[94812]: INFO neutron.wsgi [req-6f34fd10-9c2a-4398-b334-20e629db3af9 req-01421d56-38ea-4ab1-8d48-a4531a0c2adc service neutron] 10.222.0.78 "GET /v2.0/floatingips?fixed_ip_address=192.168.233.166&port_id=d9085167-7b62-48a5-8b37-3c463d6d4cf4 HTTP/1.1" status: 200 len: 217 time: 0.0988255
Sep 02 13:19:26.830350 n-d-806853-3 neutron-server[94812]: DEBUG neutron.api.rpc.handlers.resources_rpc [None req-3c73a6f4-b8a5-4b9c-a28e-4f97d94e32b3 tempest-ServersAdminTestJSON-430920274 tempest-ServersAdminTestJSON-430920274-project] Pushing event updated for resources: {'Port': ['ID=5df9f34b-6273-4340-8379-04cf5294ce91,revision_number=1']} {{(pid=94812) push /opt/stack/neutron/neutron/api/rpc/handlers/resources_rpc.py:237}}
Sep 02 13:19:26.841077 n-d-806853-3 neutron-server[94813]: DEBUG neutron.db.provisioning_blocks [req-7c7bca05-d715-4157-be4f-149b60f21236 req-8c4baba2-74a2-4c3c-b0f7-6c8ce0fc013a service neutron] Transition to ACTIVE for port object 739e41e9-99ec-4fc3-96c9-43e21d6d2d54 will not be triggered until provisioned by entity L2. {{(pid=94813) add_provisioning_component /opt/stack/neutron/neutron/db/provisioning_blocks.py:73}}
Sep 02 13:19:26.873099 n-d-806853-3 neutron-server[94813]: DEBUG neutron_lib.callbacks.manager [req-7c7bca05-d715-4157-be4f-149b60f21236 req-8c4baba2-74a2-4c3c-b0f7-6c8ce0fc013a service neutron] Notify callbacks ['neutron.plugins.ml2.plugin.SecurityGroupServerNotifierRpcMixin._notify_sg_on_port_change-2079417', 'neutron.plugins.ml2.ovo_rpc._ObjectChangeHandler.handle_event-49488', 'neutron.api.rpc.agentnotifiers.dhcp_rpc_agent_api.DhcpAgentNotifyAPI._native_event_send_dhcp_notification-529645', 'neutron.db.l3_db.L3RpcNotifierMixin._notify_gateway_port_ip_changed-8786123806419', 'neutron.db.l3_dvrscheduler_db._notify_l3_agent_port_update-8786123381908', 'neutron.db.l3_hascheduler_db._notify_l3_agent_ha_port_update-8786123381926', 'neutron.services.segments.plugin.NovaSegmentNotifier._notify_port_updated-883486'] for port, after_update {{(pid=94813) _notify_loop /usr/local/lib/python3.8/dist-packages/neutron_lib/callbacks/manager.py:192}}
Sep 02 13:19:26.902196 n-d-806853-3 neutron-server[94812]: DEBUG neutron.db.l3_dvrscheduler_db [req-c6e16948-8a3a-44da-b19f-7728f22c405a req-3c73a6f4-b8a5-4b9c-a28e-4f97d94e32b3 tempest-ServersAdminTestJSON-430920274 tempest-ServersAdminTestJSON-430920274-project] Received port after_create {{(pid=94812) _notify_l3_agent_new_port /opt/stack/neutron/neutron/db/l3_dvrscheduler_db.py:535}}
Sep 02 13:19:26.909165 n-d-806853-3 neutron-server[94812]: DEBUG neutron.plugins.ml2.drivers.helpers [None req-e5f03fc1-820d-4b45-a7dc-a3c6f754ac26 admin admin] vlan segment allocate from pool success with {'physical_network': 'physnet1', 'vlan_id': 136} {{(pid=94812) allocate_partially_specified_segment /opt/stack/neutron/neutron/plugins/ml2/drivers/helpers.py:153}}
Sep 02 13:19:26.917468 n-d-806853-3 neutron-server[94814]: DEBUG neutron.api.rpc.handlers.dhcp_rpc [None req-c4dd8c74-ee1b-4ff5-aeb3-45be74bb6c15 None None] Create dhcp port {'port': {'name': '', 'admin_state_up': True, 'device_id': 'dhcp14132c31-8b61-57a7-8974-a678bc4ae7bd-2121e38e-2da9-4185-9301-96154287472d', 'network_id': '2121e38e-2da9-4185-9301-96154287472d', 'tenant_id': 'e7d3b3b5aa224d30aadfe93370c0d23b', 'fixed_ips': [{'subnet_id': 'ddd2a6f5-5fd4-41e8-8f48-73fee57d3047'}]}} from n-d-806853-3. {{(pid=94814) create_dhcp_port /opt/stack/neutron/neutron/api/rpc/handlers/dhcp_rpc.py:285}}
Sep 02 13:19:26.918416 n-d-806853-3 neutron-server[94814]: DEBUG neutron_lib.callbacks.manager [None req-c4dd8c74-ee1b-4ff5-aeb3-45be74bb6c15 None None] Notify callbacks ['neutron.plugins.ml2.plugin.SecurityGroupDbMixin._ensure_default_security_group_handler-2073702'] for port, before_create {{(pid=94814) _notify_loop /usr/local/lib/python3.8/dist-packages/neutron_lib/callbacks/manager.py:192}}
Sep 02 13:19:26.936092 n-d-806853-3 neutron-server[94813]: DEBUG neutron_lib.callbacks.manager [None req-d89a8cc1-3ba2-44d8-8c66-dbea01b960ba admin admin] Notify callbacks [] for router_controller, precommit_add_association {{(pid=94813) _notify_loop /usr/local/lib/python3.8/dist-packages/neutron_lib/callbacks/manager.py:192}}
Sep 02 13:19:26.938107 n-d-806853-3 neutron-server[94813]: DEBUG neutron.api.rpc.handlers.resources_rpc [None req-8c4baba2-74a2-4c3c-b0f7-6c8ce0fc013a service neutron] Pushing event updated for resources: {'Port': ['ID=739e41e9-99ec-4fc3-96c9-43e21d6d2d54,revision_number=2']} {{(pid=94813) push /opt/stack/neutron/neutron/api/rpc/handlers/resources_rpc.py:237}}
Sep 02 13:19:26.960163 n-d-806853-3 neutron-server[94812]: INFO neutron.wsgi [req-3707965d-3b5b-424e-aaf2-a004a88326b3 req-d6338fa5-10d3-467c-99de-cca73a76f8e3 tempest-ServerDiagnosticsNegativeTest-2078853203 tempest-ServerDiagnosticsNegativeTest-2078853203-project] 10.222.0.84 "GET /v2.0/security-groups?id=0684b82b-3fbf-4f4d-a660-98d98af427ec&fields=id&fields=name HTTP/1.1" status: 200 len: 286 time: 0.2448800
Sep 02 13:19:27.009088 n-d-806853-3 neutron-server[94812]: INFO neutron.wsgi [req-48e07dab-2475-4be1-b1e9-cce90ca3a8be req-cb8958d5-6394-41a6-a706-71ad6a2830e8 tempest-MigrationsAdminTest-1813847399 tempest-MigrationsAdminTest-1813847399-project] 10.222.0.84 "GET /v2.0/security-groups?id=e7b7e87f-cab4-49d8-b7c7-718915727264&fields=id&fields=name HTTP/1.1" status: 200 len: 286 time: 0.3875420
Sep 02 13:19:27.039966 n-d-806853-3 neutron-server[94812]: DEBUG neutron_lib.callbacks.manager [None req-e5f03fc1-820d-4b45-a7dc-a3c6f754ac26 admin admin] Notify callbacks ['neutron.plugins.ml2.plugin.Ml2Plugin._handle_segment_change-1942668'] for segment, precommit_create {{(pid=94812) _notify_loop /usr/local/lib/python3.8/dist-packages/neutron_lib/callbacks/manager.py:192}}
Sep 02 13:19:27.041091 n-d-806853-3 neutron-server[94812]: INFO neutron.db.segments_db [None req-e5f03fc1-820d-4b45-a7dc-a3c6f754ac26 admin admin] Added segment e59d03a2-838e-401d-bc06-1aa374671b77 of type vlan for network b411ed4f-a735-4982-b462-f3913661c592
Sep 02 13:19:27.067154 n-d-806853-3 neutron-server[94812]: DEBUG neutron.api.rpc.handlers.resources_rpc [None req-e5f03fc1-820d-4b45-a7dc-a3c6f754ac26 admin admin] Pushing event updated for resources: {'SecurityGroup': ['ID=15bd9fcd-061d-4adf-839a-94bb90aac725,revision_number=1']} {{(pid=94812) push /opt/stack/neutron/neutron/api/rpc/handlers/resources_rpc.py:237}}
Sep 02 13:19:27.102100 n-d-806853-3 neutron-server[94812]: DEBUG neutron.pecan_wsgi.hooks.policy_enforcement [req-6f34fd10-9c2a-4398-b334-20e629db3af9 req-4324e2bb-ee1e-42bf-b0a2-f3ebe83c5721 service neutron] Attributes excluded by policy engine: ['standard_attr_id', 'shared', 'segment_id'] {{(pid=94812) _exclude_attributes_by_policy /opt/stack/neutron/neutron/pecan_wsgi/hooks/policy_enforcement.py:255}}
Sep 02 13:19:27.104583 n-d-806853-3 neutron-server[94812]: INFO neutron.wsgi [req-6f34fd10-9c2a-4398-b334-20e629db3af9 req-4324e2bb-ee1e-42bf-b0a2-f3ebe83c5721 service neutron] 10.222.0.78 "GET /v2.0/subnets?id=53b9f35b-7b3c-4aca-9ab4-2bf3413113f4 HTTP/1.1" status: 200 len: 843 time: 0.2541196
Sep 02 13:19:27.138752 n-d-806853-3 neutron-server[94812]: DEBUG neutron_lib.callbacks.manager [None req-e5f03fc1-820d-4b45-a7dc-a3c6f754ac26 admin admin] Notify callbacks ['neutron.services.auto_allocate.db._ensure_external_network_default_value_callback-8786123372261'] for network, precommit_create {{(pid=94812) _notify_loop /usr/local/lib/python3.8/dist-packages/neutron_lib/callbacks/manager.py:192}}
Sep 02 13:19:27.155185 n-d-806853-3 neutron-server[94812]: DEBUG neutron.pecan_wsgi.hooks.policy_enforcement [req-c6e16948-8a3a-44da-b19f-7728f22c405a req-3c73a6f4-b8a5-4b9c-a28e-4f97d94e32b3 tempest-ServersAdminTestJSON-430920274 tempest-ServersAdminTestJSON-430920274-project] Attributes excluded by policy engine: ['standard_attr_id', 'binding:profile', 'binding:host_id', 'binding:vif_type', 'binding:vif_details', 'network'] {{(pid=94812) _exclude_attributes_by_policy /opt/stack/neutron/neutron/pecan_wsgi/hooks/policy_enforcement.py:255}}
Sep 02 13:19:27.156105 n-d-806853-3 neutron-server[94812]: DEBUG neutron_lib.callbacks.manager [req-c6e16948-8a3a-44da-b19f-7728f22c405a req-3c73a6f4-b8a5-4b9c-a28e-4f97d94e32b3 tempest-ServersAdminTestJSON-430920274 tempest-ServersAdminTestJSON-430920274-project] Notify callbacks ['neutron.notifiers.nova.Notifier._send_nova_notification-196843'] for port, before_response {{(pid=94812) _notify_loop /usr/local/lib/python3.8/dist-packages/neutron_lib/callbacks/manager.py:192}}
Sep 02 13:19:27.172998 n-d-806853-3 neutron-server[94813]: DEBUG neutron_lib.callbacks.manager [None req-d89a8cc1-3ba2-44d8-8c66-dbea01b960ba admin admin] Notify callbacks [] for router_gateway, precommit_update {{(pid=94813) _notify_loop /usr/local/lib/python3.8/dist-packages/neutron_lib/callbacks/manager.py:192}}
Sep 02 13:19:27.242446 n-d-806853-3 neutron-server[94814]: DEBUG neutron.db.db_base_plugin_common [None req-c4dd8c74-ee1b-4ff5-aeb3-45be74bb6c15 None None] Allocated IP 172.20.0.2 (2121e38e-2da9-4185-9301-96154287472d/ddd2a6f5-5fd4-41e8-8f48-73fee57d3047/2f915b09-981e-47be-8cff-93b59d5e7066) {{(pid=94814) _store_ip_allocation /opt/stack/neutron/neutron/db/db_base_plugin_common.py:131}}
Sep 02 13:19:27.251473 n-d-806853-3 neutron-server[94812]: INFO neutron.wsgi [req-c6e16948-8a3a-44da-b19f-7728f22c405a req-3c73a6f4-b8a5-4b9c-a28e-4f97d94e32b3 tempest-ServersAdminTestJSON-430920274 tempest-ServersAdminTestJSON-430920274-project] 10.222.0.78 "POST /v2.0/ports HTTP/1.1" status: 201 len: 938 time: 3.1225917
Sep 02 13:19:27.269447 n-d-806853-3 neutron-server[94812]: DEBUG neutron.api.v2.base [req-c6e16948-8a3a-44da-b19f-7728f22c405a req-69c61e59-75f7-4660-9c6d-922f12996838 service neutron] Request body: {'port': {'device_id': '1f3a5628-ae63-4a64-b8de-a1c362921867', 'device_owner': 'compute:nova', 'binding:host_id': 'n-h1-806853-3'}} {{(pid=94812) prepare_request_body /opt/stack/neutron/neutron/api/v2/base.py:730}}
Sep 02 13:19:27.312480 n-d-806853-3 neutron-server[94812]: DEBUG neutron_lib.callbacks.manager [None req-e5f03fc1-820d-4b45-a7dc-a3c6f754ac26 admin admin] Notify callbacks ['neutron.plugins.ml2.ovo_rpc._ObjectChangeHandler.handle_event-577821', 'neutron.api.rpc.agentnotifiers.dhcp_rpc_agent_api.DhcpAgentNotifyAPI._native_event_send_dhcp_notification-529645'] for network, after_create {{(pid=94812) _notify_loop /usr/local/lib/python3.8/dist-packages/neutron_lib/callbacks/manager.py:192}}
Sep 02 13:19:27.313920 n-d-806853-3 neutron-server[94812]: DEBUG neutron.pecan_wsgi.hooks.policy_enforcement [None req-e5f03fc1-820d-4b45-a7dc-a3c6f754ac26 admin admin] Attributes excluded by policy engine: ['standard_attr_id', 'vlan_transparent'] {{(pid=94812) _exclude_attributes_by_policy /opt/stack/neutron/neutron/pecan_wsgi/hooks/policy_enforcement.py:255}}
Sep 02 13:19:27.315368 n-d-806853-3 neutron-server[94812]: DEBUG neutron_lib.callbacks.manager [None req-e5f03fc1-820d-4b45-a7dc-a3c6f754ac26 admin admin] Notify callbacks ['neutron.api.rpc.agentnotifiers.dhcp_rpc_agent_api.DhcpAgentNotifyAPI._send_dhcp_notification-529631'] for network, before_response {{(pid=94812) _notify_loop /usr/local/lib/python3.8/dist-packages/neutron_lib/callbacks/manager.py:192}}
Sep 02 13:19:27.343060 n-d-806853-3 neutron-server[94812]: DEBUG neutron.pecan_wsgi.hooks.policy_enforcement [req-6f34fd10-9c2a-4398-b334-20e629db3af9 req-968f303e-7b03-4753-a1f0-feb4af455e12 service neutron] Attributes excluded by policy engine: ['standard_attr_id'] {{(pid=94812) _exclude_attributes_by_policy /opt/stack/neutron/neutron/pecan_wsgi/hooks/policy_enforcement.py:255}}
Sep 02 13:19:27.347206 n-d-806853-3 neutron-server[94812]: INFO neutron.wsgi [req-6f34fd10-9c2a-4398-b334-20e629db3af9 req-968f303e-7b03-4753-a1f0-feb4af455e12 service neutron] 10.222.0.78 "GET /v2.0/ports?network_id=bdf2bb08-9e35-46aa-8948-32341a47e4ee&device_owner=network%3Adhcp HTTP/1.1" status: 200 len: 1166 time: 0.2282944
Sep 02 13:19:27.391399 n-d-806853-3 neutron-server[94814]: DEBUG neutron.db.provisioning_blocks [None req-d1183b2d-a9f3-4901-95f2-af102fd6965e None None] Provisioning for port 5df9f34b-6273-4340-8379-04cf5294ce91 completed by entity DHCP. {{(pid=94814) provisioning_complete /opt/stack/neutron/neutron/db/provisioning_blocks.py:133}}
Sep 02 13:19:27.406150 n-d-806853-3 neutron-server[94814]: DEBUG neutron.db.provisioning_blocks [None req-d1183b2d-a9f3-4901-95f2-af102fd6965e None None] Provisioning complete for port 5df9f34b-6273-4340-8379-04cf5294ce91 triggered by entity DHCP. {{(pid=94814) provisioning_complete /opt/stack/neutron/neutron/db/provisioning_blocks.py:139}}
Sep 02 13:19:27.407300 n-d-806853-3 neutron-server[94814]: DEBUG neutron_lib.callbacks.manager [None req-d1183b2d-a9f3-4901-95f2-af102fd6965e None None] Notify callbacks ['neutron.plugins.ml2.plugin.Ml2Plugin._port_provisioned-1924373'] for port, provisioning_complete {{(pid=94814) _notify_loop /usr/local/lib/python3.8/dist-packages/neutron_lib/callbacks/manager.py:192}}
Sep 02 13:19:27.460031 n-d-806853-3 neutron-server[94814]: DEBUG neutron.plugins.ml2.plugin [None req-d1183b2d-a9f3-4901-95f2-af102fd6965e None None] Port 5df9f34b-6273-4340-8379-04cf5294ce91 cannot update to ACTIVE because it is not bound. {{(pid=94814) _port_provisioned /opt/stack/neutron/neutron/plugins/ml2/plugin.py:337}}
Sep 02 13:19:27.464433 n-d-806853-3 neutron-server[94813]: DEBUG neutron.plugins.ml2.managers [req-7c7bca05-d715-4157-be4f-149b60f21236 req-8c4baba2-74a2-4c3c-b0f7-6c8ce0fc013a service neutron] Attempting to bind port 739e41e9-99ec-4fc3-96c9-43e21d6d2d54 on host n-h1-806853-3 for vnic_type normal with profile {{(pid=94813) bind_port /opt/stack/neutron/neutron/plugins/ml2/managers.py:790}}
Sep 02 13:19:27.464777 n-d-806853-3 neutron-server[94813]: DEBUG neutron.plugins.ml2.managers [req-7c7bca05-d715-4157-be4f-149b60f21236 req-8c4baba2-74a2-4c3c-b0f7-6c8ce0fc013a service neutron] Attempting to bind port 739e41e9-99ec-4fc3-96c9-43e21d6d2d54 by drivers openvswitch,hyperv on host n-h1-806853-3 at level 0 using segments [{'id': '1e3473f7-6d3d-473a-9463-9f59d32b3e9d', 'network_type': 'vlan', 'physical_network': 'physnet1', 'segmentation_id': 145, 'network_id': 'bdf2bb08-9e35-46aa-8948-32341a47e4ee'}] {{(pid=94813) _bind_port_level /opt/stack/neutron/neutron/plugins/ml2/managers.py:815}}
Sep 02 13:19:27.465108 n-d-806853-3 neutron-server[94813]: DEBUG neutron.plugins.ml2.drivers.mech_agent [req-7c7bca05-d715-4157-be4f-149b60f21236 req-8c4baba2-74a2-4c3c-b0f7-6c8ce0fc013a service neutron] Attempting to bind port 739e41e9-99ec-4fc3-96c9-43e21d6d2d54 on network bdf2bb08-9e35-46aa-8948-32341a47e4ee {{(pid=94813) bind_port /opt/stack/neutron/neutron/plugins/ml2/drivers/mech_agent.py:85}}
Sep 02 13:19:27.486361 n-d-806853-3 neutron-server[94812]: INFO neutron.wsgi [None req-e5f03fc1-820d-4b45-a7dc-a3c6f754ac26 admin admin] 10.222.0.84 "POST /v2.0/networks HTTP/1.1" status: 201 len: 897 time: 1.8606420
Sep 02 13:19:27.495830 n-d-806853-3 neutron-server[94812]: DEBUG neutron.wsgi [-] (94812) accepted ('10.222.0.84', 35940) {{(pid=94812) server /usr/local/lib/python3.8/dist-packages/eventlet/wsgi.py:982}}
Sep 02 13:19:27.496160 n-d-806853-3 neutron-server[94813]: DEBUG neutron.plugins.ml2.drivers.mech_agent [req-7c7bca05-d715-4157-be4f-149b60f21236 req-8c4baba2-74a2-4c3c-b0f7-6c8ce0fc013a service neutron] Port 739e41e9-99ec-4fc3-96c9-43e21d6d2d54 on network bdf2bb08-9e35-46aa-8948-32341a47e4ee not bound, no agent of type Open vSwitch agent registered on host n-h1-806853-3 {{(pid=94813) bind_port /opt/stack/neutron/neutron/plugins/ml2/drivers/mech_agent.py:97}}
Sep 02 13:19:27.496698 n-d-806853-3 neutron-server[94813]: DEBUG neutron.plugins.ml2.drivers.mech_agent [req-7c7bca05-d715-4157-be4f-149b60f21236 req-8c4baba2-74a2-4c3c-b0f7-6c8ce0fc013a service neutron] Attempting to bind port 739e41e9-99ec-4fc3-96c9-43e21d6d2d54 on network bdf2bb08-9e35-46aa-8948-32341a47e4ee {{(pid=94813) bind_port /opt/stack/neutron/neutron/plugins/ml2/drivers/mech_agent.py:85}}
Sep 02 13:19:27.513991 n-d-806853-3 neutron-server[94812]: DEBUG neutron.pecan_wsgi.hooks.policy_enforcement [req-3d45ccff-4e3c-4e5c-a5ed-7c2dc9554a44 req-8adc83fe-1721-4b90-90cf-97dad94852dc tempest-ServersAdminTestJSON-430920274 tempest-ServersAdminTestJSON-430920274-project] Attributes excluded by policy engine: ['standard_attr_id', 'binding:profile', 'binding:host_id', 'binding:vif_type', 'binding:vif_details'] {{(pid=94812) _exclude_attributes_by_policy /opt/stack/neutron/neutron/pecan_wsgi/hooks/policy_enforcement.py:255}}
Sep 02 13:19:27.524157 n-d-806853-3 neutron-server[94812]: INFO neutron.wsgi [req-3d45ccff-4e3c-4e5c-a5ed-7c2dc9554a44 req-8adc83fe-1721-4b90-90cf-97dad94852dc tempest-ServersAdminTestJSON-430920274 tempest-ServersAdminTestJSON-430920274-project] 10.222.0.84 "GET /v2.0/ports?device_id=1f3a5628-ae63-4a64-b8de-a1c362921867 HTTP/1.1" status: 200 len: 936 time: 0.3456879
Sep 02 13:19:27.530375 n-d-806853-3 neutron-server[94812]: DEBUG neutron.api.v2.base [None req-8ac41543-a817-4884-895c-ac8469e82d3b admin admin] Request body: {'subnet': {'network_id': 'b411ed4f-a735-4982-b462-f3913661c592', 'cidr': '172.20.0.0/28', 'name': 'tempest-ServersWithSpecificFlavorTestJSON-2080339289-subnet', 'tenant_id': '0e3b7c7526dc4a1c81d6559855b7e506', 'enable_dhcp': True, 'ip_version': 4}} {{(pid=94812) prepare_request_body /opt/stack/neutron/neutron/api/v2/base.py:730}}
Sep 02 13:19:27.600737 n-d-806853-3 neutron-server[94814]: DEBUG neutron_lib.callbacks.manager [None req-c4dd8c74-ee1b-4ff5-aeb3-45be74bb6c15 None None] Notify callbacks [] for port, precommit_create {{(pid=94814) _notify_loop /usr/local/lib/python3.8/dist-packages/neutron_lib/callbacks/manager.py:192}}
Sep 02 13:19:27.614382 n-d-806853-3 neutron-server[94814]: DEBUG neutron.db.provisioning_blocks [None req-c4dd8c74-ee1b-4ff5-aeb3-45be74bb6c15 None None] Transition to ACTIVE for port object 2f915b09-981e-47be-8cff-93b59d5e7066 will not be triggered until provisioned by entity L2. {{(pid=94814) add_provisioning_component /opt/stack/neutron/neutron/db/provisioning_blocks.py:73}}
Sep 02 13:19:27.635929 n-d-806853-3 neutron-server[94812]: DEBUG neutron_lib.callbacks.manager [req-c6e16948-8a3a-44da-b19f-7728f22c405a req-69c61e59-75f7-4660-9c6d-922f12996838 service neutron] Notify callbacks ['neutron.plugins.ml2.plugin.SecurityGroupDbMixin._ensure_default_security_group_handler-2073702'] for port, before_update {{(pid=94812) _notify_loop /usr/local/lib/python3.8/dist-packages/neutron_lib/callbacks/manager.py:192}}
Sep 02 13:19:27.642393 n-d-806853-3 neutron-server[94814]: DEBUG neutron.db.provisioning_blocks [None req-c4dd8c74-ee1b-4ff5-aeb3-45be74bb6c15 None None] Transition to ACTIVE for port object 2f915b09-981e-47be-8cff-93b59d5e7066 will not be triggered until provisioned by entity DHCP. {{(pid=94814) add_provisioning_component /opt/stack/neutron/neutron/db/provisioning_blocks.py:73}}
Sep 02 13:19:27.660832 n-d-806853-3 neutron-server[94814]: DEBUG neutron_lib.callbacks.manager [None req-c4dd8c74-ee1b-4ff5-aeb3-45be74bb6c15 None None] Notify callbacks ['neutron.plugins.ml2.plugin.SecurityGroupServerNotifierRpcMixin._notify_sg_on_port_change-2079417', 'neutron.plugins.ml2.ovo_rpc._ObjectChangeHandler.handle_event-49488', 'neutron.api.rpc.agentnotifiers.dhcp_rpc_agent_api.DhcpAgentNotifyAPI._native_event_send_dhcp_notification-529645', 'neutron.db.l3_dvrscheduler_db._notify_l3_agent_new_port-8786123381890'] for port, after_create {{(pid=94814) _notify_loop /usr/local/lib/python3.8/dist-packages/neutron_lib/callbacks/manager.py:192}}
Sep 02 13:19:27.683034 n-d-806853-3 neutron-server[94812]: DEBUG novaclient.v2.client [-] RESP: [200] Connection: close Content-Length: 179 Content-Type: application/json Date: Thu, 02 Sep 2021 13:19:26 GMT OpenStack-API-Version: compute 2.1 Server: Apache/2.4.41 (Ubuntu) Vary: OpenStack-API-Version,X-OpenStack-Nova-API-Version X-OpenStack-Nova-API-Version: 2.1 x-compute-request-id: req-22f64900-f558-4858-b1ad-7e3096e33ca9 x-openstack-request-id: req-22f64900-f558-4858-b1ad-7e3096e33ca9 {{(pid=94812) _http_log_response /usr/local/lib/python3.8/dist-packages/keystoneauth1/session.py:550}}
Sep 02 13:19:27.683418 n-d-806853-3 neutron-server[94812]: DEBUG novaclient.v2.client [-] RESP BODY: {"events": [{"name": "network-changed", "server_uuid": "72e36f71-20a8-4389-af0d-3bf2b3f334dc", "tag": "d9085167-7b62-48a5-8b37-3c463d6d4cf4", "status": "completed", "code": 200}]} {{(pid=94812) _http_log_response /usr/local/lib/python3.8/dist-packages/keystoneauth1/session.py:582}}
Sep 02 13:19:27.683649 n-d-806853-3 neutron-server[94812]: DEBUG novaclient.v2.client [-] POST call to compute for http://10.222.0.84/compute/v2.1/os-server-external-events used request id req-22f64900-f558-4858-b1ad-7e3096e33ca9 {{(pid=94812) request /usr/local/lib/python3.8/dist-packages/keystoneauth1/session.py:954}}
Sep 02 13:19:27.683996 n-d-806853-3 neutron-server[94812]: INFO neutron.notifiers.nova [-] Nova event response: {'name': 'network-changed', 'server_uuid': '72e36f71-20a8-4389-af0d-3bf2b3f334dc', 'tag': 'd9085167-7b62-48a5-8b37-3c463d6d4cf4', 'status': 'completed', 'code': 200}
Sep 02 13:19:27.702829 n-d-806853-3 neutron-server[94812]: DEBUG neutron.api.rpc.handlers.resources_rpc [None req-e5f03fc1-820d-4b45-a7dc-a3c6f754ac26 admin admin] Pushing event updated for resources: {'Network': ['ID=b411ed4f-a735-4982-b462-f3913661c592,revision_number=1']} {{(pid=94812) push /opt/stack/neutron/neutron/api/rpc/handlers/resources_rpc.py:237}}
Sep 02 13:19:27.726141 n-d-806853-3 neutron-server[94814]: DEBUG neutron.scheduler.dhcp_agent_scheduler [None req-c4dd8c74-ee1b-4ff5-aeb3-45be74bb6c15 None None] Network 2121e38e-2da9-4185-9301-96154287472d is already hosted by enough agents. {{(pid=94814) _get_dhcp_agents_hosting_network /opt/stack/neutron/neutron/scheduler/dhcp_agent_scheduler.py:275}}
Sep 02 13:19:27.739237 n-d-806853-3 neutron-server[94814]: DEBUG neutron.scheduler.base_scheduler [None req-c4dd8c74-ee1b-4ff5-aeb3-45be74bb6c15 None None] Resources bound (agent type, host, resource id): {{(pid=94814) schedule /opt/stack/neutron/neutron/scheduler/base_scheduler.py:57}}
Sep 02 13:19:27.739663 n-d-806853-3 neutron-server[94813]: DEBUG neutron.plugins.ml2.drivers.mech_agent [req-7c7bca05-d715-4157-be4f-149b60f21236 req-8c4baba2-74a2-4c3c-b0f7-6c8ce0fc013a service neutron] Checking agent: {'id': '541e8889-58eb-4cf8-b837-e5ccb0a0a201', 'agent_type': 'HyperV agent', 'binary': 'neutron-hyperv-agent', 'topic': 'N/A', 'host': 'n-h1-806853-3', 'admin_state_up': True, 'created_at': datetime.datetime(2021, 9, 2, 13, 16, 8), 'started_at': datetime.datetime(2021, 9, 2, 13, 16, 8), 'heartbeat_timestamp': datetime.datetime(2021, 9, 2, 13, 19, 8), 'description': None, 'resources_synced': None, 'availability_zone': None, 'alive': True, 'configurations': {'vswitch_mappings': {'physnet1$': 'br-data'}}, 'resource_versions': {}} {{(pid=94813) bind_port /opt/stack/neutron/neutron/plugins/ml2/drivers/mech_agent.py:104}}
Sep 02 13:19:27.740004 n-d-806853-3 neutron-server[94813]: DEBUG neutron.plugins.ml2.drivers.mech_agent [req-7c7bca05-d715-4157-be4f-149b60f21236 req-8c4baba2-74a2-4c3c-b0f7-6c8ce0fc013a service neutron] Checking segment: {'id': '1e3473f7-6d3d-473a-9463-9f59d32b3e9d', 'network_type': 'vlan', 'physical_network': 'physnet1', 'segmentation_id': 145, 'network_id': 'bdf2bb08-9e35-46aa-8948-32341a47e4ee'} for mappings: {'physnet1$': 'br-data'} with network types: ['local', 'flat', 'vlan'] {{(pid=94813) check_segment_for_agent /opt/stack/neutron/neutron/plugins/ml2/drivers/mech_agent.py:352}}
