Aug 31 14:15:21.630424 n-d-806683-5 devstack@placement-api.service[95352]: INFO placement.requestlog [req-52cd44b5-bbca-40a1-9726-06cafb332743 req-8c7fa1d0-6813-4de0-8a0d-b82bb57ed943 service placement] 10.222.0.60 "GET /placement/resource_providers/b3711170-ab68-4048-a19a-7072292cc531/allocations" status: 200 len: 254 microversion: 1.0
Aug 31 14:15:21.630955 n-d-806683-5 devstack@placement-api.service[95352]: [pid: 95352|app: 0|req: 29/59] 10.222.0.60 () {58 vars in 1391 bytes} [Tue Aug 31 14:15:21 2021] GET /placement/resource_providers/b3711170-ab68-4048-a19a-7072292cc531/allocations => generated 254 bytes in 42 msecs (HTTP/1.1 200) 6 headers in 224 bytes (1 switches on core 0)
Aug 31 14:15:21.879584 n-d-806683-5 devstack@placement-api.service[95353]: DEBUG placement.requestlog [req-9227d24a-d173-42e6-810d-e8e47226bedb req-8fd71a2e-daee-4ac4-b704-fab7ba8a17cb None None] Starting request: 10.222.0.60 "GET /placement/allocations/e9be1309-3166-4fd2-aae7-25336de3a690" {{(pid=95353) __call__ /opt/stack/placement/placement/requestlog.py:55}}
Aug 31 14:15:21.910349 n-d-806683-5 devstack@placement-api.service[95353]: INFO placement.requestlog [req-9227d24a-d173-42e6-810d-e8e47226bedb req-8fd71a2e-daee-4ac4-b704-fab7ba8a17cb service placement] 10.222.0.60 "GET /placement/allocations/e9be1309-3166-4fd2-aae7-25336de3a690" status: 200 len: 258 microversion: 1.28
Aug 31 14:15:21.911910 n-d-806683-5 devstack@placement-api.service[95353]: [pid: 95353|app: 0|req: 31/60] 10.222.0.60 () {60 vars in 1378 bytes} [Tue Aug 31 14:15:21 2021] GET /placement/allocations/e9be1309-3166-4fd2-aae7-25336de3a690 => generated 258 bytes in 32 msecs (HTTP/1.1 200) 8 headers in 296 bytes (2 switches on core 0)
Aug 31 14:15:25.765268 n-d-806683-5 devstack@placement-api.service[95352]: DEBUG placement.requestlog [req-6a69d106-4270-4f8e-ae77-b6694f2530f6 req-54b885df-dbff-40b5-b87e-895e0d0f2f80 None None] Starting request: 10.222.0.39 "GET /placement/resource_providers?name=n-h1-806683-5" {{(pid=95352) __call__ /opt/stack/placement/placement/requestlog.py:55}}
Aug 31 14:15:25.795135 n-d-806683-5 devstack@placement-api.service[95352]: INFO placement.requestlog [req-6a69d106-4270-4f8e-ae77-b6694f2530f6 req-54b885df-dbff-40b5-b87e-895e0d0f2f80 service placement] 10.222.0.39 "GET /placement/resource_providers?name=n-h1-806683-5" status: 200 len: 440 microversion: 1.0
Aug 31 14:15:25.795791 n-d-806683-5 devstack@placement-api.service[95352]: [pid: 95352|app: 0|req: 30/61] 10.222.0.39 () {58 vars in 1275 bytes} [Tue Aug 31 14:15:25 2021] GET /placement/resource_providers?name=n-h1-806683-5 => generated 440 bytes in 31 msecs (HTTP/1.1 200) 6 headers in 224 bytes (1 switches on core 0)
Aug 31 14:15:25.803064 n-d-806683-5 devstack@placement-api.service[95353]: DEBUG placement.requestlog [req-6a69d106-4270-4f8e-ae77-b6694f2530f6 req-d72174b8-a37f-4f40-be38-dbc0e8796480 None None] Starting request: 10.222.0.39 "GET /placement/resource_providers/b3711170-ab68-4048-a19a-7072292cc531/aggregates" {{(pid=95353) __call__ /opt/stack/placement/placement/requestlog.py:55}}
Aug 31 14:15:25.829004 n-d-806683-5 devstack@placement-api.service[95353]: INFO placement.requestlog [req-6a69d106-4270-4f8e-ae77-b6694f2530f6 req-d72174b8-a37f-4f40-be38-dbc0e8796480 service placement] 10.222.0.39 "GET /placement/resource_providers/b3711170-ab68-4048-a19a-7072292cc531/aggregates" status: 200 len: 91 microversion: 1.19
Aug 31 14:15:25.829551 n-d-806683-5 devstack@placement-api.service[95353]: [pid: 95353|app: 0|req: 32/62] 10.222.0.39 () {60 vars in 1426 bytes} [Tue Aug 31 14:15:25 2021] GET /placement/resource_providers/b3711170-ab68-4048-a19a-7072292cc531/aggregates => generated 91 bytes in 27 msecs (HTTP/1.1 200) 8 headers in 295 bytes (2 switches on core 0)
Aug 31 14:15:25.836917 n-d-806683-5 devstack@placement-api.service[95352]: DEBUG placement.requestlog [req-6a69d106-4270-4f8e-ae77-b6694f2530f6 req-c1a003e9-2268-4b8e-b975-4583b29c0c84 None None] Starting request: 10.222.0.39 "PUT /placement/resource_providers/b3711170-ab68-4048-a19a-7072292cc531/aggregates" {{(pid=95352) __call__ /opt/stack/placement/placement/requestlog.py:55}}
Aug 31 14:15:25.870047 n-d-806683-5 devstack@placement-api.service[95352]: DEBUG placement.objects.resource_provider [req-6a69d106-4270-4f8e-ae77-b6694f2530f6 req-c1a003e9-2268-4b8e-b975-4583b29c0c84 service placement] Setting aggregates for provider b3711170-ab68-4048-a19a-7072292cc531. Successfully disassociated aggregate e3ac054a-c00d-4e1e-a1f1-6344b2a5ab0b. {{(pid=95352) _set_aggregates /opt/stack/placement/placement/objects/resource_provider.py:403}}
Aug 31 14:15:25.882883 n-d-806683-5 devstack@placement-api.service[95352]: INFO placement.requestlog [req-6a69d106-4270-4f8e-ae77-b6694f2530f6 req-c1a003e9-2268-4b8e-b975-4583b29c0c84 service placement] 10.222.0.39 "PUT /placement/resource_providers/b3711170-ab68-4048-a19a-7072292cc531/aggregates" status: 200 len: 54 microversion: 1.19
Aug 31 14:15:25.883595 n-d-806683-5 devstack@placement-api.service[95352]: [pid: 95352|app: 0|req: 31/63] 10.222.0.39 () {64 vars in 1478 bytes} [Tue Aug 31 14:15:25 2021] PUT /placement/resource_providers/b3711170-ab68-4048-a19a-7072292cc531/aggregates => generated 54 bytes in 47 msecs (HTTP/1.1 200) 8 headers in 295 bytes (2 switches on core 0)
Aug 31 14:15:26.110520 n-d-806683-5 devstack@placement-api.service[95353]: DEBUG placement.requestlog [req-6841f59e-d659-4b09-9697-d3eb298ef585 req-ab7b754b-e2d9-4359-8f9a-2a5ad3c9c28c None None] Starting request: 10.222.0.39 "GET /placement/resource_providers?name=n-h1-806683-5" {{(pid=95353) __call__ /opt/stack/placement/placement/requestlog.py:55}}
Aug 31 14:15:26.124966 n-d-806683-5 devstack@placement-api.service[95353]: INFO placement.requestlog [req-6841f59e-d659-4b09-9697-d3eb298ef585 req-ab7b754b-e2d9-4359-8f9a-2a5ad3c9c28c service placement] 10.222.0.39 "GET /placement/resource_providers?name=n-h1-806683-5" status: 200 len: 441 microversion: 1.0
Aug 31 14:15:26.125270 n-d-806683-5 devstack@placement-api.service[95353]: [pid: 95353|app: 0|req: 33/64] 10.222.0.39 () {58 vars in 1275 bytes} [Tue Aug 31 14:15:26 2021] GET /placement/resource_providers?name=n-h1-806683-5 => generated 441 bytes in 15 msecs (HTTP/1.1 200) 6 headers in 224 bytes (1 switches on core 0)
Aug 31 14:15:26.132774 n-d-806683-5 devstack@placement-api.service[95352]: DEBUG placement.requestlog [req-6841f59e-d659-4b09-9697-d3eb298ef585 req-c0b3b245-bea1-4ad2-9385-2ab67c4e5134 None None] Starting request: 10.222.0.39 "GET /placement/resource_providers/b3711170-ab68-4048-a19a-7072292cc531/aggregates" {{(pid=95352) __call__ /opt/stack/placement/placement/requestlog.py:55}}
Aug 31 14:15:26.146243 n-d-806683-5 devstack@placement-api.service[95352]: INFO placement.requestlog [req-6841f59e-d659-4b09-9697-d3eb298ef585 req-c0b3b245-bea1-4ad2-9385-2ab67c4e5134 service placement] 10.222.0.39 "GET /placement/resource_providers/b3711170-ab68-4048-a19a-7072292cc531/aggregates" status: 200 len: 54 microversion: 1.19
Aug 31 14:15:26.146761 n-d-806683-5 devstack@placement-api.service[95352]: [pid: 95352|app: 0|req: 32/65] 10.222.0.39 () {60 vars in 1426 bytes} [Tue Aug 31 14:15:26 2021] GET /placement/resource_providers/b3711170-ab68-4048-a19a-7072292cc531/aggregates => generated 54 bytes in 14 msecs (HTTP/1.1 200) 8 headers in 295 bytes (1 switches on core 0)
Aug 31 14:15:26.156597 n-d-806683-5 devstack@placement-api.service[95353]: DEBUG placement.requestlog [req-6841f59e-d659-4b09-9697-d3eb298ef585 req-05e87a37-c748-4c2c-8ed9-a3162313bcb7 None None] Starting request: 10.222.0.39 "PUT /placement/resource_providers/b3711170-ab68-4048-a19a-7072292cc531/aggregates" {{(pid=95353) __call__ /opt/stack/placement/placement/requestlog.py:55}}
Aug 31 14:15:26.176262 n-d-806683-5 devstack@placement-api.service[95353]: DEBUG placement.objects.resource_provider [req-6841f59e-d659-4b09-9697-d3eb298ef585 req-05e87a37-c748-4c2c-8ed9-a3162313bcb7 service placement] _ensure_aggregate() did not find aggregate 7a06b6e4-62cc-4aed-b33f-8b89425730c3. Attempting to create it. {{(pid=95353) _ensure_aggregate /opt/stack/placement/placement/objects/resource_provider.py:320}}
Aug 31 14:15:26.177670 n-d-806683-5 devstack@placement-api.service[95353]: DEBUG placement.objects.resource_provider [req-6841f59e-d659-4b09-9697-d3eb298ef585 req-05e87a37-c748-4c2c-8ed9-a3162313bcb7 service placement] _ensure_aggregate() created new aggregate 7a06b6e4-62cc-4aed-b33f-8b89425730c3 (id=4). {{(pid=95353) _ensure_aggregate /opt/stack/placement/placement/objects/resource_provider.py:326}}
Aug 31 14:15:26.179510 n-d-806683-5 devstack@placement-api.service[95353]: DEBUG placement.objects.resource_provider [req-6841f59e-d659-4b09-9697-d3eb298ef585 req-05e87a37-c748-4c2c-8ed9-a3162313bcb7 service placement] Setting aggregates for provider b3711170-ab68-4048-a19a-7072292cc531. Successfully associated aggregate 7a06b6e4-62cc-4aed-b33f-8b89425730c3. {{(pid=95353) _set_aggregates /opt/stack/placement/placement/objects/resource_provider.py:388}}
Aug 31 14:15:26.186293 n-d-806683-5 devstack@placement-api.service[95353]: INFO placement.requestlog [req-6841f59e-d659-4b09-9697-d3eb298ef585 req-05e87a37-c748-4c2c-8ed9-a3162313bcb7 service placement] 10.222.0.39 "PUT /placement/resource_providers/b3711170-ab68-4048-a19a-7072292cc531/aggregates" status: 200 len: 92 microversion: 1.19
Aug 31 14:15:26.186723 n-d-806683-5 devstack@placement-api.service[95353]: [pid: 95353|app: 0|req: 34/66] 10.222.0.39 () {64 vars in 1478 bytes} [Tue Aug 31 14:15:26 2021] PUT /placement/resource_providers/b3711170-ab68-4048-a19a-7072292cc531/aggregates => generated 92 bytes in 31 msecs (HTTP/1.1 200) 8 headers in 295 bytes (1 switches on core 0)
Aug 31 14:15:26.522628 n-d-806683-5 devstack@placement-api.service[95352]: DEBUG placement.requestlog [req-2767f276-b960-4861-8490-6c2d98d1df1b req-322f8d67-bf75-48ba-80f1-6ba950cd6c0b None None] Starting request: 10.222.0.39 "GET /placement/resource_providers?name=n-h1-806683-5" {{(pid=95352) __call__ /opt/stack/placement/placement/requestlog.py:55}}
Aug 31 14:15:26.535908 n-d-806683-5 devstack@placement-api.service[95352]: INFO placement.requestlog [req-2767f276-b960-4861-8490-6c2d98d1df1b req-322f8d67-bf75-48ba-80f1-6ba950cd6c0b service placement] 10.222.0.39 "GET /placement/resource_providers?name=n-h1-806683-5" status: 200 len: 441 microversion: 1.0
Aug 31 14:15:26.536659 n-d-806683-5 devstack@placement-api.service[95352]: [pid: 95352|app: 0|req: 33/67] 10.222.0.39 () {58 vars in 1275 bytes} [Tue Aug 31 14:15:26 2021] GET /placement/resource_providers?name=n-h1-806683-5 => generated 441 bytes in 14 msecs (HTTP/1.1 200) 6 headers in 224 bytes (1 switches on core 0)
Aug 31 14:15:26.544230 n-d-806683-5 devstack@placement-api.service[95353]: DEBUG placement.requestlog [req-2767f276-b960-4861-8490-6c2d98d1df1b req-58bf5666-3ad4-4926-9352-6308e825a02c None None] Starting request: 10.222.0.39 "GET /placement/resource_providers/b3711170-ab68-4048-a19a-7072292cc531/aggregates" {{(pid=95353) __call__ /opt/stack/placement/placement/requestlog.py:55}}
Aug 31 14:15:26.559420 n-d-806683-5 devstack@placement-api.service[95353]: INFO placement.requestlog [req-2767f276-b960-4861-8490-6c2d98d1df1b req-58bf5666-3ad4-4926-9352-6308e825a02c service placement] 10.222.0.39 "GET /placement/resource_providers/b3711170-ab68-4048-a19a-7072292cc531/aggregates" status: 200 len: 92 microversion: 1.19
Aug 31 14:15:26.559651 n-d-806683-5 devstack@placement-api.service[95353]: [pid: 95353|app: 0|req: 35/68] 10.222.0.39 () {60 vars in 1426 bytes} [Tue Aug 31 14:15:26 2021] GET /placement/resource_providers/b3711170-ab68-4048-a19a-7072292cc531/aggregates => generated 92 bytes in 16 msecs (HTTP/1.1 200) 8 headers in 295 bytes (1 switches on core 0)
Aug 31 14:15:26.566721 n-d-806683-5 devstack@placement-api.service[95352]: DEBUG placement.requestlog [req-2767f276-b960-4861-8490-6c2d98d1df1b req-8d32dfcb-aa85-4338-ba91-5e9f66906a94 None None] Starting request: 10.222.0.39 "PUT /placement/resource_providers/b3711170-ab68-4048-a19a-7072292cc531/aggregates" {{(pid=95352) __call__ /opt/stack/placement/placement/requestlog.py:55}}
Aug 31 14:15:26.585722 n-d-806683-5 devstack@placement-api.service[95352]: DEBUG placement.objects.resource_provider [req-2767f276-b960-4861-8490-6c2d98d1df1b req-8d32dfcb-aa85-4338-ba91-5e9f66906a94 service placement] Setting aggregates for provider b3711170-ab68-4048-a19a-7072292cc531. Successfully disassociated aggregate 7a06b6e4-62cc-4aed-b33f-8b89425730c3. {{(pid=95352) _set_aggregates /opt/stack/placement/placement/objects/resource_provider.py:403}}
Aug 31 14:15:26.593943 n-d-806683-5 devstack@placement-api.service[95352]: INFO placement.requestlog [req-2767f276-b960-4861-8490-6c2d98d1df1b req-8d32dfcb-aa85-4338-ba91-5e9f66906a94 service placement] 10.222.0.39 "PUT /placement/resource_providers/b3711170-ab68-4048-a19a-7072292cc531/aggregates" status: 200 len: 54 microversion: 1.19
Aug 31 14:15:26.595685 n-d-806683-5 devstack@placement-api.service[95352]: [pid: 95352|app: 0|req: 34/69] 10.222.0.39 () {64 vars in 1478 bytes} [Tue Aug 31 14:15:26 2021] PUT /placement/resource_providers/b3711170-ab68-4048-a19a-7072292cc531/aggregates => generated 54 bytes in 29 msecs (HTTP/1.1 200) 8 headers in 295 bytes (2 switches on core 0)
Aug 31 14:15:26.840081 n-d-806683-5 devstack@placement-api.service[95353]: DEBUG placement.requestlog [req-8bdb08ef-a9f6-4217-b46a-72fda7478757 req-dcea9a55-f0fc-40e8-bd4f-9d91799c66ad None None] Starting request: 10.222.0.39 "GET /placement/resource_providers?name=n-h1-806683-5" {{(pid=95353) __call__ /opt/stack/placement/placement/requestlog.py:55}}
Aug 31 14:15:26.852673 n-d-806683-5 devstack@placement-api.service[95353]: INFO placement.requestlog [req-8bdb08ef-a9f6-4217-b46a-72fda7478757 req-dcea9a55-f0fc-40e8-bd4f-9d91799c66ad service placement] 10.222.0.39 "GET /placement/resource_providers?name=n-h1-806683-5" status: 200 len: 441 microversion: 1.0
Aug 31 14:15:26.858416 n-d-806683-5 devstack@placement-api.service[95353]: [pid: 95353|app: 0|req: 36/70] 10.222.0.39 () {58 vars in 1275 bytes} [Tue Aug 31 14:15:26 2021] GET /placement/resource_providers?name=n-h1-806683-5 => generated 441 bytes in 19 msecs (HTTP/1.1 200) 6 headers in 224 bytes (1 switches on core 0)
Aug 31 14:15:26.861255 n-d-806683-5 devstack@placement-api.service[95352]: DEBUG placement.requestlog [req-8bdb08ef-a9f6-4217-b46a-72fda7478757 req-9f7f305a-0721-41c3-a755-f5fe1a9cd583 None None] Starting request: 10.222.0.39 "GET /placement/resource_providers/b3711170-ab68-4048-a19a-7072292cc531/aggregates" {{(pid=95352) __call__ /opt/stack/placement/placement/requestlog.py:55}}
Aug 31 14:15:26.882930 n-d-806683-5 devstack@placement-api.service[95352]: INFO placement.requestlog [req-8bdb08ef-a9f6-4217-b46a-72fda7478757 req-9f7f305a-0721-41c3-a755-f5fe1a9cd583 service placement] 10.222.0.39 "GET /placement/resource_providers/b3711170-ab68-4048-a19a-7072292cc531/aggregates" status: 200 len: 54 microversion: 1.19
Aug 31 14:15:26.883501 n-d-806683-5 devstack@placement-api.service[95352]: [pid: 95352|app: 0|req: 35/71] 10.222.0.39 () {60 vars in 1426 bytes} [Tue Aug 31 14:15:26 2021] GET /placement/resource_providers/b3711170-ab68-4048-a19a-7072292cc531/aggregates => generated 54 bytes in 22 msecs (HTTP/1.1 200) 8 headers in 295 bytes (2 switches on core 0)
Aug 31 14:15:26.892173 n-d-806683-5 devstack@placement-api.service[95353]: DEBUG placement.requestlog [req-8bdb08ef-a9f6-4217-b46a-72fda7478757 req-9ce07877-2285-4ea3-9db5-2b3fe27ef7a0 None None] Starting request: 10.222.0.39 "PUT /placement/resource_providers/b3711170-ab68-4048-a19a-7072292cc531/aggregates" {{(pid=95353) __call__ /opt/stack/placement/placement/requestlog.py:55}}
Aug 31 14:15:26.910302 n-d-806683-5 devstack@placement-api.service[95353]: DEBUG placement.objects.resource_provider [req-8bdb08ef-a9f6-4217-b46a-72fda7478757 req-9ce07877-2285-4ea3-9db5-2b3fe27ef7a0 service placement] _ensure_aggregate() did not find aggregate 3bcf14d0-5f4a-458b-b854-edc0ac99d3c7. Attempting to create it. {{(pid=95353) _ensure_aggregate /opt/stack/placement/placement/objects/resource_provider.py:320}}
Aug 31 14:15:26.914453 n-d-806683-5 devstack@placement-api.service[95353]: DEBUG placement.objects.resource_provider [req-8bdb08ef-a9f6-4217-b46a-72fda7478757 req-9ce07877-2285-4ea3-9db5-2b3fe27ef7a0 service placement] _ensure_aggregate() created new aggregate 3bcf14d0-5f4a-458b-b854-edc0ac99d3c7 (id=5). {{(pid=95353) _ensure_aggregate /opt/stack/placement/placement/objects/resource_provider.py:326}}
Aug 31 14:15:26.919931 n-d-806683-5 devstack@placement-api.service[95353]: DEBUG placement.objects.resource_provider [req-8bdb08ef-a9f6-4217-b46a-72fda7478757 req-9ce07877-2285-4ea3-9db5-2b3fe27ef7a0 service placement] Setting aggregates for provider b3711170-ab68-4048-a19a-7072292cc531. Successfully associated aggregate 3bcf14d0-5f4a-458b-b854-edc0ac99d3c7. {{(pid=95353) _set_aggregates /opt/stack/placement/placement/objects/resource_provider.py:388}}
Aug 31 14:15:26.929623 n-d-806683-5 devstack@placement-api.service[95353]: INFO placement.requestlog [req-8bdb08ef-a9f6-4217-b46a-72fda7478757 req-9ce07877-2285-4ea3-9db5-2b3fe27ef7a0 service placement] 10.222.0.39 "PUT /placement/resource_providers/b3711170-ab68-4048-a19a-7072292cc531/aggregates" status: 200 len: 92 microversion: 1.19
Aug 31 14:15:26.939982 n-d-806683-5 devstack@placement-api.service[95353]: [pid: 95353|app: 0|req: 37/72] 10.222.0.39 () {64 vars in 1478 bytes} [Tue Aug 31 14:15:26 2021] PUT /placement/resource_providers/b3711170-ab68-4048-a19a-7072292cc531/aggregates => generated 92 bytes in 37 msecs (HTTP/1.1 200) 8 headers in 295 bytes (2 switches on core 0)
Aug 31 14:15:27.045563 n-d-806683-5 devstack@placement-api.service[95352]: DEBUG placement.requestlog [req-6881dff7-0242-459b-a263-9b9bc206074b req-bb29d858-2b3a-4039-8568-48dec43f43fb None None] Starting request: 10.222.0.39 "GET /placement/resource_providers?name=n-h1-806683-5" {{(pid=95352) __call__ /opt/stack/placement/placement/requestlog.py:55}}
Aug 31 14:15:27.064115 n-d-806683-5 devstack@placement-api.service[95352]: INFO placement.requestlog [req-6881dff7-0242-459b-a263-9b9bc206074b req-bb29d858-2b3a-4039-8568-48dec43f43fb service placement] 10.222.0.39 "GET /placement/resource_providers?name=n-h1-806683-5" status: 200 len: 441 microversion: 1.0
Aug 31 14:15:27.070406 n-d-806683-5 devstack@placement-api.service[95352]: [pid: 95352|app: 0|req: 36/73] 10.222.0.39 () {58 vars in 1275 bytes} [Tue Aug 31 14:15:27 2021] GET /placement/resource_providers?name=n-h1-806683-5 => generated 441 bytes in 25 msecs (HTTP/1.1 200) 6 headers in 224 bytes (1 switches on core 0)
Aug 31 14:15:27.071830 n-d-806683-5 devstack@placement-api.service[95353]: DEBUG placement.requestlog [req-6881dff7-0242-459b-a263-9b9bc206074b req-1c1c8f79-13c9-49b1-bb37-abba99e8f6f5 None None] Starting request: 10.222.0.39 "GET /placement/resource_providers/b3711170-ab68-4048-a19a-7072292cc531/aggregates" {{(pid=95353) __call__ /opt/stack/placement/placement/requestlog.py:55}}
Aug 31 14:15:27.086822 n-d-806683-5 devstack@placement-api.service[95353]: INFO placement.requestlog [req-6881dff7-0242-459b-a263-9b9bc206074b req-1c1c8f79-13c9-49b1-bb37-abba99e8f6f5 service placement] 10.222.0.39 "GET /placement/resource_providers/b3711170-ab68-4048-a19a-7072292cc531/aggregates" status: 200 len: 92 microversion: 1.19
Aug 31 14:15:27.094275 n-d-806683-5 devstack@placement-api.service[95353]: [pid: 95353|app: 0|req: 38/74] 10.222.0.39 () {60 vars in 1426 bytes} [Tue Aug 31 14:15:27 2021] GET /placement/resource_providers/b3711170-ab68-4048-a19a-7072292cc531/aggregates => generated 92 bytes in 22 msecs (HTTP/1.1 200) 8 headers in 295 bytes (1 switches on core 0)
Aug 31 14:15:27.095822 n-d-806683-5 devstack@placement-api.service[95352]: DEBUG placement.requestlog [req-6881dff7-0242-459b-a263-9b9bc206074b req-14d30004-8039-49cf-be3b-02153aa35d4b None None] Starting request: 10.222.0.39 "PUT /placement/resource_providers/b3711170-ab68-4048-a19a-7072292cc531/aggregates" {{(pid=95352) __call__ /opt/stack/placement/placement/requestlog.py:55}}
Aug 31 14:15:27.112715 n-d-806683-5 devstack@placement-api.service[95352]: DEBUG placement.objects.resource_provider [req-6881dff7-0242-459b-a263-9b9bc206074b req-14d30004-8039-49cf-be3b-02153aa35d4b service placement] Setting aggregates for provider b3711170-ab68-4048-a19a-7072292cc531. Successfully disassociated aggregate 3bcf14d0-5f4a-458b-b854-edc0ac99d3c7. {{(pid=95352) _set_aggregates /opt/stack/placement/placement/objects/resource_provider.py:403}}
Aug 31 14:15:27.118545 n-d-806683-5 devstack@placement-api.service[95352]: INFO placement.requestlog [req-6881dff7-0242-459b-a263-9b9bc206074b req-14d30004-8039-49cf-be3b-02153aa35d4b service placement] 10.222.0.39 "PUT /placement/resource_providers/b3711170-ab68-4048-a19a-7072292cc531/aggregates" status: 200 len: 54 microversion: 1.19
Aug 31 14:15:27.119070 n-d-806683-5 devstack@placement-api.service[95352]: [pid: 95352|app: 0|req: 37/75] 10.222.0.39 () {64 vars in 1478 bytes} [Tue Aug 31 14:15:27 2021] PUT /placement/resource_providers/b3711170-ab68-4048-a19a-7072292cc531/aggregates => generated 54 bytes in 24 msecs (HTTP/1.1 200) 8 headers in 295 bytes (1 switches on core 0)
Aug 31 14:15:27.351800 n-d-806683-5 devstack@placement-api.service[95353]: DEBUG placement.requestlog [req-d25daebd-551f-4286-98e6-a4d04260f8af req-d552fcf6-6e2e-4ff2-8317-53ee9bcf1430 None None] Starting request: 10.222.0.39 "GET /placement/resource_providers?name=n-h1-806683-5" {{(pid=95353) __call__ /opt/stack/placement/placement/requestlog.py:55}}
Aug 31 14:15:27.365304 n-d-806683-5 devstack@placement-api.service[95353]: INFO placement.requestlog [req-d25daebd-551f-4286-98e6-a4d04260f8af req-d552fcf6-6e2e-4ff2-8317-53ee9bcf1430 service placement] 10.222.0.39 "GET /placement/resource_providers?name=n-h1-806683-5" status: 200 len: 441 microversion: 1.0
Aug 31 14:15:27.370231 n-d-806683-5 devstack@placement-api.service[95353]: [pid: 95353|app: 0|req: 39/76] 10.222.0.39 () {58 vars in 1275 bytes} [Tue Aug 31 14:15:27 2021] GET /placement/resource_providers?name=n-h1-806683-5 => generated 441 bytes in 18 msecs (HTTP/1.1 200) 6 headers in 224 bytes (2 switches on core 0)
Aug 31 14:15:27.374599 n-d-806683-5 devstack@placement-api.service[95352]: DEBUG placement.requestlog [req-d25daebd-551f-4286-98e6-a4d04260f8af req-7878cc66-0d22-4014-a70f-516ce4f971ad None None] Starting request: 10.222.0.39 "GET /placement/resource_providers/b3711170-ab68-4048-a19a-7072292cc531/aggregates" {{(pid=95352) __call__ /opt/stack/placement/placement/requestlog.py:55}}
Aug 31 14:15:27.390551 n-d-806683-5 devstack@placement-api.service[95352]: INFO placement.requestlog [req-d25daebd-551f-4286-98e6-a4d04260f8af req-7878cc66-0d22-4014-a70f-516ce4f971ad service placement] 10.222.0.39 "GET /placement/resource_providers/b3711170-ab68-4048-a19a-7072292cc531/aggregates" status: 200 len: 54 microversion: 1.19
Aug 31 14:15:27.391034 n-d-806683-5 devstack@placement-api.service[95352]: [pid: 95352|app: 0|req: 38/77] 10.222.0.39 () {60 vars in 1426 bytes} [Tue Aug 31 14:15:27 2021] GET /placement/resource_providers/b3711170-ab68-4048-a19a-7072292cc531/aggregates => generated 54 bytes in 17 msecs (HTTP/1.1 200) 8 headers in 295 bytes (1 switches on core 0)
Aug 31 14:15:27.398307 n-d-806683-5 devstack@placement-api.service[95353]: DEBUG placement.requestlog [req-d25daebd-551f-4286-98e6-a4d04260f8af req-1b59e17f-5b4e-4a70-8922-84258c828682 None None] Starting request: 10.222.0.39 "PUT /placement/resource_providers/b3711170-ab68-4048-a19a-7072292cc531/aggregates" {{(pid=95353) __call__ /opt/stack/placement/placement/requestlog.py:55}}
Aug 31 14:15:27.422071 n-d-806683-5 devstack@placement-api.service[95353]: DEBUG placement.objects.resource_provider [req-d25daebd-551f-4286-98e6-a4d04260f8af req-1b59e17f-5b4e-4a70-8922-84258c828682 service placement] _ensure_aggregate() did not find aggregate 5d1d748c-3717-48fa-83dc-c454db085669. Attempting to create it. {{(pid=95353) _ensure_aggregate /opt/stack/placement/placement/objects/resource_provider.py:320}}
Aug 31 14:15:27.423556 n-d-806683-5 devstack@placement-api.service[95353]: DEBUG placement.objects.resource_provider [req-d25daebd-551f-4286-98e6-a4d04260f8af req-1b59e17f-5b4e-4a70-8922-84258c828682 service placement] _ensure_aggregate() created new aggregate 5d1d748c-3717-48fa-83dc-c454db085669 (id=6). {{(pid=95353) _ensure_aggregate /opt/stack/placement/placement/objects/resource_provider.py:326}}
Aug 31 14:15:27.426230 n-d-806683-5 devstack@placement-api.service[95353]: DEBUG placement.objects.resource_provider [req-d25daebd-551f-4286-98e6-a4d04260f8af req-1b59e17f-5b4e-4a70-8922-84258c828682 service placement] Setting aggregates for provider b3711170-ab68-4048-a19a-7072292cc531. Successfully associated aggregate 5d1d748c-3717-48fa-83dc-c454db085669. {{(pid=95353) _set_aggregates /opt/stack/placement/placement/objects/resource_provider.py:388}}
Aug 31 14:15:27.441428 n-d-806683-5 devstack@placement-api.service[95353]: INFO placement.requestlog [req-d25daebd-551f-4286-98e6-a4d04260f8af req-1b59e17f-5b4e-4a70-8922-84258c828682 service placement] 10.222.0.39 "PUT /placement/resource_providers/b3711170-ab68-4048-a19a-7072292cc531/aggregates" status: 200 len: 92 microversion: 1.19
Aug 31 14:15:27.442021 n-d-806683-5 devstack@placement-api.service[95353]: [pid: 95353|app: 0|req: 40/78] 10.222.0.39 () {64 vars in 1478 bytes} [Tue Aug 31 14:15:27 2021] PUT /placement/resource_providers/b3711170-ab68-4048-a19a-7072292cc531/aggregates => generated 92 bytes in 44 msecs (HTTP/1.1 200) 8 headers in 295 bytes (2 switches on core 0)
Aug 31 14:15:27.550694 n-d-806683-5 devstack@placement-api.service[95352]: DEBUG placement.requestlog [req-3a88dc68-22a3-40c2-b8d4-f42944622979 req-976a11ec-5b4c-45e1-a931-92b420ac6f22 None None] Starting request: 10.222.0.39 "GET /placement/resource_providers?name=n-h1-806683-5" {{(pid=95352) __call__ /opt/stack/placement/placement/requestlog.py:55}}
Aug 31 14:15:27.572204 n-d-806683-5 devstack@placement-api.service[95352]: INFO placement.requestlog [req-3a88dc68-22a3-40c2-b8d4-f42944622979 req-976a11ec-5b4c-45e1-a931-92b420ac6f22 service placement] 10.222.0.39 "GET /placement/resource_providers?name=n-h1-806683-5" status: 200 len: 441 microversion: 1.0
Aug 31 14:15:27.583801 n-d-806683-5 devstack@placement-api.service[95352]: [pid: 95352|app: 0|req: 39/79] 10.222.0.39 () {58 vars in 1275 bytes} [Tue Aug 31 14:15:27 2021] GET /placement/resource_providers?name=n-h1-806683-5 => generated 441 bytes in 33 msecs (HTTP/1.1 200) 6 headers in 224 bytes (1 switches on core 0)
Aug 31 14:15:27.593572 n-d-806683-5 devstack@placement-api.service[95353]: DEBUG placement.requestlog [req-3a88dc68-22a3-40c2-b8d4-f42944622979 req-994a258b-c77f-44f2-ac63-d1c31fe9baf2 None None] Starting request: 10.222.0.39 "GET /placement/resource_providers/b3711170-ab68-4048-a19a-7072292cc531/aggregates" {{(pid=95353) __call__ /opt/stack/placement/placement/requestlog.py:55}}
Aug 31 14:15:27.621501 n-d-806683-5 devstack@placement-api.service[95353]: INFO placement.requestlog [req-3a88dc68-22a3-40c2-b8d4-f42944622979 req-994a258b-c77f-44f2-ac63-d1c31fe9baf2 service placement] 10.222.0.39 "GET /placement/resource_providers/b3711170-ab68-4048-a19a-7072292cc531/aggregates" status: 200 len: 92 microversion: 1.19
Aug 31 14:15:27.622240 n-d-806683-5 devstack@placement-api.service[95353]: [pid: 95353|app: 0|req: 41/80] 10.222.0.39 () {60 vars in 1426 bytes} [Tue Aug 31 14:15:27 2021] GET /placement/resource_providers/b3711170-ab68-4048-a19a-7072292cc531/aggregates => generated 92 bytes in 30 msecs (HTTP/1.1 200) 8 headers in 295 bytes (1 switches on core 0)
Aug 31 14:15:27.636871 n-d-806683-5 devstack@placement-api.service[95352]: DEBUG placement.requestlog [req-3a88dc68-22a3-40c2-b8d4-f42944622979 req-00a225e9-05de-4f06-ab8f-08ab87efa429 None None] Starting request: 10.222.0.39 "PUT /placement/resource_providers/b3711170-ab68-4048-a19a-7072292cc531/aggregates" {{(pid=95352) __call__ /opt/stack/placement/placement/requestlog.py:55}}
Aug 31 14:15:27.681076 n-d-806683-5 devstack@placement-api.service[95352]: DEBUG placement.objects.resource_provider [req-3a88dc68-22a3-40c2-b8d4-f42944622979 req-00a225e9-05de-4f06-ab8f-08ab87efa429 service placement] Setting aggregates for provider b3711170-ab68-4048-a19a-7072292cc531. Successfully disassociated aggregate 5d1d748c-3717-48fa-83dc-c454db085669. {{(pid=95352) _set_aggregates /opt/stack/placement/placement/objects/resource_provider.py:403}}
Aug 31 14:15:27.688705 n-d-806683-5 devstack@placement-api.service[95352]: INFO placement.requestlog [req-3a88dc68-22a3-40c2-b8d4-f42944622979 req-00a225e9-05de-4f06-ab8f-08ab87efa429 service placement] 10.222.0.39 "PUT /placement/resource_providers/b3711170-ab68-4048-a19a-7072292cc531/aggregates" status: 200 len: 54 microversion: 1.19
Aug 31 14:15:27.690164 n-d-806683-5 devstack@placement-api.service[95352]: [pid: 95352|app: 0|req: 40/81] 10.222.0.39 () {64 vars in 1478 bytes} [Tue Aug 31 14:15:27 2021] PUT /placement/resource_providers/b3711170-ab68-4048-a19a-7072292cc531/aggregates => generated 54 bytes in 53 msecs (HTTP/1.1 200) 8 headers in 295 bytes (1 switches on core 0)
Aug 31 14:15:28.394515 n-d-806683-5 devstack@placement-api.service[95353]: DEBUG placement.requestlog [req-0b460a7b-d13e-4bad-bd1c-e948b41b1c34 req-487a9fa0-c953-4dcd-88a5-0045caaf5bb0 None None] Starting request: 10.222.0.39 "GET /placement/resource_providers?name=n-h1-806683-5" {{(pid=95353) __call__ /opt/stack/placement/placement/requestlog.py:55}}
Aug 31 14:15:28.410279 n-d-806683-5 devstack@placement-api.service[95353]: INFO placement.requestlog [req-0b460a7b-d13e-4bad-bd1c-e948b41b1c34 req-487a9fa0-c953-4dcd-88a5-0045caaf5bb0 service placement] 10.222.0.39 "GET /placement/resource_providers?name=n-h1-806683-5" status: 200 len: 441 microversion: 1.0
Aug 31 14:15:28.410583 n-d-806683-5 devstack@placement-api.service[95353]: [pid: 95353|app: 0|req: 42/82] 10.222.0.39 () {58 vars in 1275 bytes} [Tue Aug 31 14:15:28 2021] GET /placement/resource_providers?name=n-h1-806683-5 => generated 441 bytes in 16 msecs (HTTP/1.1 200) 6 headers in 224 bytes (1 switches on core 0)
Aug 31 14:15:28.440503 n-d-806683-5 devstack@placement-api.service[95352]: DEBUG placement.requestlog [req-0b460a7b-d13e-4bad-bd1c-e948b41b1c34 req-325453b7-9571-41d5-8b64-b0121bfc15b0 None None] Starting request: 10.222.0.39 "GET /placement/resource_providers/b3711170-ab68-4048-a19a-7072292cc531/aggregates" {{(pid=95352) __call__ /opt/stack/placement/placement/requestlog.py:55}}
Aug 31 14:15:28.458625 n-d-806683-5 devstack@placement-api.service[95352]: INFO placement.requestlog [req-0b460a7b-d13e-4bad-bd1c-e948b41b1c34 req-325453b7-9571-41d5-8b64-b0121bfc15b0 service placement] 10.222.0.39 "GET /placement/resource_providers/b3711170-ab68-4048-a19a-7072292cc531/aggregates" status: 200 len: 54 microversion: 1.19
Aug 31 14:15:28.458918 n-d-806683-5 devstack@placement-api.service[95352]: [pid: 95352|app: 0|req: 41/83] 10.222.0.39 () {60 vars in 1426 bytes} [Tue Aug 31 14:15:28 2021] GET /placement/resource_providers/b3711170-ab68-4048-a19a-7072292cc531/aggregates => generated 54 bytes in 19 msecs (HTTP/1.1 200) 8 headers in 295 bytes (1 switches on core 0)
Aug 31 14:15:28.473983 n-d-806683-5 devstack@placement-api.service[95353]: DEBUG placement.requestlog [req-0b460a7b-d13e-4bad-bd1c-e948b41b1c34 req-fccaffac-23a9-4f6b-a9a2-738933ecae0d None None] Starting request: 10.222.0.39 "PUT /placement/resource_providers/b3711170-ab68-4048-a19a-7072292cc531/aggregates" {{(pid=95353) __call__ /opt/stack/placement/placement/requestlog.py:55}}
Aug 31 14:15:28.497705 n-d-806683-5 devstack@placement-api.service[95353]: DEBUG placement.objects.resource_provider [req-0b460a7b-d13e-4bad-bd1c-e948b41b1c34 req-fccaffac-23a9-4f6b-a9a2-738933ecae0d service placement] _ensure_aggregate() did not find aggregate 4190a679-560b-4b6f-a721-d96f7d85d50b. Attempting to create it. {{(pid=95353) _ensure_aggregate /opt/stack/placement/placement/objects/resource_provider.py:320}}
Aug 31 14:15:28.502291 n-d-806683-5 devstack@placement-api.service[95353]: DEBUG placement.objects.resource_provider [req-0b460a7b-d13e-4bad-bd1c-e948b41b1c34 req-fccaffac-23a9-4f6b-a9a2-738933ecae0d service placement] _ensure_aggregate() created new aggregate 4190a679-560b-4b6f-a721-d96f7d85d50b (id=7). {{(pid=95353) _ensure_aggregate /opt/stack/placement/placement/objects/resource_provider.py:326}}
Aug 31 14:15:28.506248 n-d-806683-5 devstack@placement-api.service[95353]: DEBUG placement.objects.resource_provider [req-0b460a7b-d13e-4bad-bd1c-e948b41b1c34 req-fccaffac-23a9-4f6b-a9a2-738933ecae0d service placement] Setting aggregates for provider b3711170-ab68-4048-a19a-7072292cc531. Successfully associated aggregate 4190a679-560b-4b6f-a721-d96f7d85d50b. {{(pid=95353) _set_aggregates /opt/stack/placement/placement/objects/resource_provider.py:388}}
Aug 31 14:15:28.514325 n-d-806683-5 devstack@placement-api.service[95353]: INFO placement.requestlog [req-0b460a7b-d13e-4bad-bd1c-e948b41b1c34 req-fccaffac-23a9-4f6b-a9a2-738933ecae0d service placement] 10.222.0.39 "PUT /placement/resource_providers/b3711170-ab68-4048-a19a-7072292cc531/aggregates" status: 200 len: 92 microversion: 1.19
Aug 31 14:15:28.514862 n-d-806683-5 devstack@placement-api.service[95353]: [pid: 95353|app: 0|req: 43/84] 10.222.0.39 () {64 vars in 1478 bytes} [Tue Aug 31 14:15:28 2021] PUT /placement/resource_providers/b3711170-ab68-4048-a19a-7072292cc531/aggregates => generated 92 bytes in 41 msecs (HTTP/1.1 200) 8 headers in 295 bytes (1 switches on core 0)
Aug 31 14:15:28.647806 n-d-806683-5 devstack@placement-api.service[95352]: DEBUG placement.requestlog [req-d4aebf5e-836f-4d37-ad43-b6c61bc12af0 req-b38d1191-93bb-4b35-91e0-0abb7ff9ddb3 None None] Starting request: 10.222.0.39 "GET /placement/resource_providers?name=n-h1-806683-5" {{(pid=95352) __call__ /opt/stack/placement/placement/requestlog.py:55}}
Aug 31 14:15:28.662751 n-d-806683-5 devstack@placement-api.service[95352]: INFO placement.requestlog [req-d4aebf5e-836f-4d37-ad43-b6c61bc12af0 req-b38d1191-93bb-4b35-91e0-0abb7ff9ddb3 service placement] 10.222.0.39 "GET /placement/resource_providers?name=n-h1-806683-5" status: 200 len: 441 microversion: 1.0
Aug 31 14:15:28.663104 n-d-806683-5 devstack@placement-api.service[95352]: [pid: 95352|app: 0|req: 42/85] 10.222.0.39 () {58 vars in 1275 bytes} [Tue Aug 31 14:15:28 2021] GET /placement/resource_providers?name=n-h1-806683-5 => generated 441 bytes in 16 msecs (HTTP/1.1 200) 6 headers in 224 bytes (1 switches on core 0)
Aug 31 14:15:28.675397 n-d-806683-5 devstack@placement-api.service[95353]: DEBUG placement.requestlog [req-d4aebf5e-836f-4d37-ad43-b6c61bc12af0 req-1a7c06cd-88fa-48e5-ad64-fb754b820fdb None None] Starting request: 10.222.0.39 "GET /placement/resource_providers/b3711170-ab68-4048-a19a-7072292cc531/aggregates" {{(pid=95353) __call__ /opt/stack/placement/placement/requestlog.py:55}}
Aug 31 14:15:28.695951 n-d-806683-5 devstack@placement-api.service[95353]: INFO placement.requestlog [req-d4aebf5e-836f-4d37-ad43-b6c61bc12af0 req-1a7c06cd-88fa-48e5-ad64-fb754b820fdb service placement] 10.222.0.39 "GET /placement/resource_providers/b3711170-ab68-4048-a19a-7072292cc531/aggregates" status: 200 len: 92 microversion: 1.19
Aug 31 14:15:28.709951 n-d-806683-5 devstack@placement-api.service[95353]: [pid: 95353|app: 0|req: 44/86] 10.222.0.39 () {60 vars in 1426 bytes} [Tue Aug 31 14:15:28 2021] GET /placement/resource_providers/b3711170-ab68-4048-a19a-7072292cc531/aggregates => generated 92 bytes in 35 msecs (HTTP/1.1 200) 8 headers in 295 bytes (1 switches on core 0)
Aug 31 14:15:28.710457 n-d-806683-5 devstack@placement-api.service[95352]: DEBUG placement.requestlog [req-d4aebf5e-836f-4d37-ad43-b6c61bc12af0 req-4ce652b3-cbfa-48a9-a5e0-1e5c9a547722 None None] Starting request: 10.222.0.39 "PUT /placement/resource_providers/b3711170-ab68-4048-a19a-7072292cc531/aggregates" {{(pid=95352) __call__ /opt/stack/placement/placement/requestlog.py:55}}
Aug 31 14:15:28.731017 n-d-806683-5 devstack@placement-api.service[95352]: DEBUG placement.objects.resource_provider [req-d4aebf5e-836f-4d37-ad43-b6c61bc12af0 req-4ce652b3-cbfa-48a9-a5e0-1e5c9a547722 service placement] Setting aggregates for provider b3711170-ab68-4048-a19a-7072292cc531. Successfully disassociated aggregate 4190a679-560b-4b6f-a721-d96f7d85d50b. {{(pid=95352) _set_aggregates /opt/stack/placement/placement/objects/resource_provider.py:403}}
Aug 31 14:15:28.739107 n-d-806683-5 devstack@placement-api.service[95352]: INFO placement.requestlog [req-d4aebf5e-836f-4d37-ad43-b6c61bc12af0 req-4ce652b3-cbfa-48a9-a5e0-1e5c9a547722 service placement] 10.222.0.39 "PUT /placement/resource_providers/b3711170-ab68-4048-a19a-7072292cc531/aggregates" status: 200 len: 54 microversion: 1.19
Aug 31 14:15:28.744378 n-d-806683-5 devstack@placement-api.service[95352]: [pid: 95352|app: 0|req: 43/87] 10.222.0.39 () {64 vars in 1478 bytes} [Tue Aug 31 14:15:28 2021] PUT /placement/resource_providers/b3711170-ab68-4048-a19a-7072292cc531/aggregates => generated 54 bytes in 34 msecs (HTTP/1.1 200) 8 headers in 295 bytes (1 switches on core 0)
Aug 31 14:15:28.891004 n-d-806683-5 devstack@placement-api.service[95353]: DEBUG placement.requestlog [req-70b7a202-04eb-461b-94ee-29ced37d9c0d req-73300c8d-53b6-4b8f-b54d-532f9fc865f9 None None] Starting request: 10.222.0.25 "GET /placement/resource_providers/964a4d53-15c2-4a53-982f-d912cdbca37e/allocations" {{(pid=95353) __call__ /opt/stack/placement/placement/requestlog.py:55}}
Aug 31 14:15:28.942823 n-d-806683-5 devstack@placement-api.service[95353]: INFO placement.requestlog [req-70b7a202-04eb-461b-94ee-29ced37d9c0d req-73300c8d-53b6-4b8f-b54d-532f9fc865f9 service placement] 10.222.0.25 "GET /placement/resource_providers/964a4d53-15c2-4a53-982f-d912cdbca37e/allocations" status: 200 len: 355 microversion: 1.0
Aug 31 14:15:28.943076 n-d-806683-5 devstack@placement-api.service[95353]: [pid: 95353|app: 0|req: 45/88] 10.222.0.25 () {58 vars in 1391 bytes} [Tue Aug 31 14:15:28 2021] GET /placement/resource_providers/964a4d53-15c2-4a53-982f-d912cdbca37e/allocations => generated 355 bytes in 53 msecs (HTTP/1.1 200) 6 headers in 224 bytes (1 switches on core 0)
Aug 31 14:15:31.949363 n-d-806683-5 devstack@placement-api.service[95352]: DEBUG placement.requestlog [req-816d6dd3-1e9c-477f-9e71-bcbf7dc1f065 req-ff69aca0-4e91-4b9c-ae83-a52d88581165 None None] Starting request: 10.222.0.39 "GET /placement/allocation_candidates?resources=DISK_GB%3A1%2CMEMORY_MB%3A1024%2CVCPU%3A1&root_required=%21COMPUTE_STATUS_DISABLED" {{(pid=95352) __call__ /opt/stack/placement/placement/requestlog.py:55}}
Aug 31 14:15:32.003376 n-d-806683-5 devstack@placement-api.service[95352]: DEBUG placement.objects.research_context [req-816d6dd3-1e9c-477f-9e71-bcbf7dc1f065 req-ff69aca0-4e91-4b9c-ae83-a52d88581165 service placement] getting providers with 1 DISK_GB {{(pid=95352) __init__ /opt/stack/placement/placement/objects/research_context.py:126}}
Aug 31 14:15:32.017266 n-d-806683-5 devstack@placement-api.service[95352]: DEBUG placement.objects.research_context [req-816d6dd3-1e9c-477f-9e71-bcbf7dc1f065 req-ff69aca0-4e91-4b9c-ae83-a52d88581165 service placement] getting providers with 1024 MEMORY_MB {{(pid=95352) __init__ /opt/stack/placement/placement/objects/research_context.py:126}}
Aug 31 14:15:32.032210 n-d-806683-5 devstack@placement-api.service[95352]: DEBUG placement.objects.research_context [req-816d6dd3-1e9c-477f-9e71-bcbf7dc1f065 req-ff69aca0-4e91-4b9c-ae83-a52d88581165 service placement] getting providers with 1 VCPU {{(pid=95352) __init__ /opt/stack/placement/placement/objects/research_context.py:126}}
Aug 31 14:15:32.039422 n-d-806683-5 devstack@placement-api.service[95352]: DEBUG placement.objects.research_context [req-816d6dd3-1e9c-477f-9e71-bcbf7dc1f065 req-ff69aca0-4e91-4b9c-ae83-a52d88581165 service placement] found 2 providers with available 1 DISK_GB {{(pid=95352) get_provider_ids_matching /opt/stack/placement/placement/objects/research_context.py:549}}
Aug 31 14:15:32.040992 n-d-806683-5 devstack@placement-api.service[95352]: DEBUG placement.objects.research_context [req-816d6dd3-1e9c-477f-9e71-bcbf7dc1f065 req-ff69aca0-4e91-4b9c-ae83-a52d88581165 service placement] found 2 providers with available 1024 MEMORY_MB {{(pid=95352) get_provider_ids_matching /opt/stack/placement/placement/objects/research_context.py:549}}
Aug 31 14:15:32.042860 n-d-806683-5 devstack@placement-api.service[95352]: DEBUG placement.objects.research_context [req-816d6dd3-1e9c-477f-9e71-bcbf7dc1f065 req-ff69aca0-4e91-4b9c-ae83-a52d88581165 service placement] found 2 providers after filtering by previous result {{(pid=95352) get_provider_ids_matching /opt/stack/placement/placement/objects/research_context.py:580}}
Aug 31 14:15:32.043406 n-d-806683-5 devstack@placement-api.service[95352]: DEBUG placement.objects.research_context [req-816d6dd3-1e9c-477f-9e71-bcbf7dc1f065 req-ff69aca0-4e91-4b9c-ae83-a52d88581165 service placement] found 2 providers with available 1 VCPU {{(pid=95352) get_provider_ids_matching /opt/stack/placement/placement/objects/research_context.py:549}}
Aug 31 14:15:32.045259 n-d-806683-5 devstack@placement-api.service[95352]: DEBUG placement.objects.research_context [req-816d6dd3-1e9c-477f-9e71-bcbf7dc1f065 req-ff69aca0-4e91-4b9c-ae83-a52d88581165 service placement] found 2 providers after filtering by previous result {{(pid=95352) get_provider_ids_matching /opt/stack/placement/placement/objects/research_context.py:580}}
Aug 31 14:15:32.069558 n-d-806683-5 devstack@placement-api.service[95352]: DEBUG placement.objects.allocation_candidate [req-816d6dd3-1e9c-477f-9e71-bcbf7dc1f065 req-ff69aca0-4e91-4b9c-ae83-a52d88581165 service placement] RequestGroup(use_same_provider=False, resources={DISK_GB:1, MEMORY_MB:1024, VCPU:1}, traits=[], aggregates=[]) (suffix '') returned 2 matches {{(pid=95352) _get_by_requests /opt/stack/placement/placement/objects/allocation_candidate.py:145}}
Aug 31 14:15:32.070855 n-d-806683-5 devstack@placement-api.service[95352]: DEBUG placement.objects.allocation_candidate [req-816d6dd3-1e9c-477f-9e71-bcbf7dc1f065 req-ff69aca0-4e91-4b9c-ae83-a52d88581165 service placement] Merging candidates yields 2 allocation requests and 2 provider summaries {{(pid=95352) _merge_candidates /opt/stack/placement/placement/objects/allocation_candidate.py:783}}
Aug 31 14:15:32.082625 n-d-806683-5 devstack@placement-api.service[95352]: INFO placement.requestlog [req-816d6dd3-1e9c-477f-9e71-bcbf7dc1f065 req-ff69aca0-4e91-4b9c-ae83-a52d88581165 service placement] 10.222.0.39 "GET /placement/allocation_candidates?resources=DISK_GB%3A1%2CMEMORY_MB%3A1024%2CVCPU%3A1&root_required=%21COMPUTE_STATUS_DISABLED" status: 200 len: 1309 microversion: 1.36
Aug 31 14:15:32.097459 n-d-806683-5 devstack@placement-api.service[95352]: [pid: 95352|app: 0|req: 44/89] 10.222.0.39 () {60 vars in 1485 bytes} [Tue Aug 31 14:15:31 2021] GET /placement/allocation_candidates?resources=DISK_GB%3A1%2CMEMORY_MB%3A1024%2CVCPU%3A1&root_required=%21COMPUTE_STATUS_DISABLED => generated 1309 bytes in 147 msecs (HTTP/1.1 200) 8 headers in 297 bytes (1 switches on core 0)
Aug 31 14:15:32.231226 n-d-806683-5 devstack@placement-api.service[95353]: DEBUG placement.requestlog [req-816d6dd3-1e9c-477f-9e71-bcbf7dc1f065 req-922f4f7e-558d-4912-9d55-4d21dae98f4d None None] Starting request: 10.222.0.39 "GET /placement/allocations/5ad4974f-7fa4-4110-ae98-62e0d1c4e06c" {{(pid=95353) __call__ /opt/stack/placement/placement/requestlog.py:55}}
Aug 31 14:15:32.247006 n-d-806683-5 devstack@placement-api.service[95353]: INFO placement.requestlog [req-816d6dd3-1e9c-477f-9e71-bcbf7dc1f065 req-922f4f7e-558d-4912-9d55-4d21dae98f4d service placement] 10.222.0.39 "GET /placement/allocations/5ad4974f-7fa4-4110-ae98-62e0d1c4e06c" status: 200 len: 19 microversion: 1.28
Aug 31 14:15:32.247982 n-d-806683-5 devstack@placement-api.service[95353]: [pid: 95353|app: 0|req: 46/90] 10.222.0.39 () {60 vars in 1381 bytes} [Tue Aug 31 14:15:32 2021] GET /placement/allocations/5ad4974f-7fa4-4110-ae98-62e0d1c4e06c => generated 19 bytes in 17 msecs (HTTP/1.1 200) 8 headers in 295 bytes (1 switches on core 0)
Aug 31 14:15:32.254564 n-d-806683-5 devstack@placement-api.service[95352]: DEBUG placement.requestlog [req-816d6dd3-1e9c-477f-9e71-bcbf7dc1f065 req-693f1b8e-9890-4cf2-a474-0855ac22f827 None None] Starting request: 10.222.0.39 "PUT /placement/allocations/5ad4974f-7fa4-4110-ae98-62e0d1c4e06c" {{(pid=95352) __call__ /opt/stack/placement/placement/requestlog.py:55}}
Aug 31 14:15:32.337995 n-d-806683-5 devstack@placement-api.service[95352]: DEBUG placement.handlers.allocation [req-816d6dd3-1e9c-477f-9e71-bcbf7dc1f065 req-693f1b8e-9890-4cf2-a474-0855ac22f827 service placement] Successfully wrote allocations [, , ] {{(pid=95352) _create_allocations /opt/stack/placement/placement/handlers/allocation.py:461}}
Aug 31 14:15:32.350769 n-d-806683-5 devstack@placement-api.service[95352]: INFO placement.requestlog [req-816d6dd3-1e9c-477f-9e71-bcbf7dc1f065 req-693f1b8e-9890-4cf2-a474-0855ac22f827 service placement] 10.222.0.39 "PUT /placement/allocations/5ad4974f-7fa4-4110-ae98-62e0d1c4e06c" status: 204 len: 0 microversion: 1.36
Aug 31 14:15:32.351639 n-d-806683-5 devstack@placement-api.service[95352]: [pid: 95352|app: 0|req: 45/91] 10.222.0.39 () {64 vars in 1434 bytes} [Tue Aug 31 14:15:32 2021] PUT /placement/allocations/5ad4974f-7fa4-4110-ae98-62e0d1c4e06c => generated 0 bytes in 97 msecs (HTTP/1.1 204) 5 headers in 199 bytes (1 switches on core 0)
Aug 31 14:15:32.370630 n-d-806683-5 devstack@placement-api.service[95353]: DEBUG placement.requestlog [req-816d6dd3-1e9c-477f-9e71-bcbf7dc1f065 req-d96f2066-4002-4c7c-b99c-09ac248d095f None None] Starting request: 10.222.0.39 "GET /placement/allocations/4cd550d2-0e7b-4a77-b1f8-910d343a5b7c" {{(pid=95353) __call__ /opt/stack/placement/placement/requestlog.py:55}}
Aug 31 14:15:32.390604 n-d-806683-5 devstack@placement-api.service[95353]: INFO placement.requestlog [req-816d6dd3-1e9c-477f-9e71-bcbf7dc1f065 req-d96f2066-4002-4c7c-b99c-09ac248d095f service placement] 10.222.0.39 "GET /placement/allocations/4cd550d2-0e7b-4a77-b1f8-910d343a5b7c" status: 200 len: 19 microversion: 1.28
Aug 31 14:15:32.393045 n-d-806683-5 devstack@placement-api.service[95353]: [pid: 95353|app: 0|req: 47/92] 10.222.0.39 () {60 vars in 1381 bytes} [Tue Aug 31 14:15:32 2021] GET /placement/allocations/4cd550d2-0e7b-4a77-b1f8-910d343a5b7c => generated 19 bytes in 22 msecs (HTTP/1.1 200) 8 headers in 295 bytes (1 switches on core 0)
Aug 31 14:15:32.401876 n-d-806683-5 devstack@placement-api.service[95352]: DEBUG placement.requestlog [req-816d6dd3-1e9c-477f-9e71-bcbf7dc1f065 req-a38cd6ff-de89-413b-a3b2-5232d972bf1b None None] Starting request: 10.222.0.39 "PUT /placement/allocations/4cd550d2-0e7b-4a77-b1f8-910d343a5b7c" {{(pid=95352) __call__ /opt/stack/placement/placement/requestlog.py:55}}
Aug 31 14:15:32.454888 n-d-806683-5 devstack@placement-api.service[95352]: DEBUG placement.handlers.allocation [req-816d6dd3-1e9c-477f-9e71-bcbf7dc1f065 req-a38cd6ff-de89-413b-a3b2-5232d972bf1b service placement] Successfully wrote allocations [, , ] {{(pid=95352) _create_allocations /opt/stack/placement/placement/handlers/allocation.py:461}}
Aug 31 14:15:32.472969 n-d-806683-5 devstack@placement-api.service[95352]: INFO placement.requestlog [req-816d6dd3-1e9c-477f-9e71-bcbf7dc1f065 req-a38cd6ff-de89-413b-a3b2-5232d972bf1b service placement] 10.222.0.39 "PUT /placement/allocations/4cd550d2-0e7b-4a77-b1f8-910d343a5b7c" status: 204 len: 0 microversion: 1.36
Aug 31 14:15:32.486332 n-d-806683-5 devstack@placement-api.service[95352]: [pid: 95352|app: 0|req: 46/93] 10.222.0.39 () {64 vars in 1434 bytes} [Tue Aug 31 14:15:32 2021] PUT /placement/allocations/4cd550d2-0e7b-4a77-b1f8-910d343a5b7c => generated 0 bytes in 74 msecs (HTTP/1.1 204) 5 headers in 199 bytes (1 switches on core 0)
Aug 31 14:15:33.143094 n-d-806683-5 devstack@placement-api.service[95353]: DEBUG placement.requestlog [req-816d6dd3-1e9c-477f-9e71-bcbf7dc1f065 req-b162f70b-f547-4ae5-9acb-d975ebee5f08 None None] Starting request: 10.222.0.60 "GET /placement/allocations/5ad4974f-7fa4-4110-ae98-62e0d1c4e06c" {{(pid=95353) __call__ /opt/stack/placement/placement/requestlog.py:55}}
Aug 31 14:15:33.173949 n-d-806683-5 devstack@placement-api.service[95353]: INFO placement.requestlog [req-816d6dd3-1e9c-477f-9e71-bcbf7dc1f065 req-b162f70b-f547-4ae5-9acb-d975ebee5f08 service placement] 10.222.0.60 "GET /placement/allocations/5ad4974f-7fa4-4110-ae98-62e0d1c4e06c" status: 200 len: 259 microversion: 1.28
Aug 31 14:15:33.174656 n-d-806683-5 devstack@placement-api.service[95353]: [pid: 95353|app: 0|req: 48/94] 10.222.0.60 () {60 vars in 1378 bytes} [Tue Aug 31 14:15:33 2021] GET /placement/allocations/5ad4974f-7fa4-4110-ae98-62e0d1c4e06c => generated 259 bytes in 32 msecs (HTTP/1.1 200) 8 headers in 296 bytes (2 switches on core 0)
Aug 31 14:15:33.263400 n-d-806683-5 devstack@placement-api.service[95352]: DEBUG placement.requestlog [req-816d6dd3-1e9c-477f-9e71-bcbf7dc1f065 req-e542d91a-1bc4-446f-856d-a2432f647bda None None] Starting request: 10.222.0.60 "GET /placement/allocations/4cd550d2-0e7b-4a77-b1f8-910d343a5b7c" {{(pid=95352) __call__ /opt/stack/placement/placement/requestlog.py:55}}
Aug 31 14:15:33.355106 n-d-806683-5 devstack@placement-api.service[95352]: INFO placement.requestlog [req-816d6dd3-1e9c-477f-9e71-bcbf7dc1f065 req-e542d91a-1bc4-446f-856d-a2432f647bda service placement] 10.222.0.60 "GET /placement/allocations/4cd550d2-0e7b-4a77-b1f8-910d343a5b7c" status: 200 len: 259 microversion: 1.28
