Aug 31 09:34:14.540464 n-d-806683-2 devstack@placement-api.service[95271]: DEBUG placement.objects.research_context [req-2c35538e-400a-4f6d-8d50-480c7c1ec18c req-2fdbc474-7092-4ade-9bc2-6dd6577006fb service placement] found 2 providers after filtering by previous result {{(pid=95271) get_provider_ids_matching /opt/stack/placement/placement/objects/research_context.py:580}}
Aug 31 09:34:14.562607 n-d-806683-2 devstack@placement-api.service[95271]: DEBUG placement.objects.allocation_candidate [req-2c35538e-400a-4f6d-8d50-480c7c1ec18c req-2fdbc474-7092-4ade-9bc2-6dd6577006fb service placement] RequestGroup(use_same_provider=False, resources={DISK_GB:1, MEMORY_MB:1024, VCPU:1}, traits=[], aggregates=[]) (suffix '') returned 2 matches {{(pid=95271) _get_by_requests /opt/stack/placement/placement/objects/allocation_candidate.py:145}}
Aug 31 09:34:14.563246 n-d-806683-2 devstack@placement-api.service[95271]: DEBUG placement.objects.allocation_candidate [req-2c35538e-400a-4f6d-8d50-480c7c1ec18c req-2fdbc474-7092-4ade-9bc2-6dd6577006fb service placement] Merging candidates yields 2 allocation requests and 2 provider summaries {{(pid=95271) _merge_candidates /opt/stack/placement/placement/objects/allocation_candidate.py:783}}
Aug 31 09:34:14.565136 n-d-806683-2 devstack@placement-api.service[95271]: INFO placement.requestlog [req-2c35538e-400a-4f6d-8d50-480c7c1ec18c req-2fdbc474-7092-4ade-9bc2-6dd6577006fb service placement] 10.222.0.69 "GET /placement/allocation_candidates?limit=1000&resources=DISK_GB%3A1%2CMEMORY_MB%3A1024%2CVCPU%3A1&root_required=%21COMPUTE_STATUS_DISABLED" status: 200 len: 1309 microversion: 1.36
Aug 31 09:34:14.569863 n-d-806683-2 devstack@placement-api.service[95271]: [pid: 95271|app: 0|req: 307/609] 10.222.0.69 () {60 vars in 1507 bytes} [Tue Aug 31 09:34:14 2021] GET /placement/allocation_candidates?limit=1000&resources=DISK_GB%3A1%2CMEMORY_MB%3A1024%2CVCPU%3A1&root_required=%21COMPUTE_STATUS_DISABLED => generated 1309 bytes in 141 msecs (HTTP/1.1 200) 8 headers in 297 bytes (1 switches on core 0)
Aug 31 09:34:14.622463 n-d-806683-2 devstack@placement-api.service[95270]: DEBUG placement.requestlog [req-2c35538e-400a-4f6d-8d50-480c7c1ec18c req-49e0f7de-3043-4c0f-94ed-876dc0c0f6aa None None] Starting request: 10.222.0.69 "GET /placement/allocations/d21ea7b6-eb71-413c-8942-2f8566f4fa77" {{(pid=95270) __call__ /opt/stack/placement/placement/requestlog.py:55}}
Aug 31 09:34:14.635876 n-d-806683-2 devstack@placement-api.service[95270]: INFO placement.requestlog [req-2c35538e-400a-4f6d-8d50-480c7c1ec18c req-49e0f7de-3043-4c0f-94ed-876dc0c0f6aa service placement] 10.222.0.69 "GET /placement/allocations/d21ea7b6-eb71-413c-8942-2f8566f4fa77" status: 200 len: 19 microversion: 1.28
Aug 31 09:34:14.641871 n-d-806683-2 devstack@placement-api.service[95270]: [pid: 95270|app: 0|req: 303/610] 10.222.0.69 () {60 vars in 1381 bytes} [Tue Aug 31 09:34:14 2021] GET /placement/allocations/d21ea7b6-eb71-413c-8942-2f8566f4fa77 => generated 19 bytes in 20 msecs (HTTP/1.1 200) 8 headers in 295 bytes (1 switches on core 0)
Aug 31 09:34:14.642605 n-d-806683-2 devstack@placement-api.service[95271]: DEBUG placement.requestlog [req-2c35538e-400a-4f6d-8d50-480c7c1ec18c req-691376d4-34ce-430d-9626-cb632e595adc None None] Starting request: 10.222.0.69 "PUT /placement/allocations/d21ea7b6-eb71-413c-8942-2f8566f4fa77" {{(pid=95271) __call__ /opt/stack/placement/placement/requestlog.py:55}}
Aug 31 09:34:14.751665 n-d-806683-2 devstack@placement-api.service[95271]: DEBUG placement.handlers.allocation [req-2c35538e-400a-4f6d-8d50-480c7c1ec18c req-691376d4-34ce-430d-9626-cb632e595adc service placement] Successfully wrote allocations [, , ] {{(pid=95271) _create_allocations /opt/stack/placement/placement/handlers/allocation.py:461}}
Aug 31 09:34:14.758699 n-d-806683-2 devstack@placement-api.service[95271]: INFO placement.requestlog [req-2c35538e-400a-4f6d-8d50-480c7c1ec18c req-691376d4-34ce-430d-9626-cb632e595adc service placement] 10.222.0.69 "PUT /placement/allocations/d21ea7b6-eb71-413c-8942-2f8566f4fa77" status: 204 len: 0 microversion: 1.36
Aug 31 09:34:14.759592 n-d-806683-2 devstack@placement-api.service[95271]: [pid: 95271|app: 0|req: 308/611] 10.222.0.69 () {64 vars in 1434 bytes} [Tue Aug 31 09:34:14 2021] PUT /placement/allocations/d21ea7b6-eb71-413c-8942-2f8566f4fa77 => generated 0 bytes in 117 msecs (HTTP/1.1 204) 5 headers in 199 bytes (1 switches on core 0)
Aug 31 09:34:15.259072 n-d-806683-2 devstack@placement-api.service[95270]: DEBUG placement.requestlog [req-2c35538e-400a-4f6d-8d50-480c7c1ec18c req-800b1089-c96d-46d9-b387-faa5bebeb43b None None] Starting request: 10.222.0.52 "GET /placement/allocations/d21ea7b6-eb71-413c-8942-2f8566f4fa77" {{(pid=95270) __call__ /opt/stack/placement/placement/requestlog.py:55}}
Aug 31 09:34:15.278506 n-d-806683-2 devstack@placement-api.service[95270]: INFO placement.requestlog [req-2c35538e-400a-4f6d-8d50-480c7c1ec18c req-800b1089-c96d-46d9-b387-faa5bebeb43b service placement] 10.222.0.52 "GET /placement/allocations/d21ea7b6-eb71-413c-8942-2f8566f4fa77" status: 200 len: 259 microversion: 1.28
Aug 31 09:34:15.279750 n-d-806683-2 devstack@placement-api.service[95270]: [pid: 95270|app: 0|req: 304/612] 10.222.0.52 () {60 vars in 1378 bytes} [Tue Aug 31 09:34:15 2021] GET /placement/allocations/d21ea7b6-eb71-413c-8942-2f8566f4fa77 => generated 259 bytes in 20 msecs (HTTP/1.1 200) 8 headers in 296 bytes (2 switches on core 0)
Aug 31 09:34:18.987284 n-d-806683-2 devstack@placement-api.service[95271]: DEBUG placement.requestlog [req-3759cccb-1e02-400d-92db-1ccbaca6b42d req-ec51fce7-1e2c-431a-8488-fc21faba0537 None None] Starting request: 10.222.0.69 "GET /placement/allocation_candidates?limit=1000&resources=DISK_GB%3A1%2CMEMORY_MB%3A1024%2CVCPU%3A1&root_required=%21COMPUTE_STATUS_DISABLED" {{(pid=95271) __call__ /opt/stack/placement/placement/requestlog.py:55}}
Aug 31 09:34:19.035979 n-d-806683-2 devstack@placement-api.service[95271]: DEBUG placement.objects.research_context [req-3759cccb-1e02-400d-92db-1ccbaca6b42d req-ec51fce7-1e2c-431a-8488-fc21faba0537 service placement] getting providers with 1 DISK_GB {{(pid=95271) __init__ /opt/stack/placement/placement/objects/research_context.py:126}}
Aug 31 09:34:19.044347 n-d-806683-2 devstack@placement-api.service[95271]: DEBUG placement.objects.research_context [req-3759cccb-1e02-400d-92db-1ccbaca6b42d req-ec51fce7-1e2c-431a-8488-fc21faba0537 service placement] getting providers with 1024 MEMORY_MB {{(pid=95271) __init__ /opt/stack/placement/placement/objects/research_context.py:126}}
Aug 31 09:34:19.050526 n-d-806683-2 devstack@placement-api.service[95271]: DEBUG placement.objects.research_context [req-3759cccb-1e02-400d-92db-1ccbaca6b42d req-ec51fce7-1e2c-431a-8488-fc21faba0537 service placement] getting providers with 1 VCPU {{(pid=95271) __init__ /opt/stack/placement/placement/objects/research_context.py:126}}
Aug 31 09:34:19.057159 n-d-806683-2 devstack@placement-api.service[95271]: DEBUG placement.objects.research_context [req-3759cccb-1e02-400d-92db-1ccbaca6b42d req-ec51fce7-1e2c-431a-8488-fc21faba0537 service placement] found 2 providers with available 1 DISK_GB {{(pid=95271) get_provider_ids_matching /opt/stack/placement/placement/objects/research_context.py:549}}
Aug 31 09:34:19.057430 n-d-806683-2 devstack@placement-api.service[95271]: DEBUG placement.objects.research_context [req-3759cccb-1e02-400d-92db-1ccbaca6b42d req-ec51fce7-1e2c-431a-8488-fc21faba0537 service placement] found 2 providers with available 1024 MEMORY_MB {{(pid=95271) get_provider_ids_matching /opt/stack/placement/placement/objects/research_context.py:549}}
Aug 31 09:34:19.057903 n-d-806683-2 devstack@placement-api.service[95271]: DEBUG placement.objects.research_context [req-3759cccb-1e02-400d-92db-1ccbaca6b42d req-ec51fce7-1e2c-431a-8488-fc21faba0537 service placement] found 2 providers after filtering by previous result {{(pid=95271) get_provider_ids_matching /opt/stack/placement/placement/objects/research_context.py:580}}
Aug 31 09:34:19.058163 n-d-806683-2 devstack@placement-api.service[95271]: DEBUG placement.objects.research_context [req-3759cccb-1e02-400d-92db-1ccbaca6b42d req-ec51fce7-1e2c-431a-8488-fc21faba0537 service placement] found 2 providers with available 1 VCPU {{(pid=95271) get_provider_ids_matching /opt/stack/placement/placement/objects/research_context.py:549}}
Aug 31 09:34:19.061951 n-d-806683-2 devstack@placement-api.service[95271]: DEBUG placement.objects.research_context [req-3759cccb-1e02-400d-92db-1ccbaca6b42d req-ec51fce7-1e2c-431a-8488-fc21faba0537 service placement] found 2 providers after filtering by previous result {{(pid=95271) get_provider_ids_matching /opt/stack/placement/placement/objects/research_context.py:580}}
Aug 31 09:34:19.076894 n-d-806683-2 devstack@placement-api.service[95271]: DEBUG placement.objects.allocation_candidate [req-3759cccb-1e02-400d-92db-1ccbaca6b42d req-ec51fce7-1e2c-431a-8488-fc21faba0537 service placement] RequestGroup(use_same_provider=False, resources={DISK_GB:1, MEMORY_MB:1024, VCPU:1}, traits=[], aggregates=[]) (suffix '') returned 2 matches {{(pid=95271) _get_by_requests /opt/stack/placement/placement/objects/allocation_candidate.py:145}}
Aug 31 09:34:19.077502 n-d-806683-2 devstack@placement-api.service[95271]: DEBUG placement.objects.allocation_candidate [req-3759cccb-1e02-400d-92db-1ccbaca6b42d req-ec51fce7-1e2c-431a-8488-fc21faba0537 service placement] Merging candidates yields 2 allocation requests and 2 provider summaries {{(pid=95271) _merge_candidates /opt/stack/placement/placement/objects/allocation_candidate.py:783}}
Aug 31 09:34:19.079378 n-d-806683-2 devstack@placement-api.service[95271]: INFO placement.requestlog [req-3759cccb-1e02-400d-92db-1ccbaca6b42d req-ec51fce7-1e2c-431a-8488-fc21faba0537 service placement] 10.222.0.69 "GET /placement/allocation_candidates?limit=1000&resources=DISK_GB%3A1%2CMEMORY_MB%3A1024%2CVCPU%3A1&root_required=%21COMPUTE_STATUS_DISABLED" status: 200 len: 1309 microversion: 1.36
Aug 31 09:34:19.091228 n-d-806683-2 devstack@placement-api.service[95271]: [pid: 95271|app: 0|req: 309/613] 10.222.0.69 () {60 vars in 1507 bytes} [Tue Aug 31 09:34:18 2021] GET /placement/allocation_candidates?limit=1000&resources=DISK_GB%3A1%2CMEMORY_MB%3A1024%2CVCPU%3A1&root_required=%21COMPUTE_STATUS_DISABLED => generated 1309 bytes in 104 msecs (HTTP/1.1 200) 8 headers in 297 bytes (1 switches on core 0)
Aug 31 09:34:19.143630 n-d-806683-2 devstack@placement-api.service[95270]: DEBUG placement.requestlog [req-3759cccb-1e02-400d-92db-1ccbaca6b42d req-65569cca-f2af-4e3d-a280-e8b4da1d8452 None None] Starting request: 10.222.0.69 "GET /placement/allocations/475687c5-2f5e-4cbb-8387-f2fe00890cb0" {{(pid=95270) __call__ /opt/stack/placement/placement/requestlog.py:55}}
Aug 31 09:34:19.154869 n-d-806683-2 devstack@placement-api.service[95270]: INFO placement.requestlog [req-3759cccb-1e02-400d-92db-1ccbaca6b42d req-65569cca-f2af-4e3d-a280-e8b4da1d8452 service placement] 10.222.0.69 "GET /placement/allocations/475687c5-2f5e-4cbb-8387-f2fe00890cb0" status: 200 len: 19 microversion: 1.28
Aug 31 09:34:19.155100 n-d-806683-2 devstack@placement-api.service[95270]: [pid: 95270|app: 0|req: 305/614] 10.222.0.69 () {60 vars in 1381 bytes} [Tue Aug 31 09:34:19 2021] GET /placement/allocations/475687c5-2f5e-4cbb-8387-f2fe00890cb0 => generated 19 bytes in 12 msecs (HTTP/1.1 200) 8 headers in 295 bytes (1 switches on core 0)
Aug 31 09:34:19.161745 n-d-806683-2 devstack@placement-api.service[95271]: DEBUG placement.requestlog [req-3759cccb-1e02-400d-92db-1ccbaca6b42d req-535780b7-a450-494d-b3d0-7bcf44482202 None None] Starting request: 10.222.0.69 "PUT /placement/allocations/475687c5-2f5e-4cbb-8387-f2fe00890cb0" {{(pid=95271) __call__ /opt/stack/placement/placement/requestlog.py:55}}
Aug 31 09:34:19.207496 n-d-806683-2 devstack@placement-api.service[95271]: DEBUG placement.handlers.allocation [req-3759cccb-1e02-400d-92db-1ccbaca6b42d req-535780b7-a450-494d-b3d0-7bcf44482202 service placement] Successfully wrote allocations [, , ] {{(pid=95271) _create_allocations /opt/stack/placement/placement/handlers/allocation.py:461}}
Aug 31 09:34:19.212732 n-d-806683-2 devstack@placement-api.service[95271]: INFO placement.requestlog [req-3759cccb-1e02-400d-92db-1ccbaca6b42d req-535780b7-a450-494d-b3d0-7bcf44482202 service placement] 10.222.0.69 "PUT /placement/allocations/475687c5-2f5e-4cbb-8387-f2fe00890cb0" status: 204 len: 0 microversion: 1.36
Aug 31 09:34:19.226592 n-d-806683-2 devstack@placement-api.service[95271]: [pid: 95271|app: 0|req: 310/615] 10.222.0.69 () {64 vars in 1434 bytes} [Tue Aug 31 09:34:19 2021] PUT /placement/allocations/475687c5-2f5e-4cbb-8387-f2fe00890cb0 => generated 0 bytes in 52 msecs (HTTP/1.1 204) 5 headers in 199 bytes (1 switches on core 0)
Aug 31 09:34:19.587104 n-d-806683-2 devstack@placement-api.service[95270]: DEBUG placement.requestlog [req-3759cccb-1e02-400d-92db-1ccbaca6b42d req-ed0a173a-a15a-4809-9f6c-915c8dd962b2 None None] Starting request: 10.222.0.20 "GET /placement/allocations/475687c5-2f5e-4cbb-8387-f2fe00890cb0" {{(pid=95270) __call__ /opt/stack/placement/placement/requestlog.py:55}}
Aug 31 09:34:19.624545 n-d-806683-2 devstack@placement-api.service[95270]: INFO placement.requestlog [req-3759cccb-1e02-400d-92db-1ccbaca6b42d req-ed0a173a-a15a-4809-9f6c-915c8dd962b2 service placement] 10.222.0.20 "GET /placement/allocations/475687c5-2f5e-4cbb-8387-f2fe00890cb0" status: 200 len: 259 microversion: 1.28
Aug 31 09:34:19.625425 n-d-806683-2 devstack@placement-api.service[95270]: [pid: 95270|app: 0|req: 306/616] 10.222.0.20 () {60 vars in 1378 bytes} [Tue Aug 31 09:34:19 2021] GET /placement/allocations/475687c5-2f5e-4cbb-8387-f2fe00890cb0 => generated 259 bytes in 38 msecs (HTTP/1.1 200) 8 headers in 296 bytes (1 switches on core 0)
Aug 31 09:34:23.094439 n-d-806683-2 devstack@placement-api.service[95271]: DEBUG placement.requestlog [req-89e23be5-19fd-4211-b9ab-eff367837afa req-f691ec65-cdc4-4823-9876-56bcd0d0db1e None None] Starting request: 10.222.0.52 "DELETE /placement/allocations/216d6c59-dd80-488f-848d-e653f46b3178" {{(pid=95271) __call__ /opt/stack/placement/placement/requestlog.py:55}}
Aug 31 09:34:23.122429 n-d-806683-2 devstack@placement-api.service[95271]: DEBUG placement.handlers.allocation [req-89e23be5-19fd-4211-b9ab-eff367837afa req-f691ec65-cdc4-4823-9876-56bcd0d0db1e service placement] Successfully deleted allocations [, , ] {{(pid=95271) delete_allocations /opt/stack/placement/placement/handlers/allocation.py:603}}
Aug 31 09:34:23.123077 n-d-806683-2 devstack@placement-api.service[95271]: INFO placement.requestlog [req-89e23be5-19fd-4211-b9ab-eff367837afa req-f691ec65-cdc4-4823-9876-56bcd0d0db1e service placement] 10.222.0.52 "DELETE /placement/allocations/216d6c59-dd80-488f-848d-e653f46b3178" status: 204 len: 0 microversion: 1.0
Aug 31 09:34:23.123610 n-d-806683-2 devstack@placement-api.service[95271]: [pid: 95271|app: 0|req: 311/617] 10.222.0.52 () {60 vars in 1356 bytes} [Tue Aug 31 09:34:23 2021] DELETE /placement/allocations/216d6c59-dd80-488f-848d-e653f46b3178 => generated 0 bytes in 29 msecs (HTTP/1.1 204) 5 headers in 198 bytes (1 switches on core 0)
Aug 31 09:34:24.886419 n-d-806683-2 devstack@placement-api.service[95270]: DEBUG placement.requestlog [req-19f260ee-c555-4c57-a324-395ccf2af7ba req-616e8115-8f82-4fc3-8d84-6396a8502cea None None] Starting request: 10.222.0.69 "GET /placement/allocation_candidates?limit=1000&resources=DISK_GB%3A1%2CMEMORY_MB%3A1024%2CVCPU%3A1&root_required=%21COMPUTE_STATUS_DISABLED" {{(pid=95270) __call__ /opt/stack/placement/placement/requestlog.py:55}}
Aug 31 09:34:24.930721 n-d-806683-2 devstack@placement-api.service[95270]: DEBUG placement.objects.research_context [req-19f260ee-c555-4c57-a324-395ccf2af7ba req-616e8115-8f82-4fc3-8d84-6396a8502cea service placement] getting providers with 1 DISK_GB {{(pid=95270) __init__ /opt/stack/placement/placement/objects/research_context.py:126}}
Aug 31 09:34:24.936818 n-d-806683-2 devstack@placement-api.service[95270]: DEBUG placement.objects.research_context [req-19f260ee-c555-4c57-a324-395ccf2af7ba req-616e8115-8f82-4fc3-8d84-6396a8502cea service placement] getting providers with 1024 MEMORY_MB {{(pid=95270) __init__ /opt/stack/placement/placement/objects/research_context.py:126}}
Aug 31 09:34:24.945353 n-d-806683-2 devstack@placement-api.service[95270]: DEBUG placement.objects.research_context [req-19f260ee-c555-4c57-a324-395ccf2af7ba req-616e8115-8f82-4fc3-8d84-6396a8502cea service placement] getting providers with 1 VCPU {{(pid=95270) __init__ /opt/stack/placement/placement/objects/research_context.py:126}}
Aug 31 09:34:24.953142 n-d-806683-2 devstack@placement-api.service[95270]: DEBUG placement.objects.research_context [req-19f260ee-c555-4c57-a324-395ccf2af7ba req-616e8115-8f82-4fc3-8d84-6396a8502cea service placement] found 2 providers with available 1 DISK_GB {{(pid=95270) get_provider_ids_matching /opt/stack/placement/placement/objects/research_context.py:549}}
Aug 31 09:34:24.953419 n-d-806683-2 devstack@placement-api.service[95270]: DEBUG placement.objects.research_context [req-19f260ee-c555-4c57-a324-395ccf2af7ba req-616e8115-8f82-4fc3-8d84-6396a8502cea service placement] found 2 providers with available 1024 MEMORY_MB {{(pid=95270) get_provider_ids_matching /opt/stack/placement/placement/objects/research_context.py:549}}
Aug 31 09:34:24.953692 n-d-806683-2 devstack@placement-api.service[95270]: DEBUG placement.objects.research_context [req-19f260ee-c555-4c57-a324-395ccf2af7ba req-616e8115-8f82-4fc3-8d84-6396a8502cea service placement] found 2 providers after filtering by previous result {{(pid=95270) get_provider_ids_matching /opt/stack/placement/placement/objects/research_context.py:580}}
Aug 31 09:34:24.953948 n-d-806683-2 devstack@placement-api.service[95270]: DEBUG placement.objects.research_context [req-19f260ee-c555-4c57-a324-395ccf2af7ba req-616e8115-8f82-4fc3-8d84-6396a8502cea service placement] found 2 providers with available 1 VCPU {{(pid=95270) get_provider_ids_matching /opt/stack/placement/placement/objects/research_context.py:549}}
Aug 31 09:34:24.954205 n-d-806683-2 devstack@placement-api.service[95270]: DEBUG placement.objects.research_context [req-19f260ee-c555-4c57-a324-395ccf2af7ba req-616e8115-8f82-4fc3-8d84-6396a8502cea service placement] found 2 providers after filtering by previous result {{(pid=95270) get_provider_ids_matching /opt/stack/placement/placement/objects/research_context.py:580}}
Aug 31 09:34:24.971671 n-d-806683-2 devstack@placement-api.service[95270]: DEBUG placement.objects.allocation_candidate [req-19f260ee-c555-4c57-a324-395ccf2af7ba req-616e8115-8f82-4fc3-8d84-6396a8502cea service placement] RequestGroup(use_same_provider=False, resources={DISK_GB:1, MEMORY_MB:1024, VCPU:1}, traits=[], aggregates=[]) (suffix '') returned 2 matches {{(pid=95270) _get_by_requests /opt/stack/placement/placement/objects/allocation_candidate.py:145}}
Aug 31 09:34:24.972042 n-d-806683-2 devstack@placement-api.service[95270]: DEBUG placement.objects.allocation_candidate [req-19f260ee-c555-4c57-a324-395ccf2af7ba req-616e8115-8f82-4fc3-8d84-6396a8502cea service placement] Merging candidates yields 2 allocation requests and 2 provider summaries {{(pid=95270) _merge_candidates /opt/stack/placement/placement/objects/allocation_candidate.py:783}}
Aug 31 09:34:24.976086 n-d-806683-2 devstack@placement-api.service[95270]: INFO placement.requestlog [req-19f260ee-c555-4c57-a324-395ccf2af7ba req-616e8115-8f82-4fc3-8d84-6396a8502cea service placement] 10.222.0.69 "GET /placement/allocation_candidates?limit=1000&resources=DISK_GB%3A1%2CMEMORY_MB%3A1024%2CVCPU%3A1&root_required=%21COMPUTE_STATUS_DISABLED" status: 200 len: 1309 microversion: 1.36
Aug 31 09:34:24.976690 n-d-806683-2 devstack@placement-api.service[95270]: [pid: 95270|app: 0|req: 307/618] 10.222.0.69 () {60 vars in 1507 bytes} [Tue Aug 31 09:34:24 2021] GET /placement/allocation_candidates?limit=1000&resources=DISK_GB%3A1%2CMEMORY_MB%3A1024%2CVCPU%3A1&root_required=%21COMPUTE_STATUS_DISABLED => generated 1309 bytes in 90 msecs (HTTP/1.1 200) 8 headers in 297 bytes (1 switches on core 0)
Aug 31 09:34:25.028019 n-d-806683-2 devstack@placement-api.service[95271]: DEBUG placement.requestlog [req-19f260ee-c555-4c57-a324-395ccf2af7ba req-3de2fc4f-4719-4571-98d8-4403977dccb1 None None] Starting request: 10.222.0.69 "GET /placement/allocations/70719625-ab43-4988-8bd7-581684ad0a25" {{(pid=95271) __call__ /opt/stack/placement/placement/requestlog.py:55}}
Aug 31 09:34:25.039850 n-d-806683-2 devstack@placement-api.service[95271]: INFO placement.requestlog [req-19f260ee-c555-4c57-a324-395ccf2af7ba req-3de2fc4f-4719-4571-98d8-4403977dccb1 service placement] 10.222.0.69 "GET /placement/allocations/70719625-ab43-4988-8bd7-581684ad0a25" status: 200 len: 19 microversion: 1.28
Aug 31 09:34:25.043138 n-d-806683-2 devstack@placement-api.service[95271]: [pid: 95271|app: 0|req: 312/619] 10.222.0.69 () {60 vars in 1381 bytes} [Tue Aug 31 09:34:25 2021] GET /placement/allocations/70719625-ab43-4988-8bd7-581684ad0a25 => generated 19 bytes in 15 msecs (HTTP/1.1 200) 8 headers in 295 bytes (1 switches on core 0)
Aug 31 09:34:25.056837 n-d-806683-2 devstack@placement-api.service[95270]: DEBUG placement.requestlog [req-19f260ee-c555-4c57-a324-395ccf2af7ba req-eb397d93-1e56-40c0-8473-e96a6c9a867f None None] Starting request: 10.222.0.69 "PUT /placement/allocations/70719625-ab43-4988-8bd7-581684ad0a25" {{(pid=95270) __call__ /opt/stack/placement/placement/requestlog.py:55}}
Aug 31 09:34:25.105960 n-d-806683-2 devstack@placement-api.service[95270]: DEBUG placement.handlers.allocation [req-19f260ee-c555-4c57-a324-395ccf2af7ba req-eb397d93-1e56-40c0-8473-e96a6c9a867f service placement] Successfully wrote allocations [, , ] {{(pid=95270) _create_allocations /opt/stack/placement/placement/handlers/allocation.py:461}}
Aug 31 09:34:25.111367 n-d-806683-2 devstack@placement-api.service[95270]: INFO placement.requestlog [req-19f260ee-c555-4c57-a324-395ccf2af7ba req-eb397d93-1e56-40c0-8473-e96a6c9a867f service placement] 10.222.0.69 "PUT /placement/allocations/70719625-ab43-4988-8bd7-581684ad0a25" status: 204 len: 0 microversion: 1.36
Aug 31 09:34:25.111728 n-d-806683-2 devstack@placement-api.service[95270]: [pid: 95270|app: 0|req: 308/620] 10.222.0.69 () {64 vars in 1434 bytes} [Tue Aug 31 09:34:25 2021] PUT /placement/allocations/70719625-ab43-4988-8bd7-581684ad0a25 => generated 0 bytes in 55 msecs (HTTP/1.1 204) 5 headers in 199 bytes (1 switches on core 0)
Aug 31 09:34:25.409415 n-d-806683-2 devstack@placement-api.service[95271]: DEBUG placement.requestlog [req-19f260ee-c555-4c57-a324-395ccf2af7ba req-43d2fb38-00c7-4922-ae27-61acf09aa68a None None] Starting request: 10.222.0.52 "GET /placement/allocations/70719625-ab43-4988-8bd7-581684ad0a25" {{(pid=95271) __call__ /opt/stack/placement/placement/requestlog.py:55}}
Aug 31 09:34:25.427734 n-d-806683-2 devstack@placement-api.service[95271]: INFO placement.requestlog [req-19f260ee-c555-4c57-a324-395ccf2af7ba req-43d2fb38-00c7-4922-ae27-61acf09aa68a service placement] 10.222.0.52 "GET /placement/allocations/70719625-ab43-4988-8bd7-581684ad0a25" status: 200 len: 259 microversion: 1.28
Aug 31 09:34:25.428114 n-d-806683-2 devstack@placement-api.service[95271]: [pid: 95271|app: 0|req: 313/621] 10.222.0.52 () {60 vars in 1378 bytes} [Tue Aug 31 09:34:25 2021] GET /placement/allocations/70719625-ab43-4988-8bd7-581684ad0a25 => generated 259 bytes in 19 msecs (HTTP/1.1 200) 8 headers in 296 bytes (1 switches on core 0)
Aug 31 09:34:26.308859 n-d-806683-2 devstack@placement-api.service[95270]: DEBUG placement.requestlog [req-51f262be-1e91-424d-af04-8fd8245f6e62 req-038e7417-f0a4-48b3-93c5-a3197e7095e6 None None] Starting request: 10.222.0.52 "DELETE /placement/allocations/415a6b66-c60c-41a7-8d42-e9b760fe5390" {{(pid=95270) __call__ /opt/stack/placement/placement/requestlog.py:55}}
Aug 31 09:34:26.354125 n-d-806683-2 devstack@placement-api.service[95270]: DEBUG placement.handlers.allocation [req-51f262be-1e91-424d-af04-8fd8245f6e62 req-038e7417-f0a4-48b3-93c5-a3197e7095e6 service placement] Successfully deleted allocations [, , ] {{(pid=95270) delete_allocations /opt/stack/placement/placement/handlers/allocation.py:603}}
Aug 31 09:34:26.355070 n-d-806683-2 devstack@placement-api.service[95270]: INFO placement.requestlog [req-51f262be-1e91-424d-af04-8fd8245f6e62 req-038e7417-f0a4-48b3-93c5-a3197e7095e6 service placement] 10.222.0.52 "DELETE /placement/allocations/415a6b66-c60c-41a7-8d42-e9b760fe5390" status: 204 len: 0 microversion: 1.0
Aug 31 09:34:26.355792 n-d-806683-2 devstack@placement-api.service[95270]: [pid: 95270|app: 0|req: 309/622] 10.222.0.52 () {60 vars in 1356 bytes} [Tue Aug 31 09:34:26 2021] DELETE /placement/allocations/415a6b66-c60c-41a7-8d42-e9b760fe5390 => generated 0 bytes in 47 msecs (HTTP/1.1 204) 5 headers in 198 bytes (1 switches on core 0)
Aug 31 09:34:27.186064 n-d-806683-2 devstack@placement-api.service[95271]: DEBUG placement.requestlog [req-5ae8bc12-01dd-4ee3-9aeb-1795565d6c75 req-01127e58-3afc-4d75-b747-c6705c9887f3 None None] Starting request: 10.222.0.20 "GET /placement/allocations/090c98dd-e14e-466b-89ef-88a80ce36827" {{(pid=95271) __call__ /opt/stack/placement/placement/requestlog.py:55}}
Aug 31 09:34:27.203629 n-d-806683-2 devstack@placement-api.service[95271]: INFO placement.requestlog [req-5ae8bc12-01dd-4ee3-9aeb-1795565d6c75 req-01127e58-3afc-4d75-b747-c6705c9887f3 service placement] 10.222.0.20 "GET /placement/allocations/090c98dd-e14e-466b-89ef-88a80ce36827" status: 200 len: 259 microversion: 1.28
Aug 31 09:34:27.204158 n-d-806683-2 devstack@placement-api.service[95271]: [pid: 95271|app: 0|req: 314/623] 10.222.0.20 () {60 vars in 1378 bytes} [Tue Aug 31 09:34:27 2021] GET /placement/allocations/090c98dd-e14e-466b-89ef-88a80ce36827 => generated 259 bytes in 18 msecs (HTTP/1.1 200) 8 headers in 296 bytes (1 switches on core 0)
Aug 31 09:34:28.315092 n-d-806683-2 devstack@placement-api.service[95270]: DEBUG placement.requestlog [req-6c1620a7-0b6a-420c-a8da-59cec4bf3144 req-8d5fc001-fefd-4c21-b9c6-d69108892da1 None None] Starting request: 10.222.0.69 "GET /placement/allocation_candidates?limit=1000&resources=DISK_GB%3A1%2CMEMORY_MB%3A1024%2CVCPU%3A1&root_required=%21COMPUTE_STATUS_DISABLED" {{(pid=95270) __call__ /opt/stack/placement/placement/requestlog.py:55}}
Aug 31 09:34:28.379409 n-d-806683-2 devstack@placement-api.service[95270]: DEBUG placement.objects.research_context [req-6c1620a7-0b6a-420c-a8da-59cec4bf3144 req-8d5fc001-fefd-4c21-b9c6-d69108892da1 service placement] getting providers with 1 DISK_GB {{(pid=95270) __init__ /opt/stack/placement/placement/objects/research_context.py:126}}
Aug 31 09:34:28.393805 n-d-806683-2 devstack@placement-api.service[95270]: DEBUG placement.objects.research_context [req-6c1620a7-0b6a-420c-a8da-59cec4bf3144 req-8d5fc001-fefd-4c21-b9c6-d69108892da1 service placement] getting providers with 1024 MEMORY_MB {{(pid=95270) __init__ /opt/stack/placement/placement/objects/research_context.py:126}}
Aug 31 09:34:28.417251 n-d-806683-2 devstack@placement-api.service[95270]: DEBUG placement.objects.research_context [req-6c1620a7-0b6a-420c-a8da-59cec4bf3144 req-8d5fc001-fefd-4c21-b9c6-d69108892da1 service placement] getting providers with 1 VCPU {{(pid=95270) __init__ /opt/stack/placement/placement/objects/research_context.py:126}}
Aug 31 09:34:28.444298 n-d-806683-2 devstack@placement-api.service[95270]: DEBUG placement.objects.research_context [req-6c1620a7-0b6a-420c-a8da-59cec4bf3144 req-8d5fc001-fefd-4c21-b9c6-d69108892da1 service placement] found 2 providers with available 1 DISK_GB {{(pid=95270) get_provider_ids_matching /opt/stack/placement/placement/objects/research_context.py:549}}
Aug 31 09:34:28.444584 n-d-806683-2 devstack@placement-api.service[95270]: DEBUG placement.objects.research_context [req-6c1620a7-0b6a-420c-a8da-59cec4bf3144 req-8d5fc001-fefd-4c21-b9c6-d69108892da1 service placement] found 2 providers with available 1024 MEMORY_MB {{(pid=95270) get_provider_ids_matching /opt/stack/placement/placement/objects/research_context.py:549}}
Aug 31 09:34:28.444864 n-d-806683-2 devstack@placement-api.service[95270]: DEBUG placement.objects.research_context [req-6c1620a7-0b6a-420c-a8da-59cec4bf3144 req-8d5fc001-fefd-4c21-b9c6-d69108892da1 service placement] found 2 providers after filtering by previous result {{(pid=95270) get_provider_ids_matching /opt/stack/placement/placement/objects/research_context.py:580}}
Aug 31 09:34:28.445127 n-d-806683-2 devstack@placement-api.service[95270]: DEBUG placement.objects.research_context [req-6c1620a7-0b6a-420c-a8da-59cec4bf3144 req-8d5fc001-fefd-4c21-b9c6-d69108892da1 service placement] found 2 providers with available 1 VCPU {{(pid=95270) get_provider_ids_matching /opt/stack/placement/placement/objects/research_context.py:549}}
Aug 31 09:34:28.445392 n-d-806683-2 devstack@placement-api.service[95270]: DEBUG placement.objects.research_context [req-6c1620a7-0b6a-420c-a8da-59cec4bf3144 req-8d5fc001-fefd-4c21-b9c6-d69108892da1 service placement] found 2 providers after filtering by previous result {{(pid=95270) get_provider_ids_matching /opt/stack/placement/placement/objects/research_context.py:580}}
Aug 31 09:34:28.467839 n-d-806683-2 devstack@placement-api.service[95270]: DEBUG placement.objects.allocation_candidate [req-6c1620a7-0b6a-420c-a8da-59cec4bf3144 req-8d5fc001-fefd-4c21-b9c6-d69108892da1 service placement] RequestGroup(use_same_provider=False, resources={DISK_GB:1, MEMORY_MB:1024, VCPU:1}, traits=[], aggregates=[]) (suffix '') returned 2 matches {{(pid=95270) _get_by_requests /opt/stack/placement/placement/objects/allocation_candidate.py:145}}
Aug 31 09:34:28.468458 n-d-806683-2 devstack@placement-api.service[95270]: DEBUG placement.objects.allocation_candidate [req-6c1620a7-0b6a-420c-a8da-59cec4bf3144 req-8d5fc001-fefd-4c21-b9c6-d69108892da1 service placement] Merging candidates yields 2 allocation requests and 2 provider summaries {{(pid=95270) _merge_candidates /opt/stack/placement/placement/objects/allocation_candidate.py:783}}
Aug 31 09:34:28.470372 n-d-806683-2 devstack@placement-api.service[95270]: INFO placement.requestlog [req-6c1620a7-0b6a-420c-a8da-59cec4bf3144 req-8d5fc001-fefd-4c21-b9c6-d69108892da1 service placement] 10.222.0.69 "GET /placement/allocation_candidates?limit=1000&resources=DISK_GB%3A1%2CMEMORY_MB%3A1024%2CVCPU%3A1&root_required=%21COMPUTE_STATUS_DISABLED" status: 200 len: 1309 microversion: 1.36
Aug 31 09:34:28.471135 n-d-806683-2 devstack@placement-api.service[95270]: [pid: 95270|app: 0|req: 310/624] 10.222.0.69 () {60 vars in 1507 bytes} [Tue Aug 31 09:34:28 2021] GET /placement/allocation_candidates?limit=1000&resources=DISK_GB%3A1%2CMEMORY_MB%3A1024%2CVCPU%3A1&root_required=%21COMPUTE_STATUS_DISABLED => generated 1309 bytes in 156 msecs (HTTP/1.1 200) 8 headers in 297 bytes (1 switches on core 0)
Aug 31 09:34:28.563751 n-d-806683-2 devstack@placement-api.service[95271]: DEBUG placement.requestlog [req-6c1620a7-0b6a-420c-a8da-59cec4bf3144 req-3a480fe3-becc-43de-8e3c-8188a0d31ba2 None None] Starting request: 10.222.0.69 "GET /placement/allocations/74c97d69-162a-4cc7-a1cd-7dac8e3bc0d1" {{(pid=95271) __call__ /opt/stack/placement/placement/requestlog.py:55}}
Aug 31 09:34:28.581606 n-d-806683-2 devstack@placement-api.service[95271]: INFO placement.requestlog [req-6c1620a7-0b6a-420c-a8da-59cec4bf3144 req-3a480fe3-becc-43de-8e3c-8188a0d31ba2 service placement] 10.222.0.69 "GET /placement/allocations/74c97d69-162a-4cc7-a1cd-7dac8e3bc0d1" status: 200 len: 19 microversion: 1.28
Aug 31 09:34:28.581848 n-d-806683-2 devstack@placement-api.service[95271]: [pid: 95271|app: 0|req: 315/625] 10.222.0.69 () {60 vars in 1381 bytes} [Tue Aug 31 09:34:28 2021] GET /placement/allocations/74c97d69-162a-4cc7-a1cd-7dac8e3bc0d1 => generated 19 bytes in 18 msecs (HTTP/1.1 200) 8 headers in 295 bytes (2 switches on core 0)
Aug 31 09:34:28.588908 n-d-806683-2 devstack@placement-api.service[95270]: DEBUG placement.requestlog [req-6c1620a7-0b6a-420c-a8da-59cec4bf3144 req-f51259cc-f8d1-4245-a003-231e2a95edce None None] Starting request: 10.222.0.69 "PUT /placement/allocations/74c97d69-162a-4cc7-a1cd-7dac8e3bc0d1" {{(pid=95270) __call__ /opt/stack/placement/placement/requestlog.py:55}}
Aug 31 09:34:28.629088 n-d-806683-2 devstack@placement-api.service[95270]: DEBUG placement.handlers.allocation [req-6c1620a7-0b6a-420c-a8da-59cec4bf3144 req-f51259cc-f8d1-4245-a003-231e2a95edce service placement] Successfully wrote allocations [, , ] {{(pid=95270) _create_allocations /opt/stack/placement/placement/handlers/allocation.py:461}}
Aug 31 09:34:28.633065 n-d-806683-2 devstack@placement-api.service[95270]: INFO placement.requestlog [req-6c1620a7-0b6a-420c-a8da-59cec4bf3144 req-f51259cc-f8d1-4245-a003-231e2a95edce service placement] 10.222.0.69 "PUT /placement/allocations/74c97d69-162a-4cc7-a1cd-7dac8e3bc0d1" status: 204 len: 0 microversion: 1.36
Aug 31 09:34:28.633525 n-d-806683-2 devstack@placement-api.service[95270]: [pid: 95270|app: 0|req: 311/626] 10.222.0.69 () {64 vars in 1434 bytes} [Tue Aug 31 09:34:28 2021] PUT /placement/allocations/74c97d69-162a-4cc7-a1cd-7dac8e3bc0d1 => generated 0 bytes in 45 msecs (HTTP/1.1 204) 5 headers in 199 bytes (1 switches on core 0)
Aug 31 09:34:28.965222 n-d-806683-2 devstack@placement-api.service[95271]: DEBUG placement.requestlog [req-6c1620a7-0b6a-420c-a8da-59cec4bf3144 req-6801c2d3-f3a8-4b98-9c8b-6500bb97d985 None None] Starting request: 10.222.0.52 "GET /placement/allocations/74c97d69-162a-4cc7-a1cd-7dac8e3bc0d1" {{(pid=95271) __call__ /opt/stack/placement/placement/requestlog.py:55}}
Aug 31 09:34:28.980895 n-d-806683-2 devstack@placement-api.service[95271]: INFO placement.requestlog [req-6c1620a7-0b6a-420c-a8da-59cec4bf3144 req-6801c2d3-f3a8-4b98-9c8b-6500bb97d985 service placement] 10.222.0.52 "GET /placement/allocations/74c97d69-162a-4cc7-a1cd-7dac8e3bc0d1" status: 200 len: 259 microversion: 1.28
Aug 31 09:34:28.981289 n-d-806683-2 devstack@placement-api.service[95271]: [pid: 95271|app: 0|req: 316/627] 10.222.0.52 () {60 vars in 1378 bytes} [Tue Aug 31 09:34:28 2021] GET /placement/allocations/74c97d69-162a-4cc7-a1cd-7dac8e3bc0d1 => generated 259 bytes in 16 msecs (HTTP/1.1 200) 8 headers in 296 bytes (1 switches on core 0)
Aug 31 09:34:35.233879 n-d-806683-2 devstack@placement-api.service[95270]: DEBUG placement.requestlog [req-958f1f32-bf58-4eca-a7be-65fbcc45b7f9 req-06750cbe-afc3-44d6-a9aa-9a46feaef863 None None] Starting request: 10.222.0.69 "GET /placement/allocation_candidates?limit=1000&resources=DISK_GB%3A1%2CMEMORY_MB%3A1024%2CVCPU%3A1&root_required=%21COMPUTE_STATUS_DISABLED" {{(pid=95270) __call__ /opt/stack/placement/placement/requestlog.py:55}}
Aug 31 09:34:35.279236 n-d-806683-2 devstack@placement-api.service[95270]: DEBUG placement.objects.research_context [req-958f1f32-bf58-4eca-a7be-65fbcc45b7f9 req-06750cbe-afc3-44d6-a9aa-9a46feaef863 service placement] getting providers with 1 DISK_GB {{(pid=95270) __init__ /opt/stack/placement/placement/objects/research_context.py:126}}
Aug 31 09:34:35.286357 n-d-806683-2 devstack@placement-api.service[95270]: DEBUG placement.objects.research_context [req-958f1f32-bf58-4eca-a7be-65fbcc45b7f9 req-06750cbe-afc3-44d6-a9aa-9a46feaef863 service placement] getting providers with 1024 MEMORY_MB {{(pid=95270) __init__ /opt/stack/placement/placement/objects/research_context.py:126}}
Aug 31 09:34:35.296022 n-d-806683-2 devstack@placement-api.service[95270]: DEBUG placement.objects.research_context [req-958f1f32-bf58-4eca-a7be-65fbcc45b7f9 req-06750cbe-afc3-44d6-a9aa-9a46feaef863 service placement] getting providers with 1 VCPU {{(pid=95270) __init__ /opt/stack/placement/placement/objects/research_context.py:126}}
Aug 31 09:34:35.305339 n-d-806683-2 devstack@placement-api.service[95270]: DEBUG placement.objects.research_context [req-958f1f32-bf58-4eca-a7be-65fbcc45b7f9 req-06750cbe-afc3-44d6-a9aa-9a46feaef863 service placement] found 2 providers with available 1 DISK_GB {{(pid=95270) get_provider_ids_matching /opt/stack/placement/placement/objects/research_context.py:549}}
Aug 31 09:34:35.305943 n-d-806683-2 devstack@placement-api.service[95270]: DEBUG placement.objects.research_context [req-958f1f32-bf58-4eca-a7be-65fbcc45b7f9 req-06750cbe-afc3-44d6-a9aa-9a46feaef863 service placement] found 2 providers with available 1024 MEMORY_MB {{(pid=95270) get_provider_ids_matching /opt/stack/placement/placement/objects/research_context.py:549}}
Aug 31 09:34:35.306284 n-d-806683-2 devstack@placement-api.service[95270]: DEBUG placement.objects.research_context [req-958f1f32-bf58-4eca-a7be-65fbcc45b7f9 req-06750cbe-afc3-44d6-a9aa-9a46feaef863 service placement] found 2 providers after filtering by previous result {{(pid=95270) get_provider_ids_matching /opt/stack/placement/placement/objects/research_context.py:580}}
Aug 31 09:34:35.306616 n-d-806683-2 devstack@placement-api.service[95270]: DEBUG placement.objects.research_context [req-958f1f32-bf58-4eca-a7be-65fbcc45b7f9 req-06750cbe-afc3-44d6-a9aa-9a46feaef863 service placement] found 2 providers with available 1 VCPU {{(pid=95270) get_provider_ids_matching /opt/stack/placement/placement/objects/research_context.py:549}}
Aug 31 09:34:35.307140 n-d-806683-2 devstack@placement-api.service[95270]: DEBUG placement.objects.research_context [req-958f1f32-bf58-4eca-a7be-65fbcc45b7f9 req-06750cbe-afc3-44d6-a9aa-9a46feaef863 service placement] found 2 providers after filtering by previous result {{(pid=95270) get_provider_ids_matching /opt/stack/placement/placement/objects/research_context.py:580}}
Aug 31 09:34:35.320044 n-d-806683-2 devstack@placement-api.service[95270]: DEBUG placement.objects.allocation_candidate [req-958f1f32-bf58-4eca-a7be-65fbcc45b7f9 req-06750cbe-afc3-44d6-a9aa-9a46feaef863 service placement] RequestGroup(use_same_provider=False, resources={DISK_GB:1, MEMORY_MB:1024, VCPU:1}, traits=[], aggregates=[]) (suffix '') returned 2 matches {{(pid=95270) _get_by_requests /opt/stack/placement/placement/objects/allocation_candidate.py:145}}
Aug 31 09:34:35.320676 n-d-806683-2 devstack@placement-api.service[95270]: DEBUG placement.objects.allocation_candidate [req-958f1f32-bf58-4eca-a7be-65fbcc45b7f9 req-06750cbe-afc3-44d6-a9aa-9a46feaef863 service placement] Merging candidates yields 2 allocation requests and 2 provider summaries {{(pid=95270) _merge_candidates /opt/stack/placement/placement/objects/allocation_candidate.py:783}}
Aug 31 09:34:35.323768 n-d-806683-2 devstack@placement-api.service[95270]: INFO placement.requestlog [req-958f1f32-bf58-4eca-a7be-65fbcc45b7f9 req-06750cbe-afc3-44d6-a9aa-9a46feaef863 service placement] 10.222.0.69 "GET /placement/allocation_candidates?limit=1000&resources=DISK_GB%3A1%2CMEMORY_MB%3A1024%2CVCPU%3A1&root_required=%21COMPUTE_STATUS_DISABLED" status: 200 len: 1309 microversion: 1.36
Aug 31 09:34:35.324450 n-d-806683-2 devstack@placement-api.service[95270]: [pid: 95270|app: 0|req: 312/628] 10.222.0.69 () {60 vars in 1507 bytes} [Tue Aug 31 09:34:35 2021] GET /placement/allocation_candidates?limit=1000&resources=DISK_GB%3A1%2CMEMORY_MB%3A1024%2CVCPU%3A1&root_required=%21COMPUTE_STATUS_DISABLED => generated 1309 bytes in 91 msecs (HTTP/1.1 200) 8 headers in 297 bytes (1 switches on core 0)
Aug 31 09:34:35.371333 n-d-806683-2 devstack@placement-api.service[95271]: DEBUG placement.requestlog [req-958f1f32-bf58-4eca-a7be-65fbcc45b7f9 req-de234765-f4d7-456a-b8c4-2885a1c3003c None None] Starting request: 10.222.0.69 "GET /placement/allocations/c15bc786-7807-4b0c-adef-3d6da92c3043" {{(pid=95271) __call__ /opt/stack/placement/placement/requestlog.py:55}}
Aug 31 09:34:35.382387 n-d-806683-2 devstack@placement-api.service[95271]: INFO placement.requestlog [req-958f1f32-bf58-4eca-a7be-65fbcc45b7f9 req-de234765-f4d7-456a-b8c4-2885a1c3003c service placement] 10.222.0.69 "GET /placement/allocations/c15bc786-7807-4b0c-adef-3d6da92c3043" status: 200 len: 19 microversion: 1.28
Aug 31 09:34:35.382623 n-d-806683-2 devstack@placement-api.service[95271]: [pid: 95271|app: 0|req: 317/629] 10.222.0.69 () {60 vars in 1381 bytes} [Tue Aug 31 09:34:35 2021] GET /placement/allocations/c15bc786-7807-4b0c-adef-3d6da92c3043 => generated 19 bytes in 12 msecs (HTTP/1.1 200) 8 headers in 295 bytes (1 switches on core 0)
Aug 31 09:34:35.390003 n-d-806683-2 devstack@placement-api.service[95270]: DEBUG placement.requestlog [req-958f1f32-bf58-4eca-a7be-65fbcc45b7f9 req-185d8fe2-3982-437f-9ee8-eb1713540255 None None] Starting request: 10.222.0.69 "PUT /placement/allocations/c15bc786-7807-4b0c-adef-3d6da92c3043" {{(pid=95270) __call__ /opt/stack/placement/placement/requestlog.py:55}}
Aug 31 09:34:35.445403 n-d-806683-2 devstack@placement-api.service[95270]: DEBUG placement.handlers.allocation [req-958f1f32-bf58-4eca-a7be-65fbcc45b7f9 req-185d8fe2-3982-437f-9ee8-eb1713540255 service placement] Successfully wrote allocations [, , ] {{(pid=95270) _create_allocations /opt/stack/placement/placement/handlers/allocation.py:461}}
Aug 31 09:34:35.449911 n-d-806683-2 devstack@placement-api.service[95270]: INFO placement.requestlog [req-958f1f32-bf58-4eca-a7be-65fbcc45b7f9 req-185d8fe2-3982-437f-9ee8-eb1713540255 service placement] 10.222.0.69 "PUT /placement/allocations/c15bc786-7807-4b0c-adef-3d6da92c3043" status: 204 len: 0 microversion: 1.36
Aug 31 09:34:35.451159 n-d-806683-2 devstack@placement-api.service[95270]: [pid: 95270|app: 0|req: 313/630] 10.222.0.69 () {64 vars in 1434 bytes} [Tue Aug 31 09:34:35 2021] PUT /placement/allocations/c15bc786-7807-4b0c-adef-3d6da92c3043 => generated 0 bytes in 61 msecs (HTTP/1.1 204) 5 headers in 199 bytes (2 switches on core 0)
Aug 31 09:34:35.905663 n-d-806683-2 devstack@placement-api.service[95271]: DEBUG placement.requestlog [req-958f1f32-bf58-4eca-a7be-65fbcc45b7f9 req-a07157d7-7aaf-4ff3-abb9-861038c2d68a None None] Starting request: 10.222.0.52 "GET /placement/allocations/c15bc786-7807-4b0c-adef-3d6da92c3043" {{(pid=95271) __call__ /opt/stack/placement/placement/requestlog.py:55}}
Aug 31 09:34:35.920350 n-d-806683-2 devstack@placement-api.service[95271]: INFO placement.requestlog [req-958f1f32-bf58-4eca-a7be-65fbcc45b7f9 req-a07157d7-7aaf-4ff3-abb9-861038c2d68a service placement] 10.222.0.52 "GET /placement/allocations/c15bc786-7807-4b0c-adef-3d6da92c3043" status: 200 len: 259 microversion: 1.28
Aug 31 09:34:35.920703 n-d-806683-2 devstack@placement-api.service[95271]: [pid: 95271|app: 0|req: 318/631] 10.222.0.52 () {60 vars in 1378 bytes} [Tue Aug 31 09:34:35 2021] GET /placement/allocations/c15bc786-7807-4b0c-adef-3d6da92c3043 => generated 259 bytes in 15 msecs (HTTP/1.1 200) 8 headers in 296 bytes (1 switches on core 0)
Aug 31 09:34:39.519131 n-d-806683-2 devstack@placement-api.service[95270]: DEBUG placement.requestlog [req-b606dbb4-cec8-4bab-96e1-714739a93975 req-4195498d-cc6f-43b8-b8f9-cc7644ec9f32 None None] Starting request: 10.222.0.20 "DELETE /placement/allocations/e42d74c2-710d-4e64-8230-cae880bf9a24" {{(pid=95270) __call__ /opt/stack/placement/placement/requestlog.py:55}}
Aug 31 09:34:39.567161 n-d-806683-2 devstack@placement-api.service[95270]: DEBUG placement.handlers.allocation [req-b606dbb4-cec8-4bab-96e1-714739a93975 req-4195498d-cc6f-43b8-b8f9-cc7644ec9f32 service placement] Successfully deleted allocations [, , ] {{(pid=95270) delete_allocations /opt/stack/placement/placement/handlers/allocation.py:603}}
Aug 31 09:34:39.567604 n-d-806683-2 devstack@placement-api.service[95270]: INFO placement.requestlog [req-b606dbb4-cec8-4bab-96e1-714739a93975 req-4195498d-cc6f-43b8-b8f9-cc7644ec9f32 service placement] 10.222.0.20 "DELETE /placement/allocations/e42d74c2-710d-4e64-8230-cae880bf9a24" status: 204 len: 0 microversion: 1.0
Aug 31 09:34:39.568064 n-d-806683-2 devstack@placement-api.service[95270]: [pid: 95270|app: 0|req: 314/632] 10.222.0.20 () {60 vars in 1356 bytes} [Tue Aug 31 09:34:39 2021] DELETE /placement/allocations/e42d74c2-710d-4e64-8230-cae880bf9a24 => generated 0 bytes in 50 msecs (HTTP/1.1 204) 5 headers in 198 bytes (1 switches on core 0)
Aug 31 09:34:42.085949 n-d-806683-2 devstack@placement-api.service[95271]: DEBUG placement.requestlog [req-33bc3f8d-eb16-4ff5-bbb4-6305885fa78f req-6a8de6c2-a49e-47f2-b2cb-484cfdd13b22 None None] Starting request: 10.222.0.52 "DELETE /placement/allocations/74c97d69-162a-4cc7-a1cd-7dac8e3bc0d1" {{(pid=95271) __call__ /opt/stack/placement/placement/requestlog.py:55}}
Aug 31 09:34:42.117859 n-d-806683-2 devstack@placement-api.service[95271]: DEBUG placement.handlers.allocation [req-33bc3f8d-eb16-4ff5-bbb4-6305885fa78f req-6a8de6c2-a49e-47f2-b2cb-484cfdd13b22 service placement] Successfully deleted allocations [, , ] {{(pid=95271) delete_allocations /opt/stack/placement/placement/handlers/allocation.py:603}}
Aug 31 09:34:42.118910 n-d-806683-2 devstack@placement-api.service[95271]: INFO placement.requestlog [req-33bc3f8d-eb16-4ff5-bbb4-6305885fa78f req-6a8de6c2-a49e-47f2-b2cb-484cfdd13b22 service placement] 10.222.0.52 "DELETE /placement/allocations/74c97d69-162a-4cc7-a1cd-7dac8e3bc0d1" status: 204 len: 0 microversion: 1.0
Aug 31 09:34:42.119307 n-d-806683-2 devstack@placement-api.service[95271]: [pid: 95271|app: 0|req: 319/633] 10.222.0.52 () {60 vars in 1356 bytes} [Tue Aug 31 09:34:42 2021] DELETE /placement/allocations/74c97d69-162a-4cc7-a1cd-7dac8e3bc0d1 => generated 0 bytes in 34 msecs (HTTP/1.1 204) 5 headers in 198 bytes (1 switches on core 0)
Aug 31 09:34:42.881941 n-d-806683-2 devstack@placement-api.service[95270]: DEBUG placement.requestlog [req-8c0a71a2-a954-47b7-9ed4-49117cb71feb req-83350d91-24a8-44c3-873d-2c1ceb6d1261 None None] Starting request: 10.222.0.52 "DELETE /placement/allocations/a56e9ca6-70c5-41c1-b985-e6ef889dba3f" {{(pid=95270) __call__ /opt/stack/placement/placement/requestlog.py:55}}
Aug 31 09:34:42.955434 n-d-806683-2 devstack@placement-api.service[95270]: DEBUG placement.handlers.allocation [req-8c0a71a2-a954-47b7-9ed4-49117cb71feb req-83350d91-24a8-44c3-873d-2c1ceb6d1261 service placement] Successfully deleted allocations [, , ] {{(pid=95270) delete_allocations /opt/stack/placement/placement/handlers/allocation.py:603}}
Aug 31 09:34:42.956329 n-d-806683-2 devstack@placement-api.service[95270]: INFO placement.requestlog [req-8c0a71a2-a954-47b7-9ed4-49117cb71feb req-83350d91-24a8-44c3-873d-2c1ceb6d1261 service placement] 10.222.0.52 "DELETE /placement/allocations/a56e9ca6-70c5-41c1-b985-e6ef889dba3f" status: 204 len: 0 microversion: 1.0
Aug 31 09:34:42.956793 n-d-806683-2 devstack@placement-api.service[95270]: [pid: 95270|app: 0|req: 315/634] 10.222.0.52 () {60 vars in 1356 bytes} [Tue Aug 31 09:34:42 2021] DELETE /placement/allocations/a56e9ca6-70c5-41c1-b985-e6ef889dba3f => generated 0 bytes in 75 msecs (HTTP/1.1 204) 5 headers in 198 bytes (1 switches on core 0)
Aug 31 09:34:47.264196 n-d-806683-2 devstack@placement-api.service[95271]: DEBUG placement.requestlog [req-66968091-2385-49b7-88a6-2af74775e543 req-db775d75-a904-4cb6-9858-67f200b9c9df None None] Starting request: 10.222.0.20 "DELETE /placement/allocations/76c8e018-ef26-416e-9999-76a09f2f9242" {{(pid=95271) __call__ /opt/stack/placement/placement/requestlog.py:55}}
Aug 31 09:34:47.308278 n-d-806683-2 devstack@placement-api.service[95271]: DEBUG placement.handlers.allocation [req-66968091-2385-49b7-88a6-2af74775e543 req-db775d75-a904-4cb6-9858-67f200b9c9df service placement] Successfully deleted allocations [, , ] {{(pid=95271) delete_allocations /opt/stack/placement/placement/handlers/allocation.py:603}}
Aug 31 09:34:47.310397 n-d-806683-2 devstack@placement-api.service[95271]: INFO placement.requestlog [req-66968091-2385-49b7-88a6-2af74775e543 req-db775d75-a904-4cb6-9858-67f200b9c9df service placement] 10.222.0.20 "DELETE /placement/allocations/76c8e018-ef26-416e-9999-76a09f2f9242" status: 204 len: 0 microversion: 1.0
Aug 31 09:34:47.311569 n-d-806683-2 devstack@placement-api.service[95271]: [pid: 95271|app: 0|req: 320/635] 10.222.0.20 () {60 vars in 1356 bytes} [Tue Aug 31 09:34:47 2021] DELETE /placement/allocations/76c8e018-ef26-416e-9999-76a09f2f9242 => generated 0 bytes in 47 msecs (HTTP/1.1 204) 5 headers in 198 bytes (2 switches on core 0)
Aug 31 09:34:50.678230 n-d-806683-2 devstack@placement-api.service[95270]: DEBUG placement.requestlog [req-e4fad4f0-85f4-4c39-8bbd-40c7a34b3457 req-c2b153dd-94d7-46be-a90e-f29a1ba71046 None None] Starting request: 10.222.0.52 "DELETE /placement/allocations/c15bc786-7807-4b0c-adef-3d6da92c3043" {{(pid=95270) __call__ /opt/stack/placement/placement/requestlog.py:55}}
Aug 31 09:34:50.761871 n-d-806683-2 devstack@placement-api.service[95270]: DEBUG placement.handlers.allocation [req-e4fad4f0-85f4-4c39-8bbd-40c7a34b3457 req-c2b153dd-94d7-46be-a90e-f29a1ba71046 service placement] Successfully deleted allocations [, , ] {{(pid=95270) delete_allocations /opt/stack/placement/placement/handlers/allocation.py:603}}
Aug 31 09:34:50.762735 n-d-806683-2 devstack@placement-api.service[95270]: INFO placement.requestlog [req-e4fad4f0-85f4-4c39-8bbd-40c7a34b3457 req-c2b153dd-94d7-46be-a90e-f29a1ba71046 service placement] 10.222.0.52 "DELETE /placement/allocations/c15bc786-7807-4b0c-adef-3d6da92c3043" status: 204 len: 0 microversion: 1.0
Aug 31 09:34:50.763535 n-d-806683-2 devstack@placement-api.service[95270]: [pid: 95270|app: 0|req: 316/636] 10.222.0.52 () {60 vars in 1356 bytes} [Tue Aug 31 09:34:50 2021] DELETE /placement/allocations/c15bc786-7807-4b0c-adef-3d6da92c3043 => generated 0 bytes in 91 msecs (HTTP/1.1 204) 5 headers in 198 bytes (1 switches on core 0)
Aug 31 09:34:51.497906 n-d-806683-2 devstack@placement-api.service[95271]: DEBUG placement.requestlog [req-0599bb8d-07b7-4beb-9fdc-81b6c8036698 req-9562605c-2cef-4bf6-b27e-7b479e8350ab None None] Starting request: 10.222.0.20 "DELETE /placement/allocations/e5a03a53-fae8-4575-8285-34e2d93c04ac" {{(pid=95271) __call__ /opt/stack/placement/placement/requestlog.py:55}}
