Aug 31 09:23:52.525520 n-d-806683-2 devstack@placement-api.service[95270]: DEBUG placement.requestlog [req-69a52652-2f4f-4108-a848-7469272a1183 req-caed83ff-0735-4927-8c45-1bd2b60bf9b9 None None] Starting request: 10.222.0.69 "PUT /placement/resource_providers/bedb52e4-8f79-478a-a170-2b9ff389d6db/aggregates" {{(pid=95270) __call__ /opt/stack/placement/placement/requestlog.py:55}}
Aug 31 09:23:52.546181 n-d-806683-2 devstack@placement-api.service[95270]: DEBUG placement.objects.resource_provider [req-69a52652-2f4f-4108-a848-7469272a1183 req-caed83ff-0735-4927-8c45-1bd2b60bf9b9 service placement] _ensure_aggregate() did not find aggregate 73784c7e-1696-45c4-8528-9815176bc505. Attempting to create it. {{(pid=95270) _ensure_aggregate /opt/stack/placement/placement/objects/resource_provider.py:320}}
Aug 31 09:23:52.547986 n-d-806683-2 devstack@placement-api.service[95270]: DEBUG placement.objects.resource_provider [req-69a52652-2f4f-4108-a848-7469272a1183 req-caed83ff-0735-4927-8c45-1bd2b60bf9b9 service placement] _ensure_aggregate() created new aggregate 73784c7e-1696-45c4-8528-9815176bc505 (id=4). {{(pid=95270) _ensure_aggregate /opt/stack/placement/placement/objects/resource_provider.py:326}}
Aug 31 09:23:52.549625 n-d-806683-2 devstack@placement-api.service[95270]: DEBUG placement.objects.resource_provider [req-69a52652-2f4f-4108-a848-7469272a1183 req-caed83ff-0735-4927-8c45-1bd2b60bf9b9 service placement] Setting aggregates for provider bedb52e4-8f79-478a-a170-2b9ff389d6db. Successfully associated aggregate 73784c7e-1696-45c4-8528-9815176bc505. {{(pid=95270) _set_aggregates /opt/stack/placement/placement/objects/resource_provider.py:388}}
Aug 31 09:23:52.558241 n-d-806683-2 devstack@placement-api.service[95270]: INFO placement.requestlog [req-69a52652-2f4f-4108-a848-7469272a1183 req-caed83ff-0735-4927-8c45-1bd2b60bf9b9 service placement] 10.222.0.69 "PUT /placement/resource_providers/bedb52e4-8f79-478a-a170-2b9ff389d6db/aggregates" status: 200 len: 92 microversion: 1.19
Aug 31 09:23:52.558544 n-d-806683-2 devstack@placement-api.service[95270]: [pid: 95270|app: 0|req: 28/60] 10.222.0.69 () {64 vars in 1478 bytes} [Tue Aug 31 09:23:52 2021] PUT /placement/resource_providers/bedb52e4-8f79-478a-a170-2b9ff389d6db/aggregates => generated 92 bytes in 33 msecs (HTTP/1.1 200) 8 headers in 295 bytes (2 switches on core 0)
Aug 31 09:23:52.712065 n-d-806683-2 devstack@placement-api.service[95271]: DEBUG placement.requestlog [req-1308600d-a653-4725-aaba-a1696289fc39 req-75075fb7-c8e2-427a-a373-4c0e4da4dda7 None None] Starting request: 10.222.0.69 "GET /placement/resource_providers?name=n-h2-806683-2" {{(pid=95271) __call__ /opt/stack/placement/placement/requestlog.py:55}}
Aug 31 09:23:52.744802 n-d-806683-2 devstack@placement-api.service[95271]: INFO placement.requestlog [req-1308600d-a653-4725-aaba-a1696289fc39 req-75075fb7-c8e2-427a-a373-4c0e4da4dda7 service placement] 10.222.0.69 "GET /placement/resource_providers?name=n-h2-806683-2" status: 200 len: 441 microversion: 1.0
Aug 31 09:23:52.747658 n-d-806683-2 devstack@placement-api.service[95271]: [pid: 95271|app: 0|req: 33/61] 10.222.0.69 () {58 vars in 1275 bytes} [Tue Aug 31 09:23:52 2021] GET /placement/resource_providers?name=n-h2-806683-2 => generated 441 bytes in 36 msecs (HTTP/1.1 200) 6 headers in 224 bytes (1 switches on core 0)
Aug 31 09:23:52.756902 n-d-806683-2 devstack@placement-api.service[95270]: DEBUG placement.requestlog [req-1308600d-a653-4725-aaba-a1696289fc39 req-c94d14df-6bc7-4f37-9bf5-8f7f181c3f7f None None] Starting request: 10.222.0.69 "GET /placement/resource_providers/bedb52e4-8f79-478a-a170-2b9ff389d6db/aggregates" {{(pid=95270) __call__ /opt/stack/placement/placement/requestlog.py:55}}
Aug 31 09:23:52.774530 n-d-806683-2 devstack@placement-api.service[95270]: INFO placement.requestlog [req-1308600d-a653-4725-aaba-a1696289fc39 req-c94d14df-6bc7-4f37-9bf5-8f7f181c3f7f service placement] 10.222.0.69 "GET /placement/resource_providers/bedb52e4-8f79-478a-a170-2b9ff389d6db/aggregates" status: 200 len: 92 microversion: 1.19
Aug 31 09:23:52.786312 n-d-806683-2 devstack@placement-api.service[95271]: DEBUG placement.requestlog [req-1308600d-a653-4725-aaba-a1696289fc39 req-131f75a8-935a-4d39-94ea-1ac2f43dd3ea None None] Starting request: 10.222.0.69 "PUT /placement/resource_providers/bedb52e4-8f79-478a-a170-2b9ff389d6db/aggregates" {{(pid=95271) __call__ /opt/stack/placement/placement/requestlog.py:55}}
Aug 31 09:23:52.787116 n-d-806683-2 devstack@placement-api.service[95270]: [pid: 95270|app: 0|req: 29/62] 10.222.0.69 () {60 vars in 1426 bytes} [Tue Aug 31 09:23:52 2021] GET /placement/resource_providers/bedb52e4-8f79-478a-a170-2b9ff389d6db/aggregates => generated 92 bytes in 30 msecs (HTTP/1.1 200) 8 headers in 295 bytes (1 switches on core 0)
Aug 31 09:23:52.836344 n-d-806683-2 devstack@placement-api.service[95271]: DEBUG placement.objects.resource_provider [req-1308600d-a653-4725-aaba-a1696289fc39 req-131f75a8-935a-4d39-94ea-1ac2f43dd3ea service placement] Setting aggregates for provider bedb52e4-8f79-478a-a170-2b9ff389d6db. Successfully disassociated aggregate 73784c7e-1696-45c4-8528-9815176bc505. {{(pid=95271) _set_aggregates /opt/stack/placement/placement/objects/resource_provider.py:403}}
Aug 31 09:23:52.851889 n-d-806683-2 devstack@placement-api.service[95271]: INFO placement.requestlog [req-1308600d-a653-4725-aaba-a1696289fc39 req-131f75a8-935a-4d39-94ea-1ac2f43dd3ea service placement] 10.222.0.69 "PUT /placement/resource_providers/bedb52e4-8f79-478a-a170-2b9ff389d6db/aggregates" status: 200 len: 54 microversion: 1.19
Aug 31 09:23:52.852214 n-d-806683-2 devstack@placement-api.service[95270]: DEBUG placement.requestlog [req-2ad1ca1d-e6c0-4e1e-9c3e-ad964bf6d9a7 req-b077a95d-2eb3-4b25-a9c0-0d714ebe70ad None None] Starting request: 10.222.0.69 "GET /placement/allocations/a58a66a9-48f4-4e11-8805-ae68bd3393a7" {{(pid=95270) __call__ /opt/stack/placement/placement/requestlog.py:55}}
Aug 31 09:23:52.852790 n-d-806683-2 devstack@placement-api.service[95271]: [pid: 95271|app: 0|req: 34/63] 10.222.0.69 () {64 vars in 1478 bytes} [Tue Aug 31 09:23:52 2021] PUT /placement/resource_providers/bedb52e4-8f79-478a-a170-2b9ff389d6db/aggregates => generated 54 bytes in 67 msecs (HTTP/1.1 200) 8 headers in 295 bytes (1 switches on core 0)
Aug 31 09:23:52.890043 n-d-806683-2 devstack@placement-api.service[95270]: INFO placement.requestlog [req-2ad1ca1d-e6c0-4e1e-9c3e-ad964bf6d9a7 req-b077a95d-2eb3-4b25-a9c0-0d714ebe70ad service placement] 10.222.0.69 "GET /placement/allocations/a58a66a9-48f4-4e11-8805-ae68bd3393a7" status: 200 len: 19 microversion: 1.28
Aug 31 09:23:52.892698 n-d-806683-2 devstack@placement-api.service[95270]: [pid: 95270|app: 0|req: 30/64] 10.222.0.69 () {60 vars in 1381 bytes} [Tue Aug 31 09:23:52 2021] GET /placement/allocations/a58a66a9-48f4-4e11-8805-ae68bd3393a7 => generated 19 bytes in 41 msecs (HTTP/1.1 200) 8 headers in 295 bytes (2 switches on core 0)
Aug 31 09:23:52.913160 n-d-806683-2 devstack@placement-api.service[95271]: DEBUG placement.requestlog [req-2ad1ca1d-e6c0-4e1e-9c3e-ad964bf6d9a7 req-1b8475ce-6e19-4a25-a27b-cbc342a59079 None None] Starting request: 10.222.0.69 "PUT /placement/allocations/a58a66a9-48f4-4e11-8805-ae68bd3393a7" {{(pid=95271) __call__ /opt/stack/placement/placement/requestlog.py:55}}
Aug 31 09:23:52.981183 n-d-806683-2 devstack@placement-api.service[95270]: DEBUG placement.requestlog [req-2020a50c-e19d-4cd7-9502-c1b90a1b65e2 req-f3e94a03-6d28-4ef2-8eb1-76a784cfb3ac None None] Starting request: 10.222.0.20 "GET /placement/allocations/35ca6d47-4b3d-46c9-9d64-98442126b4ec" {{(pid=95270) __call__ /opt/stack/placement/placement/requestlog.py:55}}
Aug 31 09:23:53.044099 n-d-806683-2 devstack@placement-api.service[95270]: INFO placement.requestlog [req-2020a50c-e19d-4cd7-9502-c1b90a1b65e2 req-f3e94a03-6d28-4ef2-8eb1-76a784cfb3ac service placement] 10.222.0.20 "GET /placement/allocations/35ca6d47-4b3d-46c9-9d64-98442126b4ec" status: 200 len: 258 microversion: 1.28
Aug 31 09:23:53.045377 n-d-806683-2 devstack@placement-api.service[95270]: [pid: 95270|app: 0|req: 31/65] 10.222.0.20 () {60 vars in 1378 bytes} [Tue Aug 31 09:23:52 2021] GET /placement/allocations/35ca6d47-4b3d-46c9-9d64-98442126b4ec => generated 258 bytes in 65 msecs (HTTP/1.1 200) 8 headers in 296 bytes (2 switches on core 0)
Aug 31 09:23:53.060896 n-d-806683-2 devstack@placement-api.service[95271]: DEBUG placement.handlers.allocation [req-2ad1ca1d-e6c0-4e1e-9c3e-ad964bf6d9a7 req-1b8475ce-6e19-4a25-a27b-cbc342a59079 service placement] Successfully wrote allocations [, , ] {{(pid=95271) _create_allocations /opt/stack/placement/placement/handlers/allocation.py:461}}
Aug 31 09:23:53.076486 n-d-806683-2 devstack@placement-api.service[95271]: INFO placement.requestlog [req-2ad1ca1d-e6c0-4e1e-9c3e-ad964bf6d9a7 req-1b8475ce-6e19-4a25-a27b-cbc342a59079 service placement] 10.222.0.69 "PUT /placement/allocations/a58a66a9-48f4-4e11-8805-ae68bd3393a7" status: 204 len: 0 microversion: 1.36
Aug 31 09:23:53.078198 n-d-806683-2 devstack@placement-api.service[95271]: [pid: 95271|app: 0|req: 35/66] 10.222.0.69 () {64 vars in 1434 bytes} [Tue Aug 31 09:23:52 2021] PUT /placement/allocations/a58a66a9-48f4-4e11-8805-ae68bd3393a7 => generated 0 bytes in 166 msecs (HTTP/1.1 204) 5 headers in 199 bytes (2 switches on core 0)
Aug 31 09:23:53.426550 n-d-806683-2 devstack@placement-api.service[95270]: DEBUG placement.requestlog [req-62f7d33c-430c-4804-bc5d-ca9d3ba68390 req-abe16a92-b4fd-48f5-b0d4-eae8b9b4a8fe None None] Starting request: 10.222.0.69 "GET /placement/resource_providers?name=n-h2-806683-2" {{(pid=95270) __call__ /opt/stack/placement/placement/requestlog.py:55}}
Aug 31 09:23:53.445996 n-d-806683-2 devstack@placement-api.service[95270]: INFO placement.requestlog [req-62f7d33c-430c-4804-bc5d-ca9d3ba68390 req-abe16a92-b4fd-48f5-b0d4-eae8b9b4a8fe service placement] 10.222.0.69 "GET /placement/resource_providers?name=n-h2-806683-2" status: 200 len: 441 microversion: 1.0
Aug 31 09:23:53.446667 n-d-806683-2 devstack@placement-api.service[95270]: [pid: 95270|app: 0|req: 32/67] 10.222.0.69 () {58 vars in 1275 bytes} [Tue Aug 31 09:23:53 2021] GET /placement/resource_providers?name=n-h2-806683-2 => generated 441 bytes in 20 msecs (HTTP/1.1 200) 6 headers in 224 bytes (1 switches on core 0)
Aug 31 09:23:53.460061 n-d-806683-2 devstack@placement-api.service[95271]: DEBUG placement.requestlog [req-62f7d33c-430c-4804-bc5d-ca9d3ba68390 req-6190f0c0-8623-4d0e-94f8-604c8b5de5b3 None None] Starting request: 10.222.0.69 "GET /placement/resource_providers/bedb52e4-8f79-478a-a170-2b9ff389d6db/aggregates" {{(pid=95271) __call__ /opt/stack/placement/placement/requestlog.py:55}}
Aug 31 09:23:53.489005 n-d-806683-2 devstack@placement-api.service[95271]: INFO placement.requestlog [req-62f7d33c-430c-4804-bc5d-ca9d3ba68390 req-6190f0c0-8623-4d0e-94f8-604c8b5de5b3 service placement] 10.222.0.69 "GET /placement/resource_providers/bedb52e4-8f79-478a-a170-2b9ff389d6db/aggregates" status: 200 len: 54 microversion: 1.19
Aug 31 09:23:53.489748 n-d-806683-2 devstack@placement-api.service[95271]: [pid: 95271|app: 0|req: 36/68] 10.222.0.69 () {60 vars in 1426 bytes} [Tue Aug 31 09:23:53 2021] GET /placement/resource_providers/bedb52e4-8f79-478a-a170-2b9ff389d6db/aggregates => generated 54 bytes in 30 msecs (HTTP/1.1 200) 8 headers in 295 bytes (1 switches on core 0)
Aug 31 09:23:53.500245 n-d-806683-2 devstack@placement-api.service[95270]: DEBUG placement.requestlog [req-62f7d33c-430c-4804-bc5d-ca9d3ba68390 req-6c0ec0eb-ec2d-4574-be9b-00b8d7a547b6 None None] Starting request: 10.222.0.69 "PUT /placement/resource_providers/bedb52e4-8f79-478a-a170-2b9ff389d6db/aggregates" {{(pid=95270) __call__ /opt/stack/placement/placement/requestlog.py:55}}
Aug 31 09:23:53.521667 n-d-806683-2 devstack@placement-api.service[95270]: DEBUG placement.objects.resource_provider [req-62f7d33c-430c-4804-bc5d-ca9d3ba68390 req-6c0ec0eb-ec2d-4574-be9b-00b8d7a547b6 service placement] _ensure_aggregate() did not find aggregate 413beefd-b600-4009-9ada-99acfbb1a063. Attempting to create it. {{(pid=95270) _ensure_aggregate /opt/stack/placement/placement/objects/resource_provider.py:320}}
Aug 31 09:23:53.524114 n-d-806683-2 devstack@placement-api.service[95270]: DEBUG placement.objects.resource_provider [req-62f7d33c-430c-4804-bc5d-ca9d3ba68390 req-6c0ec0eb-ec2d-4574-be9b-00b8d7a547b6 service placement] _ensure_aggregate() created new aggregate 413beefd-b600-4009-9ada-99acfbb1a063 (id=5). {{(pid=95270) _ensure_aggregate /opt/stack/placement/placement/objects/resource_provider.py:326}}
Aug 31 09:23:53.527582 n-d-806683-2 devstack@placement-api.service[95270]: DEBUG placement.objects.resource_provider [req-62f7d33c-430c-4804-bc5d-ca9d3ba68390 req-6c0ec0eb-ec2d-4574-be9b-00b8d7a547b6 service placement] Setting aggregates for provider bedb52e4-8f79-478a-a170-2b9ff389d6db. Successfully associated aggregate 413beefd-b600-4009-9ada-99acfbb1a063. {{(pid=95270) _set_aggregates /opt/stack/placement/placement/objects/resource_provider.py:388}}
Aug 31 09:23:53.537878 n-d-806683-2 devstack@placement-api.service[95270]: INFO placement.requestlog [req-62f7d33c-430c-4804-bc5d-ca9d3ba68390 req-6c0ec0eb-ec2d-4574-be9b-00b8d7a547b6 service placement] 10.222.0.69 "PUT /placement/resource_providers/bedb52e4-8f79-478a-a170-2b9ff389d6db/aggregates" status: 200 len: 92 microversion: 1.19
Aug 31 09:23:53.555014 n-d-806683-2 devstack@placement-api.service[95270]: [pid: 95270|app: 0|req: 33/69] 10.222.0.69 () {64 vars in 1478 bytes} [Tue Aug 31 09:23:53 2021] PUT /placement/resource_providers/bedb52e4-8f79-478a-a170-2b9ff389d6db/aggregates => generated 92 bytes in 55 msecs (HTTP/1.1 200) 8 headers in 295 bytes (2 switches on core 0)
Aug 31 09:23:53.641392 n-d-806683-2 devstack@placement-api.service[95271]: DEBUG placement.requestlog [req-2ad1ca1d-e6c0-4e1e-9c3e-ad964bf6d9a7 req-ee475eae-4deb-4324-9ba5-46f376b3bdfc None None] Starting request: 10.222.0.20 "GET /placement/allocations/a58a66a9-48f4-4e11-8805-ae68bd3393a7" {{(pid=95271) __call__ /opt/stack/placement/placement/requestlog.py:55}}
Aug 31 09:23:53.680560 n-d-806683-2 devstack@placement-api.service[95271]: INFO placement.requestlog [req-2ad1ca1d-e6c0-4e1e-9c3e-ad964bf6d9a7 req-ee475eae-4deb-4324-9ba5-46f376b3bdfc service placement] 10.222.0.20 "GET /placement/allocations/a58a66a9-48f4-4e11-8805-ae68bd3393a7" status: 200 len: 258 microversion: 1.28
Aug 31 09:23:53.681898 n-d-806683-2 devstack@placement-api.service[95271]: [pid: 95271|app: 0|req: 37/70] 10.222.0.20 () {60 vars in 1378 bytes} [Tue Aug 31 09:23:53 2021] GET /placement/allocations/a58a66a9-48f4-4e11-8805-ae68bd3393a7 => generated 258 bytes in 41 msecs (HTTP/1.1 200) 8 headers in 296 bytes (1 switches on core 0)
Aug 31 09:23:53.751119 n-d-806683-2 devstack@placement-api.service[95270]: DEBUG placement.requestlog [req-06ee890e-f801-4955-9bff-f716053187d9 req-0f53e056-c3c1-4299-b405-b51ced8c8ff3 None None] Starting request: 10.222.0.20 "GET /placement/resource_providers/36b652a6-def8-4643-8691-07fe2d3600f3/allocations" {{(pid=95270) __call__ /opt/stack/placement/placement/requestlog.py:55}}
Aug 31 09:23:53.778602 n-d-806683-2 devstack@placement-api.service[95270]: INFO placement.requestlog [req-06ee890e-f801-4955-9bff-f716053187d9 req-0f53e056-c3c1-4299-b405-b51ced8c8ff3 service placement] 10.222.0.20 "GET /placement/resource_providers/36b652a6-def8-4643-8691-07fe2d3600f3/allocations" status: 200 len: 355 microversion: 1.0
Aug 31 09:23:53.779451 n-d-806683-2 devstack@placement-api.service[95270]: [pid: 95270|app: 0|req: 34/71] 10.222.0.20 () {58 vars in 1391 bytes} [Tue Aug 31 09:23:53 2021] GET /placement/resource_providers/36b652a6-def8-4643-8691-07fe2d3600f3/allocations => generated 355 bytes in 30 msecs (HTTP/1.1 200) 6 headers in 224 bytes (2 switches on core 0)
Aug 31 09:23:54.614318 n-d-806683-2 devstack@placement-api.service[95271]: DEBUG placement.requestlog [req-c4a9abeb-148e-4c63-90fc-af910c225bff req-1ddcc567-0732-4e6d-9609-c5fdeb2761df None None] Starting request: 10.222.0.69 "GET /placement/resource_providers?name=n-h2-806683-2" {{(pid=95271) __call__ /opt/stack/placement/placement/requestlog.py:55}}
Aug 31 09:23:54.649442 n-d-806683-2 devstack@placement-api.service[95271]: INFO placement.requestlog [req-c4a9abeb-148e-4c63-90fc-af910c225bff req-1ddcc567-0732-4e6d-9609-c5fdeb2761df service placement] 10.222.0.69 "GET /placement/resource_providers?name=n-h2-806683-2" status: 200 len: 441 microversion: 1.0
Aug 31 09:23:54.650586 n-d-806683-2 devstack@placement-api.service[95271]: [pid: 95271|app: 0|req: 38/72] 10.222.0.69 () {58 vars in 1275 bytes} [Tue Aug 31 09:23:54 2021] GET /placement/resource_providers?name=n-h2-806683-2 => generated 441 bytes in 37 msecs (HTTP/1.1 200) 6 headers in 224 bytes (1 switches on core 0)
Aug 31 09:23:54.657938 n-d-806683-2 devstack@placement-api.service[95270]: DEBUG placement.requestlog [req-c4a9abeb-148e-4c63-90fc-af910c225bff req-d9b220f8-45ad-44cf-8a11-3c75f8ec847a None None] Starting request: 10.222.0.69 "GET /placement/resource_providers/bedb52e4-8f79-478a-a170-2b9ff389d6db/aggregates" {{(pid=95270) __call__ /opt/stack/placement/placement/requestlog.py:55}}
Aug 31 09:23:54.747490 n-d-806683-2 devstack@placement-api.service[95270]: INFO placement.requestlog [req-c4a9abeb-148e-4c63-90fc-af910c225bff req-d9b220f8-45ad-44cf-8a11-3c75f8ec847a service placement] 10.222.0.69 "GET /placement/resource_providers/bedb52e4-8f79-478a-a170-2b9ff389d6db/aggregates" status: 200 len: 92 microversion: 1.19
Aug 31 09:23:54.752055 n-d-806683-2 devstack@placement-api.service[95270]: [pid: 95270|app: 0|req: 35/73] 10.222.0.69 () {60 vars in 1426 bytes} [Tue Aug 31 09:23:54 2021] GET /placement/resource_providers/bedb52e4-8f79-478a-a170-2b9ff389d6db/aggregates => generated 92 bytes in 95 msecs (HTTP/1.1 200) 8 headers in 295 bytes (1 switches on core 0)
Aug 31 09:23:54.760079 n-d-806683-2 devstack@placement-api.service[95271]: DEBUG placement.requestlog [req-c4a9abeb-148e-4c63-90fc-af910c225bff req-cf6cc3d9-1dab-4b19-8108-3f954273c00a None None] Starting request: 10.222.0.69 "PUT /placement/resource_providers/bedb52e4-8f79-478a-a170-2b9ff389d6db/aggregates" {{(pid=95271) __call__ /opt/stack/placement/placement/requestlog.py:55}}
Aug 31 09:23:54.831855 n-d-806683-2 devstack@placement-api.service[95271]: DEBUG placement.objects.resource_provider [req-c4a9abeb-148e-4c63-90fc-af910c225bff req-cf6cc3d9-1dab-4b19-8108-3f954273c00a service placement] Setting aggregates for provider bedb52e4-8f79-478a-a170-2b9ff389d6db. Successfully disassociated aggregate 413beefd-b600-4009-9ada-99acfbb1a063. {{(pid=95271) _set_aggregates /opt/stack/placement/placement/objects/resource_provider.py:403}}
Aug 31 09:23:54.842035 n-d-806683-2 devstack@placement-api.service[95271]: INFO placement.requestlog [req-c4a9abeb-148e-4c63-90fc-af910c225bff req-cf6cc3d9-1dab-4b19-8108-3f954273c00a service placement] 10.222.0.69 "PUT /placement/resource_providers/bedb52e4-8f79-478a-a170-2b9ff389d6db/aggregates" status: 200 len: 54 microversion: 1.19
Aug 31 09:23:54.843209 n-d-806683-2 devstack@placement-api.service[95271]: [pid: 95271|app: 0|req: 39/74] 10.222.0.69 () {64 vars in 1478 bytes} [Tue Aug 31 09:23:54 2021] PUT /placement/resource_providers/bedb52e4-8f79-478a-a170-2b9ff389d6db/aggregates => generated 54 bytes in 84 msecs (HTTP/1.1 200) 8 headers in 295 bytes (1 switches on core 0)
Aug 31 09:23:56.239635 n-d-806683-2 devstack@placement-api.service[95270]: DEBUG placement.requestlog [req-c1be4b6f-7076-4ac6-9890-7feaac69efa9 req-ced90943-4bf8-4e90-804c-8f4bf9a6caf1 None None] Starting request: 10.222.0.69 "GET /placement/resource_providers?name=n-h2-806683-2" {{(pid=95270) __call__ /opt/stack/placement/placement/requestlog.py:55}}
Aug 31 09:23:56.260719 n-d-806683-2 devstack@placement-api.service[95270]: INFO placement.requestlog [req-c1be4b6f-7076-4ac6-9890-7feaac69efa9 req-ced90943-4bf8-4e90-804c-8f4bf9a6caf1 service placement] 10.222.0.69 "GET /placement/resource_providers?name=n-h2-806683-2" status: 200 len: 441 microversion: 1.0
Aug 31 09:23:56.261155 n-d-806683-2 devstack@placement-api.service[95270]: [pid: 95270|app: 0|req: 36/75] 10.222.0.69 () {58 vars in 1275 bytes} [Tue Aug 31 09:23:56 2021] GET /placement/resource_providers?name=n-h2-806683-2 => generated 441 bytes in 22 msecs (HTTP/1.1 200) 6 headers in 224 bytes (2 switches on core 0)
Aug 31 09:23:56.285250 n-d-806683-2 devstack@placement-api.service[95271]: DEBUG placement.requestlog [req-c1be4b6f-7076-4ac6-9890-7feaac69efa9 req-b0dba402-19d9-49e7-b180-0cc5d4bccaf6 None None] Starting request: 10.222.0.69 "GET /placement/resource_providers/bedb52e4-8f79-478a-a170-2b9ff389d6db/aggregates" {{(pid=95271) __call__ /opt/stack/placement/placement/requestlog.py:55}}
Aug 31 09:23:56.326326 n-d-806683-2 devstack@placement-api.service[95271]: INFO placement.requestlog [req-c1be4b6f-7076-4ac6-9890-7feaac69efa9 req-b0dba402-19d9-49e7-b180-0cc5d4bccaf6 service placement] 10.222.0.69 "GET /placement/resource_providers/bedb52e4-8f79-478a-a170-2b9ff389d6db/aggregates" status: 200 len: 54 microversion: 1.19
Aug 31 09:23:56.337765 n-d-806683-2 devstack@placement-api.service[95271]: [pid: 95271|app: 0|req: 40/76] 10.222.0.69 () {60 vars in 1426 bytes} [Tue Aug 31 09:23:56 2021] GET /placement/resource_providers/bedb52e4-8f79-478a-a170-2b9ff389d6db/aggregates => generated 54 bytes in 53 msecs (HTTP/1.1 200) 8 headers in 295 bytes (1 switches on core 0)
Aug 31 09:23:56.343191 n-d-806683-2 devstack@placement-api.service[95270]: DEBUG placement.requestlog [req-c1be4b6f-7076-4ac6-9890-7feaac69efa9 req-f179c8df-a311-459f-8284-c2dbecb692de None None] Starting request: 10.222.0.69 "PUT /placement/resource_providers/bedb52e4-8f79-478a-a170-2b9ff389d6db/aggregates" {{(pid=95270) __call__ /opt/stack/placement/placement/requestlog.py:55}}
Aug 31 09:23:56.375830 n-d-806683-2 devstack@placement-api.service[95270]: DEBUG placement.objects.resource_provider [req-c1be4b6f-7076-4ac6-9890-7feaac69efa9 req-f179c8df-a311-459f-8284-c2dbecb692de service placement] _ensure_aggregate() did not find aggregate 83dbe42b-edce-4591-ad08-8bb38c87c481. Attempting to create it. {{(pid=95270) _ensure_aggregate /opt/stack/placement/placement/objects/resource_provider.py:320}}
Aug 31 09:23:56.379343 n-d-806683-2 devstack@placement-api.service[95270]: DEBUG placement.objects.resource_provider [req-c1be4b6f-7076-4ac6-9890-7feaac69efa9 req-f179c8df-a311-459f-8284-c2dbecb692de service placement] _ensure_aggregate() created new aggregate 83dbe42b-edce-4591-ad08-8bb38c87c481 (id=6). {{(pid=95270) _ensure_aggregate /opt/stack/placement/placement/objects/resource_provider.py:326}}
Aug 31 09:23:56.381910 n-d-806683-2 devstack@placement-api.service[95270]: DEBUG placement.objects.resource_provider [req-c1be4b6f-7076-4ac6-9890-7feaac69efa9 req-f179c8df-a311-459f-8284-c2dbecb692de service placement] Setting aggregates for provider bedb52e4-8f79-478a-a170-2b9ff389d6db. Successfully associated aggregate 83dbe42b-edce-4591-ad08-8bb38c87c481. {{(pid=95270) _set_aggregates /opt/stack/placement/placement/objects/resource_provider.py:388}}
Aug 31 09:23:56.391399 n-d-806683-2 devstack@placement-api.service[95270]: INFO placement.requestlog [req-c1be4b6f-7076-4ac6-9890-7feaac69efa9 req-f179c8df-a311-459f-8284-c2dbecb692de service placement] 10.222.0.69 "PUT /placement/resource_providers/bedb52e4-8f79-478a-a170-2b9ff389d6db/aggregates" status: 200 len: 92 microversion: 1.19
Aug 31 09:23:56.409740 n-d-806683-2 devstack@placement-api.service[95270]: [pid: 95270|app: 0|req: 37/77] 10.222.0.69 () {64 vars in 1478 bytes} [Tue Aug 31 09:23:56 2021] PUT /placement/resource_providers/bedb52e4-8f79-478a-a170-2b9ff389d6db/aggregates => generated 92 bytes in 66 msecs (HTTP/1.1 200) 8 headers in 295 bytes (2 switches on core 0)
Aug 31 09:23:56.627819 n-d-806683-2 devstack@placement-api.service[95271]: DEBUG placement.requestlog [req-28ef4b79-7fdf-47f2-a718-b971861547a0 req-a9f0d969-f8f1-4dfe-9c88-a681eb63d16d None None] Starting request: 10.222.0.69 "GET /placement/resource_providers?name=n-h2-806683-2" {{(pid=95271) __call__ /opt/stack/placement/placement/requestlog.py:55}}
Aug 31 09:23:56.641386 n-d-806683-2 devstack@placement-api.service[95271]: INFO placement.requestlog [req-28ef4b79-7fdf-47f2-a718-b971861547a0 req-a9f0d969-f8f1-4dfe-9c88-a681eb63d16d service placement] 10.222.0.69 "GET /placement/resource_providers?name=n-h2-806683-2" status: 200 len: 441 microversion: 1.0
Aug 31 09:23:56.647635 n-d-806683-2 devstack@placement-api.service[95271]: [pid: 95271|app: 0|req: 41/78] 10.222.0.69 () {58 vars in 1275 bytes} [Tue Aug 31 09:23:56 2021] GET /placement/resource_providers?name=n-h2-806683-2 => generated 441 bytes in 20 msecs (HTTP/1.1 200) 6 headers in 224 bytes (1 switches on core 0)
Aug 31 09:23:56.655866 n-d-806683-2 devstack@placement-api.service[95270]: DEBUG placement.requestlog [req-28ef4b79-7fdf-47f2-a718-b971861547a0 req-fff2a3c1-3b5c-44a6-8279-c451b820dfbb None None] Starting request: 10.222.0.69 "GET /placement/resource_providers/bedb52e4-8f79-478a-a170-2b9ff389d6db/aggregates" {{(pid=95270) __call__ /opt/stack/placement/placement/requestlog.py:55}}
Aug 31 09:23:56.691091 n-d-806683-2 devstack@placement-api.service[95270]: INFO placement.requestlog [req-28ef4b79-7fdf-47f2-a718-b971861547a0 req-fff2a3c1-3b5c-44a6-8279-c451b820dfbb service placement] 10.222.0.69 "GET /placement/resource_providers/bedb52e4-8f79-478a-a170-2b9ff389d6db/aggregates" status: 200 len: 92 microversion: 1.19
Aug 31 09:23:56.715302 n-d-806683-2 devstack@placement-api.service[95270]: [pid: 95270|app: 0|req: 38/79] 10.222.0.69 () {60 vars in 1426 bytes} [Tue Aug 31 09:23:56 2021] GET /placement/resource_providers/bedb52e4-8f79-478a-a170-2b9ff389d6db/aggregates => generated 92 bytes in 59 msecs (HTTP/1.1 200) 8 headers in 295 bytes (1 switches on core 0)
Aug 31 09:23:56.729948 n-d-806683-2 devstack@placement-api.service[95271]: DEBUG placement.requestlog [req-28ef4b79-7fdf-47f2-a718-b971861547a0 req-509f5ff8-da6b-47df-aa6f-054be9fdbf95 None None] Starting request: 10.222.0.69 "PUT /placement/resource_providers/bedb52e4-8f79-478a-a170-2b9ff389d6db/aggregates" {{(pid=95271) __call__ /opt/stack/placement/placement/requestlog.py:55}}
Aug 31 09:23:56.770510 n-d-806683-2 devstack@placement-api.service[95271]: DEBUG placement.objects.resource_provider [req-28ef4b79-7fdf-47f2-a718-b971861547a0 req-509f5ff8-da6b-47df-aa6f-054be9fdbf95 service placement] Setting aggregates for provider bedb52e4-8f79-478a-a170-2b9ff389d6db. Successfully disassociated aggregate 83dbe42b-edce-4591-ad08-8bb38c87c481. {{(pid=95271) _set_aggregates /opt/stack/placement/placement/objects/resource_provider.py:403}}
Aug 31 09:23:56.787187 n-d-806683-2 devstack@placement-api.service[95271]: INFO placement.requestlog [req-28ef4b79-7fdf-47f2-a718-b971861547a0 req-509f5ff8-da6b-47df-aa6f-054be9fdbf95 service placement] 10.222.0.69 "PUT /placement/resource_providers/bedb52e4-8f79-478a-a170-2b9ff389d6db/aggregates" status: 200 len: 54 microversion: 1.19
Aug 31 09:23:56.800802 n-d-806683-2 devstack@placement-api.service[95271]: [pid: 95271|app: 0|req: 42/80] 10.222.0.69 () {64 vars in 1478 bytes} [Tue Aug 31 09:23:56 2021] PUT /placement/resource_providers/bedb52e4-8f79-478a-a170-2b9ff389d6db/aggregates => generated 54 bytes in 68 msecs (HTTP/1.1 200) 8 headers in 295 bytes (1 switches on core 0)
Aug 31 09:23:57.967525 n-d-806683-2 devstack@placement-api.service[95270]: DEBUG placement.requestlog [req-4b1bcfea-601b-43fa-bbc9-faf2edf84f93 req-fa0856a7-55bc-4dfa-ae89-9fe17b88e5ba None None] Starting request: 10.222.0.69 "GET /placement/resource_providers?name=n-h2-806683-2" {{(pid=95270) __call__ /opt/stack/placement/placement/requestlog.py:55}}
Aug 31 09:23:57.999323 n-d-806683-2 devstack@placement-api.service[95270]: INFO placement.requestlog [req-4b1bcfea-601b-43fa-bbc9-faf2edf84f93 req-fa0856a7-55bc-4dfa-ae89-9fe17b88e5ba service placement] 10.222.0.69 "GET /placement/resource_providers?name=n-h2-806683-2" status: 200 len: 441 microversion: 1.0
Aug 31 09:23:57.999680 n-d-806683-2 devstack@placement-api.service[95270]: [pid: 95270|app: 0|req: 39/81] 10.222.0.69 () {58 vars in 1275 bytes} [Tue Aug 31 09:23:57 2021] GET /placement/resource_providers?name=n-h2-806683-2 => generated 441 bytes in 33 msecs (HTTP/1.1 200) 6 headers in 224 bytes (1 switches on core 0)
Aug 31 09:23:58.024035 n-d-806683-2 devstack@placement-api.service[95271]: DEBUG placement.requestlog [req-4b1bcfea-601b-43fa-bbc9-faf2edf84f93 req-91f28118-1c70-4366-8fed-c2ef645dbe37 None None] Starting request: 10.222.0.69 "GET /placement/resource_providers/bedb52e4-8f79-478a-a170-2b9ff389d6db/aggregates" {{(pid=95271) __call__ /opt/stack/placement/placement/requestlog.py:55}}
Aug 31 09:23:58.067040 n-d-806683-2 devstack@placement-api.service[95271]: INFO placement.requestlog [req-4b1bcfea-601b-43fa-bbc9-faf2edf84f93 req-91f28118-1c70-4366-8fed-c2ef645dbe37 service placement] 10.222.0.69 "GET /placement/resource_providers/bedb52e4-8f79-478a-a170-2b9ff389d6db/aggregates" status: 200 len: 54 microversion: 1.19
Aug 31 09:23:58.067867 n-d-806683-2 devstack@placement-api.service[95271]: [pid: 95271|app: 0|req: 43/82] 10.222.0.69 () {60 vars in 1426 bytes} [Tue Aug 31 09:23:58 2021] GET /placement/resource_providers/bedb52e4-8f79-478a-a170-2b9ff389d6db/aggregates => generated 54 bytes in 45 msecs (HTTP/1.1 200) 8 headers in 295 bytes (1 switches on core 0)
Aug 31 09:23:58.090457 n-d-806683-2 devstack@placement-api.service[95270]: DEBUG placement.requestlog [req-4b1bcfea-601b-43fa-bbc9-faf2edf84f93 req-2830f3c0-2731-4422-a715-05c536e5e0b0 None None] Starting request: 10.222.0.69 "PUT /placement/resource_providers/bedb52e4-8f79-478a-a170-2b9ff389d6db/aggregates" {{(pid=95270) __call__ /opt/stack/placement/placement/requestlog.py:55}}
Aug 31 09:23:58.125091 n-d-806683-2 devstack@placement-api.service[95270]: DEBUG placement.objects.resource_provider [req-4b1bcfea-601b-43fa-bbc9-faf2edf84f93 req-2830f3c0-2731-4422-a715-05c536e5e0b0 service placement] _ensure_aggregate() did not find aggregate 5e16311c-ee56-4bca-a70d-15f9962fc2bb. Attempting to create it. {{(pid=95270) _ensure_aggregate /opt/stack/placement/placement/objects/resource_provider.py:320}}
Aug 31 09:23:58.128349 n-d-806683-2 devstack@placement-api.service[95270]: DEBUG placement.objects.resource_provider [req-4b1bcfea-601b-43fa-bbc9-faf2edf84f93 req-2830f3c0-2731-4422-a715-05c536e5e0b0 service placement] _ensure_aggregate() created new aggregate 5e16311c-ee56-4bca-a70d-15f9962fc2bb (id=7). {{(pid=95270) _ensure_aggregate /opt/stack/placement/placement/objects/resource_provider.py:326}}
Aug 31 09:23:58.132574 n-d-806683-2 devstack@placement-api.service[95270]: DEBUG placement.objects.resource_provider [req-4b1bcfea-601b-43fa-bbc9-faf2edf84f93 req-2830f3c0-2731-4422-a715-05c536e5e0b0 service placement] Setting aggregates for provider bedb52e4-8f79-478a-a170-2b9ff389d6db. Successfully associated aggregate 5e16311c-ee56-4bca-a70d-15f9962fc2bb. {{(pid=95270) _set_aggregates /opt/stack/placement/placement/objects/resource_provider.py:388}}
Aug 31 09:23:58.147840 n-d-806683-2 devstack@placement-api.service[95270]: INFO placement.requestlog [req-4b1bcfea-601b-43fa-bbc9-faf2edf84f93 req-2830f3c0-2731-4422-a715-05c536e5e0b0 service placement] 10.222.0.69 "PUT /placement/resource_providers/bedb52e4-8f79-478a-a170-2b9ff389d6db/aggregates" status: 200 len: 92 microversion: 1.19
Aug 31 09:23:58.148155 n-d-806683-2 devstack@placement-api.service[95270]: [pid: 95270|app: 0|req: 40/83] 10.222.0.69 () {64 vars in 1478 bytes} [Tue Aug 31 09:23:58 2021] PUT /placement/resource_providers/bedb52e4-8f79-478a-a170-2b9ff389d6db/aggregates => generated 92 bytes in 63 msecs (HTTP/1.1 200) 8 headers in 295 bytes (2 switches on core 0)
Aug 31 09:23:58.262764 n-d-806683-2 devstack@placement-api.service[95271]: DEBUG placement.requestlog [req-9f16a807-d33e-4055-9193-5f1d9f15c188 req-2b8d327b-0f4d-4b7c-b817-9527c5184abf None None] Starting request: 10.222.0.69 "GET /placement/resource_providers?name=n-h2-806683-2" {{(pid=95271) __call__ /opt/stack/placement/placement/requestlog.py:55}}
Aug 31 09:23:58.297711 n-d-806683-2 devstack@placement-api.service[95271]: INFO placement.requestlog [req-9f16a807-d33e-4055-9193-5f1d9f15c188 req-2b8d327b-0f4d-4b7c-b817-9527c5184abf service placement] 10.222.0.69 "GET /placement/resource_providers?name=n-h2-806683-2" status: 200 len: 441 microversion: 1.0
Aug 31 09:23:58.299022 n-d-806683-2 devstack@placement-api.service[95271]: [pid: 95271|app: 0|req: 44/84] 10.222.0.69 () {58 vars in 1275 bytes} [Tue Aug 31 09:23:58 2021] GET /placement/resource_providers?name=n-h2-806683-2 => generated 441 bytes in 37 msecs (HTTP/1.1 200) 6 headers in 224 bytes (1 switches on core 0)
Aug 31 09:23:58.308017 n-d-806683-2 devstack@placement-api.service[95270]: DEBUG placement.requestlog [req-9f16a807-d33e-4055-9193-5f1d9f15c188 req-cf3a6279-091d-4704-b7d8-69c4c0fcb1ea None None] Starting request: 10.222.0.69 "GET /placement/resource_providers/bedb52e4-8f79-478a-a170-2b9ff389d6db/aggregates" {{(pid=95270) __call__ /opt/stack/placement/placement/requestlog.py:55}}
Aug 31 09:23:58.335212 n-d-806683-2 devstack@placement-api.service[95270]: INFO placement.requestlog [req-9f16a807-d33e-4055-9193-5f1d9f15c188 req-cf3a6279-091d-4704-b7d8-69c4c0fcb1ea service placement] 10.222.0.69 "GET /placement/resource_providers/bedb52e4-8f79-478a-a170-2b9ff389d6db/aggregates" status: 200 len: 92 microversion: 1.19
Aug 31 09:23:58.335699 n-d-806683-2 devstack@placement-api.service[95270]: [pid: 95270|app: 0|req: 41/85] 10.222.0.69 () {60 vars in 1426 bytes} [Tue Aug 31 09:23:58 2021] GET /placement/resource_providers/bedb52e4-8f79-478a-a170-2b9ff389d6db/aggregates => generated 92 bytes in 28 msecs (HTTP/1.1 200) 8 headers in 295 bytes (1 switches on core 0)
Aug 31 09:23:58.346114 n-d-806683-2 devstack@placement-api.service[95271]: DEBUG placement.requestlog [req-9f16a807-d33e-4055-9193-5f1d9f15c188 req-f846fcc5-7939-4d3c-9f0f-f806661ee83e None None] Starting request: 10.222.0.69 "PUT /placement/resource_providers/bedb52e4-8f79-478a-a170-2b9ff389d6db/aggregates" {{(pid=95271) __call__ /opt/stack/placement/placement/requestlog.py:55}}
Aug 31 09:23:58.372613 n-d-806683-2 devstack@placement-api.service[95271]: DEBUG placement.objects.resource_provider [req-9f16a807-d33e-4055-9193-5f1d9f15c188 req-f846fcc5-7939-4d3c-9f0f-f806661ee83e service placement] Setting aggregates for provider bedb52e4-8f79-478a-a170-2b9ff389d6db. Successfully disassociated aggregate 5e16311c-ee56-4bca-a70d-15f9962fc2bb. {{(pid=95271) _set_aggregates /opt/stack/placement/placement/objects/resource_provider.py:403}}
Aug 31 09:23:58.379770 n-d-806683-2 devstack@placement-api.service[95271]: INFO placement.requestlog [req-9f16a807-d33e-4055-9193-5f1d9f15c188 req-f846fcc5-7939-4d3c-9f0f-f806661ee83e service placement] 10.222.0.69 "PUT /placement/resource_providers/bedb52e4-8f79-478a-a170-2b9ff389d6db/aggregates" status: 200 len: 54 microversion: 1.19
Aug 31 09:23:58.380746 n-d-806683-2 devstack@placement-api.service[95271]: [pid: 95271|app: 0|req: 45/86] 10.222.0.69 () {64 vars in 1478 bytes} [Tue Aug 31 09:23:58 2021] PUT /placement/resource_providers/bedb52e4-8f79-478a-a170-2b9ff389d6db/aggregates => generated 54 bytes in 35 msecs (HTTP/1.1 200) 8 headers in 295 bytes (1 switches on core 0)
Aug 31 09:24:01.496230 n-d-806683-2 devstack@placement-api.service[95270]: DEBUG placement.requestlog [req-e1ca23a4-0be6-40b8-a29e-6ed871d30368 req-794a817e-7ab7-4929-8e81-fcc34fe9191e None None] Starting request: 10.222.0.69 "GET /placement/allocation_candidates?limit=1000&resources=DISK_GB%3A1%2CMEMORY_MB%3A1024%2CVCPU%3A1&root_required=%21COMPUTE_STATUS_DISABLED" {{(pid=95270) __call__ /opt/stack/placement/placement/requestlog.py:55}}
Aug 31 09:24:01.560732 n-d-806683-2 devstack@placement-api.service[95270]: DEBUG placement.objects.research_context [req-e1ca23a4-0be6-40b8-a29e-6ed871d30368 req-794a817e-7ab7-4929-8e81-fcc34fe9191e service placement] getting providers with 1 DISK_GB {{(pid=95270) __init__ /opt/stack/placement/placement/objects/research_context.py:126}}
Aug 31 09:24:01.567656 n-d-806683-2 devstack@placement-api.service[95270]: DEBUG placement.objects.research_context [req-e1ca23a4-0be6-40b8-a29e-6ed871d30368 req-794a817e-7ab7-4929-8e81-fcc34fe9191e service placement] getting providers with 1024 MEMORY_MB {{(pid=95270) __init__ /opt/stack/placement/placement/objects/research_context.py:126}}
Aug 31 09:24:01.581211 n-d-806683-2 devstack@placement-api.service[95270]: DEBUG placement.objects.research_context [req-e1ca23a4-0be6-40b8-a29e-6ed871d30368 req-794a817e-7ab7-4929-8e81-fcc34fe9191e service placement] getting providers with 1 VCPU {{(pid=95270) __init__ /opt/stack/placement/placement/objects/research_context.py:126}}
Aug 31 09:24:01.599523 n-d-806683-2 devstack@placement-api.service[95270]: DEBUG placement.objects.research_context [req-e1ca23a4-0be6-40b8-a29e-6ed871d30368 req-794a817e-7ab7-4929-8e81-fcc34fe9191e service placement] found 2 providers with available 1 DISK_GB {{(pid=95270) get_provider_ids_matching /opt/stack/placement/placement/objects/research_context.py:549}}
Aug 31 09:24:01.600285 n-d-806683-2 devstack@placement-api.service[95270]: DEBUG placement.objects.research_context [req-e1ca23a4-0be6-40b8-a29e-6ed871d30368 req-794a817e-7ab7-4929-8e81-fcc34fe9191e service placement] found 2 providers with available 1024 MEMORY_MB {{(pid=95270) get_provider_ids_matching /opt/stack/placement/placement/objects/research_context.py:549}}
Aug 31 09:24:01.601277 n-d-806683-2 devstack@placement-api.service[95270]: DEBUG placement.objects.research_context [req-e1ca23a4-0be6-40b8-a29e-6ed871d30368 req-794a817e-7ab7-4929-8e81-fcc34fe9191e service placement] found 2 providers after filtering by previous result {{(pid=95270) get_provider_ids_matching /opt/stack/placement/placement/objects/research_context.py:580}}
Aug 31 09:24:01.602207 n-d-806683-2 devstack@placement-api.service[95270]: DEBUG placement.objects.research_context [req-e1ca23a4-0be6-40b8-a29e-6ed871d30368 req-794a817e-7ab7-4929-8e81-fcc34fe9191e service placement] found 2 providers with available 1 VCPU {{(pid=95270) get_provider_ids_matching /opt/stack/placement/placement/objects/research_context.py:549}}
Aug 31 09:24:01.602995 n-d-806683-2 devstack@placement-api.service[95270]: DEBUG placement.objects.research_context [req-e1ca23a4-0be6-40b8-a29e-6ed871d30368 req-794a817e-7ab7-4929-8e81-fcc34fe9191e service placement] found 2 providers after filtering by previous result {{(pid=95270) get_provider_ids_matching /opt/stack/placement/placement/objects/research_context.py:580}}
Aug 31 09:24:01.646186 n-d-806683-2 devstack@placement-api.service[95270]: DEBUG placement.objects.allocation_candidate [req-e1ca23a4-0be6-40b8-a29e-6ed871d30368 req-794a817e-7ab7-4929-8e81-fcc34fe9191e service placement] RequestGroup(use_same_provider=False, resources={DISK_GB:1, MEMORY_MB:1024, VCPU:1}, traits=[], aggregates=[]) (suffix '') returned 2 matches {{(pid=95270) _get_by_requests /opt/stack/placement/placement/objects/allocation_candidate.py:145}}
Aug 31 09:24:01.646569 n-d-806683-2 devstack@placement-api.service[95270]: DEBUG placement.objects.allocation_candidate [req-e1ca23a4-0be6-40b8-a29e-6ed871d30368 req-794a817e-7ab7-4929-8e81-fcc34fe9191e service placement] Merging candidates yields 2 allocation requests and 2 provider summaries {{(pid=95270) _merge_candidates /opt/stack/placement/placement/objects/allocation_candidate.py:783}}
Aug 31 09:24:01.648335 n-d-806683-2 devstack@placement-api.service[95270]: INFO placement.requestlog [req-e1ca23a4-0be6-40b8-a29e-6ed871d30368 req-794a817e-7ab7-4929-8e81-fcc34fe9191e service placement] 10.222.0.69 "GET /placement/allocation_candidates?limit=1000&resources=DISK_GB%3A1%2CMEMORY_MB%3A1024%2CVCPU%3A1&root_required=%21COMPUTE_STATUS_DISABLED" status: 200 len: 1309 microversion: 1.36
Aug 31 09:24:01.653906 n-d-806683-2 devstack@placement-api.service[95270]: [pid: 95270|app: 0|req: 42/87] 10.222.0.69 () {60 vars in 1507 bytes} [Tue Aug 31 09:24:01 2021] GET /placement/allocation_candidates?limit=1000&resources=DISK_GB%3A1%2CMEMORY_MB%3A1024%2CVCPU%3A1&root_required=%21COMPUTE_STATUS_DISABLED => generated 1309 bytes in 158 msecs (HTTP/1.1 200) 8 headers in 297 bytes (1 switches on core 0)
Aug 31 09:24:01.756405 n-d-806683-2 devstack@placement-api.service[95271]: DEBUG placement.requestlog [req-e1ca23a4-0be6-40b8-a29e-6ed871d30368 req-3e3cf4eb-8b1f-4b1f-8853-778cefff320f None None] Starting request: 10.222.0.69 "GET /placement/allocations/6aaf0089-c09b-42a1-8d6e-13da5c26af18" {{(pid=95271) __call__ /opt/stack/placement/placement/requestlog.py:55}}
Aug 31 09:24:01.772950 n-d-806683-2 devstack@placement-api.service[95271]: INFO placement.requestlog [req-e1ca23a4-0be6-40b8-a29e-6ed871d30368 req-3e3cf4eb-8b1f-4b1f-8853-778cefff320f service placement] 10.222.0.69 "GET /placement/allocations/6aaf0089-c09b-42a1-8d6e-13da5c26af18" status: 200 len: 19 microversion: 1.28
Aug 31 09:24:01.776139 n-d-806683-2 devstack@placement-api.service[95271]: [pid: 95271|app: 0|req: 46/88] 10.222.0.69 () {60 vars in 1381 bytes} [Tue Aug 31 09:24:01 2021] GET /placement/allocations/6aaf0089-c09b-42a1-8d6e-13da5c26af18 => generated 19 bytes in 20 msecs (HTTP/1.1 200) 8 headers in 295 bytes (1 switches on core 0)
Aug 31 09:24:01.780615 n-d-806683-2 devstack@placement-api.service[95270]: DEBUG placement.requestlog [req-e1ca23a4-0be6-40b8-a29e-6ed871d30368 req-94c2d141-4dbc-4afa-a661-45960e071035 None None] Starting request: 10.222.0.69 "PUT /placement/allocations/6aaf0089-c09b-42a1-8d6e-13da5c26af18" {{(pid=95270) __call__ /opt/stack/placement/placement/requestlog.py:55}}
Aug 31 09:24:01.970929 n-d-806683-2 devstack@placement-api.service[95270]: DEBUG placement.handlers.allocation [req-e1ca23a4-0be6-40b8-a29e-6ed871d30368 req-94c2d141-4dbc-4afa-a661-45960e071035 service placement] Successfully wrote allocations [, , ] {{(pid=95270) _create_allocations /opt/stack/placement/placement/handlers/allocation.py:461}}
Aug 31 09:24:01.978596 n-d-806683-2 devstack@placement-api.service[95270]: INFO placement.requestlog [req-e1ca23a4-0be6-40b8-a29e-6ed871d30368 req-94c2d141-4dbc-4afa-a661-45960e071035 service placement] 10.222.0.69 "PUT /placement/allocations/6aaf0089-c09b-42a1-8d6e-13da5c26af18" status: 204 len: 0 microversion: 1.36
Aug 31 09:24:01.980484 n-d-806683-2 devstack@placement-api.service[95270]: [pid: 95270|app: 0|req: 43/89] 10.222.0.69 () {64 vars in 1434 bytes} [Tue Aug 31 09:24:01 2021] PUT /placement/allocations/6aaf0089-c09b-42a1-8d6e-13da5c26af18 => generated 0 bytes in 200 msecs (HTTP/1.1 204) 5 headers in 199 bytes (2 switches on core 0)
Aug 31 09:24:02.639231 n-d-806683-2 devstack@placement-api.service[95271]: DEBUG placement.requestlog [req-e1ca23a4-0be6-40b8-a29e-6ed871d30368 req-9cb4d64c-c030-4a32-bfa2-0dba49c4fd2c None None] Starting request: 10.222.0.52 "GET /placement/allocations/6aaf0089-c09b-42a1-8d6e-13da5c26af18" {{(pid=95271) __call__ /opt/stack/placement/placement/requestlog.py:55}}
Aug 31 09:24:02.671199 n-d-806683-2 devstack@placement-api.service[95271]: INFO placement.requestlog [req-e1ca23a4-0be6-40b8-a29e-6ed871d30368 req-9cb4d64c-c030-4a32-bfa2-0dba49c4fd2c service placement] 10.222.0.52 "GET /placement/allocations/6aaf0089-c09b-42a1-8d6e-13da5c26af18" status: 200 len: 259 microversion: 1.28
Aug 31 09:24:02.671458 n-d-806683-2 devstack@placement-api.service[95271]: [pid: 95271|app: 0|req: 47/90] 10.222.0.52 () {60 vars in 1378 bytes} [Tue Aug 31 09:24:02 2021] GET /placement/allocations/6aaf0089-c09b-42a1-8d6e-13da5c26af18 => generated 259 bytes in 38 msecs (HTTP/1.1 200) 8 headers in 296 bytes (2 switches on core 0)
Aug 31 09:24:03.507245 n-d-806683-2 devstack@placement-api.service[95270]: DEBUG placement.requestlog [req-f89002b7-a38c-4e78-bceb-172792a0d3e7 req-7a8a3729-707a-4cbe-b89a-dc43f8eaad2e None None] Starting request: 10.222.0.69 "GET /placement/allocation_candidates?limit=1000&resources=DISK_GB%3A1%2CMEMORY_MB%3A1024%2CVCPU%3A1&root_required=%21COMPUTE_STATUS_DISABLED" {{(pid=95270) __call__ /opt/stack/placement/placement/requestlog.py:55}}
Aug 31 09:24:03.578102 n-d-806683-2 devstack@placement-api.service[95270]: DEBUG placement.objects.research_context [req-f89002b7-a38c-4e78-bceb-172792a0d3e7 req-7a8a3729-707a-4cbe-b89a-dc43f8eaad2e service placement] getting providers with 1 DISK_GB {{(pid=95270) __init__ /opt/stack/placement/placement/objects/research_context.py:126}}
Aug 31 09:24:03.585006 n-d-806683-2 devstack@placement-api.service[95270]: DEBUG placement.objects.research_context [req-f89002b7-a38c-4e78-bceb-172792a0d3e7 req-7a8a3729-707a-4cbe-b89a-dc43f8eaad2e service placement] getting providers with 1024 MEMORY_MB {{(pid=95270) __init__ /opt/stack/placement/placement/objects/research_context.py:126}}
Aug 31 09:24:03.598258 n-d-806683-2 devstack@placement-api.service[95270]: DEBUG placement.objects.research_context [req-f89002b7-a38c-4e78-bceb-172792a0d3e7 req-7a8a3729-707a-4cbe-b89a-dc43f8eaad2e service placement] getting providers with 1 VCPU {{(pid=95270) __init__ /opt/stack/placement/placement/objects/research_context.py:126}}
Aug 31 09:24:03.615885 n-d-806683-2 devstack@placement-api.service[95270]: DEBUG placement.objects.research_context [req-f89002b7-a38c-4e78-bceb-172792a0d3e7 req-7a8a3729-707a-4cbe-b89a-dc43f8eaad2e service placement] found 2 providers with available 1 DISK_GB {{(pid=95270) get_provider_ids_matching /opt/stack/placement/placement/objects/research_context.py:549}}
Aug 31 09:24:03.616492 n-d-806683-2 devstack@placement-api.service[95270]: DEBUG placement.objects.research_context [req-f89002b7-a38c-4e78-bceb-172792a0d3e7 req-7a8a3729-707a-4cbe-b89a-dc43f8eaad2e service placement] found 2 providers with available 1024 MEMORY_MB {{(pid=95270) get_provider_ids_matching /opt/stack/placement/placement/objects/research_context.py:549}}
Aug 31 09:24:03.616976 n-d-806683-2 devstack@placement-api.service[95270]: DEBUG placement.objects.research_context [req-f89002b7-a38c-4e78-bceb-172792a0d3e7 req-7a8a3729-707a-4cbe-b89a-dc43f8eaad2e service placement] found 2 providers after filtering by previous result {{(pid=95270) get_provider_ids_matching /opt/stack/placement/placement/objects/research_context.py:580}}
Aug 31 09:24:03.617467 n-d-806683-2 devstack@placement-api.service[95270]: DEBUG placement.objects.research_context [req-f89002b7-a38c-4e78-bceb-172792a0d3e7 req-7a8a3729-707a-4cbe-b89a-dc43f8eaad2e service placement] found 2 providers with available 1 VCPU {{(pid=95270) get_provider_ids_matching /opt/stack/placement/placement/objects/research_context.py:549}}
Aug 31 09:24:03.617955 n-d-806683-2 devstack@placement-api.service[95270]: DEBUG placement.objects.research_context [req-f89002b7-a38c-4e78-bceb-172792a0d3e7 req-7a8a3729-707a-4cbe-b89a-dc43f8eaad2e service placement] found 2 providers after filtering by previous result {{(pid=95270) get_provider_ids_matching /opt/stack/placement/placement/objects/research_context.py:580}}
Aug 31 09:24:03.632813 n-d-806683-2 devstack@placement-api.service[95270]: DEBUG placement.objects.allocation_candidate [req-f89002b7-a38c-4e78-bceb-172792a0d3e7 req-7a8a3729-707a-4cbe-b89a-dc43f8eaad2e service placement] RequestGroup(use_same_provider=False, resources={DISK_GB:1, MEMORY_MB:1024, VCPU:1}, traits=[], aggregates=[]) (suffix '') returned 2 matches {{(pid=95270) _get_by_requests /opt/stack/placement/placement/objects/allocation_candidate.py:145}}
Aug 31 09:24:03.643318 n-d-806683-2 devstack@placement-api.service[95270]: DEBUG placement.objects.allocation_candidate [req-f89002b7-a38c-4e78-bceb-172792a0d3e7 req-7a8a3729-707a-4cbe-b89a-dc43f8eaad2e service placement] Merging candidates yields 2 allocation requests and 2 provider summaries {{(pid=95270) _merge_candidates /opt/stack/placement/placement/objects/allocation_candidate.py:783}}
Aug 31 09:24:03.645299 n-d-806683-2 devstack@placement-api.service[95270]: INFO placement.requestlog [req-f89002b7-a38c-4e78-bceb-172792a0d3e7 req-7a8a3729-707a-4cbe-b89a-dc43f8eaad2e service placement] 10.222.0.69 "GET /placement/allocation_candidates?limit=1000&resources=DISK_GB%3A1%2CMEMORY_MB%3A1024%2CVCPU%3A1&root_required=%21COMPUTE_STATUS_DISABLED" status: 200 len: 1309 microversion: 1.36
Aug 31 09:24:03.646063 n-d-806683-2 devstack@placement-api.service[95270]: [pid: 95270|app: 0|req: 44/91] 10.222.0.69 () {60 vars in 1507 bytes} [Tue Aug 31 09:24:03 2021] GET /placement/allocation_candidates?limit=1000&resources=DISK_GB%3A1%2CMEMORY_MB%3A1024%2CVCPU%3A1&root_required=%21COMPUTE_STATUS_DISABLED => generated 1309 bytes in 139 msecs (HTTP/1.1 200) 8 headers in 297 bytes (1 switches on core 0)
Aug 31 09:24:03.853846 n-d-806683-2 devstack@placement-api.service[95271]: DEBUG placement.requestlog [req-f89002b7-a38c-4e78-bceb-172792a0d3e7 req-be19cdd2-dc0a-4928-b94d-daaa2ba58a45 None None] Starting request: 10.222.0.69 "GET /placement/allocations/29c2072f-f6d2-43e9-9202-51d049bda885" {{(pid=95271) __call__ /opt/stack/placement/placement/requestlog.py:55}}
Aug 31 09:24:03.869763 n-d-806683-2 devstack@placement-api.service[95271]: INFO placement.requestlog [req-f89002b7-a38c-4e78-bceb-172792a0d3e7 req-be19cdd2-dc0a-4928-b94d-daaa2ba58a45 service placement] 10.222.0.69 "GET /placement/allocations/29c2072f-f6d2-43e9-9202-51d049bda885" status: 200 len: 19 microversion: 1.28
Aug 31 09:24:03.878098 n-d-806683-2 devstack@placement-api.service[95270]: DEBUG placement.requestlog [req-f89002b7-a38c-4e78-bceb-172792a0d3e7 req-f37dda52-d38f-43c7-bf76-aa240c82a5b3 None None] Starting request: 10.222.0.69 "PUT /placement/allocations/29c2072f-f6d2-43e9-9202-51d049bda885" {{(pid=95270) __call__ /opt/stack/placement/placement/requestlog.py:55}}
