Oct 28 21:29:55.393062 n-d-806683-16 devstack@placement-api.service[102805]: INFO placement.requestlog [req-9c541e35-8248-446d-b7d2-0dc419ca3e6e req-11196c1d-9b19-481e-a147-f5d8a7ee243a service placement] 10.222.0.44 "GET /placement/allocations/09951240-5d1c-4659-bb3f-6987b209cc70" status: 200 len: 260 microversion: 1.28
Oct 28 21:29:55.393500 n-d-806683-16 devstack@placement-api.service[102805]: [pid: 102805|app: 0|req: 302/608] 10.222.0.44 () {60 vars in 1377 bytes} [Thu Oct 28 21:29:55 2021] GET /placement/allocations/09951240-5d1c-4659-bb3f-6987b209cc70 => generated 260 bytes in 34 msecs (HTTP/1.1 200) 8 headers in 296 bytes (1 switches on core 0)
Oct 28 21:29:55.405404 n-d-806683-16 devstack@placement-api.service[102806]: DEBUG placement.requestlog [req-9c541e35-8248-446d-b7d2-0dc419ca3e6e req-63ddec50-0128-4707-9aa0-370a7b5bffaf None None] Starting request: 10.222.0.44 "GET /placement/allocations/09951240-5d1c-4659-bb3f-6987b209cc70" {{(pid=102806) __call__ /opt/stack/placement/placement/requestlog.py:55}}
Oct 28 21:29:55.441028 n-d-806683-16 devstack@placement-api.service[102806]: INFO placement.requestlog [req-9c541e35-8248-446d-b7d2-0dc419ca3e6e req-63ddec50-0128-4707-9aa0-370a7b5bffaf service placement] 10.222.0.44 "GET /placement/allocations/09951240-5d1c-4659-bb3f-6987b209cc70" status: 200 len: 260 microversion: 1.28
Oct 28 21:29:55.441261 n-d-806683-16 devstack@placement-api.service[102806]: [pid: 102806|app: 0|req: 307/609] 10.222.0.44 () {60 vars in 1377 bytes} [Thu Oct 28 21:29:55 2021] GET /placement/allocations/09951240-5d1c-4659-bb3f-6987b209cc70 => generated 260 bytes in 36 msecs (HTTP/1.1 200) 8 headers in 296 bytes (2 switches on core 0)
Oct 28 21:29:55.476741 n-d-806683-16 devstack@placement-api.service[102805]: DEBUG placement.requestlog [req-9c541e35-8248-446d-b7d2-0dc419ca3e6e req-b946976d-bb32-4895-9f85-21dfec0eb2a1 None None] Starting request: 10.222.0.44 "GET /placement/allocations/07133ea1-b9b8-4f7f-a0b0-9cf7174563b5" {{(pid=102805) __call__ /opt/stack/placement/placement/requestlog.py:55}}
Oct 28 21:29:55.502027 n-d-806683-16 devstack@placement-api.service[102805]: INFO placement.requestlog [req-9c541e35-8248-446d-b7d2-0dc419ca3e6e req-b946976d-bb32-4895-9f85-21dfec0eb2a1 service placement] 10.222.0.44 "GET /placement/allocations/07133ea1-b9b8-4f7f-a0b0-9cf7174563b5" status: 200 len: 259 microversion: 1.28
Oct 28 21:29:55.505651 n-d-806683-16 devstack@placement-api.service[102805]: [pid: 102805|app: 0|req: 303/610] 10.222.0.44 () {60 vars in 1377 bytes} [Thu Oct 28 21:29:55 2021] GET /placement/allocations/07133ea1-b9b8-4f7f-a0b0-9cf7174563b5 => generated 259 bytes in 29 msecs (HTTP/1.1 200) 8 headers in 296 bytes (1 switches on core 0)
Oct 28 21:29:55.539183 n-d-806683-16 devstack@placement-api.service[102806]: DEBUG placement.requestlog [req-9c541e35-8248-446d-b7d2-0dc419ca3e6e req-81ed28d1-a8e2-4b26-a646-61dcc89d2871 None None] Starting request: 10.222.0.44 "POST /placement/allocations" {{(pid=102806) __call__ /opt/stack/placement/placement/requestlog.py:55}}
Oct 28 21:29:55.652355 n-d-806683-16 devstack@placement-api.service[102806]: DEBUG placement.handlers.allocation [req-9c541e35-8248-446d-b7d2-0dc419ca3e6e req-81ed28d1-a8e2-4b26-a646-61dcc89d2871 service placement] Successfully wrote allocations [, , , , , ] {{(pid=102806) _update_consumers_and_create_allocations /opt/stack/placement/placement/handlers/allocation.py:572}}
Oct 28 21:29:55.658161 n-d-806683-16 devstack@placement-api.service[102806]: INFO placement.requestlog [req-9c541e35-8248-446d-b7d2-0dc419ca3e6e req-81ed28d1-a8e2-4b26-a646-61dcc89d2871 service placement] 10.222.0.44 "POST /placement/allocations" status: 204 len: 0 microversion: 1.28
Oct 28 21:29:55.659242 n-d-806683-16 devstack@placement-api.service[102806]: [pid: 102806|app: 0|req: 308/611] 10.222.0.44 () {64 vars in 1320 bytes} [Thu Oct 28 21:29:55 2021] POST /placement/allocations => generated 0 bytes in 120 msecs (HTTP/1.1 204) 5 headers in 199 bytes (1 switches on core 0)
Oct 28 21:29:56.122568 n-d-806683-16 devstack@placement-api.service[102805]: DEBUG placement.requestlog [req-5bd8c97f-c321-44bc-acbb-46d16a663895 req-63b68af7-dcb2-485c-afe2-b240c8fa7dac None None] Starting request: 10.222.0.44 "DELETE /placement/allocations/5a5d6d18-01b5-41ff-a8d2-6ed0f198a26a" {{(pid=102805) __call__ /opt/stack/placement/placement/requestlog.py:55}}
Oct 28 21:29:56.206120 n-d-806683-16 devstack@placement-api.service[102805]: DEBUG placement.handlers.allocation [req-5bd8c97f-c321-44bc-acbb-46d16a663895 req-63b68af7-dcb2-485c-afe2-b240c8fa7dac service placement] Successfully deleted allocations [, , ] {{(pid=102805) delete_allocations /opt/stack/placement/placement/handlers/allocation.py:627}}
Oct 28 21:29:56.207222 n-d-806683-16 devstack@placement-api.service[102805]: INFO placement.requestlog [req-5bd8c97f-c321-44bc-acbb-46d16a663895 req-63b68af7-dcb2-485c-afe2-b240c8fa7dac service placement] 10.222.0.44 "DELETE /placement/allocations/5a5d6d18-01b5-41ff-a8d2-6ed0f198a26a" status: 204 len: 0 microversion: 1.0
Oct 28 21:29:56.208001 n-d-806683-16 devstack@placement-api.service[102805]: [pid: 102805|app: 0|req: 304/612] 10.222.0.44 () {60 vars in 1355 bytes} [Thu Oct 28 21:29:56 2021] DELETE /placement/allocations/5a5d6d18-01b5-41ff-a8d2-6ed0f198a26a => generated 0 bytes in 85 msecs (HTTP/1.1 204) 5 headers in 198 bytes (1 switches on core 0)
Oct 28 21:29:56.584556 n-d-806683-16 devstack@placement-api.service[102806]: DEBUG placement.requestlog [req-d43491c7-4cc3-433f-bc5e-2dccfc7f1891 req-6bc22904-95e6-42c2-9533-6cc8d451502a None None] Starting request: 10.222.0.44 "DELETE /placement/allocations/67333d8d-43f5-458b-878f-259c307f8fe3" {{(pid=102806) __call__ /opt/stack/placement/placement/requestlog.py:55}}
Oct 28 21:29:56.638594 n-d-806683-16 devstack@placement-api.service[102806]: DEBUG placement.handlers.allocation [req-d43491c7-4cc3-433f-bc5e-2dccfc7f1891 req-6bc22904-95e6-42c2-9533-6cc8d451502a service placement] Successfully deleted allocations [, , ] {{(pid=102806) delete_allocations /opt/stack/placement/placement/handlers/allocation.py:627}}
Oct 28 21:29:56.639206 n-d-806683-16 devstack@placement-api.service[102806]: INFO placement.requestlog [req-d43491c7-4cc3-433f-bc5e-2dccfc7f1891 req-6bc22904-95e6-42c2-9533-6cc8d451502a service placement] 10.222.0.44 "DELETE /placement/allocations/67333d8d-43f5-458b-878f-259c307f8fe3" status: 204 len: 0 microversion: 1.0
Oct 28 21:29:56.639581 n-d-806683-16 devstack@placement-api.service[102806]: [pid: 102806|app: 0|req: 309/613] 10.222.0.44 () {60 vars in 1355 bytes} [Thu Oct 28 21:29:56 2021] DELETE /placement/allocations/67333d8d-43f5-458b-878f-259c307f8fe3 => generated 0 bytes in 56 msecs (HTTP/1.1 204) 5 headers in 198 bytes (1 switches on core 0)
Oct 28 21:30:03.376182 n-d-806683-16 devstack@placement-api.service[102805]: DEBUG placement.requestlog [req-21fe4078-aa87-4b36-8f6a-b23fea23fe0d req-e2ccd419-1500-4a87-b335-2799ebdcb838 None None] Starting request: 10.222.0.44 "DELETE /placement/allocations/8d076840-a89e-4a99-a479-94b7167e3a88" {{(pid=102805) __call__ /opt/stack/placement/placement/requestlog.py:55}}
Oct 28 21:30:03.447525 n-d-806683-16 devstack@placement-api.service[102805]: DEBUG placement.handlers.allocation [req-21fe4078-aa87-4b36-8f6a-b23fea23fe0d req-e2ccd419-1500-4a87-b335-2799ebdcb838 service placement] Successfully deleted allocations [, , ] {{(pid=102805) delete_allocations /opt/stack/placement/placement/handlers/allocation.py:627}}
Oct 28 21:30:03.449007 n-d-806683-16 devstack@placement-api.service[102805]: INFO placement.requestlog [req-21fe4078-aa87-4b36-8f6a-b23fea23fe0d req-e2ccd419-1500-4a87-b335-2799ebdcb838 service placement] 10.222.0.44 "DELETE /placement/allocations/8d076840-a89e-4a99-a479-94b7167e3a88" status: 204 len: 0 microversion: 1.0
Oct 28 21:30:03.449527 n-d-806683-16 devstack@placement-api.service[102805]: [pid: 102805|app: 0|req: 305/614] 10.222.0.44 () {60 vars in 1355 bytes} [Thu Oct 28 21:30:03 2021] DELETE /placement/allocations/8d076840-a89e-4a99-a479-94b7167e3a88 => generated 0 bytes in 73 msecs (HTTP/1.1 204) 5 headers in 198 bytes (1 switches on core 0)
Oct 28 21:30:03.862846 n-d-806683-16 devstack@placement-api.service[102806]: DEBUG placement.requestlog [req-5bbba0c6-8c5a-4d91-aea2-a15549f76930 req-1a34a0bc-fa4d-46e9-9aca-7e41c79d5bb6 None None] Starting request: 10.222.0.31 "GET /placement/allocation_candidates?limit=1000&resources=DISK_GB%3A1%2CMEMORY_MB%3A1024%2CVCPU%3A1&root_required=%21COMPUTE_STATUS_DISABLED" {{(pid=102806) __call__ /opt/stack/placement/placement/requestlog.py:55}}
Oct 28 21:30:03.923737 n-d-806683-16 devstack@placement-api.service[102806]: DEBUG placement.objects.research_context [req-5bbba0c6-8c5a-4d91-aea2-a15549f76930 req-1a34a0bc-fa4d-46e9-9aca-7e41c79d5bb6 service placement] getting providers with 1 DISK_GB {{(pid=102806) __init__ /opt/stack/placement/placement/objects/research_context.py:126}}
Oct 28 21:30:03.933282 n-d-806683-16 devstack@placement-api.service[102806]: DEBUG placement.objects.research_context [req-5bbba0c6-8c5a-4d91-aea2-a15549f76930 req-1a34a0bc-fa4d-46e9-9aca-7e41c79d5bb6 service placement] getting providers with 1024 MEMORY_MB {{(pid=102806) __init__ /opt/stack/placement/placement/objects/research_context.py:126}}
Oct 28 21:30:03.944697 n-d-806683-16 devstack@placement-api.service[102806]: DEBUG placement.objects.research_context [req-5bbba0c6-8c5a-4d91-aea2-a15549f76930 req-1a34a0bc-fa4d-46e9-9aca-7e41c79d5bb6 service placement] getting providers with 1 VCPU {{(pid=102806) __init__ /opt/stack/placement/placement/objects/research_context.py:126}}
Oct 28 21:30:03.954616 n-d-806683-16 devstack@placement-api.service[102806]: DEBUG placement.objects.research_context [req-5bbba0c6-8c5a-4d91-aea2-a15549f76930 req-1a34a0bc-fa4d-46e9-9aca-7e41c79d5bb6 service placement] found 2 providers with available 1 DISK_GB {{(pid=102806) get_provider_ids_matching /opt/stack/placement/placement/objects/research_context.py:549}}
Oct 28 21:30:03.955091 n-d-806683-16 devstack@placement-api.service[102806]: DEBUG placement.objects.research_context [req-5bbba0c6-8c5a-4d91-aea2-a15549f76930 req-1a34a0bc-fa4d-46e9-9aca-7e41c79d5bb6 service placement] found 2 providers with available 1024 MEMORY_MB {{(pid=102806) get_provider_ids_matching /opt/stack/placement/placement/objects/research_context.py:549}}
Oct 28 21:30:03.956034 n-d-806683-16 devstack@placement-api.service[102806]: DEBUG placement.objects.research_context [req-5bbba0c6-8c5a-4d91-aea2-a15549f76930 req-1a34a0bc-fa4d-46e9-9aca-7e41c79d5bb6 service placement] found 2 providers after filtering by previous result {{(pid=102806) get_provider_ids_matching /opt/stack/placement/placement/objects/research_context.py:580}}
Oct 28 21:30:03.956503 n-d-806683-16 devstack@placement-api.service[102806]: DEBUG placement.objects.research_context [req-5bbba0c6-8c5a-4d91-aea2-a15549f76930 req-1a34a0bc-fa4d-46e9-9aca-7e41c79d5bb6 service placement] found 2 providers with available 1 VCPU {{(pid=102806) get_provider_ids_matching /opt/stack/placement/placement/objects/research_context.py:549}}
Oct 28 21:30:03.956906 n-d-806683-16 devstack@placement-api.service[102806]: DEBUG placement.objects.research_context [req-5bbba0c6-8c5a-4d91-aea2-a15549f76930 req-1a34a0bc-fa4d-46e9-9aca-7e41c79d5bb6 service placement] found 2 providers after filtering by previous result {{(pid=102806) get_provider_ids_matching /opt/stack/placement/placement/objects/research_context.py:580}}
Oct 28 21:30:03.971395 n-d-806683-16 devstack@placement-api.service[102806]: DEBUG placement.objects.allocation_candidate [req-5bbba0c6-8c5a-4d91-aea2-a15549f76930 req-1a34a0bc-fa4d-46e9-9aca-7e41c79d5bb6 service placement] RequestGroup(use_same_provider=False, resources={DISK_GB:1, MEMORY_MB:1024, VCPU:1}, traits=[], aggregates=[]) (suffix '') returned 2 matches {{(pid=102806) _get_by_requests /opt/stack/placement/placement/objects/allocation_candidate.py:145}}
Oct 28 21:30:03.972013 n-d-806683-16 devstack@placement-api.service[102806]: DEBUG placement.objects.allocation_candidate [req-5bbba0c6-8c5a-4d91-aea2-a15549f76930 req-1a34a0bc-fa4d-46e9-9aca-7e41c79d5bb6 service placement] Merging candidates yields 2 allocation requests and 2 provider summaries {{(pid=102806) _merge_candidates /opt/stack/placement/placement/objects/allocation_candidate.py:783}}
Oct 28 21:30:03.973928 n-d-806683-16 devstack@placement-api.service[102806]: INFO placement.requestlog [req-5bbba0c6-8c5a-4d91-aea2-a15549f76930 req-1a34a0bc-fa4d-46e9-9aca-7e41c79d5bb6 service placement] 10.222.0.31 "GET /placement/allocation_candidates?limit=1000&resources=DISK_GB%3A1%2CMEMORY_MB%3A1024%2CVCPU%3A1&root_required=%21COMPUTE_STATUS_DISABLED" status: 200 len: 1309 microversion: 1.36
Oct 28 21:30:03.974379 n-d-806683-16 devstack@placement-api.service[102806]: [pid: 102806|app: 0|req: 310/615] 10.222.0.31 () {60 vars in 1506 bytes} [Thu Oct 28 21:30:03 2021] GET /placement/allocation_candidates?limit=1000&resources=DISK_GB%3A1%2CMEMORY_MB%3A1024%2CVCPU%3A1&root_required=%21COMPUTE_STATUS_DISABLED => generated 1309 bytes in 112 msecs (HTTP/1.1 200) 8 headers in 297 bytes (1 switches on core 0)
Oct 28 21:30:04.054008 n-d-806683-16 devstack@placement-api.service[102805]: DEBUG placement.requestlog [req-5bbba0c6-8c5a-4d91-aea2-a15549f76930 req-fadf2f5e-98eb-4920-a16c-314a71b6b323 None None] Starting request: 10.222.0.31 "GET /placement/allocations/bb861a50-99fa-494b-8d84-9afe1b49e38e" {{(pid=102805) __call__ /opt/stack/placement/placement/requestlog.py:55}}
Oct 28 21:30:04.067394 n-d-806683-16 devstack@placement-api.service[102805]: INFO placement.requestlog [req-5bbba0c6-8c5a-4d91-aea2-a15549f76930 req-fadf2f5e-98eb-4920-a16c-314a71b6b323 service placement] 10.222.0.31 "GET /placement/allocations/bb861a50-99fa-494b-8d84-9afe1b49e38e" status: 200 len: 19 microversion: 1.28
Oct 28 21:30:04.071752 n-d-806683-16 devstack@placement-api.service[102805]: [pid: 102805|app: 0|req: 306/616] 10.222.0.31 () {60 vars in 1380 bytes} [Thu Oct 28 21:30:04 2021] GET /placement/allocations/bb861a50-99fa-494b-8d84-9afe1b49e38e => generated 19 bytes in 18 msecs (HTTP/1.1 200) 8 headers in 295 bytes (1 switches on core 0)
Oct 28 21:30:04.075881 n-d-806683-16 devstack@placement-api.service[102806]: DEBUG placement.requestlog [req-5bbba0c6-8c5a-4d91-aea2-a15549f76930 req-d8a7d3f8-5bf5-4e58-9d7f-c23d2739fa3d None None] Starting request: 10.222.0.31 "PUT /placement/allocations/bb861a50-99fa-494b-8d84-9afe1b49e38e" {{(pid=102806) __call__ /opt/stack/placement/placement/requestlog.py:55}}
Oct 28 21:30:04.161000 n-d-806683-16 devstack@placement-api.service[102806]: DEBUG placement.handlers.allocation [req-5bbba0c6-8c5a-4d91-aea2-a15549f76930 req-d8a7d3f8-5bf5-4e58-9d7f-c23d2739fa3d service placement] Successfully wrote allocations [, , ] {{(pid=102806) _update_consumers_and_create_allocations /opt/stack/placement/placement/handlers/allocation.py:462}}
Oct 28 21:30:04.168813 n-d-806683-16 devstack@placement-api.service[102806]: INFO placement.requestlog [req-5bbba0c6-8c5a-4d91-aea2-a15549f76930 req-d8a7d3f8-5bf5-4e58-9d7f-c23d2739fa3d service placement] 10.222.0.31 "PUT /placement/allocations/bb861a50-99fa-494b-8d84-9afe1b49e38e" status: 204 len: 0 microversion: 1.36
Oct 28 21:30:04.178216 n-d-806683-16 devstack@placement-api.service[102806]: [pid: 102806|app: 0|req: 311/617] 10.222.0.31 () {64 vars in 1433 bytes} [Thu Oct 28 21:30:04 2021] PUT /placement/allocations/bb861a50-99fa-494b-8d84-9afe1b49e38e => generated 0 bytes in 94 msecs (HTTP/1.1 204) 5 headers in 199 bytes (2 switches on core 0)
Oct 28 21:30:04.317102 n-d-806683-16 devstack@placement-api.service[102805]: DEBUG placement.requestlog [req-007a182b-ca1b-4016-9c24-d2c89a5a350a req-decd05a7-d592-44c3-8def-0f15fcde7453 None None] Starting request: 10.222.0.44 "DELETE /placement/allocations/a796259d-2e71-44b8-9ca6-2820e54e6d47" {{(pid=102805) __call__ /opt/stack/placement/placement/requestlog.py:55}}
Oct 28 21:30:04.354747 n-d-806683-16 devstack@placement-api.service[102805]: DEBUG placement.handlers.allocation [req-007a182b-ca1b-4016-9c24-d2c89a5a350a req-decd05a7-d592-44c3-8def-0f15fcde7453 service placement] Successfully deleted allocations [, , ] {{(pid=102805) delete_allocations /opt/stack/placement/placement/handlers/allocation.py:627}}
Oct 28 21:30:04.355747 n-d-806683-16 devstack@placement-api.service[102805]: INFO placement.requestlog [req-007a182b-ca1b-4016-9c24-d2c89a5a350a req-decd05a7-d592-44c3-8def-0f15fcde7453 service placement] 10.222.0.44 "DELETE /placement/allocations/a796259d-2e71-44b8-9ca6-2820e54e6d47" status: 204 len: 0 microversion: 1.0
Oct 28 21:30:04.356323 n-d-806683-16 devstack@placement-api.service[102805]: [pid: 102805|app: 0|req: 307/618] 10.222.0.44 () {60 vars in 1355 bytes} [Thu Oct 28 21:30:04 2021] DELETE /placement/allocations/a796259d-2e71-44b8-9ca6-2820e54e6d47 => generated 0 bytes in 39 msecs (HTTP/1.1 204) 5 headers in 198 bytes (1 switches on core 0)
Oct 28 21:30:04.746392 n-d-806683-16 devstack@placement-api.service[102806]: DEBUG placement.requestlog [req-5bbba0c6-8c5a-4d91-aea2-a15549f76930 req-5fc95df7-4a71-4c75-b628-a1fc0cbd17bf None None] Starting request: 10.222.0.44 "GET /placement/allocations/bb861a50-99fa-494b-8d84-9afe1b49e38e" {{(pid=102806) __call__ /opt/stack/placement/placement/requestlog.py:55}}
Oct 28 21:30:04.772835 n-d-806683-16 devstack@placement-api.service[102806]: INFO placement.requestlog [req-5bbba0c6-8c5a-4d91-aea2-a15549f76930 req-5fc95df7-4a71-4c75-b628-a1fc0cbd17bf service placement] 10.222.0.44 "GET /placement/allocations/bb861a50-99fa-494b-8d84-9afe1b49e38e" status: 200 len: 260 microversion: 1.28
Oct 28 21:30:04.773584 n-d-806683-16 devstack@placement-api.service[102806]: [pid: 102806|app: 0|req: 312/619] 10.222.0.44 () {60 vars in 1377 bytes} [Thu Oct 28 21:30:04 2021] GET /placement/allocations/bb861a50-99fa-494b-8d84-9afe1b49e38e => generated 260 bytes in 27 msecs (HTTP/1.1 200) 8 headers in 296 bytes (1 switches on core 0)
Oct 28 21:30:08.991088 n-d-806683-16 devstack@placement-api.service[102805]: DEBUG placement.requestlog [req-61aa01ed-099c-4744-b72d-3dc4f7517f4e req-c6ab33cc-8d2e-423c-bbb3-29ba5f5b33af None None] Starting request: 10.222.0.44 "DELETE /placement/allocations/07133ea1-b9b8-4f7f-a0b0-9cf7174563b5" {{(pid=102805) __call__ /opt/stack/placement/placement/requestlog.py:55}}
Oct 28 21:30:09.059357 n-d-806683-16 devstack@placement-api.service[102805]: DEBUG placement.handlers.allocation [req-61aa01ed-099c-4744-b72d-3dc4f7517f4e req-c6ab33cc-8d2e-423c-bbb3-29ba5f5b33af service placement] Successfully deleted allocations [, , ] {{(pid=102805) delete_allocations /opt/stack/placement/placement/handlers/allocation.py:627}}
Oct 28 21:30:09.060020 n-d-806683-16 devstack@placement-api.service[102805]: INFO placement.requestlog [req-61aa01ed-099c-4744-b72d-3dc4f7517f4e req-c6ab33cc-8d2e-423c-bbb3-29ba5f5b33af service placement] 10.222.0.44 "DELETE /placement/allocations/07133ea1-b9b8-4f7f-a0b0-9cf7174563b5" status: 204 len: 0 microversion: 1.0
Oct 28 21:30:09.060421 n-d-806683-16 devstack@placement-api.service[102805]: [pid: 102805|app: 0|req: 308/620] 10.222.0.44 () {60 vars in 1355 bytes} [Thu Oct 28 21:30:08 2021] DELETE /placement/allocations/07133ea1-b9b8-4f7f-a0b0-9cf7174563b5 => generated 0 bytes in 70 msecs (HTTP/1.1 204) 5 headers in 198 bytes (1 switches on core 0)
Oct 28 21:30:09.281433 n-d-806683-16 devstack@placement-api.service[102806]: DEBUG placement.requestlog [req-8d69ea96-2bb4-437e-911e-8edb6e8c9bdc req-cca614e3-20b0-4177-9e7b-d5f2be922637 None None] Starting request: 10.222.0.44 "DELETE /placement/allocations/a5858721-0fcc-47a7-a9c3-c8e5786070e2" {{(pid=102806) __call__ /opt/stack/placement/placement/requestlog.py:55}}
Oct 28 21:30:09.334649 n-d-806683-16 devstack@placement-api.service[102806]: DEBUG placement.handlers.allocation [req-8d69ea96-2bb4-437e-911e-8edb6e8c9bdc req-cca614e3-20b0-4177-9e7b-d5f2be922637 service placement] Successfully deleted allocations [, , ] {{(pid=102806) delete_allocations /opt/stack/placement/placement/handlers/allocation.py:627}}
Oct 28 21:30:09.335224 n-d-806683-16 devstack@placement-api.service[102806]: INFO placement.requestlog [req-8d69ea96-2bb4-437e-911e-8edb6e8c9bdc req-cca614e3-20b0-4177-9e7b-d5f2be922637 service placement] 10.222.0.44 "DELETE /placement/allocations/a5858721-0fcc-47a7-a9c3-c8e5786070e2" status: 204 len: 0 microversion: 1.0
Oct 28 21:30:09.335848 n-d-806683-16 devstack@placement-api.service[102806]: [pid: 102806|app: 0|req: 313/621] 10.222.0.44 () {60 vars in 1355 bytes} [Thu Oct 28 21:30:09 2021] DELETE /placement/allocations/a5858721-0fcc-47a7-a9c3-c8e5786070e2 => generated 0 bytes in 55 msecs (HTTP/1.1 204) 5 headers in 198 bytes (1 switches on core 0)
Oct 28 21:30:11.896353 n-d-806683-16 devstack@placement-api.service[102805]: DEBUG placement.requestlog [req-498859d2-35fb-423d-ad67-3cff06a4e9f9 req-256c6374-8d4f-4bca-9b4d-230b039bfb85 None None] Starting request: 10.222.0.31 "GET /placement/allocation_candidates?limit=1000&resources=DISK_GB%3A1%2CMEMORY_MB%3A1024%2CVCPU%3A1&root_required=%21COMPUTE_STATUS_DISABLED" {{(pid=102805) __call__ /opt/stack/placement/placement/requestlog.py:55}}
Oct 28 21:30:11.982318 n-d-806683-16 devstack@placement-api.service[102805]: DEBUG placement.objects.research_context [req-498859d2-35fb-423d-ad67-3cff06a4e9f9 req-256c6374-8d4f-4bca-9b4d-230b039bfb85 service placement] getting providers with 1 DISK_GB {{(pid=102805) __init__ /opt/stack/placement/placement/objects/research_context.py:126}}
Oct 28 21:30:12.008860 n-d-806683-16 devstack@placement-api.service[102805]: DEBUG placement.objects.research_context [req-498859d2-35fb-423d-ad67-3cff06a4e9f9 req-256c6374-8d4f-4bca-9b4d-230b039bfb85 service placement] getting providers with 1024 MEMORY_MB {{(pid=102805) __init__ /opt/stack/placement/placement/objects/research_context.py:126}}
Oct 28 21:30:12.033232 n-d-806683-16 devstack@placement-api.service[102805]: DEBUG placement.objects.research_context [req-498859d2-35fb-423d-ad67-3cff06a4e9f9 req-256c6374-8d4f-4bca-9b4d-230b039bfb85 service placement] getting providers with 1 VCPU {{(pid=102805) __init__ /opt/stack/placement/placement/objects/research_context.py:126}}
Oct 28 21:30:12.058834 n-d-806683-16 devstack@placement-api.service[102805]: DEBUG placement.objects.research_context [req-498859d2-35fb-423d-ad67-3cff06a4e9f9 req-256c6374-8d4f-4bca-9b4d-230b039bfb85 service placement] found 2 providers with available 1 DISK_GB {{(pid=102805) get_provider_ids_matching /opt/stack/placement/placement/objects/research_context.py:549}}
Oct 28 21:30:12.059108 n-d-806683-16 devstack@placement-api.service[102805]: DEBUG placement.objects.research_context [req-498859d2-35fb-423d-ad67-3cff06a4e9f9 req-256c6374-8d4f-4bca-9b4d-230b039bfb85 service placement] found 2 providers with available 1024 MEMORY_MB {{(pid=102805) get_provider_ids_matching /opt/stack/placement/placement/objects/research_context.py:549}}
Oct 28 21:30:12.059381 n-d-806683-16 devstack@placement-api.service[102805]: DEBUG placement.objects.research_context [req-498859d2-35fb-423d-ad67-3cff06a4e9f9 req-256c6374-8d4f-4bca-9b4d-230b039bfb85 service placement] found 2 providers after filtering by previous result {{(pid=102805) get_provider_ids_matching /opt/stack/placement/placement/objects/research_context.py:580}}
Oct 28 21:30:12.059636 n-d-806683-16 devstack@placement-api.service[102805]: DEBUG placement.objects.research_context [req-498859d2-35fb-423d-ad67-3cff06a4e9f9 req-256c6374-8d4f-4bca-9b4d-230b039bfb85 service placement] found 2 providers with available 1 VCPU {{(pid=102805) get_provider_ids_matching /opt/stack/placement/placement/objects/research_context.py:549}}
Oct 28 21:30:12.059900 n-d-806683-16 devstack@placement-api.service[102805]: DEBUG placement.objects.research_context [req-498859d2-35fb-423d-ad67-3cff06a4e9f9 req-256c6374-8d4f-4bca-9b4d-230b039bfb85 service placement] found 2 providers after filtering by previous result {{(pid=102805) get_provider_ids_matching /opt/stack/placement/placement/objects/research_context.py:580}}
Oct 28 21:30:12.085802 n-d-806683-16 devstack@placement-api.service[102806]: DEBUG placement.requestlog [req-31c1f018-546e-4049-811d-f989e5e0a62e req-ae70c258-abbe-4c5d-ba6e-2389f376b50c None None] Starting request: 10.222.0.31 "GET /placement/allocation_candidates?limit=1000&resources=DISK_GB%3A1%2CMEMORY_MB%3A1024%2CVCPU%3A1&root_required=%21COMPUTE_STATUS_DISABLED" {{(pid=102806) __call__ /opt/stack/placement/placement/requestlog.py:55}}
Oct 28 21:30:12.109708 n-d-806683-16 devstack@placement-api.service[102805]: DEBUG placement.objects.allocation_candidate [req-498859d2-35fb-423d-ad67-3cff06a4e9f9 req-256c6374-8d4f-4bca-9b4d-230b039bfb85 service placement] RequestGroup(use_same_provider=False, resources={DISK_GB:1, MEMORY_MB:1024, VCPU:1}, traits=[], aggregates=[]) (suffix '') returned 2 matches {{(pid=102805) _get_by_requests /opt/stack/placement/placement/objects/allocation_candidate.py:145}}
Oct 28 21:30:12.110094 n-d-806683-16 devstack@placement-api.service[102805]: DEBUG placement.objects.allocation_candidate [req-498859d2-35fb-423d-ad67-3cff06a4e9f9 req-256c6374-8d4f-4bca-9b4d-230b039bfb85 service placement] Merging candidates yields 2 allocation requests and 2 provider summaries {{(pid=102805) _merge_candidates /opt/stack/placement/placement/objects/allocation_candidate.py:783}}
Oct 28 21:30:12.118394 n-d-806683-16 devstack@placement-api.service[102805]: INFO placement.requestlog [req-498859d2-35fb-423d-ad67-3cff06a4e9f9 req-256c6374-8d4f-4bca-9b4d-230b039bfb85 service placement] 10.222.0.31 "GET /placement/allocation_candidates?limit=1000&resources=DISK_GB%3A1%2CMEMORY_MB%3A1024%2CVCPU%3A1&root_required=%21COMPUTE_STATUS_DISABLED" status: 200 len: 1309 microversion: 1.36
Oct 28 21:30:12.122474 n-d-806683-16 devstack@placement-api.service[102805]: [pid: 102805|app: 0|req: 309/622] 10.222.0.31 () {60 vars in 1506 bytes} [Thu Oct 28 21:30:11 2021] GET /placement/allocation_candidates?limit=1000&resources=DISK_GB%3A1%2CMEMORY_MB%3A1024%2CVCPU%3A1&root_required=%21COMPUTE_STATUS_DISABLED => generated 1309 bytes in 227 msecs (HTTP/1.1 200) 8 headers in 297 bytes (1 switches on core 0)
Oct 28 21:30:12.209406 n-d-806683-16 devstack@placement-api.service[102806]: DEBUG placement.objects.research_context [req-31c1f018-546e-4049-811d-f989e5e0a62e req-ae70c258-abbe-4c5d-ba6e-2389f376b50c service placement] getting providers with 1 DISK_GB {{(pid=102806) __init__ /opt/stack/placement/placement/objects/research_context.py:126}}
Oct 28 21:30:12.224351 n-d-806683-16 devstack@placement-api.service[102806]: DEBUG placement.objects.research_context [req-31c1f018-546e-4049-811d-f989e5e0a62e req-ae70c258-abbe-4c5d-ba6e-2389f376b50c service placement] getting providers with 1024 MEMORY_MB {{(pid=102806) __init__ /opt/stack/placement/placement/objects/research_context.py:126}}
Oct 28 21:30:12.232155 n-d-806683-16 devstack@placement-api.service[102806]: DEBUG placement.objects.research_context [req-31c1f018-546e-4049-811d-f989e5e0a62e req-ae70c258-abbe-4c5d-ba6e-2389f376b50c service placement] getting providers with 1 VCPU {{(pid=102806) __init__ /opt/stack/placement/placement/objects/research_context.py:126}}
Oct 28 21:30:12.241530 n-d-806683-16 devstack@placement-api.service[102806]: DEBUG placement.objects.research_context [req-31c1f018-546e-4049-811d-f989e5e0a62e req-ae70c258-abbe-4c5d-ba6e-2389f376b50c service placement] found 2 providers with available 1 DISK_GB {{(pid=102806) get_provider_ids_matching /opt/stack/placement/placement/objects/research_context.py:549}}
Oct 28 21:30:12.242136 n-d-806683-16 devstack@placement-api.service[102806]: DEBUG placement.objects.research_context [req-31c1f018-546e-4049-811d-f989e5e0a62e req-ae70c258-abbe-4c5d-ba6e-2389f376b50c service placement] found 2 providers with available 1024 MEMORY_MB {{(pid=102806) get_provider_ids_matching /opt/stack/placement/placement/objects/research_context.py:549}}
Oct 28 21:30:12.242642 n-d-806683-16 devstack@placement-api.service[102806]: DEBUG placement.objects.research_context [req-31c1f018-546e-4049-811d-f989e5e0a62e req-ae70c258-abbe-4c5d-ba6e-2389f376b50c service placement] found 2 providers after filtering by previous result {{(pid=102806) get_provider_ids_matching /opt/stack/placement/placement/objects/research_context.py:580}}
Oct 28 21:30:12.242982 n-d-806683-16 devstack@placement-api.service[102806]: DEBUG placement.objects.research_context [req-31c1f018-546e-4049-811d-f989e5e0a62e req-ae70c258-abbe-4c5d-ba6e-2389f376b50c service placement] found 2 providers with available 1 VCPU {{(pid=102806) get_provider_ids_matching /opt/stack/placement/placement/objects/research_context.py:549}}
Oct 28 21:30:12.243315 n-d-806683-16 devstack@placement-api.service[102806]: DEBUG placement.objects.research_context [req-31c1f018-546e-4049-811d-f989e5e0a62e req-ae70c258-abbe-4c5d-ba6e-2389f376b50c service placement] found 2 providers after filtering by previous result {{(pid=102806) get_provider_ids_matching /opt/stack/placement/placement/objects/research_context.py:580}}
Oct 28 21:30:12.255226 n-d-806683-16 devstack@placement-api.service[102806]: DEBUG placement.objects.allocation_candidate [req-31c1f018-546e-4049-811d-f989e5e0a62e req-ae70c258-abbe-4c5d-ba6e-2389f376b50c service placement] RequestGroup(use_same_provider=False, resources={DISK_GB:1, MEMORY_MB:1024, VCPU:1}, traits=[], aggregates=[]) (suffix '') returned 2 matches {{(pid=102806) _get_by_requests /opt/stack/placement/placement/objects/allocation_candidate.py:145}}
Oct 28 21:30:12.255865 n-d-806683-16 devstack@placement-api.service[102806]: DEBUG placement.objects.allocation_candidate [req-31c1f018-546e-4049-811d-f989e5e0a62e req-ae70c258-abbe-4c5d-ba6e-2389f376b50c service placement] Merging candidates yields 2 allocation requests and 2 provider summaries {{(pid=102806) _merge_candidates /opt/stack/placement/placement/objects/allocation_candidate.py:783}}
Oct 28 21:30:12.258480 n-d-806683-16 devstack@placement-api.service[102806]: INFO placement.requestlog [req-31c1f018-546e-4049-811d-f989e5e0a62e req-ae70c258-abbe-4c5d-ba6e-2389f376b50c service placement] 10.222.0.31 "GET /placement/allocation_candidates?limit=1000&resources=DISK_GB%3A1%2CMEMORY_MB%3A1024%2CVCPU%3A1&root_required=%21COMPUTE_STATUS_DISABLED" status: 200 len: 1309 microversion: 1.36
Oct 28 21:30:12.259212 n-d-806683-16 devstack@placement-api.service[102806]: [pid: 102806|app: 0|req: 314/623] 10.222.0.31 () {60 vars in 1506 bytes} [Thu Oct 28 21:30:12 2021] GET /placement/allocation_candidates?limit=1000&resources=DISK_GB%3A1%2CMEMORY_MB%3A1024%2CVCPU%3A1&root_required=%21COMPUTE_STATUS_DISABLED => generated 1309 bytes in 173 msecs (HTTP/1.1 200) 8 headers in 297 bytes (1 switches on core 0)
Oct 28 21:30:12.305307 n-d-806683-16 devstack@placement-api.service[102805]: DEBUG placement.requestlog [req-498859d2-35fb-423d-ad67-3cff06a4e9f9 req-88077d21-db38-4377-a053-5728ecab4c78 None None] Starting request: 10.222.0.31 "GET /placement/allocations/1e485c2d-779a-4e25-9413-84caaf96faa6" {{(pid=102805) __call__ /opt/stack/placement/placement/requestlog.py:55}}
Oct 28 21:30:12.320142 n-d-806683-16 devstack@placement-api.service[102805]: INFO placement.requestlog [req-498859d2-35fb-423d-ad67-3cff06a4e9f9 req-88077d21-db38-4377-a053-5728ecab4c78 service placement] 10.222.0.31 "GET /placement/allocations/1e485c2d-779a-4e25-9413-84caaf96faa6" status: 200 len: 19 microversion: 1.28
Oct 28 21:30:12.320396 n-d-806683-16 devstack@placement-api.service[102805]: [pid: 102805|app: 0|req: 310/624] 10.222.0.31 () {60 vars in 1380 bytes} [Thu Oct 28 21:30:12 2021] GET /placement/allocations/1e485c2d-779a-4e25-9413-84caaf96faa6 => generated 19 bytes in 16 msecs (HTTP/1.1 200) 8 headers in 295 bytes (1 switches on core 0)
Oct 28 21:30:12.357681 n-d-806683-16 devstack@placement-api.service[102806]: DEBUG placement.requestlog [req-498859d2-35fb-423d-ad67-3cff06a4e9f9 req-282825c5-baf6-45f9-8652-f87c6af65f5b None None] Starting request: 10.222.0.31 "PUT /placement/allocations/1e485c2d-779a-4e25-9413-84caaf96faa6" {{(pid=102806) __call__ /opt/stack/placement/placement/requestlog.py:55}}
Oct 28 21:30:12.447836 n-d-806683-16 devstack@placement-api.service[102805]: DEBUG placement.requestlog [req-31c1f018-546e-4049-811d-f989e5e0a62e req-46cac408-cd02-4b86-a047-7436aeddab81 None None] Starting request: 10.222.0.31 "GET /placement/allocations/8aaabd40-30b4-45b6-95f0-8b1e138885db" {{(pid=102805) __call__ /opt/stack/placement/placement/requestlog.py:55}}
Oct 28 21:30:12.459853 n-d-806683-16 devstack@placement-api.service[102805]: INFO placement.requestlog [req-31c1f018-546e-4049-811d-f989e5e0a62e req-46cac408-cd02-4b86-a047-7436aeddab81 service placement] 10.222.0.31 "GET /placement/allocations/8aaabd40-30b4-45b6-95f0-8b1e138885db" status: 200 len: 19 microversion: 1.28
Oct 28 21:30:12.465484 n-d-806683-16 devstack@placement-api.service[102805]: [pid: 102805|app: 0|req: 311/625] 10.222.0.31 () {60 vars in 1380 bytes} [Thu Oct 28 21:30:12 2021] GET /placement/allocations/8aaabd40-30b4-45b6-95f0-8b1e138885db => generated 19 bytes in 18 msecs (HTTP/1.1 200) 8 headers in 295 bytes (2 switches on core 0)
Oct 28 21:30:12.472621 n-d-806683-16 devstack@placement-api.service[102805]: DEBUG placement.requestlog [req-31c1f018-546e-4049-811d-f989e5e0a62e req-40b1ba6a-dcef-444b-8572-9bd9d35bc330 None None] Starting request: 10.222.0.31 "PUT /placement/allocations/8aaabd40-30b4-45b6-95f0-8b1e138885db" {{(pid=102805) __call__ /opt/stack/placement/placement/requestlog.py:55}}
Oct 28 21:30:12.477371 n-d-806683-16 devstack@placement-api.service[102806]: DEBUG placement.handlers.allocation [req-498859d2-35fb-423d-ad67-3cff06a4e9f9 req-282825c5-baf6-45f9-8652-f87c6af65f5b service placement] Successfully wrote allocations [, , ] {{(pid=102806) _update_consumers_and_create_allocations /opt/stack/placement/placement/handlers/allocation.py:462}}
Oct 28 21:30:12.488119 n-d-806683-16 devstack@placement-api.service[102806]: INFO placement.requestlog [req-498859d2-35fb-423d-ad67-3cff06a4e9f9 req-282825c5-baf6-45f9-8652-f87c6af65f5b service placement] 10.222.0.31 "PUT /placement/allocations/1e485c2d-779a-4e25-9413-84caaf96faa6" status: 204 len: 0 microversion: 1.36
Oct 28 21:30:12.522112 n-d-806683-16 devstack@placement-api.service[102806]: [pid: 102806|app: 0|req: 315/626] 10.222.0.31 () {64 vars in 1433 bytes} [Thu Oct 28 21:30:12 2021] PUT /placement/allocations/1e485c2d-779a-4e25-9413-84caaf96faa6 => generated 0 bytes in 132 msecs (HTTP/1.1 204) 5 headers in 199 bytes (1 switches on core 0)
Oct 28 21:30:12.629672 n-d-806683-16 devstack@placement-api.service[102805]: DEBUG placement.handlers.allocation [req-31c1f018-546e-4049-811d-f989e5e0a62e req-40b1ba6a-dcef-444b-8572-9bd9d35bc330 service placement] Successfully wrote allocations [, , ] {{(pid=102805) _update_consumers_and_create_allocations /opt/stack/placement/placement/handlers/allocation.py:462}}
Oct 28 21:30:12.636554 n-d-806683-16 devstack@placement-api.service[102805]: INFO placement.requestlog [req-31c1f018-546e-4049-811d-f989e5e0a62e req-40b1ba6a-dcef-444b-8572-9bd9d35bc330 service placement] 10.222.0.31 "PUT /placement/allocations/8aaabd40-30b4-45b6-95f0-8b1e138885db" status: 204 len: 0 microversion: 1.36
Oct 28 21:30:12.637193 n-d-806683-16 devstack@placement-api.service[102805]: [pid: 102805|app: 0|req: 312/627] 10.222.0.31 () {64 vars in 1433 bytes} [Thu Oct 28 21:30:12 2021] PUT /placement/allocations/8aaabd40-30b4-45b6-95f0-8b1e138885db => generated 0 bytes in 165 msecs (HTTP/1.1 204) 5 headers in 199 bytes (1 switches on core 0)
Oct 28 21:30:13.271133 n-d-806683-16 devstack@placement-api.service[102806]: DEBUG placement.requestlog [req-498859d2-35fb-423d-ad67-3cff06a4e9f9 req-3dd0256c-14fe-422e-aaad-000821af10d5 None None] Starting request: 10.222.0.44 "GET /placement/allocations/1e485c2d-779a-4e25-9413-84caaf96faa6" {{(pid=102806) __call__ /opt/stack/placement/placement/requestlog.py:55}}
Oct 28 21:30:13.312058 n-d-806683-16 devstack@placement-api.service[102806]: INFO placement.requestlog [req-498859d2-35fb-423d-ad67-3cff06a4e9f9 req-3dd0256c-14fe-422e-aaad-000821af10d5 service placement] 10.222.0.44 "GET /placement/allocations/1e485c2d-779a-4e25-9413-84caaf96faa6" status: 200 len: 260 microversion: 1.28
Oct 28 21:30:13.312058 n-d-806683-16 devstack@placement-api.service[102806]: [pid: 102806|app: 0|req: 316/628] 10.222.0.44 () {60 vars in 1377 bytes} [Thu Oct 28 21:30:13 2021] GET /placement/allocations/1e485c2d-779a-4e25-9413-84caaf96faa6 => generated 260 bytes in 40 msecs (HTTP/1.1 200) 8 headers in 296 bytes (1 switches on core 0)
Oct 28 21:30:13.440137 n-d-806683-16 devstack@placement-api.service[102805]: DEBUG placement.requestlog [req-31c1f018-546e-4049-811d-f989e5e0a62e req-225af605-606d-4198-914f-f0f8bb7c2e0b None None] Starting request: 10.222.0.44 "GET /placement/allocations/8aaabd40-30b4-45b6-95f0-8b1e138885db" {{(pid=102805) __call__ /opt/stack/placement/placement/requestlog.py:55}}
Oct 28 21:30:13.464704 n-d-806683-16 devstack@placement-api.service[102805]: INFO placement.requestlog [req-31c1f018-546e-4049-811d-f989e5e0a62e req-225af605-606d-4198-914f-f0f8bb7c2e0b service placement] 10.222.0.44 "GET /placement/allocations/8aaabd40-30b4-45b6-95f0-8b1e138885db" status: 200 len: 260 microversion: 1.28
Oct 28 21:30:13.465244 n-d-806683-16 devstack@placement-api.service[102805]: [pid: 102805|app: 0|req: 313/629] 10.222.0.44 () {60 vars in 1377 bytes} [Thu Oct 28 21:30:13 2021] GET /placement/allocations/8aaabd40-30b4-45b6-95f0-8b1e138885db => generated 260 bytes in 25 msecs (HTTP/1.1 200) 8 headers in 296 bytes (1 switches on core 0)
Oct 28 21:30:14.719184 n-d-806683-16 devstack@placement-api.service[102806]: DEBUG placement.requestlog [req-b3e182a5-488d-4e2f-96b8-bb0825c2c293 req-42e7b6e9-7abe-4155-976a-2f09da0edbd5 None None] Starting request: 10.222.0.44 "DELETE /placement/allocations/1f29c4be-0bc3-47d8-b3bb-1c30f0458db7" {{(pid=102806) __call__ /opt/stack/placement/placement/requestlog.py:55}}
Oct 28 21:30:14.775144 n-d-806683-16 devstack@placement-api.service[102806]: DEBUG placement.handlers.allocation [req-b3e182a5-488d-4e2f-96b8-bb0825c2c293 req-42e7b6e9-7abe-4155-976a-2f09da0edbd5 service placement] Successfully deleted allocations [, , ] {{(pid=102806) delete_allocations /opt/stack/placement/placement/handlers/allocation.py:627}}
Oct 28 21:30:14.775646 n-d-806683-16 devstack@placement-api.service[102806]: INFO placement.requestlog [req-b3e182a5-488d-4e2f-96b8-bb0825c2c293 req-42e7b6e9-7abe-4155-976a-2f09da0edbd5 service placement] 10.222.0.44 "DELETE /placement/allocations/1f29c4be-0bc3-47d8-b3bb-1c30f0458db7" status: 204 len: 0 microversion: 1.0
Oct 28 21:30:14.777536 n-d-806683-16 devstack@placement-api.service[102806]: [pid: 102806|app: 0|req: 317/630] 10.222.0.44 () {60 vars in 1355 bytes} [Thu Oct 28 21:30:14 2021] DELETE /placement/allocations/1f29c4be-0bc3-47d8-b3bb-1c30f0458db7 => generated 0 bytes in 58 msecs (HTTP/1.1 204) 5 headers in 198 bytes (1 switches on core 0)
Oct 28 21:30:18.255892 n-d-806683-16 devstack@placement-api.service[102805]: DEBUG placement.requestlog [req-05eeeb8b-4f15-4d6d-8acf-c83451d73ce4 req-7f8e3a1a-33a9-450b-98ce-f69e8a315709 None None] Starting request: 10.222.0.44 "DELETE /placement/allocations/ccb9e6b8-5799-4f7b-a1de-bbbc5c2c2632" {{(pid=102805) __call__ /opt/stack/placement/placement/requestlog.py:55}}
Oct 28 21:30:18.319471 n-d-806683-16 devstack@placement-api.service[102805]: DEBUG placement.handlers.allocation [req-05eeeb8b-4f15-4d6d-8acf-c83451d73ce4 req-7f8e3a1a-33a9-450b-98ce-f69e8a315709 service placement] Successfully deleted allocations [, , ] {{(pid=102805) delete_allocations /opt/stack/placement/placement/handlers/allocation.py:627}}
Oct 28 21:30:18.320252 n-d-806683-16 devstack@placement-api.service[102805]: INFO placement.requestlog [req-05eeeb8b-4f15-4d6d-8acf-c83451d73ce4 req-7f8e3a1a-33a9-450b-98ce-f69e8a315709 service placement] 10.222.0.44 "DELETE /placement/allocations/ccb9e6b8-5799-4f7b-a1de-bbbc5c2c2632" status: 204 len: 0 microversion: 1.0
Oct 28 21:30:18.321979 n-d-806683-16 devstack@placement-api.service[102805]: [pid: 102805|app: 0|req: 314/631] 10.222.0.44 () {60 vars in 1355 bytes} [Thu Oct 28 21:30:18 2021] DELETE /placement/allocations/ccb9e6b8-5799-4f7b-a1de-bbbc5c2c2632 => generated 0 bytes in 66 msecs (HTTP/1.1 204) 5 headers in 198 bytes (1 switches on core 0)
Oct 28 21:30:23.245860 n-d-806683-16 devstack@placement-api.service[102806]: DEBUG placement.requestlog [req-a3a94ace-92e8-4a4b-a739-036201b96848 req-e666ae4d-5f6e-41a7-bcea-fddcda0071b7 None None] Starting request: 10.222.0.31 "GET /placement/allocation_candidates?limit=1000&resources=DISK_GB%3A1%2CMEMORY_MB%3A1024%2CVCPU%3A1&root_required=%21COMPUTE_STATUS_DISABLED" {{(pid=102806) __call__ /opt/stack/placement/placement/requestlog.py:55}}
Oct 28 21:30:23.301109 n-d-806683-16 devstack@placement-api.service[102806]: DEBUG placement.objects.research_context [req-a3a94ace-92e8-4a4b-a739-036201b96848 req-e666ae4d-5f6e-41a7-bcea-fddcda0071b7 service placement] getting providers with 1 DISK_GB {{(pid=102806) __init__ /opt/stack/placement/placement/objects/research_context.py:126}}
Oct 28 21:30:23.308185 n-d-806683-16 devstack@placement-api.service[102806]: DEBUG placement.objects.research_context [req-a3a94ace-92e8-4a4b-a739-036201b96848 req-e666ae4d-5f6e-41a7-bcea-fddcda0071b7 service placement] getting providers with 1024 MEMORY_MB {{(pid=102806) __init__ /opt/stack/placement/placement/objects/research_context.py:126}}
Oct 28 21:30:23.314207 n-d-806683-16 devstack@placement-api.service[102806]: DEBUG placement.objects.research_context [req-a3a94ace-92e8-4a4b-a739-036201b96848 req-e666ae4d-5f6e-41a7-bcea-fddcda0071b7 service placement] getting providers with 1 VCPU {{(pid=102806) __init__ /opt/stack/placement/placement/objects/research_context.py:126}}
Oct 28 21:30:23.326572 n-d-806683-16 devstack@placement-api.service[102806]: DEBUG placement.objects.research_context [req-a3a94ace-92e8-4a4b-a739-036201b96848 req-e666ae4d-5f6e-41a7-bcea-fddcda0071b7 service placement] found 2 providers with available 1 DISK_GB {{(pid=102806) get_provider_ids_matching /opt/stack/placement/placement/objects/research_context.py:549}}
Oct 28 21:30:23.327168 n-d-806683-16 devstack@placement-api.service[102806]: DEBUG placement.objects.research_context [req-a3a94ace-92e8-4a4b-a739-036201b96848 req-e666ae4d-5f6e-41a7-bcea-fddcda0071b7 service placement] found 2 providers with available 1024 MEMORY_MB {{(pid=102806) get_provider_ids_matching /opt/stack/placement/placement/objects/research_context.py:549}}
Oct 28 21:30:23.327648 n-d-806683-16 devstack@placement-api.service[102806]: DEBUG placement.objects.research_context [req-a3a94ace-92e8-4a4b-a739-036201b96848 req-e666ae4d-5f6e-41a7-bcea-fddcda0071b7 service placement] found 2 providers after filtering by previous result {{(pid=102806) get_provider_ids_matching /opt/stack/placement/placement/objects/research_context.py:580}}
Oct 28 21:30:23.328260 n-d-806683-16 devstack@placement-api.service[102806]: DEBUG placement.objects.research_context [req-a3a94ace-92e8-4a4b-a739-036201b96848 req-e666ae4d-5f6e-41a7-bcea-fddcda0071b7 service placement] found 2 providers with available 1 VCPU {{(pid=102806) get_provider_ids_matching /opt/stack/placement/placement/objects/research_context.py:549}}
Oct 28 21:30:23.328874 n-d-806683-16 devstack@placement-api.service[102806]: DEBUG placement.objects.research_context [req-a3a94ace-92e8-4a4b-a739-036201b96848 req-e666ae4d-5f6e-41a7-bcea-fddcda0071b7 service placement] found 2 providers after filtering by previous result {{(pid=102806) get_provider_ids_matching /opt/stack/placement/placement/objects/research_context.py:580}}
Oct 28 21:30:23.350853 n-d-806683-16 devstack@placement-api.service[102806]: DEBUG placement.objects.allocation_candidate [req-a3a94ace-92e8-4a4b-a739-036201b96848 req-e666ae4d-5f6e-41a7-bcea-fddcda0071b7 service placement] RequestGroup(use_same_provider=False, resources={DISK_GB:1, MEMORY_MB:1024, VCPU:1}, traits=[], aggregates=[]) (suffix '') returned 2 matches {{(pid=102806) _get_by_requests /opt/stack/placement/placement/objects/allocation_candidate.py:145}}
Oct 28 21:30:23.351899 n-d-806683-16 devstack@placement-api.service[102806]: DEBUG placement.objects.allocation_candidate [req-a3a94ace-92e8-4a4b-a739-036201b96848 req-e666ae4d-5f6e-41a7-bcea-fddcda0071b7 service placement] Merging candidates yields 2 allocation requests and 2 provider summaries {{(pid=102806) _merge_candidates /opt/stack/placement/placement/objects/allocation_candidate.py:783}}
Oct 28 21:30:23.356530 n-d-806683-16 devstack@placement-api.service[102806]: INFO placement.requestlog [req-a3a94ace-92e8-4a4b-a739-036201b96848 req-e666ae4d-5f6e-41a7-bcea-fddcda0071b7 service placement] 10.222.0.31 "GET /placement/allocation_candidates?limit=1000&resources=DISK_GB%3A1%2CMEMORY_MB%3A1024%2CVCPU%3A1&root_required=%21COMPUTE_STATUS_DISABLED" status: 200 len: 1309 microversion: 1.36
Oct 28 21:30:23.375480 n-d-806683-16 devstack@placement-api.service[102806]: [pid: 102806|app: 0|req: 318/632] 10.222.0.31 () {60 vars in 1506 bytes} [Thu Oct 28 21:30:23 2021] GET /placement/allocation_candidates?limit=1000&resources=DISK_GB%3A1%2CMEMORY_MB%3A1024%2CVCPU%3A1&root_required=%21COMPUTE_STATUS_DISABLED => generated 1309 bytes in 130 msecs (HTTP/1.1 200) 8 headers in 297 bytes (1 switches on core 0)
Oct 28 21:30:23.436572 n-d-806683-16 devstack@placement-api.service[102805]: DEBUG placement.requestlog [req-a3a94ace-92e8-4a4b-a739-036201b96848 req-16f9d8d3-ff4f-4d3d-9949-881df7d793f1 None None] Starting request: 10.222.0.31 "GET /placement/allocations/b03ffb20-908e-4e2e-9bfe-faea5c7d0010" {{(pid=102805) __call__ /opt/stack/placement/placement/requestlog.py:55}}
Oct 28 21:30:23.459292 n-d-806683-16 devstack@placement-api.service[102805]: INFO placement.requestlog [req-a3a94ace-92e8-4a4b-a739-036201b96848 req-16f9d8d3-ff4f-4d3d-9949-881df7d793f1 service placement] 10.222.0.31 "GET /placement/allocations/b03ffb20-908e-4e2e-9bfe-faea5c7d0010" status: 200 len: 19 microversion: 1.28
Oct 28 21:30:23.459539 n-d-806683-16 devstack@placement-api.service[102805]: [pid: 102805|app: 0|req: 315/633] 10.222.0.31 () {60 vars in 1380 bytes} [Thu Oct 28 21:30:23 2021] GET /placement/allocations/b03ffb20-908e-4e2e-9bfe-faea5c7d0010 => generated 19 bytes in 23 msecs (HTTP/1.1 200) 8 headers in 295 bytes (1 switches on core 0)
Oct 28 21:30:23.470681 n-d-806683-16 devstack@placement-api.service[102806]: DEBUG placement.requestlog [req-a3a94ace-92e8-4a4b-a739-036201b96848 req-564dc5bf-1fd9-4f16-953f-61568e2c3116 None None] Starting request: 10.222.0.31 "PUT /placement/allocations/b03ffb20-908e-4e2e-9bfe-faea5c7d0010" {{(pid=102806) __call__ /opt/stack/placement/placement/requestlog.py:55}}
Oct 28 21:30:23.591418 n-d-806683-16 devstack@placement-api.service[102806]: DEBUG placement.handlers.allocation [req-a3a94ace-92e8-4a4b-a739-036201b96848 req-564dc5bf-1fd9-4f16-953f-61568e2c3116 service placement] Successfully wrote allocations [, , ] {{(pid=102806) _update_consumers_and_create_allocations /opt/stack/placement/placement/handlers/allocation.py:462}}
Oct 28 21:30:23.596772 n-d-806683-16 devstack@placement-api.service[102806]: INFO placement.requestlog [req-a3a94ace-92e8-4a4b-a739-036201b96848 req-564dc5bf-1fd9-4f16-953f-61568e2c3116 service placement] 10.222.0.31 "PUT /placement/allocations/b03ffb20-908e-4e2e-9bfe-faea5c7d0010" status: 204 len: 0 microversion: 1.36
Oct 28 21:30:23.612492 n-d-806683-16 devstack@placement-api.service[102806]: [pid: 102806|app: 0|req: 319/634] 10.222.0.31 () {64 vars in 1433 bytes} [Thu Oct 28 21:30:23 2021] PUT /placement/allocations/b03ffb20-908e-4e2e-9bfe-faea5c7d0010 => generated 0 bytes in 127 msecs (HTTP/1.1 204) 5 headers in 199 bytes (2 switches on core 0)
Oct 28 21:30:24.036640 n-d-806683-16 devstack@placement-api.service[102805]: DEBUG placement.requestlog [req-a3a94ace-92e8-4a4b-a739-036201b96848 req-4ed8cde0-8ccf-44e9-a950-1be2a843483b None None] Starting request: 10.222.0.44 "GET /placement/allocations/b03ffb20-908e-4e2e-9bfe-faea5c7d0010" {{(pid=102805) __call__ /opt/stack/placement/placement/requestlog.py:55}}
Oct 28 21:30:24.079879 n-d-806683-16 devstack@placement-api.service[102805]: INFO placement.requestlog [req-a3a94ace-92e8-4a4b-a739-036201b96848 req-4ed8cde0-8ccf-44e9-a950-1be2a843483b service placement] 10.222.0.44 "GET /placement/allocations/b03ffb20-908e-4e2e-9bfe-faea5c7d0010" status: 200 len: 260 microversion: 1.28
Oct 28 21:30:24.080649 n-d-806683-16 devstack@placement-api.service[102805]: [pid: 102805|app: 0|req: 316/635] 10.222.0.44 () {60 vars in 1377 bytes} [Thu Oct 28 21:30:24 2021] GET /placement/allocations/b03ffb20-908e-4e2e-9bfe-faea5c7d0010 => generated 260 bytes in 45 msecs (HTTP/1.1 200) 8 headers in 296 bytes (1 switches on core 0)
Oct 28 21:30:25.124186 n-d-806683-16 devstack@placement-api.service[102806]: DEBUG placement.requestlog [req-8a87ec92-1ef9-45e2-ae6d-e85ea425443f req-21662474-342f-4cd5-af43-7dffe88f07ba None None] Starting request: 10.222.0.44 "GET /placement/resource_providers/99e7cd8a-aa49-4ef4-9c3c-faf7786eb912/allocations" {{(pid=102806) __call__ /opt/stack/placement/placement/requestlog.py:55}}
Oct 28 21:30:25.162282 n-d-806683-16 devstack@placement-api.service[102806]: INFO placement.requestlog [req-8a87ec92-1ef9-45e2-ae6d-e85ea425443f req-21662474-342f-4cd5-af43-7dffe88f07ba service placement] 10.222.0.44 "GET /placement/resource_providers/99e7cd8a-aa49-4ef4-9c3c-faf7786eb912/allocations" status: 200 len: 747 microversion: 1.0
