Oct 13 14:11:14.340842 n-d-806683-15 devstack@placement-api.service[113166]: DEBUG placement.objects.research_context [req-699a2b89-277a-4e0c-a598-ab2c29738855 req-a192e855-12b8-4021-91f4-9b36e03a1e5f service placement] found 2 providers with available 1024 MEMORY_MB {{(pid=113166) get_provider_ids_matching /opt/stack/placement/placement/objects/research_context.py:549}}
Oct 13 14:11:14.340842 n-d-806683-15 devstack@placement-api.service[113166]: DEBUG placement.objects.research_context [req-699a2b89-277a-4e0c-a598-ab2c29738855 req-a192e855-12b8-4021-91f4-9b36e03a1e5f service placement] found 2 providers after filtering by previous result {{(pid=113166) get_provider_ids_matching /opt/stack/placement/placement/objects/research_context.py:580}}
Oct 13 14:11:14.340842 n-d-806683-15 devstack@placement-api.service[113166]: DEBUG placement.objects.research_context [req-699a2b89-277a-4e0c-a598-ab2c29738855 req-a192e855-12b8-4021-91f4-9b36e03a1e5f service placement] found 2 providers with available 1 VCPU {{(pid=113166) get_provider_ids_matching /opt/stack/placement/placement/objects/research_context.py:549}}
Oct 13 14:11:14.340842 n-d-806683-15 devstack@placement-api.service[113166]: DEBUG placement.objects.research_context [req-699a2b89-277a-4e0c-a598-ab2c29738855 req-a192e855-12b8-4021-91f4-9b36e03a1e5f service placement] found 2 providers after filtering by previous result {{(pid=113166) get_provider_ids_matching /opt/stack/placement/placement/objects/research_context.py:580}}
Oct 13 14:11:14.361977 n-d-806683-15 devstack@placement-api.service[113166]: DEBUG placement.objects.allocation_candidate [req-699a2b89-277a-4e0c-a598-ab2c29738855 req-a192e855-12b8-4021-91f4-9b36e03a1e5f service placement] RequestGroup(use_same_provider=False, resources={DISK_GB:1, MEMORY_MB:1024, VCPU:1}, traits=[], aggregates=[]) (suffix '') returned 2 matches {{(pid=113166) _get_by_requests /opt/stack/placement/placement/objects/allocation_candidate.py:145}}
Oct 13 14:11:14.365642 n-d-806683-15 devstack@placement-api.service[113166]: DEBUG placement.objects.allocation_candidate [req-699a2b89-277a-4e0c-a598-ab2c29738855 req-a192e855-12b8-4021-91f4-9b36e03a1e5f service placement] Merging candidates yields 2 allocation requests and 2 provider summaries {{(pid=113166) _merge_candidates /opt/stack/placement/placement/objects/allocation_candidate.py:783}}
Oct 13 14:11:14.366624 n-d-806683-15 devstack@placement-api.service[113166]: INFO placement.requestlog [req-699a2b89-277a-4e0c-a598-ab2c29738855 req-a192e855-12b8-4021-91f4-9b36e03a1e5f service placement] 10.222.0.18 "GET /placement/allocation_candidates?limit=1000&resources=DISK_GB%3A1%2CMEMORY_MB%3A1024%2CVCPU%3A1&root_required=%21COMPUTE_STATUS_DISABLED" status: 200 len: 1309 microversion: 1.36
Oct 13 14:11:14.367737 n-d-806683-15 devstack@placement-api.service[113166]: [pid: 113166|app: 0|req: 238/478] 10.222.0.18 () {60 vars in 1506 bytes} [Wed Oct 13 14:11:14 2021] GET /placement/allocation_candidates?limit=1000&resources=DISK_GB%3A1%2CMEMORY_MB%3A1024%2CVCPU%3A1&root_required=%21COMPUTE_STATUS_DISABLED => generated 1309 bytes in 155 msecs (HTTP/1.1 200) 8 headers in 297 bytes (1 switches on core 0)
Oct 13 14:11:14.422039 n-d-806683-15 devstack@placement-api.service[113167]: DEBUG placement.requestlog [req-699a2b89-277a-4e0c-a598-ab2c29738855 req-3dcbc157-9698-4a17-9575-3608b4a8a289 None None] Starting request: 10.222.0.18 "GET /placement/allocations/07b7e719-9bc9-4da6-8cfb-0a1272e2e199" {{(pid=113167) __call__ /opt/stack/placement/placement/requestlog.py:55}}
Oct 13 14:11:14.433740 n-d-806683-15 devstack@placement-api.service[113167]: INFO placement.requestlog [req-699a2b89-277a-4e0c-a598-ab2c29738855 req-3dcbc157-9698-4a17-9575-3608b4a8a289 service placement] 10.222.0.18 "GET /placement/allocations/07b7e719-9bc9-4da6-8cfb-0a1272e2e199" status: 200 len: 19 microversion: 1.28
Oct 13 14:11:14.434036 n-d-806683-15 devstack@placement-api.service[113167]: [pid: 113167|app: 0|req: 241/479] 10.222.0.18 () {60 vars in 1380 bytes} [Wed Oct 13 14:11:14 2021] GET /placement/allocations/07b7e719-9bc9-4da6-8cfb-0a1272e2e199 => generated 19 bytes in 12 msecs (HTTP/1.1 200) 8 headers in 295 bytes (1 switches on core 0)
Oct 13 14:11:14.440507 n-d-806683-15 devstack@placement-api.service[113166]: DEBUG placement.requestlog [req-699a2b89-277a-4e0c-a598-ab2c29738855 req-0047c238-23e8-4fbe-a267-c306255efa5e None None] Starting request: 10.222.0.18 "PUT /placement/allocations/07b7e719-9bc9-4da6-8cfb-0a1272e2e199" {{(pid=113166) __call__ /opt/stack/placement/placement/requestlog.py:55}}
Oct 13 14:11:14.581951 n-d-806683-15 devstack@placement-api.service[113166]: DEBUG placement.handlers.allocation [req-699a2b89-277a-4e0c-a598-ab2c29738855 req-0047c238-23e8-4fbe-a267-c306255efa5e service placement] Successfully wrote allocations [, , ] {{(pid=113166) _update_consumers_and_create_allocations /opt/stack/placement/placement/handlers/allocation.py:462}}
Oct 13 14:11:14.699814 n-d-806683-15 devstack@placement-api.service[113166]: INFO placement.requestlog [req-699a2b89-277a-4e0c-a598-ab2c29738855 req-0047c238-23e8-4fbe-a267-c306255efa5e service placement] 10.222.0.18 "PUT /placement/allocations/07b7e719-9bc9-4da6-8cfb-0a1272e2e199" status: 204 len: 0 microversion: 1.36
Oct 13 14:11:14.700301 n-d-806683-15 devstack@placement-api.service[113166]: [pid: 113166|app: 0|req: 239/480] 10.222.0.18 () {64 vars in 1433 bytes} [Wed Oct 13 14:11:14 2021] PUT /placement/allocations/07b7e719-9bc9-4da6-8cfb-0a1272e2e199 => generated 0 bytes in 260 msecs (HTTP/1.1 204) 5 headers in 199 bytes (1 switches on core 0)
Oct 13 14:11:15.917730 n-d-806683-15 devstack@placement-api.service[113167]: DEBUG placement.requestlog [req-699a2b89-277a-4e0c-a598-ab2c29738855 req-1bceca88-d52d-4e72-9718-6ca2f49215c6 None None] Starting request: 10.222.0.49 "GET /placement/allocations/07b7e719-9bc9-4da6-8cfb-0a1272e2e199" {{(pid=113167) __call__ /opt/stack/placement/placement/requestlog.py:55}}
Oct 13 14:11:15.935810 n-d-806683-15 devstack@placement-api.service[113167]: INFO placement.requestlog [req-699a2b89-277a-4e0c-a598-ab2c29738855 req-1bceca88-d52d-4e72-9718-6ca2f49215c6 service placement] 10.222.0.49 "GET /placement/allocations/07b7e719-9bc9-4da6-8cfb-0a1272e2e199" status: 200 len: 259 microversion: 1.28
Oct 13 14:11:15.936578 n-d-806683-15 devstack@placement-api.service[113167]: [pid: 113167|app: 0|req: 242/481] 10.222.0.49 () {60 vars in 1377 bytes} [Wed Oct 13 14:11:15 2021] GET /placement/allocations/07b7e719-9bc9-4da6-8cfb-0a1272e2e199 => generated 259 bytes in 19 msecs (HTTP/1.1 200) 8 headers in 296 bytes (1 switches on core 0)
Oct 13 14:11:30.244182 n-d-806683-15 devstack@placement-api.service[113166]: DEBUG placement.requestlog [req-b6eadb5c-19fc-4f9f-af03-749cad270ead req-8c4c07f3-8fc9-4bce-b0eb-cc05718c4338 None None] Starting request: 10.222.0.18 "GET /placement/allocation_candidates?limit=1000&resources=DISK_GB%3A1%2CMEMORY_MB%3A1024%2CVCPU%3A1&root_required=%21COMPUTE_STATUS_DISABLED" {{(pid=113166) __call__ /opt/stack/placement/placement/requestlog.py:55}}
Oct 13 14:11:30.281903 n-d-806683-15 devstack@placement-api.service[113166]: DEBUG placement.objects.research_context [req-b6eadb5c-19fc-4f9f-af03-749cad270ead req-8c4c07f3-8fc9-4bce-b0eb-cc05718c4338 service placement] getting providers with 1 DISK_GB {{(pid=113166) __init__ /opt/stack/placement/placement/objects/research_context.py:126}}
Oct 13 14:11:30.291074 n-d-806683-15 devstack@placement-api.service[113166]: DEBUG placement.objects.research_context [req-b6eadb5c-19fc-4f9f-af03-749cad270ead req-8c4c07f3-8fc9-4bce-b0eb-cc05718c4338 service placement] getting providers with 1024 MEMORY_MB {{(pid=113166) __init__ /opt/stack/placement/placement/objects/research_context.py:126}}
Oct 13 14:11:30.298393 n-d-806683-15 devstack@placement-api.service[113166]: DEBUG placement.objects.research_context [req-b6eadb5c-19fc-4f9f-af03-749cad270ead req-8c4c07f3-8fc9-4bce-b0eb-cc05718c4338 service placement] getting providers with 1 VCPU {{(pid=113166) __init__ /opt/stack/placement/placement/objects/research_context.py:126}}
Oct 13 14:11:30.309962 n-d-806683-15 devstack@placement-api.service[113166]: DEBUG placement.objects.research_context [req-b6eadb5c-19fc-4f9f-af03-749cad270ead req-8c4c07f3-8fc9-4bce-b0eb-cc05718c4338 service placement] found 2 providers with available 1 DISK_GB {{(pid=113166) get_provider_ids_matching /opt/stack/placement/placement/objects/research_context.py:549}}
Oct 13 14:11:30.310559 n-d-806683-15 devstack@placement-api.service[113166]: DEBUG placement.objects.research_context [req-b6eadb5c-19fc-4f9f-af03-749cad270ead req-8c4c07f3-8fc9-4bce-b0eb-cc05718c4338 service placement] found 2 providers with available 1024 MEMORY_MB {{(pid=113166) get_provider_ids_matching /opt/stack/placement/placement/objects/research_context.py:549}}
Oct 13 14:11:30.311014 n-d-806683-15 devstack@placement-api.service[113166]: DEBUG placement.objects.research_context [req-b6eadb5c-19fc-4f9f-af03-749cad270ead req-8c4c07f3-8fc9-4bce-b0eb-cc05718c4338 service placement] found 2 providers after filtering by previous result {{(pid=113166) get_provider_ids_matching /opt/stack/placement/placement/objects/research_context.py:580}}
Oct 13 14:11:30.311505 n-d-806683-15 devstack@placement-api.service[113166]: DEBUG placement.objects.research_context [req-b6eadb5c-19fc-4f9f-af03-749cad270ead req-8c4c07f3-8fc9-4bce-b0eb-cc05718c4338 service placement] found 2 providers with available 1 VCPU {{(pid=113166) get_provider_ids_matching /opt/stack/placement/placement/objects/research_context.py:549}}
Oct 13 14:11:30.311951 n-d-806683-15 devstack@placement-api.service[113166]: DEBUG placement.objects.research_context [req-b6eadb5c-19fc-4f9f-af03-749cad270ead req-8c4c07f3-8fc9-4bce-b0eb-cc05718c4338 service placement] found 2 providers after filtering by previous result {{(pid=113166) get_provider_ids_matching /opt/stack/placement/placement/objects/research_context.py:580}}
Oct 13 14:11:30.326647 n-d-806683-15 devstack@placement-api.service[113166]: DEBUG placement.objects.allocation_candidate [req-b6eadb5c-19fc-4f9f-af03-749cad270ead req-8c4c07f3-8fc9-4bce-b0eb-cc05718c4338 service placement] RequestGroup(use_same_provider=False, resources={DISK_GB:1, MEMORY_MB:1024, VCPU:1}, traits=[], aggregates=[]) (suffix '') returned 2 matches {{(pid=113166) _get_by_requests /opt/stack/placement/placement/objects/allocation_candidate.py:145}}
Oct 13 14:11:30.327343 n-d-806683-15 devstack@placement-api.service[113166]: DEBUG placement.objects.allocation_candidate [req-b6eadb5c-19fc-4f9f-af03-749cad270ead req-8c4c07f3-8fc9-4bce-b0eb-cc05718c4338 service placement] Merging candidates yields 2 allocation requests and 2 provider summaries {{(pid=113166) _merge_candidates /opt/stack/placement/placement/objects/allocation_candidate.py:783}}
Oct 13 14:11:30.329232 n-d-806683-15 devstack@placement-api.service[113166]: INFO placement.requestlog [req-b6eadb5c-19fc-4f9f-af03-749cad270ead req-8c4c07f3-8fc9-4bce-b0eb-cc05718c4338 service placement] 10.222.0.18 "GET /placement/allocation_candidates?limit=1000&resources=DISK_GB%3A1%2CMEMORY_MB%3A1024%2CVCPU%3A1&root_required=%21COMPUTE_STATUS_DISABLED" status: 200 len: 1309 microversion: 1.36
Oct 13 14:11:30.330013 n-d-806683-15 devstack@placement-api.service[113166]: [pid: 113166|app: 0|req: 240/482] 10.222.0.18 () {60 vars in 1506 bytes} [Wed Oct 13 14:11:30 2021] GET /placement/allocation_candidates?limit=1000&resources=DISK_GB%3A1%2CMEMORY_MB%3A1024%2CVCPU%3A1&root_required=%21COMPUTE_STATUS_DISABLED => generated 1309 bytes in 86 msecs (HTTP/1.1 200) 8 headers in 297 bytes (1 switches on core 0)
Oct 13 14:11:30.473153 n-d-806683-15 devstack@placement-api.service[113167]: DEBUG placement.requestlog [req-b6eadb5c-19fc-4f9f-af03-749cad270ead req-ef2375de-5a82-43ca-a709-83002ea76595 None None] Starting request: 10.222.0.18 "GET /placement/allocations/b04edc57-6d2f-4d8c-8f94-95d3488ca855" {{(pid=113167) __call__ /opt/stack/placement/placement/requestlog.py:55}}
Oct 13 14:11:30.497592 n-d-806683-15 devstack@placement-api.service[113167]: INFO placement.requestlog [req-b6eadb5c-19fc-4f9f-af03-749cad270ead req-ef2375de-5a82-43ca-a709-83002ea76595 service placement] 10.222.0.18 "GET /placement/allocations/b04edc57-6d2f-4d8c-8f94-95d3488ca855" status: 200 len: 19 microversion: 1.28
Oct 13 14:11:30.508470 n-d-806683-15 devstack@placement-api.service[113166]: DEBUG placement.requestlog [req-b6eadb5c-19fc-4f9f-af03-749cad270ead req-8038b41b-cedb-4e70-b01f-d1204aba972a None None] Starting request: 10.222.0.18 "PUT /placement/allocations/b04edc57-6d2f-4d8c-8f94-95d3488ca855" {{(pid=113166) __call__ /opt/stack/placement/placement/requestlog.py:55}}
Oct 13 14:11:30.508711 n-d-806683-15 devstack@placement-api.service[113167]: [pid: 113167|app: 0|req: 243/483] 10.222.0.18 () {60 vars in 1380 bytes} [Wed Oct 13 14:11:30 2021] GET /placement/allocations/b04edc57-6d2f-4d8c-8f94-95d3488ca855 => generated 19 bytes in 35 msecs (HTTP/1.1 200) 8 headers in 295 bytes (1 switches on core 0)
Oct 13 14:11:30.649308 n-d-806683-15 devstack@placement-api.service[113166]: DEBUG placement.handlers.allocation [req-b6eadb5c-19fc-4f9f-af03-749cad270ead req-8038b41b-cedb-4e70-b01f-d1204aba972a service placement] Successfully wrote allocations [, , ] {{(pid=113166) _update_consumers_and_create_allocations /opt/stack/placement/placement/handlers/allocation.py:462}}
Oct 13 14:11:30.697150 n-d-806683-15 devstack@placement-api.service[113167]: DEBUG placement.requestlog [req-3088e525-62f5-470c-ae0f-1590770b6be6 req-64d17be8-7b80-40da-a334-53ef4485f8c3 None None] Starting request: 10.222.0.49 "DELETE /placement/allocations/98d8a127-c1a0-4772-b809-db7e479a6f19" {{(pid=113167) __call__ /opt/stack/placement/placement/requestlog.py:55}}
Oct 13 14:11:30.730227 n-d-806683-15 devstack@placement-api.service[113166]: INFO placement.requestlog [req-b6eadb5c-19fc-4f9f-af03-749cad270ead req-8038b41b-cedb-4e70-b01f-d1204aba972a service placement] 10.222.0.18 "PUT /placement/allocations/b04edc57-6d2f-4d8c-8f94-95d3488ca855" status: 204 len: 0 microversion: 1.36
Oct 13 14:11:30.730592 n-d-806683-15 devstack@placement-api.service[113166]: [pid: 113166|app: 0|req: 241/484] 10.222.0.18 () {64 vars in 1433 bytes} [Wed Oct 13 14:11:30 2021] PUT /placement/allocations/b04edc57-6d2f-4d8c-8f94-95d3488ca855 => generated 0 bytes in 222 msecs (HTTP/1.1 204) 5 headers in 199 bytes (1 switches on core 0)
Oct 13 14:11:30.955327 n-d-806683-15 devstack@placement-api.service[113167]: DEBUG placement.handlers.allocation [req-3088e525-62f5-470c-ae0f-1590770b6be6 req-64d17be8-7b80-40da-a334-53ef4485f8c3 service placement] Successfully deleted allocations [, , ] {{(pid=113167) delete_allocations /opt/stack/placement/placement/handlers/allocation.py:627}}
Oct 13 14:11:30.956891 n-d-806683-15 devstack@placement-api.service[113167]: INFO placement.requestlog [req-3088e525-62f5-470c-ae0f-1590770b6be6 req-64d17be8-7b80-40da-a334-53ef4485f8c3 service placement] 10.222.0.49 "DELETE /placement/allocations/98d8a127-c1a0-4772-b809-db7e479a6f19" status: 204 len: 0 microversion: 1.0
Oct 13 14:11:30.957669 n-d-806683-15 devstack@placement-api.service[113167]: [pid: 113167|app: 0|req: 244/485] 10.222.0.49 () {60 vars in 1355 bytes} [Wed Oct 13 14:11:30 2021] DELETE /placement/allocations/98d8a127-c1a0-4772-b809-db7e479a6f19 => generated 0 bytes in 261 msecs (HTTP/1.1 204) 5 headers in 198 bytes (2 switches on core 0)
Oct 13 14:11:31.919929 n-d-806683-15 devstack@placement-api.service[113166]: DEBUG placement.requestlog [req-b6eadb5c-19fc-4f9f-af03-749cad270ead req-f57d5aaa-9e8f-46e9-be9c-adb96050625a None None] Starting request: 10.222.0.49 "GET /placement/allocations/b04edc57-6d2f-4d8c-8f94-95d3488ca855" {{(pid=113166) __call__ /opt/stack/placement/placement/requestlog.py:55}}
Oct 13 14:11:31.942094 n-d-806683-15 devstack@placement-api.service[113166]: INFO placement.requestlog [req-b6eadb5c-19fc-4f9f-af03-749cad270ead req-f57d5aaa-9e8f-46e9-be9c-adb96050625a service placement] 10.222.0.49 "GET /placement/allocations/b04edc57-6d2f-4d8c-8f94-95d3488ca855" status: 200 len: 259 microversion: 1.28
Oct 13 14:11:31.942486 n-d-806683-15 devstack@placement-api.service[113166]: [pid: 113166|app: 0|req: 242/486] 10.222.0.49 () {60 vars in 1377 bytes} [Wed Oct 13 14:11:31 2021] GET /placement/allocations/b04edc57-6d2f-4d8c-8f94-95d3488ca855 => generated 259 bytes in 24 msecs (HTTP/1.1 200) 8 headers in 296 bytes (1 switches on core 0)
Oct 13 14:11:32.265157 n-d-806683-15 devstack@placement-api.service[113167]: DEBUG placement.requestlog [req-322e7c8b-3b9f-4744-bfa8-474493de7a35 req-4bdbcb72-2f5a-40d5-b9c8-e0962a481c2e None None] Starting request: 10.222.0.41 "DELETE /placement/allocations/d674ef74-f37e-4a83-90ff-8cec453670e5" {{(pid=113167) __call__ /opt/stack/placement/placement/requestlog.py:55}}
Oct 13 14:11:32.477935 n-d-806683-15 devstack@placement-api.service[113167]: DEBUG placement.handlers.allocation [req-322e7c8b-3b9f-4744-bfa8-474493de7a35 req-4bdbcb72-2f5a-40d5-b9c8-e0962a481c2e service placement] Successfully deleted allocations [, , ] {{(pid=113167) delete_allocations /opt/stack/placement/placement/handlers/allocation.py:627}}
Oct 13 14:11:32.478435 n-d-806683-15 devstack@placement-api.service[113167]: INFO placement.requestlog [req-322e7c8b-3b9f-4744-bfa8-474493de7a35 req-4bdbcb72-2f5a-40d5-b9c8-e0962a481c2e service placement] 10.222.0.41 "DELETE /placement/allocations/d674ef74-f37e-4a83-90ff-8cec453670e5" status: 204 len: 0 microversion: 1.0
Oct 13 14:11:32.478668 n-d-806683-15 devstack@placement-api.service[113167]: [pid: 113167|app: 0|req: 245/487] 10.222.0.41 () {60 vars in 1355 bytes} [Wed Oct 13 14:11:32 2021] DELETE /placement/allocations/d674ef74-f37e-4a83-90ff-8cec453670e5 => generated 0 bytes in 214 msecs (HTTP/1.1 204) 5 headers in 198 bytes (1 switches on core 0)
Oct 13 14:11:40.825581 n-d-806683-15 devstack@placement-api.service[113166]: DEBUG placement.requestlog [req-ca3c802a-46bb-4cef-bf9c-16ff1641609e req-194bcff3-bced-4e5a-bc00-48ea76cb48fb None None] Starting request: 10.222.0.49 "GET /placement/allocations/d2379237-bb9a-41ef-8b44-746fca9de8fd" {{(pid=113166) __call__ /opt/stack/placement/placement/requestlog.py:55}}
Oct 13 14:11:40.868719 n-d-806683-15 devstack@placement-api.service[113166]: INFO placement.requestlog [req-ca3c802a-46bb-4cef-bf9c-16ff1641609e req-194bcff3-bced-4e5a-bc00-48ea76cb48fb service placement] 10.222.0.49 "GET /placement/allocations/d2379237-bb9a-41ef-8b44-746fca9de8fd" status: 200 len: 258 microversion: 1.28
Oct 13 14:11:40.869687 n-d-806683-15 devstack@placement-api.service[113166]: [pid: 113166|app: 0|req: 243/488] 10.222.0.49 () {60 vars in 1377 bytes} [Wed Oct 13 14:11:40 2021] GET /placement/allocations/d2379237-bb9a-41ef-8b44-746fca9de8fd => generated 258 bytes in 45 msecs (HTTP/1.1 200) 8 headers in 296 bytes (2 switches on core 0)
Oct 13 14:11:47.564692 n-d-806683-15 devstack@placement-api.service[113167]: DEBUG placement.requestlog [req-97bc999b-87cf-4d0c-9f9e-d29c8ee3578c req-a743ca95-1108-4d82-9f20-8b57d6bc1943 None None] Starting request: 10.222.0.41 "GET /placement/allocations/a8afc756-620a-47c1-838e-6f917ca6b1fa" {{(pid=113167) __call__ /opt/stack/placement/placement/requestlog.py:55}}
Oct 13 14:11:47.586759 n-d-806683-15 devstack@placement-api.service[113167]: INFO placement.requestlog [req-97bc999b-87cf-4d0c-9f9e-d29c8ee3578c req-a743ca95-1108-4d82-9f20-8b57d6bc1943 service placement] 10.222.0.41 "GET /placement/allocations/a8afc756-620a-47c1-838e-6f917ca6b1fa" status: 200 len: 259 microversion: 1.28
Oct 13 14:11:47.587294 n-d-806683-15 devstack@placement-api.service[113167]: [pid: 113167|app: 0|req: 246/489] 10.222.0.41 () {60 vars in 1377 bytes} [Wed Oct 13 14:11:47 2021] GET /placement/allocations/a8afc756-620a-47c1-838e-6f917ca6b1fa => generated 259 bytes in 23 msecs (HTTP/1.1 200) 8 headers in 296 bytes (1 switches on core 0)
Oct 13 14:11:47.601165 n-d-806683-15 devstack@placement-api.service[113166]: DEBUG placement.requestlog [req-97bc999b-87cf-4d0c-9f9e-d29c8ee3578c req-4a9d516e-b3db-4c41-bc5a-bb71dc0b52d4 None None] Starting request: 10.222.0.41 "PUT /placement/allocations/a8afc756-620a-47c1-838e-6f917ca6b1fa" {{(pid=113166) __call__ /opt/stack/placement/placement/requestlog.py:55}}
Oct 13 14:11:47.650226 n-d-806683-15 devstack@placement-api.service[113166]: DEBUG placement.handlers.allocation [req-97bc999b-87cf-4d0c-9f9e-d29c8ee3578c req-4a9d516e-b3db-4c41-bc5a-bb71dc0b52d4 service placement] Successfully wrote allocations [, , ] {{(pid=113166) _update_consumers_and_create_allocations /opt/stack/placement/placement/handlers/allocation.py:462}}
Oct 13 14:11:47.735237 n-d-806683-15 devstack@placement-api.service[113166]: INFO placement.requestlog [req-97bc999b-87cf-4d0c-9f9e-d29c8ee3578c req-4a9d516e-b3db-4c41-bc5a-bb71dc0b52d4 service placement] 10.222.0.41 "PUT /placement/allocations/a8afc756-620a-47c1-838e-6f917ca6b1fa" status: 204 len: 0 microversion: 1.28
Oct 13 14:11:47.741458 n-d-806683-15 devstack@placement-api.service[113166]: [pid: 113166|app: 0|req: 244/490] 10.222.0.41 () {64 vars in 1430 bytes} [Wed Oct 13 14:11:47 2021] PUT /placement/allocations/a8afc756-620a-47c1-838e-6f917ca6b1fa => generated 0 bytes in 135 msecs (HTTP/1.1 204) 5 headers in 199 bytes (1 switches on core 0)
Oct 13 14:11:48.459280 n-d-806683-15 devstack@placement-api.service[113167]: DEBUG placement.requestlog [req-56246c3a-fc22-4367-81b0-2192047cab6d req-28aedb86-c3f9-4de6-a9c5-9977b830967e None None] Starting request: 10.222.0.49 "GET /placement/allocations/b04edc57-6d2f-4d8c-8f94-95d3488ca855" {{(pid=113167) __call__ /opt/stack/placement/placement/requestlog.py:55}}
Oct 13 14:11:48.482878 n-d-806683-15 devstack@placement-api.service[113167]: INFO placement.requestlog [req-56246c3a-fc22-4367-81b0-2192047cab6d req-28aedb86-c3f9-4de6-a9c5-9977b830967e service placement] 10.222.0.49 "GET /placement/allocations/b04edc57-6d2f-4d8c-8f94-95d3488ca855" status: 200 len: 259 microversion: 1.28
Oct 13 14:11:48.483154 n-d-806683-15 devstack@placement-api.service[113167]: [pid: 113167|app: 0|req: 247/491] 10.222.0.49 () {60 vars in 1377 bytes} [Wed Oct 13 14:11:48 2021] GET /placement/allocations/b04edc57-6d2f-4d8c-8f94-95d3488ca855 => generated 259 bytes in 24 msecs (HTTP/1.1 200) 8 headers in 296 bytes (1 switches on core 0)
Oct 13 14:11:49.657964 n-d-806683-15 devstack@placement-api.service[113166]: DEBUG placement.requestlog [req-3701e784-859f-4ba6-bb52-81da97b367c6 req-c61a023d-bf3a-4871-96c3-7444eefaf2e0 None None] Starting request: 10.222.0.18 "GET /placement/allocation_candidates?limit=1000&resources=DISK_GB%3A1%2CMEMORY_MB%3A1024%2CVCPU%3A1&root_required=%21COMPUTE_STATUS_DISABLED" {{(pid=113166) __call__ /opt/stack/placement/placement/requestlog.py:55}}
Oct 13 14:11:49.888702 n-d-806683-15 devstack@placement-api.service[113166]: DEBUG placement.objects.research_context [req-3701e784-859f-4ba6-bb52-81da97b367c6 req-c61a023d-bf3a-4871-96c3-7444eefaf2e0 service placement] getting providers with 1 DISK_GB {{(pid=113166) __init__ /opt/stack/placement/placement/objects/research_context.py:126}}
Oct 13 14:11:49.895009 n-d-806683-15 devstack@placement-api.service[113166]: DEBUG placement.objects.research_context [req-3701e784-859f-4ba6-bb52-81da97b367c6 req-c61a023d-bf3a-4871-96c3-7444eefaf2e0 service placement] getting providers with 1024 MEMORY_MB {{(pid=113166) __init__ /opt/stack/placement/placement/objects/research_context.py:126}}
Oct 13 14:11:49.901611 n-d-806683-15 devstack@placement-api.service[113166]: DEBUG placement.objects.research_context [req-3701e784-859f-4ba6-bb52-81da97b367c6 req-c61a023d-bf3a-4871-96c3-7444eefaf2e0 service placement] getting providers with 1 VCPU {{(pid=113166) __init__ /opt/stack/placement/placement/objects/research_context.py:126}}
Oct 13 14:11:49.906970 n-d-806683-15 devstack@placement-api.service[113166]: DEBUG placement.objects.research_context [req-3701e784-859f-4ba6-bb52-81da97b367c6 req-c61a023d-bf3a-4871-96c3-7444eefaf2e0 service placement] found 2 providers with available 1 DISK_GB {{(pid=113166) get_provider_ids_matching /opt/stack/placement/placement/objects/research_context.py:549}}
Oct 13 14:11:49.915769 n-d-806683-15 devstack@placement-api.service[113166]: DEBUG placement.objects.research_context [req-3701e784-859f-4ba6-bb52-81da97b367c6 req-c61a023d-bf3a-4871-96c3-7444eefaf2e0 service placement] found 2 providers with available 1024 MEMORY_MB {{(pid=113166) get_provider_ids_matching /opt/stack/placement/placement/objects/research_context.py:549}}
Oct 13 14:11:49.915769 n-d-806683-15 devstack@placement-api.service[113166]: DEBUG placement.objects.research_context [req-3701e784-859f-4ba6-bb52-81da97b367c6 req-c61a023d-bf3a-4871-96c3-7444eefaf2e0 service placement] found 2 providers after filtering by previous result {{(pid=113166) get_provider_ids_matching /opt/stack/placement/placement/objects/research_context.py:580}}
Oct 13 14:11:49.915769 n-d-806683-15 devstack@placement-api.service[113166]: DEBUG placement.objects.research_context [req-3701e784-859f-4ba6-bb52-81da97b367c6 req-c61a023d-bf3a-4871-96c3-7444eefaf2e0 service placement] found 2 providers with available 1 VCPU {{(pid=113166) get_provider_ids_matching /opt/stack/placement/placement/objects/research_context.py:549}}
Oct 13 14:11:49.915769 n-d-806683-15 devstack@placement-api.service[113166]: DEBUG placement.objects.research_context [req-3701e784-859f-4ba6-bb52-81da97b367c6 req-c61a023d-bf3a-4871-96c3-7444eefaf2e0 service placement] found 2 providers after filtering by previous result {{(pid=113166) get_provider_ids_matching /opt/stack/placement/placement/objects/research_context.py:580}}
Oct 13 14:11:49.922006 n-d-806683-15 devstack@placement-api.service[113166]: DEBUG placement.objects.allocation_candidate [req-3701e784-859f-4ba6-bb52-81da97b367c6 req-c61a023d-bf3a-4871-96c3-7444eefaf2e0 service placement] RequestGroup(use_same_provider=False, resources={DISK_GB:1, MEMORY_MB:1024, VCPU:1}, traits=[], aggregates=[]) (suffix '') returned 2 matches {{(pid=113166) _get_by_requests /opt/stack/placement/placement/objects/allocation_candidate.py:145}}
Oct 13 14:11:49.922436 n-d-806683-15 devstack@placement-api.service[113166]: DEBUG placement.objects.allocation_candidate [req-3701e784-859f-4ba6-bb52-81da97b367c6 req-c61a023d-bf3a-4871-96c3-7444eefaf2e0 service placement] Merging candidates yields 2 allocation requests and 2 provider summaries {{(pid=113166) _merge_candidates /opt/stack/placement/placement/objects/allocation_candidate.py:783}}
Oct 13 14:11:49.923957 n-d-806683-15 devstack@placement-api.service[113166]: INFO placement.requestlog [req-3701e784-859f-4ba6-bb52-81da97b367c6 req-c61a023d-bf3a-4871-96c3-7444eefaf2e0 service placement] 10.222.0.18 "GET /placement/allocation_candidates?limit=1000&resources=DISK_GB%3A1%2CMEMORY_MB%3A1024%2CVCPU%3A1&root_required=%21COMPUTE_STATUS_DISABLED" status: 200 len: 1309 microversion: 1.36
Oct 13 14:11:49.924172 n-d-806683-15 devstack@placement-api.service[113166]: [pid: 113166|app: 0|req: 245/492] 10.222.0.18 () {60 vars in 1506 bytes} [Wed Oct 13 14:11:49 2021] GET /placement/allocation_candidates?limit=1000&resources=DISK_GB%3A1%2CMEMORY_MB%3A1024%2CVCPU%3A1&root_required=%21COMPUTE_STATUS_DISABLED => generated 1309 bytes in 267 msecs (HTTP/1.1 200) 8 headers in 297 bytes (2 switches on core 0)
Oct 13 14:11:49.972944 n-d-806683-15 devstack@placement-api.service[113167]: DEBUG placement.requestlog [req-3701e784-859f-4ba6-bb52-81da97b367c6 req-cb81b1bb-59a9-45d9-8686-b0a2f4bf2587 None None] Starting request: 10.222.0.18 "GET /placement/allocations/1c0194cd-a36d-4a27-a12d-35a071c8bf52" {{(pid=113167) __call__ /opt/stack/placement/placement/requestlog.py:55}}
Oct 13 14:11:49.993245 n-d-806683-15 devstack@placement-api.service[113167]: INFO placement.requestlog [req-3701e784-859f-4ba6-bb52-81da97b367c6 req-cb81b1bb-59a9-45d9-8686-b0a2f4bf2587 service placement] 10.222.0.18 "GET /placement/allocations/1c0194cd-a36d-4a27-a12d-35a071c8bf52" status: 200 len: 19 microversion: 1.28
Oct 13 14:11:49.993798 n-d-806683-15 devstack@placement-api.service[113167]: [pid: 113167|app: 0|req: 248/493] 10.222.0.18 () {60 vars in 1380 bytes} [Wed Oct 13 14:11:49 2021] GET /placement/allocations/1c0194cd-a36d-4a27-a12d-35a071c8bf52 => generated 19 bytes in 21 msecs (HTTP/1.1 200) 8 headers in 295 bytes (1 switches on core 0)
Oct 13 14:11:50.002666 n-d-806683-15 devstack@placement-api.service[113166]: DEBUG placement.requestlog [req-3701e784-859f-4ba6-bb52-81da97b367c6 req-8d0ebbf4-9dc3-4ea8-8461-7b94f9b77e1f None None] Starting request: 10.222.0.18 "PUT /placement/allocations/1c0194cd-a36d-4a27-a12d-35a071c8bf52" {{(pid=113166) __call__ /opt/stack/placement/placement/requestlog.py:55}}
Oct 13 14:11:50.153676 n-d-806683-15 devstack@placement-api.service[113166]: DEBUG placement.handlers.allocation [req-3701e784-859f-4ba6-bb52-81da97b367c6 req-8d0ebbf4-9dc3-4ea8-8461-7b94f9b77e1f service placement] Successfully wrote allocations [, , ] {{(pid=113166) _update_consumers_and_create_allocations /opt/stack/placement/placement/handlers/allocation.py:462}}
Oct 13 14:11:50.220928 n-d-806683-15 devstack@placement-api.service[113166]: INFO placement.requestlog [req-3701e784-859f-4ba6-bb52-81da97b367c6 req-8d0ebbf4-9dc3-4ea8-8461-7b94f9b77e1f service placement] 10.222.0.18 "PUT /placement/allocations/1c0194cd-a36d-4a27-a12d-35a071c8bf52" status: 204 len: 0 microversion: 1.36
Oct 13 14:11:50.222296 n-d-806683-15 devstack@placement-api.service[113166]: [pid: 113166|app: 0|req: 246/494] 10.222.0.18 () {64 vars in 1433 bytes} [Wed Oct 13 14:11:50 2021] PUT /placement/allocations/1c0194cd-a36d-4a27-a12d-35a071c8bf52 => generated 0 bytes in 220 msecs (HTTP/1.1 204) 5 headers in 199 bytes (2 switches on core 0)
Oct 13 14:11:51.232084 n-d-806683-15 devstack@placement-api.service[113167]: DEBUG placement.requestlog [req-3701e784-859f-4ba6-bb52-81da97b367c6 req-d7590277-6c59-4303-85e2-c4c1d9c40b95 None None] Starting request: 10.222.0.41 "GET /placement/allocations/1c0194cd-a36d-4a27-a12d-35a071c8bf52" {{(pid=113167) __call__ /opt/stack/placement/placement/requestlog.py:55}}
Oct 13 14:11:51.253639 n-d-806683-15 devstack@placement-api.service[113167]: INFO placement.requestlog [req-3701e784-859f-4ba6-bb52-81da97b367c6 req-d7590277-6c59-4303-85e2-c4c1d9c40b95 service placement] 10.222.0.41 "GET /placement/allocations/1c0194cd-a36d-4a27-a12d-35a071c8bf52" status: 200 len: 259 microversion: 1.28
Oct 13 14:11:51.254246 n-d-806683-15 devstack@placement-api.service[113167]: [pid: 113167|app: 0|req: 249/495] 10.222.0.41 () {60 vars in 1377 bytes} [Wed Oct 13 14:11:51 2021] GET /placement/allocations/1c0194cd-a36d-4a27-a12d-35a071c8bf52 => generated 259 bytes in 22 msecs (HTTP/1.1 200) 8 headers in 296 bytes (1 switches on core 0)
Oct 13 14:11:55.773464 n-d-806683-15 devstack@placement-api.service[113166]: DEBUG placement.requestlog [None req-a8a81ef1-85ca-4020-85d3-fea4df464637 None None] Starting request: 10.222.0.18 "GET /placement/" {{(pid=113166) __call__ /opt/stack/placement/placement/requestlog.py:55}}
Oct 13 14:11:55.774442 n-d-806683-15 devstack@placement-api.service[113166]: INFO placement.requestlog [None req-a8a81ef1-85ca-4020-85d3-fea4df464637 None None] 10.222.0.18 "GET /placement/" status: 200 len: 136 microversion: 1.0
Oct 13 14:11:55.779024 n-d-806683-15 devstack@placement-api.service[113166]: [pid: 113166|app: 0|req: 247/496] 10.222.0.18 () {54 vars in 916 bytes} [Wed Oct 13 14:11:55 2021] GET /placement => generated 136 bytes in 1 msecs (HTTP/1.1 200) 6 headers in 224 bytes (1 switches on core 0)
Oct 13 14:11:55.789213 n-d-806683-15 devstack@placement-api.service[113167]: DEBUG placement.requestlog [req-09d58840-0676-4063-a4de-541283a4eb51 req-2ba80bff-8b7a-4a75-a22e-5aaee1ab8f78 None None] Starting request: 10.222.0.18 "GET /placement/allocations/902902cc-6192-4741-82bd-633f08c70ba5" {{(pid=113167) __call__ /opt/stack/placement/placement/requestlog.py:55}}
Oct 13 14:11:55.914031 n-d-806683-15 devstack@placement-api.service[113167]: INFO placement.requestlog [req-09d58840-0676-4063-a4de-541283a4eb51 req-2ba80bff-8b7a-4a75-a22e-5aaee1ab8f78 service placement] 10.222.0.18 "GET /placement/allocations/902902cc-6192-4741-82bd-633f08c70ba5" status: 200 len: 259 microversion: 1.28
Oct 13 14:11:55.914739 n-d-806683-15 devstack@placement-api.service[113167]: [pid: 113167|app: 0|req: 250/497] 10.222.0.18 () {60 vars in 1380 bytes} [Wed Oct 13 14:11:55 2021] GET /placement/allocations/902902cc-6192-4741-82bd-633f08c70ba5 => generated 259 bytes in 126 msecs (HTTP/1.1 200) 8 headers in 296 bytes (2 switches on core 0)
Oct 13 14:11:55.926069 n-d-806683-15 devstack@placement-api.service[113166]: DEBUG placement.requestlog [req-09d58840-0676-4063-a4de-541283a4eb51 req-acc43451-37bc-4581-bf28-0b7e4d9a2de8 None None] Starting request: 10.222.0.18 "GET /placement/allocations/902902cc-6192-4741-82bd-633f08c70ba5" {{(pid=113166) __call__ /opt/stack/placement/placement/requestlog.py:55}}
Oct 13 14:11:55.968271 n-d-806683-15 devstack@placement-api.service[113166]: INFO placement.requestlog [req-09d58840-0676-4063-a4de-541283a4eb51 req-acc43451-37bc-4581-bf28-0b7e4d9a2de8 service placement] 10.222.0.18 "GET /placement/allocations/902902cc-6192-4741-82bd-633f08c70ba5" status: 200 len: 259 microversion: 1.28
Oct 13 14:11:55.969097 n-d-806683-15 devstack@placement-api.service[113166]: [pid: 113166|app: 0|req: 248/498] 10.222.0.18 () {60 vars in 1380 bytes} [Wed Oct 13 14:11:55 2021] GET /placement/allocations/902902cc-6192-4741-82bd-633f08c70ba5 => generated 259 bytes in 44 msecs (HTTP/1.1 200) 8 headers in 296 bytes (1 switches on core 0)
Oct 13 14:11:55.975140 n-d-806683-15 devstack@placement-api.service[113167]: DEBUG placement.requestlog [req-09d58840-0676-4063-a4de-541283a4eb51 req-b20cc857-992f-475e-a264-a3771b9ecd4c None None] Starting request: 10.222.0.18 "GET /placement/allocations/92a4d298-201a-40f9-894d-c95aa4cdb3d4" {{(pid=113167) __call__ /opt/stack/placement/placement/requestlog.py:55}}
Oct 13 14:11:55.987551 n-d-806683-15 devstack@placement-api.service[113167]: INFO placement.requestlog [req-09d58840-0676-4063-a4de-541283a4eb51 req-b20cc857-992f-475e-a264-a3771b9ecd4c service placement] 10.222.0.18 "GET /placement/allocations/92a4d298-201a-40f9-894d-c95aa4cdb3d4" status: 200 len: 19 microversion: 1.28
Oct 13 14:11:55.994392 n-d-806683-15 devstack@placement-api.service[113167]: [pid: 113167|app: 0|req: 251/499] 10.222.0.18 () {60 vars in 1380 bytes} [Wed Oct 13 14:11:55 2021] GET /placement/allocations/92a4d298-201a-40f9-894d-c95aa4cdb3d4 => generated 19 bytes in 19 msecs (HTTP/1.1 200) 8 headers in 295 bytes (1 switches on core 0)
Oct 13 14:11:55.994771 n-d-806683-15 devstack@placement-api.service[113166]: DEBUG placement.requestlog [req-09d58840-0676-4063-a4de-541283a4eb51 req-c9f7134b-5969-42e4-95a6-2d7f2ea8da5f None None] Starting request: 10.222.0.18 "POST /placement/allocations" {{(pid=113166) __call__ /opt/stack/placement/placement/requestlog.py:55}}
Oct 13 14:11:56.143408 n-d-806683-15 devstack@placement-api.service[113166]: DEBUG placement.handlers.allocation [req-09d58840-0676-4063-a4de-541283a4eb51 req-c9f7134b-5969-42e4-95a6-2d7f2ea8da5f service placement] Successfully wrote allocations [, , , , , ] {{(pid=113166) _update_consumers_and_create_allocations /opt/stack/placement/placement/handlers/allocation.py:572}}
Oct 13 14:11:56.212655 n-d-806683-15 devstack@placement-api.service[113166]: INFO placement.requestlog [req-09d58840-0676-4063-a4de-541283a4eb51 req-c9f7134b-5969-42e4-95a6-2d7f2ea8da5f service placement] 10.222.0.18 "POST /placement/allocations" status: 204 len: 0 microversion: 1.28
Oct 13 14:11:56.212885 n-d-806683-15 devstack@placement-api.service[113166]: [pid: 113166|app: 0|req: 249/500] 10.222.0.18 () {64 vars in 1323 bytes} [Wed Oct 13 14:11:55 2021] POST /placement/allocations => generated 0 bytes in 218 msecs (HTTP/1.1 204) 5 headers in 199 bytes (2 switches on core 0)
Oct 13 14:11:56.262458 n-d-806683-15 devstack@placement-api.service[113167]: DEBUG placement.requestlog [req-09d58840-0676-4063-a4de-541283a4eb51 req-c5784e56-3d3f-464a-87c0-0af10ebc63c3 None None] Starting request: 10.222.0.18 "GET /placement/allocations/902902cc-6192-4741-82bd-633f08c70ba5" {{(pid=113167) __call__ /opt/stack/placement/placement/requestlog.py:55}}
Oct 13 14:11:56.278531 n-d-806683-15 devstack@placement-api.service[113167]: INFO placement.requestlog [req-09d58840-0676-4063-a4de-541283a4eb51 req-c5784e56-3d3f-464a-87c0-0af10ebc63c3 service placement] 10.222.0.18 "GET /placement/allocations/902902cc-6192-4741-82bd-633f08c70ba5" status: 200 len: 19 microversion: 1.28
Oct 13 14:11:56.279342 n-d-806683-15 devstack@placement-api.service[113167]: [pid: 113167|app: 0|req: 252/501] 10.222.0.18 () {60 vars in 1380 bytes} [Wed Oct 13 14:11:56 2021] GET /placement/allocations/902902cc-6192-4741-82bd-633f08c70ba5 => generated 19 bytes in 18 msecs (HTTP/1.1 200) 8 headers in 295 bytes (1 switches on core 0)
Oct 13 14:11:56.288828 n-d-806683-15 devstack@placement-api.service[113166]: DEBUG placement.requestlog [req-09d58840-0676-4063-a4de-541283a4eb51 req-74e28a89-4fc3-459d-9332-40e36ae3b995 None None] Starting request: 10.222.0.18 "PUT /placement/allocations/902902cc-6192-4741-82bd-633f08c70ba5" {{(pid=113166) __call__ /opt/stack/placement/placement/requestlog.py:55}}
Oct 13 14:11:56.435400 n-d-806683-15 devstack@placement-api.service[113166]: DEBUG placement.handlers.allocation [req-09d58840-0676-4063-a4de-541283a4eb51 req-74e28a89-4fc3-459d-9332-40e36ae3b995 service placement] Successfully wrote allocations [, , ] {{(pid=113166) _update_consumers_and_create_allocations /opt/stack/placement/placement/handlers/allocation.py:462}}
Oct 13 14:11:56.529778 n-d-806683-15 devstack@placement-api.service[113166]: INFO placement.requestlog [req-09d58840-0676-4063-a4de-541283a4eb51 req-74e28a89-4fc3-459d-9332-40e36ae3b995 service placement] 10.222.0.18 "PUT /placement/allocations/902902cc-6192-4741-82bd-633f08c70ba5" status: 204 len: 0 microversion: 1.28
Oct 13 14:11:56.530960 n-d-806683-15 devstack@placement-api.service[113166]: [pid: 113166|app: 0|req: 250/502] 10.222.0.18 () {64 vars in 1433 bytes} [Wed Oct 13 14:11:56 2021] PUT /placement/allocations/902902cc-6192-4741-82bd-633f08c70ba5 => generated 0 bytes in 242 msecs (HTTP/1.1 204) 5 headers in 199 bytes (2 switches on core 0)
Oct 13 14:11:56.805412 n-d-806683-15 devstack@placement-api.service[113167]: DEBUG placement.requestlog [req-09d58840-0676-4063-a4de-541283a4eb51 req-26bbfd41-9bb2-4ff9-a8f0-0ddbb0e3cab3 None None] Starting request: 10.222.0.49 "GET /placement/allocations/902902cc-6192-4741-82bd-633f08c70ba5" {{(pid=113167) __call__ /opt/stack/placement/placement/requestlog.py:55}}
Oct 13 14:11:56.827147 n-d-806683-15 devstack@placement-api.service[113167]: INFO placement.requestlog [req-09d58840-0676-4063-a4de-541283a4eb51 req-26bbfd41-9bb2-4ff9-a8f0-0ddbb0e3cab3 service placement] 10.222.0.49 "GET /placement/allocations/902902cc-6192-4741-82bd-633f08c70ba5" status: 200 len: 259 microversion: 1.28
Oct 13 14:11:56.827441 n-d-806683-15 devstack@placement-api.service[113167]: [pid: 113167|app: 0|req: 253/503] 10.222.0.49 () {60 vars in 1377 bytes} [Wed Oct 13 14:11:56 2021] GET /placement/allocations/902902cc-6192-4741-82bd-633f08c70ba5 => generated 259 bytes in 22 msecs (HTTP/1.1 200) 8 headers in 296 bytes (1 switches on core 0)
Oct 13 14:12:03.929200 n-d-806683-15 devstack@placement-api.service[113166]: DEBUG placement.requestlog [req-c751274f-3a86-4ef1-bebb-a71d340aa2a4 req-d549d40d-5013-44ff-aa98-1ddb06ff029e None None] Starting request: 10.222.0.49 "GET /placement/resource_providers/e2f3bfee-6b9a-4afa-800d-2069a6f4753e/allocations" {{(pid=113166) __call__ /opt/stack/placement/placement/requestlog.py:55}}
Oct 13 14:12:03.954635 n-d-806683-15 devstack@placement-api.service[113166]: INFO placement.requestlog [req-c751274f-3a86-4ef1-bebb-a71d340aa2a4 req-d549d40d-5013-44ff-aa98-1ddb06ff029e service placement] 10.222.0.49 "GET /placement/resource_providers/e2f3bfee-6b9a-4afa-800d-2069a6f4753e/allocations" status: 200 len: 1062 microversion: 1.0
Oct 13 14:12:03.955165 n-d-806683-15 devstack@placement-api.service[113166]: [pid: 113166|app: 0|req: 251/504] 10.222.0.49 () {58 vars in 1390 bytes} [Wed Oct 13 14:12:03 2021] GET /placement/resource_providers/e2f3bfee-6b9a-4afa-800d-2069a6f4753e/allocations => generated 1062 bytes in 26 msecs (HTTP/1.1 200) 6 headers in 225 bytes (1 switches on core 0)
Oct 13 14:12:09.078509 n-d-806683-15 devstack@placement-api.service[113167]: DEBUG placement.requestlog [None req-f6cff60c-7426-4cc8-bd9b-f57df23f1e0c None None] Starting request: 10.222.0.18 "GET /placement/" {{(pid=113167) __call__ /opt/stack/placement/placement/requestlog.py:55}}
Oct 13 14:12:09.079829 n-d-806683-15 devstack@placement-api.service[113167]: INFO placement.requestlog [None req-f6cff60c-7426-4cc8-bd9b-f57df23f1e0c None None] 10.222.0.18 "GET /placement/" status: 200 len: 136 microversion: 1.0
Oct 13 14:12:09.080286 n-d-806683-15 devstack@placement-api.service[113167]: [pid: 113167|app: 0|req: 254/505] 10.222.0.18 () {54 vars in 916 bytes} [Wed Oct 13 14:12:09 2021] GET /placement => generated 136 bytes in 2 msecs (HTTP/1.1 200) 6 headers in 224 bytes (1 switches on core 0)
Oct 13 14:12:09.090014 n-d-806683-15 devstack@placement-api.service[113166]: DEBUG placement.requestlog [req-1216f57d-0723-4595-99fb-df1aaec284a7 req-3a2b7919-c39a-446a-aaff-f13810bc7c3b None None] Starting request: 10.222.0.18 "GET /placement/allocations/1c0194cd-a36d-4a27-a12d-35a071c8bf52" {{(pid=113166) __call__ /opt/stack/placement/placement/requestlog.py:55}}
Oct 13 14:12:09.175424 n-d-806683-15 devstack@placement-api.service[113166]: INFO placement.requestlog [req-1216f57d-0723-4595-99fb-df1aaec284a7 req-3a2b7919-c39a-446a-aaff-f13810bc7c3b service placement] 10.222.0.18 "GET /placement/allocations/1c0194cd-a36d-4a27-a12d-35a071c8bf52" status: 200 len: 259 microversion: 1.28
Oct 13 14:12:09.177381 n-d-806683-15 devstack@placement-api.service[113166]: [pid: 113166|app: 0|req: 252/506] 10.222.0.18 () {60 vars in 1380 bytes} [Wed Oct 13 14:12:09 2021] GET /placement/allocations/1c0194cd-a36d-4a27-a12d-35a071c8bf52 => generated 259 bytes in 88 msecs (HTTP/1.1 200) 8 headers in 296 bytes (1 switches on core 0)
Oct 13 14:12:09.182302 n-d-806683-15 devstack@placement-api.service[113167]: DEBUG placement.requestlog [req-1216f57d-0723-4595-99fb-df1aaec284a7 req-e6ec4251-b263-4145-ba38-89c2ba53583d None None] Starting request: 10.222.0.18 "GET /placement/allocations/1c0194cd-a36d-4a27-a12d-35a071c8bf52" {{(pid=113167) __call__ /opt/stack/placement/placement/requestlog.py:55}}
Oct 13 14:12:09.199521 n-d-806683-15 devstack@placement-api.service[113167]: INFO placement.requestlog [req-1216f57d-0723-4595-99fb-df1aaec284a7 req-e6ec4251-b263-4145-ba38-89c2ba53583d service placement] 10.222.0.18 "GET /placement/allocations/1c0194cd-a36d-4a27-a12d-35a071c8bf52" status: 200 len: 259 microversion: 1.28
Oct 13 14:12:09.204844 n-d-806683-15 devstack@placement-api.service[113167]: [pid: 113167|app: 0|req: 255/507] 10.222.0.18 () {60 vars in 1380 bytes} [Wed Oct 13 14:12:09 2021] GET /placement/allocations/1c0194cd-a36d-4a27-a12d-35a071c8bf52 => generated 259 bytes in 23 msecs (HTTP/1.1 200) 8 headers in 296 bytes (1 switches on core 0)
Oct 13 14:12:09.205610 n-d-806683-15 devstack@placement-api.service[113166]: DEBUG placement.requestlog [req-1216f57d-0723-4595-99fb-df1aaec284a7 req-ad07a249-9ab8-4dbd-8258-9c8e8dd098ca None None] Starting request: 10.222.0.18 "GET /placement/allocations/6a9ccd10-375e-4f9b-acc8-fbbf29ef00ef" {{(pid=113166) __call__ /opt/stack/placement/placement/requestlog.py:55}}
Oct 13 14:12:09.229370 n-d-806683-15 devstack@placement-api.service[113166]: INFO placement.requestlog [req-1216f57d-0723-4595-99fb-df1aaec284a7 req-ad07a249-9ab8-4dbd-8258-9c8e8dd098ca service placement] 10.222.0.18 "GET /placement/allocations/6a9ccd10-375e-4f9b-acc8-fbbf29ef00ef" status: 200 len: 19 microversion: 1.28
Oct 13 14:12:09.241043 n-d-806683-15 devstack@placement-api.service[113167]: DEBUG placement.requestlog [req-1216f57d-0723-4595-99fb-df1aaec284a7 req-429bbafa-fa39-463c-ad69-45286dea4d3a None None] Starting request: 10.222.0.18 "POST /placement/allocations" {{(pid=113167) __call__ /opt/stack/placement/placement/requestlog.py:55}}
Oct 13 14:12:09.251413 n-d-806683-15 devstack@placement-api.service[113166]: [pid: 113166|app: 0|req: 253/508] 10.222.0.18 () {60 vars in 1380 bytes} [Wed Oct 13 14:12:09 2021] GET /placement/allocations/6a9ccd10-375e-4f9b-acc8-fbbf29ef00ef => generated 19 bytes in 46 msecs (HTTP/1.1 200) 8 headers in 295 bytes (2 switches on core 0)
Oct 13 14:12:09.425538 n-d-806683-15 devstack@placement-api.service[113167]: DEBUG placement.handlers.allocation [req-1216f57d-0723-4595-99fb-df1aaec284a7 req-429bbafa-fa39-463c-ad69-45286dea4d3a service placement] Successfully wrote allocations [, , , , , ] {{(pid=113167) _update_consumers_and_create_allocations /opt/stack/placement/placement/handlers/allocation.py:572}}
Oct 13 14:12:09.524920 n-d-806683-15 devstack@placement-api.service[113167]: INFO placement.requestlog [req-1216f57d-0723-4595-99fb-df1aaec284a7 req-429bbafa-fa39-463c-ad69-45286dea4d3a service placement] 10.222.0.18 "POST /placement/allocations" status: 204 len: 0 microversion: 1.28
Oct 13 14:12:09.525216 n-d-806683-15 devstack@placement-api.service[113167]: [pid: 113167|app: 0|req: 256/509] 10.222.0.18 () {64 vars in 1323 bytes} [Wed Oct 13 14:12:09 2021] POST /placement/allocations => generated 0 bytes in 285 msecs (HTTP/1.1 204) 5 headers in 199 bytes (1 switches on core 0)
Oct 13 14:12:09.565953 n-d-806683-15 devstack@placement-api.service[113166]: DEBUG placement.requestlog [req-1216f57d-0723-4595-99fb-df1aaec284a7 req-0a63dd80-bce5-4648-82c5-26d287e1913b None None] Starting request: 10.222.0.18 "GET /placement/allocation_candidates?limit=1000&resources=DISK_GB%3A1%2CMEMORY_MB%3A512%2CVCPU%3A1&root_required=%21COMPUTE_STATUS_DISABLED" {{(pid=113166) __call__ /opt/stack/placement/placement/requestlog.py:55}}
Oct 13 14:12:09.614674 n-d-806683-15 devstack@placement-api.service[113166]: DEBUG placement.objects.research_context [req-1216f57d-0723-4595-99fb-df1aaec284a7 req-0a63dd80-bce5-4648-82c5-26d287e1913b service placement] getting providers with 1 DISK_GB {{(pid=113166) __init__ /opt/stack/placement/placement/objects/research_context.py:126}}
Oct 13 14:12:09.622800 n-d-806683-15 devstack@placement-api.service[113166]: DEBUG placement.objects.research_context [req-1216f57d-0723-4595-99fb-df1aaec284a7 req-0a63dd80-bce5-4648-82c5-26d287e1913b service placement] getting providers with 512 MEMORY_MB {{(pid=113166) __init__ /opt/stack/placement/placement/objects/research_context.py:126}}
Oct 13 14:12:09.632835 n-d-806683-15 devstack@placement-api.service[113166]: DEBUG placement.objects.research_context [req-1216f57d-0723-4595-99fb-df1aaec284a7 req-0a63dd80-bce5-4648-82c5-26d287e1913b service placement] getting providers with 1 VCPU {{(pid=113166) __init__ /opt/stack/placement/placement/objects/research_context.py:126}}
Oct 13 14:12:09.638888 n-d-806683-15 devstack@placement-api.service[113166]: DEBUG placement.objects.research_context [req-1216f57d-0723-4595-99fb-df1aaec284a7 req-0a63dd80-bce5-4648-82c5-26d287e1913b service placement] found 2 providers with available 1 DISK_GB {{(pid=113166) get_provider_ids_matching /opt/stack/placement/placement/objects/research_context.py:549}}
Oct 13 14:12:09.639159 n-d-806683-15 devstack@placement-api.service[113166]: DEBUG placement.objects.research_context [req-1216f57d-0723-4595-99fb-df1aaec284a7 req-0a63dd80-bce5-4648-82c5-26d287e1913b service placement] found 2 providers with available 512 MEMORY_MB {{(pid=113166) get_provider_ids_matching /opt/stack/placement/placement/objects/research_context.py:549}}
Oct 13 14:12:09.639430 n-d-806683-15 devstack@placement-api.service[113166]: DEBUG placement.objects.research_context [req-1216f57d-0723-4595-99fb-df1aaec284a7 req-0a63dd80-bce5-4648-82c5-26d287e1913b service placement] found 2 providers after filtering by previous result {{(pid=113166) get_provider_ids_matching /opt/stack/placement/placement/objects/research_context.py:580}}
Oct 13 14:12:09.639697 n-d-806683-15 devstack@placement-api.service[113166]: DEBUG placement.objects.research_context [req-1216f57d-0723-4595-99fb-df1aaec284a7 req-0a63dd80-bce5-4648-82c5-26d287e1913b service placement] found 2 providers with available 1 VCPU {{(pid=113166) get_provider_ids_matching /opt/stack/placement/placement/objects/research_context.py:549}}
Oct 13 14:12:09.639954 n-d-806683-15 devstack@placement-api.service[113166]: DEBUG placement.objects.research_context [req-1216f57d-0723-4595-99fb-df1aaec284a7 req-0a63dd80-bce5-4648-82c5-26d287e1913b service placement] found 2 providers after filtering by previous result {{(pid=113166) get_provider_ids_matching /opt/stack/placement/placement/objects/research_context.py:580}}
Oct 13 14:12:09.651822 n-d-806683-15 devstack@placement-api.service[113166]: DEBUG placement.objects.allocation_candidate [req-1216f57d-0723-4595-99fb-df1aaec284a7 req-0a63dd80-bce5-4648-82c5-26d287e1913b service placement] RequestGroup(use_same_provider=False, resources={DISK_GB:1, MEMORY_MB:512, VCPU:1}, traits=[], aggregates=[]) (suffix '') returned 2 matches {{(pid=113166) _get_by_requests /opt/stack/placement/placement/objects/allocation_candidate.py:145}}
Oct 13 14:12:09.652186 n-d-806683-15 devstack@placement-api.service[113166]: DEBUG placement.objects.allocation_candidate [req-1216f57d-0723-4595-99fb-df1aaec284a7 req-0a63dd80-bce5-4648-82c5-26d287e1913b service placement] Merging candidates yields 2 allocation requests and 2 provider summaries {{(pid=113166) _merge_candidates /opt/stack/placement/placement/objects/allocation_candidate.py:783}}
