Oct 13 14:15:09.035758 n-d-806683-15 devstack@placement-api.service[113166]: [pid: 113166|app: 0|req: 313/633] 10.222.0.41 () {60 vars in 1377 bytes} [Wed Oct 13 14:15:08 2021] GET /placement/allocations/fdc87c4d-8b51-4abb-a92e-19ae1d6d9bc8 => generated 259 bytes in 50 msecs (HTTP/1.1 200) 8 headers in 296 bytes (1 switches on core 0)
Oct 13 14:15:10.493878 n-d-806683-15 devstack@placement-api.service[113167]: DEBUG placement.requestlog [req-4fb4c65e-22b4-417f-8fe7-c610479b9712 req-fe3a13ba-f1a3-40a8-b263-87e526432878 None None] Starting request: 10.222.0.41 "DELETE /placement/allocations/4a133a46-abc0-4eb4-82ea-b5ef30784c9f" {{(pid=113167) __call__ /opt/stack/placement/placement/requestlog.py:55}}
Oct 13 14:15:10.701409 n-d-806683-15 devstack@placement-api.service[113167]: DEBUG placement.handlers.allocation [req-4fb4c65e-22b4-417f-8fe7-c610479b9712 req-fe3a13ba-f1a3-40a8-b263-87e526432878 service placement] Successfully deleted allocations [, , ] {{(pid=113167) delete_allocations /opt/stack/placement/placement/handlers/allocation.py:627}}
Oct 13 14:15:10.702258 n-d-806683-15 devstack@placement-api.service[113167]: INFO placement.requestlog [req-4fb4c65e-22b4-417f-8fe7-c610479b9712 req-fe3a13ba-f1a3-40a8-b263-87e526432878 service placement] 10.222.0.41 "DELETE /placement/allocations/4a133a46-abc0-4eb4-82ea-b5ef30784c9f" status: 204 len: 0 microversion: 1.0
Oct 13 14:15:10.702929 n-d-806683-15 devstack@placement-api.service[113167]: [pid: 113167|app: 0|req: 321/634] 10.222.0.41 () {60 vars in 1355 bytes} [Wed Oct 13 14:15:10 2021] DELETE /placement/allocations/4a133a46-abc0-4eb4-82ea-b5ef30784c9f => generated 0 bytes in 209 msecs (HTTP/1.1 204) 5 headers in 198 bytes (1 switches on core 0)
Oct 13 14:15:11.312698 n-d-806683-15 devstack@placement-api.service[113166]: DEBUG placement.requestlog [req-ead94864-be5a-4bb6-bc7b-79ddcaa34bb2 req-3bbfc45a-ae2f-41ef-aeb5-fbd19b35a0ec None None] Starting request: 10.222.0.49 "DELETE /placement/allocations/902902cc-6192-4741-82bd-633f08c70ba5" {{(pid=113166) __call__ /opt/stack/placement/placement/requestlog.py:55}}
Oct 13 14:15:11.465030 n-d-806683-15 devstack@placement-api.service[113167]: DEBUG placement.requestlog [req-5f0108c0-7e91-4f2b-b424-f5f9cc1e7fad req-05fc666d-7e5f-4c13-b885-efd8d3a87b5a None None] Starting request: 10.222.0.49 "GET /placement/resource_providers/e2f3bfee-6b9a-4afa-800d-2069a6f4753e/allocations" {{(pid=113167) __call__ /opt/stack/placement/placement/requestlog.py:55}}
Oct 13 14:15:11.497232 n-d-806683-15 devstack@placement-api.service[113166]: DEBUG placement.handlers.allocation [req-ead94864-be5a-4bb6-bc7b-79ddcaa34bb2 req-3bbfc45a-ae2f-41ef-aeb5-fbd19b35a0ec service placement] Successfully deleted allocations [, , ] {{(pid=113166) delete_allocations /opt/stack/placement/placement/handlers/allocation.py:627}}
Oct 13 14:15:11.500109 n-d-806683-15 devstack@placement-api.service[113166]: INFO placement.requestlog [req-ead94864-be5a-4bb6-bc7b-79ddcaa34bb2 req-3bbfc45a-ae2f-41ef-aeb5-fbd19b35a0ec service placement] 10.222.0.49 "DELETE /placement/allocations/902902cc-6192-4741-82bd-633f08c70ba5" status: 204 len: 0 microversion: 1.0
Oct 13 14:15:11.501173 n-d-806683-15 devstack@placement-api.service[113166]: [pid: 113166|app: 0|req: 314/635] 10.222.0.49 () {60 vars in 1355 bytes} [Wed Oct 13 14:15:11 2021] DELETE /placement/allocations/902902cc-6192-4741-82bd-633f08c70ba5 => generated 0 bytes in 188 msecs (HTTP/1.1 204) 5 headers in 198 bytes (1 switches on core 0)
Oct 13 14:15:11.509438 n-d-806683-15 devstack@placement-api.service[113167]: INFO placement.requestlog [req-5f0108c0-7e91-4f2b-b424-f5f9cc1e7fad req-05fc666d-7e5f-4c13-b885-efd8d3a87b5a service placement] 10.222.0.49 "GET /placement/resource_providers/e2f3bfee-6b9a-4afa-800d-2069a6f4753e/allocations" status: 200 len: 659 microversion: 1.0
Oct 13 14:15:11.511000 n-d-806683-15 devstack@placement-api.service[113167]: [pid: 113167|app: 0|req: 322/636] 10.222.0.49 () {58 vars in 1390 bytes} [Wed Oct 13 14:15:11 2021] GET /placement/resource_providers/e2f3bfee-6b9a-4afa-800d-2069a6f4753e/allocations => generated 659 bytes in 46 msecs (HTTP/1.1 200) 6 headers in 224 bytes (1 switches on core 0)
Oct 13 14:15:13.307302 n-d-806683-15 devstack@placement-api.service[113166]: DEBUG placement.requestlog [req-d4e74fc0-66ce-4578-9dcb-c98b7bb6b7f7 req-673b4ef0-0213-44bc-a833-c775f04ecdff None None] Starting request: 10.222.0.41 "GET /placement/resource_providers/5ca40c5b-a66f-4442-bb8f-42b7958de2a9/allocations" {{(pid=113166) __call__ /opt/stack/placement/placement/requestlog.py:55}}
Oct 13 14:15:13.354488 n-d-806683-15 devstack@placement-api.service[113166]: INFO placement.requestlog [req-d4e74fc0-66ce-4578-9dcb-c98b7bb6b7f7 req-673b4ef0-0213-44bc-a833-c775f04ecdff service placement] 10.222.0.41 "GET /placement/resource_providers/5ca40c5b-a66f-4442-bb8f-42b7958de2a9/allocations" status: 200 len: 558 microversion: 1.0
Oct 13 14:15:13.355150 n-d-806683-15 devstack@placement-api.service[113166]: [pid: 113166|app: 0|req: 315/637] 10.222.0.41 () {58 vars in 1390 bytes} [Wed Oct 13 14:15:13 2021] GET /placement/resource_providers/5ca40c5b-a66f-4442-bb8f-42b7958de2a9/allocations => generated 558 bytes in 48 msecs (HTTP/1.1 200) 6 headers in 224 bytes (1 switches on core 0)
Oct 13 14:15:17.806406 n-d-806683-15 devstack@placement-api.service[113167]: DEBUG placement.requestlog [req-03fc2db2-6891-44b4-8c71-fe051d506afa req-a3b8f089-430c-405c-bbb4-84ebea7c1022 None None] Starting request: 10.222.0.41 "DELETE /placement/allocations/f2d1a81f-8c88-4ba8-8fab-82902df5f9d7" {{(pid=113167) __call__ /opt/stack/placement/placement/requestlog.py:55}}
Oct 13 14:15:17.811041 n-d-806683-15 devstack@placement-api.service[113166]: DEBUG placement.requestlog [req-b1e880f7-490a-4ba0-aeac-4d5e70845e44 req-de443e6c-086c-44dd-87a1-e5aceef3b48a None None] Starting request: 10.222.0.49 "DELETE /placement/allocations/c0039135-10b4-49c7-88bb-ebb03443f91d" {{(pid=113166) __call__ /opt/stack/placement/placement/requestlog.py:55}}
Oct 13 14:15:17.969484 n-d-806683-15 devstack@placement-api.service[113167]: DEBUG placement.handlers.allocation [req-03fc2db2-6891-44b4-8c71-fe051d506afa req-a3b8f089-430c-405c-bbb4-84ebea7c1022 service placement] Successfully deleted allocations [, , ] {{(pid=113167) delete_allocations /opt/stack/placement/placement/handlers/allocation.py:627}}
Oct 13 14:15:17.970105 n-d-806683-15 devstack@placement-api.service[113167]: INFO placement.requestlog [req-03fc2db2-6891-44b4-8c71-fe051d506afa req-a3b8f089-430c-405c-bbb4-84ebea7c1022 service placement] 10.222.0.41 "DELETE /placement/allocations/f2d1a81f-8c88-4ba8-8fab-82902df5f9d7" status: 204 len: 0 microversion: 1.0
Oct 13 14:15:17.970692 n-d-806683-15 devstack@placement-api.service[113167]: [pid: 113167|app: 0|req: 323/638] 10.222.0.41 () {60 vars in 1355 bytes} [Wed Oct 13 14:15:17 2021] DELETE /placement/allocations/f2d1a81f-8c88-4ba8-8fab-82902df5f9d7 => generated 0 bytes in 164 msecs (HTTP/1.1 204) 5 headers in 198 bytes (2 switches on core 0)
Oct 13 14:15:18.032271 n-d-806683-15 devstack@placement-api.service[113166]: DEBUG placement.handlers.allocation [req-b1e880f7-490a-4ba0-aeac-4d5e70845e44 req-de443e6c-086c-44dd-87a1-e5aceef3b48a service placement] Successfully deleted allocations [, , ] {{(pid=113166) delete_allocations /opt/stack/placement/placement/handlers/allocation.py:627}}
Oct 13 14:15:18.033230 n-d-806683-15 devstack@placement-api.service[113166]: INFO placement.requestlog [req-b1e880f7-490a-4ba0-aeac-4d5e70845e44 req-de443e6c-086c-44dd-87a1-e5aceef3b48a service placement] 10.222.0.49 "DELETE /placement/allocations/c0039135-10b4-49c7-88bb-ebb03443f91d" status: 204 len: 0 microversion: 1.0
Oct 13 14:15:18.033824 n-d-806683-15 devstack@placement-api.service[113166]: [pid: 113166|app: 0|req: 316/639] 10.222.0.49 () {60 vars in 1355 bytes} [Wed Oct 13 14:15:17 2021] DELETE /placement/allocations/c0039135-10b4-49c7-88bb-ebb03443f91d => generated 0 bytes in 225 msecs (HTTP/1.1 204) 5 headers in 198 bytes (2 switches on core 0)
Oct 13 14:15:20.620248 n-d-806683-15 devstack@placement-api.service[113167]: DEBUG placement.requestlog [req-4c8ab4c8-373a-4fe6-8b98-b67131e36653 req-e129fe1e-239c-4177-b187-8872c6fc00ff None None] Starting request: 10.222.0.49 "DELETE /placement/allocations/aa57afb0-e6ac-45c2-b0a2-fd362d541382" {{(pid=113167) __call__ /opt/stack/placement/placement/requestlog.py:55}}
Oct 13 14:15:20.822087 n-d-806683-15 devstack@placement-api.service[113167]: DEBUG placement.handlers.allocation [req-4c8ab4c8-373a-4fe6-8b98-b67131e36653 req-e129fe1e-239c-4177-b187-8872c6fc00ff service placement] Successfully deleted allocations [, , ] {{(pid=113167) delete_allocations /opt/stack/placement/placement/handlers/allocation.py:627}}
Oct 13 14:15:20.822662 n-d-806683-15 devstack@placement-api.service[113167]: INFO placement.requestlog [req-4c8ab4c8-373a-4fe6-8b98-b67131e36653 req-e129fe1e-239c-4177-b187-8872c6fc00ff service placement] 10.222.0.49 "DELETE /placement/allocations/aa57afb0-e6ac-45c2-b0a2-fd362d541382" status: 204 len: 0 microversion: 1.0
Oct 13 14:15:20.822911 n-d-806683-15 devstack@placement-api.service[113167]: [pid: 113167|app: 0|req: 324/640] 10.222.0.49 () {60 vars in 1355 bytes} [Wed Oct 13 14:15:20 2021] DELETE /placement/allocations/aa57afb0-e6ac-45c2-b0a2-fd362d541382 => generated 0 bytes in 203 msecs (HTTP/1.1 204) 5 headers in 198 bytes (1 switches on core 0)
Oct 13 14:15:23.200711 n-d-806683-15 devstack@placement-api.service[113166]: DEBUG placement.requestlog [req-fef02e7b-57e8-4026-8e5d-89caf9749411 req-bdb4b049-f76b-4126-8607-1d68e4765026 None None] Starting request: 10.222.0.49 "DELETE /placement/allocations/46bdce8d-9a18-4326-a942-5e7bf1220660" {{(pid=113166) __call__ /opt/stack/placement/placement/requestlog.py:55}}
Oct 13 14:15:23.559357 n-d-806683-15 devstack@placement-api.service[113166]: DEBUG placement.handlers.allocation [req-fef02e7b-57e8-4026-8e5d-89caf9749411 req-bdb4b049-f76b-4126-8607-1d68e4765026 service placement] Successfully deleted allocations [, , ] {{(pid=113166) delete_allocations /opt/stack/placement/placement/handlers/allocation.py:627}}
Oct 13 14:15:23.560158 n-d-806683-15 devstack@placement-api.service[113166]: INFO placement.requestlog [req-fef02e7b-57e8-4026-8e5d-89caf9749411 req-bdb4b049-f76b-4126-8607-1d68e4765026 service placement] 10.222.0.49 "DELETE /placement/allocations/46bdce8d-9a18-4326-a942-5e7bf1220660" status: 204 len: 0 microversion: 1.0
Oct 13 14:15:23.561293 n-d-806683-15 devstack@placement-api.service[113166]: [pid: 113166|app: 0|req: 317/641] 10.222.0.49 () {60 vars in 1355 bytes} [Wed Oct 13 14:15:23 2021] DELETE /placement/allocations/46bdce8d-9a18-4326-a942-5e7bf1220660 => generated 0 bytes in 361 msecs (HTTP/1.1 204) 5 headers in 198 bytes (1 switches on core 0)
Oct 13 14:15:25.190983 n-d-806683-15 devstack@placement-api.service[113167]: DEBUG placement.requestlog [req-4bd4b894-1044-49f1-be00-a2945fbc12a2 req-88cce843-e33c-4b7b-be0f-6856ebb4d83f None None] Starting request: 10.222.0.18 "GET /placement/allocation_candidates?limit=1000&resources=DISK_GB%3A1%2CMEMORY_MB%3A1024%2CVCPU%3A1&root_required=%21COMPUTE_STATUS_DISABLED" {{(pid=113167) __call__ /opt/stack/placement/placement/requestlog.py:55}}
Oct 13 14:15:25.292550 n-d-806683-15 devstack@placement-api.service[113167]: DEBUG placement.objects.research_context [req-4bd4b894-1044-49f1-be00-a2945fbc12a2 req-88cce843-e33c-4b7b-be0f-6856ebb4d83f service placement] getting providers with 1 DISK_GB {{(pid=113167) __init__ /opt/stack/placement/placement/objects/research_context.py:126}}
Oct 13 14:15:25.309033 n-d-806683-15 devstack@placement-api.service[113167]: DEBUG placement.objects.research_context [req-4bd4b894-1044-49f1-be00-a2945fbc12a2 req-88cce843-e33c-4b7b-be0f-6856ebb4d83f service placement] getting providers with 1024 MEMORY_MB {{(pid=113167) __init__ /opt/stack/placement/placement/objects/research_context.py:126}}
Oct 13 14:15:25.316072 n-d-806683-15 devstack@placement-api.service[113167]: DEBUG placement.objects.research_context [req-4bd4b894-1044-49f1-be00-a2945fbc12a2 req-88cce843-e33c-4b7b-be0f-6856ebb4d83f service placement] getting providers with 1 VCPU {{(pid=113167) __init__ /opt/stack/placement/placement/objects/research_context.py:126}}
Oct 13 14:15:25.323247 n-d-806683-15 devstack@placement-api.service[113167]: DEBUG placement.objects.research_context [req-4bd4b894-1044-49f1-be00-a2945fbc12a2 req-88cce843-e33c-4b7b-be0f-6856ebb4d83f service placement] found 2 providers with available 1 DISK_GB {{(pid=113167) get_provider_ids_matching /opt/stack/placement/placement/objects/research_context.py:549}}
Oct 13 14:15:25.323872 n-d-806683-15 devstack@placement-api.service[113167]: DEBUG placement.objects.research_context [req-4bd4b894-1044-49f1-be00-a2945fbc12a2 req-88cce843-e33c-4b7b-be0f-6856ebb4d83f service placement] found 2 providers with available 1024 MEMORY_MB {{(pid=113167) get_provider_ids_matching /opt/stack/placement/placement/objects/research_context.py:549}}
Oct 13 14:15:25.324587 n-d-806683-15 devstack@placement-api.service[113167]: DEBUG placement.objects.research_context [req-4bd4b894-1044-49f1-be00-a2945fbc12a2 req-88cce843-e33c-4b7b-be0f-6856ebb4d83f service placement] found 2 providers after filtering by previous result {{(pid=113167) get_provider_ids_matching /opt/stack/placement/placement/objects/research_context.py:580}}
Oct 13 14:15:25.326418 n-d-806683-15 devstack@placement-api.service[113167]: DEBUG placement.objects.research_context [req-4bd4b894-1044-49f1-be00-a2945fbc12a2 req-88cce843-e33c-4b7b-be0f-6856ebb4d83f service placement] found 2 providers with available 1 VCPU {{(pid=113167) get_provider_ids_matching /opt/stack/placement/placement/objects/research_context.py:549}}
Oct 13 14:15:25.327051 n-d-806683-15 devstack@placement-api.service[113167]: DEBUG placement.objects.research_context [req-4bd4b894-1044-49f1-be00-a2945fbc12a2 req-88cce843-e33c-4b7b-be0f-6856ebb4d83f service placement] found 2 providers after filtering by previous result {{(pid=113167) get_provider_ids_matching /opt/stack/placement/placement/objects/research_context.py:580}}
Oct 13 14:15:25.354484 n-d-806683-15 devstack@placement-api.service[113167]: DEBUG placement.objects.allocation_candidate [req-4bd4b894-1044-49f1-be00-a2945fbc12a2 req-88cce843-e33c-4b7b-be0f-6856ebb4d83f service placement] RequestGroup(use_same_provider=False, resources={DISK_GB:1, MEMORY_MB:1024, VCPU:1}, traits=[], aggregates=[]) (suffix '') returned 2 matches {{(pid=113167) _get_by_requests /opt/stack/placement/placement/objects/allocation_candidate.py:145}}
Oct 13 14:15:25.355094 n-d-806683-15 devstack@placement-api.service[113167]: DEBUG placement.objects.allocation_candidate [req-4bd4b894-1044-49f1-be00-a2945fbc12a2 req-88cce843-e33c-4b7b-be0f-6856ebb4d83f service placement] Merging candidates yields 2 allocation requests and 2 provider summaries {{(pid=113167) _merge_candidates /opt/stack/placement/placement/objects/allocation_candidate.py:783}}
Oct 13 14:15:25.357573 n-d-806683-15 devstack@placement-api.service[113167]: INFO placement.requestlog [req-4bd4b894-1044-49f1-be00-a2945fbc12a2 req-88cce843-e33c-4b7b-be0f-6856ebb4d83f service placement] 10.222.0.18 "GET /placement/allocation_candidates?limit=1000&resources=DISK_GB%3A1%2CMEMORY_MB%3A1024%2CVCPU%3A1&root_required=%21COMPUTE_STATUS_DISABLED" status: 200 len: 1309 microversion: 1.36
Oct 13 14:15:25.362137 n-d-806683-15 devstack@placement-api.service[113167]: [pid: 113167|app: 0|req: 325/642] 10.222.0.18 () {60 vars in 1506 bytes} [Wed Oct 13 14:15:25 2021] GET /placement/allocation_candidates?limit=1000&resources=DISK_GB%3A1%2CMEMORY_MB%3A1024%2CVCPU%3A1&root_required=%21COMPUTE_STATUS_DISABLED => generated 1309 bytes in 171 msecs (HTTP/1.1 200) 8 headers in 297 bytes (1 switches on core 0)
Oct 13 14:15:25.469304 n-d-806683-15 devstack@placement-api.service[113166]: DEBUG placement.requestlog [req-4bd4b894-1044-49f1-be00-a2945fbc12a2 req-6bf964f1-f3ac-44b1-8172-aaa98e575578 None None] Starting request: 10.222.0.18 "GET /placement/allocations/81038a6c-fe03-40ce-a49c-0c6192ebb212" {{(pid=113166) __call__ /opt/stack/placement/placement/requestlog.py:55}}
Oct 13 14:15:25.490081 n-d-806683-15 devstack@placement-api.service[113166]: INFO placement.requestlog [req-4bd4b894-1044-49f1-be00-a2945fbc12a2 req-6bf964f1-f3ac-44b1-8172-aaa98e575578 service placement] 10.222.0.18 "GET /placement/allocations/81038a6c-fe03-40ce-a49c-0c6192ebb212" status: 200 len: 19 microversion: 1.28
Oct 13 14:15:25.493587 n-d-806683-15 devstack@placement-api.service[113166]: [pid: 113166|app: 0|req: 318/643] 10.222.0.18 () {60 vars in 1380 bytes} [Wed Oct 13 14:15:25 2021] GET /placement/allocations/81038a6c-fe03-40ce-a49c-0c6192ebb212 => generated 19 bytes in 25 msecs (HTTP/1.1 200) 8 headers in 295 bytes (1 switches on core 0)
Oct 13 14:15:25.504105 n-d-806683-15 devstack@placement-api.service[113167]: DEBUG placement.requestlog [req-4bd4b894-1044-49f1-be00-a2945fbc12a2 req-9a7b0891-4b01-48c3-998f-6a43c0cce609 None None] Starting request: 10.222.0.18 "PUT /placement/allocations/81038a6c-fe03-40ce-a49c-0c6192ebb212" {{(pid=113167) __call__ /opt/stack/placement/placement/requestlog.py:55}}
Oct 13 14:15:25.929244 n-d-806683-15 devstack@placement-api.service[113167]: DEBUG placement.handlers.allocation [req-4bd4b894-1044-49f1-be00-a2945fbc12a2 req-9a7b0891-4b01-48c3-998f-6a43c0cce609 service placement] Successfully wrote allocations [, , ] {{(pid=113167) _update_consumers_and_create_allocations /opt/stack/placement/placement/handlers/allocation.py:462}}
Oct 13 14:15:25.999850 n-d-806683-15 devstack@placement-api.service[113167]: INFO placement.requestlog [req-4bd4b894-1044-49f1-be00-a2945fbc12a2 req-9a7b0891-4b01-48c3-998f-6a43c0cce609 service placement] 10.222.0.18 "PUT /placement/allocations/81038a6c-fe03-40ce-a49c-0c6192ebb212" status: 204 len: 0 microversion: 1.36
Oct 13 14:15:26.000261 n-d-806683-15 devstack@placement-api.service[113167]: [pid: 113167|app: 0|req: 326/644] 10.222.0.18 () {64 vars in 1433 bytes} [Wed Oct 13 14:15:25 2021] PUT /placement/allocations/81038a6c-fe03-40ce-a49c-0c6192ebb212 => generated 0 bytes in 497 msecs (HTTP/1.1 204) 5 headers in 199 bytes (1 switches on core 0)
Oct 13 14:15:27.277628 n-d-806683-15 devstack@placement-api.service[113166]: DEBUG placement.requestlog [req-4bd4b894-1044-49f1-be00-a2945fbc12a2 req-cd436a31-092d-4960-a9a9-780ea8e1048a None None] Starting request: 10.222.0.49 "GET /placement/allocations/81038a6c-fe03-40ce-a49c-0c6192ebb212" {{(pid=113166) __call__ /opt/stack/placement/placement/requestlog.py:55}}
Oct 13 14:15:27.312657 n-d-806683-15 devstack@placement-api.service[113166]: INFO placement.requestlog [req-4bd4b894-1044-49f1-be00-a2945fbc12a2 req-cd436a31-092d-4960-a9a9-780ea8e1048a service placement] 10.222.0.49 "GET /placement/allocations/81038a6c-fe03-40ce-a49c-0c6192ebb212" status: 200 len: 259 microversion: 1.28
Oct 13 14:15:27.313045 n-d-806683-15 devstack@placement-api.service[113166]: [pid: 113166|app: 0|req: 319/645] 10.222.0.49 () {60 vars in 1377 bytes} [Wed Oct 13 14:15:27 2021] GET /placement/allocations/81038a6c-fe03-40ce-a49c-0c6192ebb212 => generated 259 bytes in 36 msecs (HTTP/1.1 200) 8 headers in 296 bytes (1 switches on core 0)
Oct 13 14:15:33.336060 n-d-806683-15 devstack@placement-api.service[113167]: DEBUG placement.requestlog [req-d1c2c6d8-7f6e-45eb-b2be-8c797348efd9 req-83aa0590-4a5a-492c-ba6f-30b51b599e4b None None] Starting request: 10.222.0.49 "GET /placement/allocations/81038a6c-fe03-40ce-a49c-0c6192ebb212" {{(pid=113167) __call__ /opt/stack/placement/placement/requestlog.py:55}}
Oct 13 14:15:33.366637 n-d-806683-15 devstack@placement-api.service[113167]: INFO placement.requestlog [req-d1c2c6d8-7f6e-45eb-b2be-8c797348efd9 req-83aa0590-4a5a-492c-ba6f-30b51b599e4b service placement] 10.222.0.49 "GET /placement/allocations/81038a6c-fe03-40ce-a49c-0c6192ebb212" status: 200 len: 259 microversion: 1.28
Oct 13 14:15:33.368079 n-d-806683-15 devstack@placement-api.service[113167]: [pid: 113167|app: 0|req: 327/646] 10.222.0.49 () {60 vars in 1377 bytes} [Wed Oct 13 14:15:33 2021] GET /placement/allocations/81038a6c-fe03-40ce-a49c-0c6192ebb212 => generated 259 bytes in 32 msecs (HTTP/1.1 200) 8 headers in 296 bytes (2 switches on core 0)
Oct 13 14:15:33.572103 n-d-806683-15 devstack@placement-api.service[113166]: DEBUG placement.requestlog [req-13057cb1-058b-44a2-9b50-458af977a0d2 req-eaea9bbb-75de-4a1f-8d62-657ebe2c941d None None] Starting request: 10.222.0.41 "DELETE /placement/allocations/1585aab0-dfe8-42bd-acdf-3bb44ee8f6e1" {{(pid=113166) __call__ /opt/stack/placement/placement/requestlog.py:55}}
Oct 13 14:15:33.787849 n-d-806683-15 devstack@placement-api.service[113166]: DEBUG placement.handlers.allocation [req-13057cb1-058b-44a2-9b50-458af977a0d2 req-eaea9bbb-75de-4a1f-8d62-657ebe2c941d service placement] Successfully deleted allocations [, , ] {{(pid=113166) delete_allocations /opt/stack/placement/placement/handlers/allocation.py:627}}
Oct 13 14:15:33.788424 n-d-806683-15 devstack@placement-api.service[113166]: INFO placement.requestlog [req-13057cb1-058b-44a2-9b50-458af977a0d2 req-eaea9bbb-75de-4a1f-8d62-657ebe2c941d service placement] 10.222.0.41 "DELETE /placement/allocations/1585aab0-dfe8-42bd-acdf-3bb44ee8f6e1" status: 204 len: 0 microversion: 1.0
Oct 13 14:15:33.789616 n-d-806683-15 devstack@placement-api.service[113166]: [pid: 113166|app: 0|req: 320/647] 10.222.0.41 () {60 vars in 1355 bytes} [Wed Oct 13 14:15:33 2021] DELETE /placement/allocations/1585aab0-dfe8-42bd-acdf-3bb44ee8f6e1 => generated 0 bytes in 217 msecs (HTTP/1.1 204) 5 headers in 198 bytes (1 switches on core 0)
Oct 13 14:15:39.152611 n-d-806683-15 devstack@placement-api.service[113167]: DEBUG placement.requestlog [req-d07b3951-2465-48e3-8c6e-3449fb5a22d0 req-0f450df8-01b3-4c43-a7dd-da7740268804 None None] Starting request: 10.222.0.18 "GET /placement/allocation_candidates?limit=1000&resources=DISK_GB%3A1%2CMEMORY_MB%3A1024%2CVCPU%3A1&root_required=%21COMPUTE_STATUS_DISABLED" {{(pid=113167) __call__ /opt/stack/placement/placement/requestlog.py:55}}
Oct 13 14:15:39.218134 n-d-806683-15 devstack@placement-api.service[113167]: DEBUG placement.objects.research_context [req-d07b3951-2465-48e3-8c6e-3449fb5a22d0 req-0f450df8-01b3-4c43-a7dd-da7740268804 service placement] getting providers with 1 DISK_GB {{(pid=113167) __init__ /opt/stack/placement/placement/objects/research_context.py:126}}
Oct 13 14:15:39.239324 n-d-806683-15 devstack@placement-api.service[113167]: DEBUG placement.objects.research_context [req-d07b3951-2465-48e3-8c6e-3449fb5a22d0 req-0f450df8-01b3-4c43-a7dd-da7740268804 service placement] getting providers with 1024 MEMORY_MB {{(pid=113167) __init__ /opt/stack/placement/placement/objects/research_context.py:126}}
Oct 13 14:15:39.249027 n-d-806683-15 devstack@placement-api.service[113167]: DEBUG placement.objects.research_context [req-d07b3951-2465-48e3-8c6e-3449fb5a22d0 req-0f450df8-01b3-4c43-a7dd-da7740268804 service placement] getting providers with 1 VCPU {{(pid=113167) __init__ /opt/stack/placement/placement/objects/research_context.py:126}}
Oct 13 14:15:39.258296 n-d-806683-15 devstack@placement-api.service[113167]: DEBUG placement.objects.research_context [req-d07b3951-2465-48e3-8c6e-3449fb5a22d0 req-0f450df8-01b3-4c43-a7dd-da7740268804 service placement] found 2 providers with available 1 DISK_GB {{(pid=113167) get_provider_ids_matching /opt/stack/placement/placement/objects/research_context.py:549}}
Oct 13 14:15:39.258630 n-d-806683-15 devstack@placement-api.service[113167]: DEBUG placement.objects.research_context [req-d07b3951-2465-48e3-8c6e-3449fb5a22d0 req-0f450df8-01b3-4c43-a7dd-da7740268804 service placement] found 2 providers with available 1024 MEMORY_MB {{(pid=113167) get_provider_ids_matching /opt/stack/placement/placement/objects/research_context.py:549}}
Oct 13 14:15:39.264695 n-d-806683-15 devstack@placement-api.service[113167]: DEBUG placement.objects.research_context [req-d07b3951-2465-48e3-8c6e-3449fb5a22d0 req-0f450df8-01b3-4c43-a7dd-da7740268804 service placement] found 2 providers after filtering by previous result {{(pid=113167) get_provider_ids_matching /opt/stack/placement/placement/objects/research_context.py:580}}
Oct 13 14:15:39.264695 n-d-806683-15 devstack@placement-api.service[113167]: DEBUG placement.objects.research_context [req-d07b3951-2465-48e3-8c6e-3449fb5a22d0 req-0f450df8-01b3-4c43-a7dd-da7740268804 service placement] found 2 providers with available 1 VCPU {{(pid=113167) get_provider_ids_matching /opt/stack/placement/placement/objects/research_context.py:549}}
Oct 13 14:15:39.264695 n-d-806683-15 devstack@placement-api.service[113167]: DEBUG placement.objects.research_context [req-d07b3951-2465-48e3-8c6e-3449fb5a22d0 req-0f450df8-01b3-4c43-a7dd-da7740268804 service placement] found 2 providers after filtering by previous result {{(pid=113167) get_provider_ids_matching /opt/stack/placement/placement/objects/research_context.py:580}}
Oct 13 14:15:39.275729 n-d-806683-15 devstack@placement-api.service[113167]: DEBUG placement.objects.allocation_candidate [req-d07b3951-2465-48e3-8c6e-3449fb5a22d0 req-0f450df8-01b3-4c43-a7dd-da7740268804 service placement] RequestGroup(use_same_provider=False, resources={DISK_GB:1, MEMORY_MB:1024, VCPU:1}, traits=[], aggregates=[]) (suffix '') returned 2 matches {{(pid=113167) _get_by_requests /opt/stack/placement/placement/objects/allocation_candidate.py:145}}
Oct 13 14:15:39.276826 n-d-806683-15 devstack@placement-api.service[113167]: DEBUG placement.objects.allocation_candidate [req-d07b3951-2465-48e3-8c6e-3449fb5a22d0 req-0f450df8-01b3-4c43-a7dd-da7740268804 service placement] Merging candidates yields 2 allocation requests and 2 provider summaries {{(pid=113167) _merge_candidates /opt/stack/placement/placement/objects/allocation_candidate.py:783}}
Oct 13 14:15:39.279211 n-d-806683-15 devstack@placement-api.service[113167]: INFO placement.requestlog [req-d07b3951-2465-48e3-8c6e-3449fb5a22d0 req-0f450df8-01b3-4c43-a7dd-da7740268804 service placement] 10.222.0.18 "GET /placement/allocation_candidates?limit=1000&resources=DISK_GB%3A1%2CMEMORY_MB%3A1024%2CVCPU%3A1&root_required=%21COMPUTE_STATUS_DISABLED" status: 200 len: 1309 microversion: 1.36
Oct 13 14:15:39.279851 n-d-806683-15 devstack@placement-api.service[113167]: [pid: 113167|app: 0|req: 328/648] 10.222.0.18 () {60 vars in 1506 bytes} [Wed Oct 13 14:15:39 2021] GET /placement/allocation_candidates?limit=1000&resources=DISK_GB%3A1%2CMEMORY_MB%3A1024%2CVCPU%3A1&root_required=%21COMPUTE_STATUS_DISABLED => generated 1309 bytes in 127 msecs (HTTP/1.1 200) 8 headers in 297 bytes (1 switches on core 0)
Oct 13 14:15:39.337940 n-d-806683-15 devstack@placement-api.service[113166]: DEBUG placement.requestlog [req-d07b3951-2465-48e3-8c6e-3449fb5a22d0 req-848df3ad-9717-4913-a905-b3b0b96aca53 None None] Starting request: 10.222.0.18 "GET /placement/allocations/042113a6-cd39-4f44-b92a-b8d206d0f749" {{(pid=113166) __call__ /opt/stack/placement/placement/requestlog.py:55}}
Oct 13 14:15:39.352303 n-d-806683-15 devstack@placement-api.service[113166]: INFO placement.requestlog [req-d07b3951-2465-48e3-8c6e-3449fb5a22d0 req-848df3ad-9717-4913-a905-b3b0b96aca53 service placement] 10.222.0.18 "GET /placement/allocations/042113a6-cd39-4f44-b92a-b8d206d0f749" status: 200 len: 19 microversion: 1.28
Oct 13 14:15:39.356791 n-d-806683-15 devstack@placement-api.service[113166]: [pid: 113166|app: 0|req: 321/649] 10.222.0.18 () {60 vars in 1380 bytes} [Wed Oct 13 14:15:39 2021] GET /placement/allocations/042113a6-cd39-4f44-b92a-b8d206d0f749 => generated 19 bytes in 19 msecs (HTTP/1.1 200) 8 headers in 295 bytes (1 switches on core 0)
Oct 13 14:15:39.360187 n-d-806683-15 devstack@placement-api.service[113167]: DEBUG placement.requestlog [req-d07b3951-2465-48e3-8c6e-3449fb5a22d0 req-ff4effb2-16a5-4414-a05f-440d4f4fad2f None None] Starting request: 10.222.0.18 "PUT /placement/allocations/042113a6-cd39-4f44-b92a-b8d206d0f749" {{(pid=113167) __call__ /opt/stack/placement/placement/requestlog.py:55}}
Oct 13 14:15:39.806804 n-d-806683-15 devstack@placement-api.service[113167]: DEBUG placement.handlers.allocation [req-d07b3951-2465-48e3-8c6e-3449fb5a22d0 req-ff4effb2-16a5-4414-a05f-440d4f4fad2f service placement] Successfully wrote allocations [, , ] {{(pid=113167) _update_consumers_and_create_allocations /opt/stack/placement/placement/handlers/allocation.py:462}}
Oct 13 14:15:39.884089 n-d-806683-15 devstack@placement-api.service[113167]: INFO placement.requestlog [req-d07b3951-2465-48e3-8c6e-3449fb5a22d0 req-ff4effb2-16a5-4414-a05f-440d4f4fad2f service placement] 10.222.0.18 "PUT /placement/allocations/042113a6-cd39-4f44-b92a-b8d206d0f749" status: 204 len: 0 microversion: 1.36
Oct 13 14:15:39.884089 n-d-806683-15 devstack@placement-api.service[113167]: [pid: 113167|app: 0|req: 329/650] 10.222.0.18 () {64 vars in 1433 bytes} [Wed Oct 13 14:15:39 2021] PUT /placement/allocations/042113a6-cd39-4f44-b92a-b8d206d0f749 => generated 0 bytes in 520 msecs (HTTP/1.1 204) 5 headers in 199 bytes (1 switches on core 0)
Oct 13 14:15:41.307350 n-d-806683-15 devstack@placement-api.service[113166]: DEBUG placement.requestlog [req-d07b3951-2465-48e3-8c6e-3449fb5a22d0 req-281c0feb-712b-4b0b-b0bc-c6fd45801d14 None None] Starting request: 10.222.0.41 "GET /placement/allocations/042113a6-cd39-4f44-b92a-b8d206d0f749" {{(pid=113166) __call__ /opt/stack/placement/placement/requestlog.py:55}}
Oct 13 14:15:41.341987 n-d-806683-15 devstack@placement-api.service[113166]: INFO placement.requestlog [req-d07b3951-2465-48e3-8c6e-3449fb5a22d0 req-281c0feb-712b-4b0b-b0bc-c6fd45801d14 service placement] 10.222.0.41 "GET /placement/allocations/042113a6-cd39-4f44-b92a-b8d206d0f749" status: 200 len: 259 microversion: 1.28
Oct 13 14:15:41.343260 n-d-806683-15 devstack@placement-api.service[113166]: [pid: 113166|app: 0|req: 322/651] 10.222.0.41 () {60 vars in 1377 bytes} [Wed Oct 13 14:15:41 2021] GET /placement/allocations/042113a6-cd39-4f44-b92a-b8d206d0f749 => generated 259 bytes in 36 msecs (HTTP/1.1 200) 8 headers in 296 bytes (1 switches on core 0)
Oct 13 14:15:42.739261 n-d-806683-15 devstack@placement-api.service[113167]: DEBUG placement.requestlog [req-ac83fbc0-c3aa-46af-9dde-ff89840c82cc req-2c987e4b-be71-49fe-a918-3997204cb917 None None] Starting request: 10.222.0.18 "GET /placement/allocation_candidates?limit=1000&resources=DISK_GB%3A1%2CMEMORY_MB%3A1024%2CVCPU%3A1&root_required=%21COMPUTE_STATUS_DISABLED" {{(pid=113167) __call__ /opt/stack/placement/placement/requestlog.py:55}}
Oct 13 14:15:42.813528 n-d-806683-15 devstack@placement-api.service[113167]: DEBUG placement.objects.research_context [req-ac83fbc0-c3aa-46af-9dde-ff89840c82cc req-2c987e4b-be71-49fe-a918-3997204cb917 service placement] getting providers with 1 DISK_GB {{(pid=113167) __init__ /opt/stack/placement/placement/objects/research_context.py:126}}
Oct 13 14:15:42.820005 n-d-806683-15 devstack@placement-api.service[113167]: DEBUG placement.objects.research_context [req-ac83fbc0-c3aa-46af-9dde-ff89840c82cc req-2c987e4b-be71-49fe-a918-3997204cb917 service placement] getting providers with 1024 MEMORY_MB {{(pid=113167) __init__ /opt/stack/placement/placement/objects/research_context.py:126}}
Oct 13 14:15:42.829632 n-d-806683-15 devstack@placement-api.service[113167]: DEBUG placement.objects.research_context [req-ac83fbc0-c3aa-46af-9dde-ff89840c82cc req-2c987e4b-be71-49fe-a918-3997204cb917 service placement] getting providers with 1 VCPU {{(pid=113167) __init__ /opt/stack/placement/placement/objects/research_context.py:126}}
Oct 13 14:15:42.835884 n-d-806683-15 devstack@placement-api.service[113167]: DEBUG placement.objects.research_context [req-ac83fbc0-c3aa-46af-9dde-ff89840c82cc req-2c987e4b-be71-49fe-a918-3997204cb917 service placement] found 2 providers with available 1 DISK_GB {{(pid=113167) get_provider_ids_matching /opt/stack/placement/placement/objects/research_context.py:549}}
Oct 13 14:15:42.836349 n-d-806683-15 devstack@placement-api.service[113167]: DEBUG placement.objects.research_context [req-ac83fbc0-c3aa-46af-9dde-ff89840c82cc req-2c987e4b-be71-49fe-a918-3997204cb917 service placement] found 2 providers with available 1024 MEMORY_MB {{(pid=113167) get_provider_ids_matching /opt/stack/placement/placement/objects/research_context.py:549}}
Oct 13 14:15:42.836846 n-d-806683-15 devstack@placement-api.service[113167]: DEBUG placement.objects.research_context [req-ac83fbc0-c3aa-46af-9dde-ff89840c82cc req-2c987e4b-be71-49fe-a918-3997204cb917 service placement] found 2 providers after filtering by previous result {{(pid=113167) get_provider_ids_matching /opt/stack/placement/placement/objects/research_context.py:580}}
Oct 13 14:15:42.837376 n-d-806683-15 devstack@placement-api.service[113167]: DEBUG placement.objects.research_context [req-ac83fbc0-c3aa-46af-9dde-ff89840c82cc req-2c987e4b-be71-49fe-a918-3997204cb917 service placement] found 2 providers with available 1 VCPU {{(pid=113167) get_provider_ids_matching /opt/stack/placement/placement/objects/research_context.py:549}}
Oct 13 14:15:42.837993 n-d-806683-15 devstack@placement-api.service[113167]: DEBUG placement.objects.research_context [req-ac83fbc0-c3aa-46af-9dde-ff89840c82cc req-2c987e4b-be71-49fe-a918-3997204cb917 service placement] found 2 providers after filtering by previous result {{(pid=113167) get_provider_ids_matching /opt/stack/placement/placement/objects/research_context.py:580}}
Oct 13 14:15:42.851719 n-d-806683-15 devstack@placement-api.service[113167]: DEBUG placement.objects.allocation_candidate [req-ac83fbc0-c3aa-46af-9dde-ff89840c82cc req-2c987e4b-be71-49fe-a918-3997204cb917 service placement] RequestGroup(use_same_provider=False, resources={DISK_GB:1, MEMORY_MB:1024, VCPU:1}, traits=[], aggregates=[]) (suffix '') returned 2 matches {{(pid=113167) _get_by_requests /opt/stack/placement/placement/objects/allocation_candidate.py:145}}
Oct 13 14:15:42.852779 n-d-806683-15 devstack@placement-api.service[113167]: DEBUG placement.objects.allocation_candidate [req-ac83fbc0-c3aa-46af-9dde-ff89840c82cc req-2c987e4b-be71-49fe-a918-3997204cb917 service placement] Merging candidates yields 2 allocation requests and 2 provider summaries {{(pid=113167) _merge_candidates /opt/stack/placement/placement/objects/allocation_candidate.py:783}}
Oct 13 14:15:42.856170 n-d-806683-15 devstack@placement-api.service[113167]: INFO placement.requestlog [req-ac83fbc0-c3aa-46af-9dde-ff89840c82cc req-2c987e4b-be71-49fe-a918-3997204cb917 service placement] 10.222.0.18 "GET /placement/allocation_candidates?limit=1000&resources=DISK_GB%3A1%2CMEMORY_MB%3A1024%2CVCPU%3A1&root_required=%21COMPUTE_STATUS_DISABLED" status: 200 len: 1309 microversion: 1.36
Oct 13 14:15:42.857322 n-d-806683-15 devstack@placement-api.service[113167]: [pid: 113167|app: 0|req: 330/652] 10.222.0.18 () {60 vars in 1506 bytes} [Wed Oct 13 14:15:42 2021] GET /placement/allocation_candidates?limit=1000&resources=DISK_GB%3A1%2CMEMORY_MB%3A1024%2CVCPU%3A1&root_required=%21COMPUTE_STATUS_DISABLED => generated 1309 bytes in 118 msecs (HTTP/1.1 200) 8 headers in 297 bytes (1 switches on core 0)
Oct 13 14:15:42.945024 n-d-806683-15 devstack@placement-api.service[113166]: DEBUG placement.requestlog [req-ac83fbc0-c3aa-46af-9dde-ff89840c82cc req-a186d627-fdee-4c85-8f89-2fddf512c380 None None] Starting request: 10.222.0.18 "GET /placement/allocations/11e06e9d-bd8e-4f5d-a317-5f073d35df39" {{(pid=113166) __call__ /opt/stack/placement/placement/requestlog.py:55}}
Oct 13 14:15:42.963929 n-d-806683-15 devstack@placement-api.service[113166]: INFO placement.requestlog [req-ac83fbc0-c3aa-46af-9dde-ff89840c82cc req-a186d627-fdee-4c85-8f89-2fddf512c380 service placement] 10.222.0.18 "GET /placement/allocations/11e06e9d-bd8e-4f5d-a317-5f073d35df39" status: 200 len: 19 microversion: 1.28
Oct 13 14:15:42.964482 n-d-806683-15 devstack@placement-api.service[113166]: [pid: 113166|app: 0|req: 323/653] 10.222.0.18 () {60 vars in 1380 bytes} [Wed Oct 13 14:15:42 2021] GET /placement/allocations/11e06e9d-bd8e-4f5d-a317-5f073d35df39 => generated 19 bytes in 20 msecs (HTTP/1.1 200) 8 headers in 295 bytes (1 switches on core 0)
Oct 13 14:15:42.988623 n-d-806683-15 devstack@placement-api.service[113167]: DEBUG placement.requestlog [req-ac83fbc0-c3aa-46af-9dde-ff89840c82cc req-fa70906c-af61-4a54-b55e-f82808d2d260 None None] Starting request: 10.222.0.18 "PUT /placement/allocations/11e06e9d-bd8e-4f5d-a317-5f073d35df39" {{(pid=113167) __call__ /opt/stack/placement/placement/requestlog.py:55}}
Oct 13 14:15:43.388164 n-d-806683-15 devstack@placement-api.service[113167]: DEBUG placement.handlers.allocation [req-ac83fbc0-c3aa-46af-9dde-ff89840c82cc req-fa70906c-af61-4a54-b55e-f82808d2d260 service placement] Successfully wrote allocations [, , ] {{(pid=113167) _update_consumers_and_create_allocations /opt/stack/placement/placement/handlers/allocation.py:462}}
Oct 13 14:15:43.484097 n-d-806683-15 devstack@placement-api.service[113167]: INFO placement.requestlog [req-ac83fbc0-c3aa-46af-9dde-ff89840c82cc req-fa70906c-af61-4a54-b55e-f82808d2d260 service placement] 10.222.0.18 "PUT /placement/allocations/11e06e9d-bd8e-4f5d-a317-5f073d35df39" status: 204 len: 0 microversion: 1.36
Oct 13 14:15:43.484654 n-d-806683-15 devstack@placement-api.service[113167]: [pid: 113167|app: 0|req: 331/654] 10.222.0.18 () {64 vars in 1433 bytes} [Wed Oct 13 14:15:42 2021] PUT /placement/allocations/11e06e9d-bd8e-4f5d-a317-5f073d35df39 => generated 0 bytes in 496 msecs (HTTP/1.1 204) 5 headers in 199 bytes (2 switches on core 0)
Oct 13 14:15:44.704089 n-d-806683-15 devstack@placement-api.service[113166]: DEBUG placement.requestlog [req-ac83fbc0-c3aa-46af-9dde-ff89840c82cc req-b8cbc357-83d0-413a-9edf-55e51ba55910 None None] Starting request: 10.222.0.49 "GET /placement/allocations/11e06e9d-bd8e-4f5d-a317-5f073d35df39" {{(pid=113166) __call__ /opt/stack/placement/placement/requestlog.py:55}}
Oct 13 14:15:44.723300 n-d-806683-15 devstack@placement-api.service[113166]: INFO placement.requestlog [req-ac83fbc0-c3aa-46af-9dde-ff89840c82cc req-b8cbc357-83d0-413a-9edf-55e51ba55910 service placement] 10.222.0.49 "GET /placement/allocations/11e06e9d-bd8e-4f5d-a317-5f073d35df39" status: 200 len: 259 microversion: 1.28
Oct 13 14:15:44.723875 n-d-806683-15 devstack@placement-api.service[113166]: [pid: 113166|app: 0|req: 324/655] 10.222.0.49 () {60 vars in 1377 bytes} [Wed Oct 13 14:15:44 2021] GET /placement/allocations/11e06e9d-bd8e-4f5d-a317-5f073d35df39 => generated 259 bytes in 20 msecs (HTTP/1.1 200) 8 headers in 296 bytes (1 switches on core 0)
Oct 13 14:15:48.806768 n-d-806683-15 devstack@placement-api.service[113167]: DEBUG placement.requestlog [req-8bcf03ea-57cc-4e94-8f7e-a0dd01f4a590 req-6f3a4875-061d-4f22-bfe4-446baa611a07 None None] Starting request: 10.222.0.18 "GET /placement/allocation_candidates?limit=1000&resources=DISK_GB%3A1%2CMEMORY_MB%3A1024%2CVCPU%3A1&root_required=%21COMPUTE_STATUS_DISABLED" {{(pid=113167) __call__ /opt/stack/placement/placement/requestlog.py:55}}
Oct 13 14:15:48.857406 n-d-806683-15 devstack@placement-api.service[113167]: DEBUG placement.objects.research_context [req-8bcf03ea-57cc-4e94-8f7e-a0dd01f4a590 req-6f3a4875-061d-4f22-bfe4-446baa611a07 service placement] getting providers with 1 DISK_GB {{(pid=113167) __init__ /opt/stack/placement/placement/objects/research_context.py:126}}
Oct 13 14:15:48.863814 n-d-806683-15 devstack@placement-api.service[113167]: DEBUG placement.objects.research_context [req-8bcf03ea-57cc-4e94-8f7e-a0dd01f4a590 req-6f3a4875-061d-4f22-bfe4-446baa611a07 service placement] getting providers with 1024 MEMORY_MB {{(pid=113167) __init__ /opt/stack/placement/placement/objects/research_context.py:126}}
Oct 13 14:15:48.874833 n-d-806683-15 devstack@placement-api.service[113167]: DEBUG placement.objects.research_context [req-8bcf03ea-57cc-4e94-8f7e-a0dd01f4a590 req-6f3a4875-061d-4f22-bfe4-446baa611a07 service placement] getting providers with 1 VCPU {{(pid=113167) __init__ /opt/stack/placement/placement/objects/research_context.py:126}}
Oct 13 14:15:48.885664 n-d-806683-15 devstack@placement-api.service[113167]: DEBUG placement.objects.research_context [req-8bcf03ea-57cc-4e94-8f7e-a0dd01f4a590 req-6f3a4875-061d-4f22-bfe4-446baa611a07 service placement] found 2 providers with available 1 DISK_GB {{(pid=113167) get_provider_ids_matching /opt/stack/placement/placement/objects/research_context.py:549}}
Oct 13 14:15:48.885664 n-d-806683-15 devstack@placement-api.service[113167]: DEBUG placement.objects.research_context [req-8bcf03ea-57cc-4e94-8f7e-a0dd01f4a590 req-6f3a4875-061d-4f22-bfe4-446baa611a07 service placement] found 2 providers with available 1024 MEMORY_MB {{(pid=113167) get_provider_ids_matching /opt/stack/placement/placement/objects/research_context.py:549}}
Oct 13 14:15:48.885664 n-d-806683-15 devstack@placement-api.service[113167]: DEBUG placement.objects.research_context [req-8bcf03ea-57cc-4e94-8f7e-a0dd01f4a590 req-6f3a4875-061d-4f22-bfe4-446baa611a07 service placement] found 2 providers after filtering by previous result {{(pid=113167) get_provider_ids_matching /opt/stack/placement/placement/objects/research_context.py:580}}
Oct 13 14:15:48.885664 n-d-806683-15 devstack@placement-api.service[113167]: DEBUG placement.objects.research_context [req-8bcf03ea-57cc-4e94-8f7e-a0dd01f4a590 req-6f3a4875-061d-4f22-bfe4-446baa611a07 service placement] found 2 providers with available 1 VCPU {{(pid=113167) get_provider_ids_matching /opt/stack/placement/placement/objects/research_context.py:549}}
Oct 13 14:15:48.885664 n-d-806683-15 devstack@placement-api.service[113167]: DEBUG placement.objects.research_context [req-8bcf03ea-57cc-4e94-8f7e-a0dd01f4a590 req-6f3a4875-061d-4f22-bfe4-446baa611a07 service placement] found 2 providers after filtering by previous result {{(pid=113167) get_provider_ids_matching /opt/stack/placement/placement/objects/research_context.py:580}}
Oct 13 14:15:48.897163 n-d-806683-15 devstack@placement-api.service[113167]: DEBUG placement.objects.allocation_candidate [req-8bcf03ea-57cc-4e94-8f7e-a0dd01f4a590 req-6f3a4875-061d-4f22-bfe4-446baa611a07 service placement] RequestGroup(use_same_provider=False, resources={DISK_GB:1, MEMORY_MB:1024, VCPU:1}, traits=[], aggregates=[]) (suffix '') returned 2 matches {{(pid=113167) _get_by_requests /opt/stack/placement/placement/objects/allocation_candidate.py:145}}
Oct 13 14:15:48.897654 n-d-806683-15 devstack@placement-api.service[113167]: DEBUG placement.objects.allocation_candidate [req-8bcf03ea-57cc-4e94-8f7e-a0dd01f4a590 req-6f3a4875-061d-4f22-bfe4-446baa611a07 service placement] Merging candidates yields 2 allocation requests and 2 provider summaries {{(pid=113167) _merge_candidates /opt/stack/placement/placement/objects/allocation_candidate.py:783}}
Oct 13 14:15:48.899395 n-d-806683-15 devstack@placement-api.service[113167]: INFO placement.requestlog [req-8bcf03ea-57cc-4e94-8f7e-a0dd01f4a590 req-6f3a4875-061d-4f22-bfe4-446baa611a07 service placement] 10.222.0.18 "GET /placement/allocation_candidates?limit=1000&resources=DISK_GB%3A1%2CMEMORY_MB%3A1024%2CVCPU%3A1&root_required=%21COMPUTE_STATUS_DISABLED" status: 200 len: 1309 microversion: 1.36
Oct 13 14:15:48.899705 n-d-806683-15 devstack@placement-api.service[113167]: [pid: 113167|app: 0|req: 332/656] 10.222.0.18 () {60 vars in 1506 bytes} [Wed Oct 13 14:15:48 2021] GET /placement/allocation_candidates?limit=1000&resources=DISK_GB%3A1%2CMEMORY_MB%3A1024%2CVCPU%3A1&root_required=%21COMPUTE_STATUS_DISABLED => generated 1309 bytes in 94 msecs (HTTP/1.1 200) 8 headers in 297 bytes (2 switches on core 0)
Oct 13 14:15:48.984944 n-d-806683-15 devstack@placement-api.service[113166]: DEBUG placement.requestlog [req-8bcf03ea-57cc-4e94-8f7e-a0dd01f4a590 req-2588c2c3-bb7a-4997-8d42-c293eb2465ab None None] Starting request: 10.222.0.18 "GET /placement/allocations/048ba37a-2bdf-46e1-aa2c-1b88729043a9" {{(pid=113166) __call__ /opt/stack/placement/placement/requestlog.py:55}}
Oct 13 14:15:49.027789 n-d-806683-15 devstack@placement-api.service[113166]: INFO placement.requestlog [req-8bcf03ea-57cc-4e94-8f7e-a0dd01f4a590 req-2588c2c3-bb7a-4997-8d42-c293eb2465ab service placement] 10.222.0.18 "GET /placement/allocations/048ba37a-2bdf-46e1-aa2c-1b88729043a9" status: 200 len: 19 microversion: 1.28
Oct 13 14:15:49.029837 n-d-806683-15 devstack@placement-api.service[113166]: [pid: 113166|app: 0|req: 325/657] 10.222.0.18 () {60 vars in 1380 bytes} [Wed Oct 13 14:15:48 2021] GET /placement/allocations/048ba37a-2bdf-46e1-aa2c-1b88729043a9 => generated 19 bytes in 45 msecs (HTTP/1.1 200) 8 headers in 295 bytes (1 switches on core 0)
Oct 13 14:15:49.038174 n-d-806683-15 devstack@placement-api.service[113167]: DEBUG placement.requestlog [req-8bcf03ea-57cc-4e94-8f7e-a0dd01f4a590 req-bbe8bc6e-d265-491a-bcf7-5405ba97a8ff None None] Starting request: 10.222.0.18 "PUT /placement/allocations/048ba37a-2bdf-46e1-aa2c-1b88729043a9" {{(pid=113167) __call__ /opt/stack/placement/placement/requestlog.py:55}}
Oct 13 14:15:49.385865 n-d-806683-15 devstack@placement-api.service[113167]: DEBUG placement.handlers.allocation [req-8bcf03ea-57cc-4e94-8f7e-a0dd01f4a590 req-bbe8bc6e-d265-491a-bcf7-5405ba97a8ff service placement] Successfully wrote allocations [, , ] {{(pid=113167) _update_consumers_and_create_allocations /opt/stack/placement/placement/handlers/allocation.py:462}}
Oct 13 14:15:49.483055 n-d-806683-15 devstack@placement-api.service[113167]: INFO placement.requestlog [req-8bcf03ea-57cc-4e94-8f7e-a0dd01f4a590 req-bbe8bc6e-d265-491a-bcf7-5405ba97a8ff service placement] 10.222.0.18 "PUT /placement/allocations/048ba37a-2bdf-46e1-aa2c-1b88729043a9" status: 204 len: 0 microversion: 1.36
Oct 13 14:15:49.483456 n-d-806683-15 devstack@placement-api.service[113167]: [pid: 113167|app: 0|req: 333/658] 10.222.0.18 () {64 vars in 1433 bytes} [Wed Oct 13 14:15:49 2021] PUT /placement/allocations/048ba37a-2bdf-46e1-aa2c-1b88729043a9 => generated 0 bytes in 445 msecs (HTTP/1.1 204) 5 headers in 199 bytes (1 switches on core 0)
Oct 13 14:15:50.704612 n-d-806683-15 devstack@placement-api.service[113166]: DEBUG placement.requestlog [req-8bcf03ea-57cc-4e94-8f7e-a0dd01f4a590 req-8db67198-175d-46cb-813a-b3620f2d2cdc None None] Starting request: 10.222.0.41 "GET /placement/allocations/048ba37a-2bdf-46e1-aa2c-1b88729043a9" {{(pid=113166) __call__ /opt/stack/placement/placement/requestlog.py:55}}
Oct 13 14:15:50.722955 n-d-806683-15 devstack@placement-api.service[113166]: INFO placement.requestlog [req-8bcf03ea-57cc-4e94-8f7e-a0dd01f4a590 req-8db67198-175d-46cb-813a-b3620f2d2cdc service placement] 10.222.0.41 "GET /placement/allocations/048ba37a-2bdf-46e1-aa2c-1b88729043a9" status: 200 len: 259 microversion: 1.28
Oct 13 14:15:50.722955 n-d-806683-15 devstack@placement-api.service[113166]: [pid: 113166|app: 0|req: 326/659] 10.222.0.41 () {60 vars in 1377 bytes} [Wed Oct 13 14:15:50 2021] GET /placement/allocations/048ba37a-2bdf-46e1-aa2c-1b88729043a9 => generated 259 bytes in 19 msecs (HTTP/1.1 200) 8 headers in 296 bytes (1 switches on core 0)
Oct 13 14:15:52.552632 n-d-806683-15 devstack@placement-api.service[113167]: DEBUG placement.requestlog [req-d4119cd1-f1a3-4ee3-9db9-85d7fbcaab1f req-5283b0b0-f061-494b-a1a8-3f69391d183d None None] Starting request: 10.222.0.41 "DELETE /placement/allocations/fdc87c4d-8b51-4abb-a92e-19ae1d6d9bc8" {{(pid=113167) __call__ /opt/stack/placement/placement/requestlog.py:55}}
Oct 13 14:15:52.835201 n-d-806683-15 devstack@placement-api.service[113167]: DEBUG placement.handlers.allocation [req-d4119cd1-f1a3-4ee3-9db9-85d7fbcaab1f req-5283b0b0-f061-494b-a1a8-3f69391d183d service placement] Successfully deleted allocations [, , ] {{(pid=113167) delete_allocations /opt/stack/placement/placement/handlers/allocation.py:627}}
Oct 13 14:15:52.838719 n-d-806683-15 devstack@placement-api.service[113167]: INFO placement.requestlog [req-d4119cd1-f1a3-4ee3-9db9-85d7fbcaab1f req-5283b0b0-f061-494b-a1a8-3f69391d183d service placement] 10.222.0.41 "DELETE /placement/allocations/fdc87c4d-8b51-4abb-a92e-19ae1d6d9bc8" status: 204 len: 0 microversion: 1.0
Oct 13 14:15:52.840212 n-d-806683-15 devstack@placement-api.service[113167]: [pid: 113167|app: 0|req: 334/660] 10.222.0.41 () {60 vars in 1355 bytes} [Wed Oct 13 14:15:52 2021] DELETE /placement/allocations/fdc87c4d-8b51-4abb-a92e-19ae1d6d9bc8 => generated 0 bytes in 287 msecs (HTTP/1.1 204) 5 headers in 198 bytes (1 switches on core 0)
Oct 13 14:16:05.044179 n-d-806683-15 devstack@placement-api.service[113166]: DEBUG placement.requestlog [None req-72e2f22b-31da-40d2-a8cf-6c7044c19a23 None None] Starting request: 10.222.0.18 "GET /placement/" {{(pid=113166) __call__ /opt/stack/placement/placement/requestlog.py:55}}
Oct 13 14:16:05.045172 n-d-806683-15 devstack@placement-api.service[113166]: INFO placement.requestlog [None req-72e2f22b-31da-40d2-a8cf-6c7044c19a23 None None] 10.222.0.18 "GET /placement/" status: 200 len: 136 microversion: 1.0
Oct 13 14:16:05.045333 n-d-806683-15 devstack@placement-api.service[113166]: [pid: 113166|app: 0|req: 327/661] 10.222.0.18 () {54 vars in 907 bytes} [Wed Oct 13 14:16:05 2021] GET /placement => generated 136 bytes in 1 msecs (HTTP/1.1 200) 6 headers in 224 bytes (2 switches on core 0)
Oct 13 14:16:05.075189 n-d-806683-15 devstack@placement-api.service[113167]: DEBUG placement.requestlog [req-4996d3e6-c7ad-4531-ac3c-89d0c3e5b955 req-b692a1ef-fb07-4c0a-a9e9-0154144fb980 None None] Starting request: 10.222.0.18 "DELETE /placement/allocations/1585aab0-dfe8-42bd-acdf-3bb44ee8f6e1" {{(pid=113167) __call__ /opt/stack/placement/placement/requestlog.py:55}}
