Sep 15 19:51:08.986718 n-d-806626-2 devstack@n-api.service[90372]: INFO nova.api.openstack.requestlog [None req-8c2a582c-2176-4362-8412-cbe7001a979c None None] 10.222.0.41 "POST /compute/v2.1/os-server-external-events" status: 200 len: 183 microversion: 2.1 time: 0.603601
Sep 15 19:51:08.989791 n-d-806626-2 devstack@n-api.service[90372]: [pid: 90372|app: 0|req: 80/175] 10.222.0.41 () {64 vars in 1318 bytes} [Wed Sep 15 19:51:08 2021] POST /compute/v2.1/os-server-external-events => generated 183 bytes in 608 msecs (HTTP/1.1 200) 9 headers in 357 bytes (1 switches on core 0)
Sep 15 19:51:09.071790 n-d-806626-2 devstack@n-api.service[90373]: DEBUG nova.api.openstack.wsgi [None req-bb4913ce-8e72-48f2-ad1d-76bbc3dfc76e tempest-AggregatesAdminTestJSON-517195393 tempest-AggregatesAdminTestJSON-517195393-project] Calling method '>' {{(pid=90373) _process_stack /opt/stack/nova/nova/api/openstack/wsgi.py:513}}
Sep 15 19:51:09.078562 n-d-806626-2 devstack@n-api.service[90373]: DEBUG nova.compute.api [None req-bb4913ce-8e72-48f2-ad1d-76bbc3dfc76e tempest-AggregatesAdminTestJSON-517195393 tempest-AggregatesAdminTestJSON-517195393-project] [instance: 39c7d1f7-a0d1-411a-bccf-90c1a703c0ef] Fetching instance by UUID {{(pid=90373) get /opt/stack/nova/nova/compute/api.py:2810}}
Sep 15 19:51:09.094463 n-d-806626-2 devstack@n-api.service[90373]: DEBUG oslo_concurrency.lockutils [None req-bb4913ce-8e72-48f2-ad1d-76bbc3dfc76e tempest-AggregatesAdminTestJSON-517195393 tempest-AggregatesAdminTestJSON-517195393-project] Lock "b84bded7-e785-45d3-817c-085908ccf3f5" acquired by "nova.context.set_target_cell..get_or_set_cached_cell_and_set_connections" :: waited 0.000s {{(pid=90373) inner /usr/local/lib/python3.8/dist-packages/oslo_concurrency/lockutils.py:355}}
Sep 15 19:51:09.095077 n-d-806626-2 devstack@n-api.service[90373]: DEBUG oslo_concurrency.lockutils [None req-bb4913ce-8e72-48f2-ad1d-76bbc3dfc76e tempest-AggregatesAdminTestJSON-517195393 tempest-AggregatesAdminTestJSON-517195393-project] Lock "b84bded7-e785-45d3-817c-085908ccf3f5" released by "nova.context.set_target_cell..get_or_set_cached_cell_and_set_connections" :: held 0.001s {{(pid=90373) inner /usr/local/lib/python3.8/dist-packages/oslo_concurrency/lockutils.py:367}}
Sep 15 19:51:09.098809 n-d-806626-2 devstack@n-api.service[90373]: DEBUG oslo_concurrency.lockutils [None req-bb4913ce-8e72-48f2-ad1d-76bbc3dfc76e tempest-AggregatesAdminTestJSON-517195393 tempest-AggregatesAdminTestJSON-517195393-project] Lock "b84bded7-e785-45d3-817c-085908ccf3f5" acquired by "nova.context.set_target_cell..get_or_set_cached_cell_and_set_connections" :: waited 0.000s {{(pid=90373) inner /usr/local/lib/python3.8/dist-packages/oslo_concurrency/lockutils.py:355}}
Sep 15 19:51:09.099521 n-d-806626-2 devstack@n-api.service[90373]: DEBUG oslo_concurrency.lockutils [None req-bb4913ce-8e72-48f2-ad1d-76bbc3dfc76e tempest-AggregatesAdminTestJSON-517195393 tempest-AggregatesAdminTestJSON-517195393-project] Lock "b84bded7-e785-45d3-817c-085908ccf3f5" released by "nova.context.set_target_cell..get_or_set_cached_cell_and_set_connections" :: held 0.000s {{(pid=90373) inner /usr/local/lib/python3.8/dist-packages/oslo_concurrency/lockutils.py:367}}
Sep 15 19:51:09.125312 n-d-806626-2 devstack@n-api.service[90372]: DEBUG nova.api.openstack.wsgi [None req-b7bbe7df-f726-4317-a9ff-cb605ff316bd tempest-ServersWithSpecificFlavorTestJSON-321285974 tempest-ServersWithSpecificFlavorTestJSON-321285974-project] Calling method '>' {{(pid=90372) _process_stack /opt/stack/nova/nova/api/openstack/wsgi.py:513}}
Sep 15 19:51:09.126044 n-d-806626-2 devstack@n-api.service[90372]: DEBUG nova.compute.api [None req-b7bbe7df-f726-4317-a9ff-cb605ff316bd tempest-ServersWithSpecificFlavorTestJSON-321285974 tempest-ServersWithSpecificFlavorTestJSON-321285974-project] [instance: d60c6028-009e-4886-a729-1346445c12bb] Fetching instance by UUID {{(pid=90372) get /opt/stack/nova/nova/compute/api.py:2810}}
Sep 15 19:51:09.142143 n-d-806626-2 devstack@n-api.service[90372]: DEBUG oslo_concurrency.lockutils [None req-b7bbe7df-f726-4317-a9ff-cb605ff316bd tempest-ServersWithSpecificFlavorTestJSON-321285974 tempest-ServersWithSpecificFlavorTestJSON-321285974-project] Lock "b84bded7-e785-45d3-817c-085908ccf3f5" acquired by "nova.context.set_target_cell..get_or_set_cached_cell_and_set_connections" :: waited 0.000s {{(pid=90372) inner /usr/local/lib/python3.8/dist-packages/oslo_concurrency/lockutils.py:355}}
Sep 15 19:51:09.142599 n-d-806626-2 devstack@n-api.service[90372]: DEBUG oslo_concurrency.lockutils [None req-b7bbe7df-f726-4317-a9ff-cb605ff316bd tempest-ServersWithSpecificFlavorTestJSON-321285974 tempest-ServersWithSpecificFlavorTestJSON-321285974-project] Lock "b84bded7-e785-45d3-817c-085908ccf3f5" released by "nova.context.set_target_cell..get_or_set_cached_cell_and_set_connections" :: held 0.001s {{(pid=90372) inner /usr/local/lib/python3.8/dist-packages/oslo_concurrency/lockutils.py:367}}
Sep 15 19:51:09.143432 n-d-806626-2 devstack@n-api.service[90372]: DEBUG oslo_concurrency.lockutils [None req-b7bbe7df-f726-4317-a9ff-cb605ff316bd tempest-ServersWithSpecificFlavorTestJSON-321285974 tempest-ServersWithSpecificFlavorTestJSON-321285974-project] Lock "b84bded7-e785-45d3-817c-085908ccf3f5" acquired by "nova.context.set_target_cell..get_or_set_cached_cell_and_set_connections" :: waited 0.000s {{(pid=90372) inner /usr/local/lib/python3.8/dist-packages/oslo_concurrency/lockutils.py:355}}
Sep 15 19:51:09.143870 n-d-806626-2 devstack@n-api.service[90372]: DEBUG oslo_concurrency.lockutils [None req-b7bbe7df-f726-4317-a9ff-cb605ff316bd tempest-ServersWithSpecificFlavorTestJSON-321285974 tempest-ServersWithSpecificFlavorTestJSON-321285974-project] Lock "b84bded7-e785-45d3-817c-085908ccf3f5" released by "nova.context.set_target_cell..get_or_set_cached_cell_and_set_connections" :: held 0.000s {{(pid=90372) inner /usr/local/lib/python3.8/dist-packages/oslo_concurrency/lockutils.py:367}}
Sep 15 19:51:09.836819 n-d-806626-2 devstack@n-api.service[90373]: DEBUG nova.policy [None req-bb4913ce-8e72-48f2-ad1d-76bbc3dfc76e tempest-AggregatesAdminTestJSON-517195393 tempest-AggregatesAdminTestJSON-517195393-project] Policy check for os_compute_api:os-extended-server-attributes failed with credentials {'is_admin': False, 'user_id': '2b8aabad3db84c7d9833476eac27a0f4', 'user_domain_id': 'default', 'system_scope': None, 'domain_id': None, 'project_id': '72b782c74ab149e5ad9d5e0aef108972', 'project_domain_id': 'default', 'roles': ['reader', 'member'], 'is_admin_project': True, 'service_user_id': None, 'service_user_domain_id': None, 'service_project_id': None, 'service_project_domain_id': None, 'service_roles': []} {{(pid=90373) authorize /opt/stack/nova/nova/policy.py:222}}
Sep 15 19:51:09.858367 n-d-806626-2 devstack@n-api.service[90373]: INFO nova.api.openstack.requestlog [None req-bb4913ce-8e72-48f2-ad1d-76bbc3dfc76e tempest-AggregatesAdminTestJSON-517195393 tempest-AggregatesAdminTestJSON-517195393-project] 10.222.0.41 "GET /compute/v2.1/servers/39c7d1f7-a0d1-411a-bccf-90c1a703c0ef" status: 200 len: 1338 microversion: 2.1 time: 0.799700
Sep 15 19:51:09.859107 n-d-806626-2 devstack@n-api.service[90373]: [pid: 90373|app: 0|req: 96/176] 10.222.0.41 () {58 vars in 1236 bytes} [Wed Sep 15 19:51:09 2021] GET /compute/v2.1/servers/39c7d1f7-a0d1-411a-bccf-90c1a703c0ef => generated 1338 bytes in 801 msecs (HTTP/1.1 200) 9 headers in 358 bytes (1 switches on core 0)
Sep 15 19:51:09.896597 n-d-806626-2 devstack@n-api.service[90372]: DEBUG nova.policy [None req-b7bbe7df-f726-4317-a9ff-cb605ff316bd tempest-ServersWithSpecificFlavorTestJSON-321285974 tempest-ServersWithSpecificFlavorTestJSON-321285974-project] Policy check for os_compute_api:os-extended-server-attributes failed with credentials {'is_admin': False, 'user_id': '3b6beb58378042659061a685bb8b6a3e', 'user_domain_id': 'default', 'system_scope': None, 'domain_id': None, 'project_id': 'd12cb591628f4ab0aecce328fd08d68f', 'project_domain_id': 'default', 'roles': ['reader', 'member'], 'is_admin_project': True, 'service_user_id': None, 'service_user_domain_id': None, 'service_project_id': None, 'service_project_domain_id': None, 'service_roles': []} {{(pid=90372) authorize /opt/stack/nova/nova/policy.py:222}}
Sep 15 19:51:09.916766 n-d-806626-2 devstack@n-api.service[90372]: INFO nova.api.openstack.requestlog [None req-b7bbe7df-f726-4317-a9ff-cb605ff316bd tempest-ServersWithSpecificFlavorTestJSON-321285974 tempest-ServersWithSpecificFlavorTestJSON-321285974-project] 10.222.0.41 "GET /compute/v2.1/servers/d60c6028-009e-4886-a729-1346445c12bb" status: 200 len: 1389 microversion: 2.1 time: 0.803324
Sep 15 19:51:09.922403 n-d-806626-2 devstack@n-api.service[90372]: [pid: 90372|app: 0|req: 81/177] 10.222.0.41 () {58 vars in 1236 bytes} [Wed Sep 15 19:51:09 2021] GET /compute/v2.1/servers/d60c6028-009e-4886-a729-1346445c12bb => generated 1389 bytes in 810 msecs (HTTP/1.1 200) 9 headers in 358 bytes (2 switches on core 0)
Sep 15 19:51:10.299417 n-d-806626-2 devstack@n-api.service[90373]: DEBUG nova.api.openstack.wsgi [None req-ea7a541c-5c0e-4b23-895a-08bd20654f37 tempest-KeyPairsV210TestJSON-1228702392 tempest-KeyPairsV210TestJSON-1228702392-project-admin] Action: 'create', calling method: .version_select at 0x7f20cc1e1820>, body: {"keypair": {"name": "tempest-keypair-1320925819", "type": "ssh", "user_id": "830bb3e6a97f451da97c983c9606ff84"}} {{(pid=90373) _process_stack /opt/stack/nova/nova/api/openstack/wsgi.py:511}}
Sep 15 19:51:10.346351 n-d-806626-2 devstack@n-api.service[90373]: DEBUG nova.quota [None req-ea7a541c-5c0e-4b23-895a-08bd20654f37 tempest-KeyPairsV210TestJSON-1228702392 tempest-KeyPairsV210TestJSON-1228702392-project-admin] Getting quotas for project b40dd830ab284db8ba72290aa8c7fb0b. Resources: {'key_pairs'} {{(pid=90373) _get_quotas /opt/stack/nova/nova/quota.py:387}}
Sep 15 19:51:10.352789 n-d-806626-2 devstack@n-api.service[90373]: DEBUG nova.quota [None req-ea7a541c-5c0e-4b23-895a-08bd20654f37 tempest-KeyPairsV210TestJSON-1228702392 tempest-KeyPairsV210TestJSON-1228702392-project-admin] Getting quotas for user 520c26b8847f475a90f196199bae7bb8 and project b40dd830ab284db8ba72290aa8c7fb0b. Resources: {'key_pairs'} {{(pid=90373) _get_quotas /opt/stack/nova/nova/quota.py:377}}
Sep 15 19:51:10.658869 n-d-806626-2 devstack@n-api.service[90373]: DEBUG nova.quota [None req-ea7a541c-5c0e-4b23-895a-08bd20654f37 tempest-KeyPairsV210TestJSON-1228702392 tempest-KeyPairsV210TestJSON-1228702392-project-admin] Getting quotas for project b40dd830ab284db8ba72290aa8c7fb0b. Resources: {'key_pairs'} {{(pid=90373) _get_quotas /opt/stack/nova/nova/quota.py:387}}
Sep 15 19:51:10.665175 n-d-806626-2 devstack@n-api.service[90373]: DEBUG nova.quota [None req-ea7a541c-5c0e-4b23-895a-08bd20654f37 tempest-KeyPairsV210TestJSON-1228702392 tempest-KeyPairsV210TestJSON-1228702392-project-admin] Getting quotas for user 520c26b8847f475a90f196199bae7bb8 and project b40dd830ab284db8ba72290aa8c7fb0b. Resources: {'key_pairs'} {{(pid=90373) _get_quotas /opt/stack/nova/nova/quota.py:377}}
Sep 15 19:51:10.707653 n-d-806626-2 devstack@n-api.service[90373]: INFO nova.api.openstack.requestlog [None req-ea7a541c-5c0e-4b23-895a-08bd20654f37 tempest-KeyPairsV210TestJSON-1228702392 tempest-KeyPairsV210TestJSON-1228702392-project-admin] 10.222.0.41 "POST /compute/v2.1/os-keypairs" status: 201 len: 2320 microversion: 2.10 time: 0.847225
Sep 15 19:51:10.716814 n-d-806626-2 devstack@n-api.service[90373]: [pid: 90373|app: 0|req: 97/178] 10.222.0.41 () {62 vars in 1200 bytes} [Wed Sep 15 19:51:09 2021] POST /compute/v2.1/os-keypairs => generated 2320 bytes in 857 msecs (HTTP/1.1 201) 9 headers in 365 bytes (1 switches on core 0)
Sep 15 19:51:10.731563 n-d-806626-2 devstack@n-api.service[90372]: DEBUG nova.api.openstack.wsgi [None req-b13a8d20-494a-4630-a9c6-d678e9a9f1d3 tempest-KeyPairsV210TestJSON-1228702392 tempest-KeyPairsV210TestJSON-1228702392-project-admin] Action: 'create', calling method: .version_select at 0x7f20cc1efd30>, body: {"keypair": {"name": "tempest-keypair-1797314893", "type": "ssh", "user_id": "830bb3e6a97f451da97c983c9606ff84"}} {{(pid=90372) _process_stack /opt/stack/nova/nova/api/openstack/wsgi.py:511}}
Sep 15 19:51:10.814431 n-d-806626-2 devstack@n-api.service[90372]: DEBUG nova.quota [None req-b13a8d20-494a-4630-a9c6-d678e9a9f1d3 tempest-KeyPairsV210TestJSON-1228702392 tempest-KeyPairsV210TestJSON-1228702392-project-admin] Getting quotas for project b40dd830ab284db8ba72290aa8c7fb0b. Resources: {'key_pairs'} {{(pid=90372) _get_quotas /opt/stack/nova/nova/quota.py:387}}
Sep 15 19:51:10.820402 n-d-806626-2 devstack@n-api.service[90372]: DEBUG nova.quota [None req-b13a8d20-494a-4630-a9c6-d678e9a9f1d3 tempest-KeyPairsV210TestJSON-1228702392 tempest-KeyPairsV210TestJSON-1228702392-project-admin] Getting quotas for user 520c26b8847f475a90f196199bae7bb8 and project b40dd830ab284db8ba72290aa8c7fb0b. Resources: {'key_pairs'} {{(pid=90372) _get_quotas /opt/stack/nova/nova/quota.py:377}}
Sep 15 19:51:11.032775 n-d-806626-2 devstack@n-api.service[90373]: DEBUG nova.api.openstack.wsgi [req-3a7ec72f-976a-46d6-acdd-c689d3d029c7 req-601dcb7b-7154-474b-9778-899b95c6fa59 service nova] Action: 'create', calling method: >, body: {"events": [{"name": "network-changed", "server_uuid": "d60c6028-009e-4886-a729-1346445c12bb", "tag": "78e110dc-17a0-4a25-b87b-3ed07997b134"}]} {{(pid=90373) _process_stack /opt/stack/nova/nova/api/openstack/wsgi.py:511}}
Sep 15 19:51:11.053171 n-d-806626-2 devstack@n-api.service[90373]: /usr/local/lib/python3.8/dist-packages/oslo_policy/policy.py:1022: UserWarning: Policy os_compute_api:os-server-external-events:create failed scope check. The token used to make the request was project scoped but the policy requires ['system'] scope. This behavior may change in the future where using the intended scope is required
Sep 15 19:51:11.053171 n-d-806626-2 devstack@n-api.service[90373]: warnings.warn(msg)
Sep 15 19:51:11.078571 n-d-806626-2 devstack@n-api.service[90373]: DEBUG oslo_concurrency.lockutils [req-3a7ec72f-976a-46d6-acdd-c689d3d029c7 req-601dcb7b-7154-474b-9778-899b95c6fa59 service nova] Lock "b84bded7-e785-45d3-817c-085908ccf3f5" acquired by "nova.context.set_target_cell..get_or_set_cached_cell_and_set_connections" :: waited 0.000s {{(pid=90373) inner /usr/local/lib/python3.8/dist-packages/oslo_concurrency/lockutils.py:355}}
Sep 15 19:51:11.079082 n-d-806626-2 devstack@n-api.service[90373]: DEBUG oslo_concurrency.lockutils [req-3a7ec72f-976a-46d6-acdd-c689d3d029c7 req-601dcb7b-7154-474b-9778-899b95c6fa59 service nova] Lock "b84bded7-e785-45d3-817c-085908ccf3f5" released by "nova.context.set_target_cell..get_or_set_cached_cell_and_set_connections" :: held 0.001s {{(pid=90373) inner /usr/local/lib/python3.8/dist-packages/oslo_concurrency/lockutils.py:367}}
Sep 15 19:51:11.110035 n-d-806626-2 devstack@n-api.service[90372]: DEBUG nova.quota [None req-b13a8d20-494a-4630-a9c6-d678e9a9f1d3 tempest-KeyPairsV210TestJSON-1228702392 tempest-KeyPairsV210TestJSON-1228702392-project-admin] Getting quotas for project b40dd830ab284db8ba72290aa8c7fb0b. Resources: {'key_pairs'} {{(pid=90372) _get_quotas /opt/stack/nova/nova/quota.py:387}}
Sep 15 19:51:11.115372 n-d-806626-2 devstack@n-api.service[90372]: DEBUG nova.quota [None req-b13a8d20-494a-4630-a9c6-d678e9a9f1d3 tempest-KeyPairsV210TestJSON-1228702392 tempest-KeyPairsV210TestJSON-1228702392-project-admin] Getting quotas for user 520c26b8847f475a90f196199bae7bb8 and project b40dd830ab284db8ba72290aa8c7fb0b. Resources: {'key_pairs'} {{(pid=90372) _get_quotas /opt/stack/nova/nova/quota.py:377}}
Sep 15 19:51:11.129979 n-d-806626-2 devstack@n-api.service[90372]: INFO nova.api.openstack.requestlog [None req-b13a8d20-494a-4630-a9c6-d678e9a9f1d3 tempest-KeyPairsV210TestJSON-1228702392 tempest-KeyPairsV210TestJSON-1228702392-project-admin] 10.222.0.41 "POST /compute/v2.1/os-keypairs" status: 201 len: 2320 microversion: 2.10 time: 0.412760
Sep 15 19:51:11.131344 n-d-806626-2 devstack@n-api.service[90372]: [pid: 90372|app: 0|req: 82/179] 10.222.0.41 () {62 vars in 1200 bytes} [Wed Sep 15 19:51:10 2021] POST /compute/v2.1/os-keypairs => generated 2320 bytes in 415 msecs (HTTP/1.1 201) 9 headers in 365 bytes (1 switches on core 0)
Sep 15 19:51:11.135821 n-d-806626-2 devstack@n-api.service[90373]: INFO nova.api.openstack.compute.server_external_events [req-3a7ec72f-976a-46d6-acdd-c689d3d029c7 req-601dcb7b-7154-474b-9778-899b95c6fa59 service nova] Creating event network-changed:78e110dc-17a0-4a25-b87b-3ed07997b134 for instance d60c6028-009e-4886-a729-1346445c12bb on n-h2-806626-2
Sep 15 19:51:11.143229 n-d-806626-2 devstack@n-api.service[90372]: DEBUG nova.api.openstack.wsgi [None req-4394fba1-8cde-4e42-a6b8-30043c6a9ac6 tempest-AggregatesAdminTestJSON-517195393 tempest-AggregatesAdminTestJSON-517195393-project] Calling method '>' {{(pid=90372) _process_stack /opt/stack/nova/nova/api/openstack/wsgi.py:513}}
Sep 15 19:51:11.144022 n-d-806626-2 devstack@n-api.service[90372]: DEBUG nova.compute.api [None req-4394fba1-8cde-4e42-a6b8-30043c6a9ac6 tempest-AggregatesAdminTestJSON-517195393 tempest-AggregatesAdminTestJSON-517195393-project] [instance: 39c7d1f7-a0d1-411a-bccf-90c1a703c0ef] Fetching instance by UUID {{(pid=90372) get /opt/stack/nova/nova/compute/api.py:2810}}
Sep 15 19:51:11.144465 n-d-806626-2 devstack@n-api.service[90373]: INFO nova.api.openstack.requestlog [req-3a7ec72f-976a-46d6-acdd-c689d3d029c7 req-601dcb7b-7154-474b-9778-899b95c6fa59 service nova] 10.222.0.41 "POST /compute/v2.1/os-server-external-events" status: 200 len: 179 microversion: 2.1 time: 0.286496
Sep 15 19:51:11.148059 n-d-806626-2 devstack@n-api.service[90373]: [pid: 90373|app: 0|req: 98/180] 10.222.0.41 () {64 vars in 1318 bytes} [Wed Sep 15 19:51:10 2021] POST /compute/v2.1/os-server-external-events => generated 179 bytes in 292 msecs (HTTP/1.1 200) 9 headers in 357 bytes (1 switches on core 0)
Sep 15 19:51:11.155812 n-d-806626-2 devstack@n-api.service[90372]: DEBUG oslo_concurrency.lockutils [None req-4394fba1-8cde-4e42-a6b8-30043c6a9ac6 tempest-AggregatesAdminTestJSON-517195393 tempest-AggregatesAdminTestJSON-517195393-project] Lock "b84bded7-e785-45d3-817c-085908ccf3f5" acquired by "nova.context.set_target_cell..get_or_set_cached_cell_and_set_connections" :: waited 0.000s {{(pid=90372) inner /usr/local/lib/python3.8/dist-packages/oslo_concurrency/lockutils.py:355}}
Sep 15 19:51:11.156261 n-d-806626-2 devstack@n-api.service[90372]: DEBUG oslo_concurrency.lockutils [None req-4394fba1-8cde-4e42-a6b8-30043c6a9ac6 tempest-AggregatesAdminTestJSON-517195393 tempest-AggregatesAdminTestJSON-517195393-project] Lock "b84bded7-e785-45d3-817c-085908ccf3f5" released by "nova.context.set_target_cell..get_or_set_cached_cell_and_set_connections" :: held 0.001s {{(pid=90372) inner /usr/local/lib/python3.8/dist-packages/oslo_concurrency/lockutils.py:367}}
Sep 15 19:51:11.157338 n-d-806626-2 devstack@n-api.service[90372]: DEBUG oslo_concurrency.lockutils [None req-4394fba1-8cde-4e42-a6b8-30043c6a9ac6 tempest-AggregatesAdminTestJSON-517195393 tempest-AggregatesAdminTestJSON-517195393-project] Lock "b84bded7-e785-45d3-817c-085908ccf3f5" acquired by "nova.context.set_target_cell..get_or_set_cached_cell_and_set_connections" :: waited 0.000s {{(pid=90372) inner /usr/local/lib/python3.8/dist-packages/oslo_concurrency/lockutils.py:355}}
Sep 15 19:51:11.157771 n-d-806626-2 devstack@n-api.service[90372]: DEBUG oslo_concurrency.lockutils [None req-4394fba1-8cde-4e42-a6b8-30043c6a9ac6 tempest-AggregatesAdminTestJSON-517195393 tempest-AggregatesAdminTestJSON-517195393-project] Lock "b84bded7-e785-45d3-817c-085908ccf3f5" released by "nova.context.set_target_cell..get_or_set_cached_cell_and_set_connections" :: held 0.001s {{(pid=90372) inner /usr/local/lib/python3.8/dist-packages/oslo_concurrency/lockutils.py:367}}
Sep 15 19:51:11.164842 n-d-806626-2 devstack@n-api.service[90373]: DEBUG nova.api.openstack.wsgi [None req-32fff4d8-66c8-4f25-acfc-c5b6cac97ebf tempest-ServersWithSpecificFlavorTestJSON-321285974 tempest-ServersWithSpecificFlavorTestJSON-321285974-project] Calling method '>' {{(pid=90373) _process_stack /opt/stack/nova/nova/api/openstack/wsgi.py:513}}
Sep 15 19:51:11.175292 n-d-806626-2 devstack@n-api.service[90373]: DEBUG nova.compute.api [None req-32fff4d8-66c8-4f25-acfc-c5b6cac97ebf tempest-ServersWithSpecificFlavorTestJSON-321285974 tempest-ServersWithSpecificFlavorTestJSON-321285974-project] [instance: d60c6028-009e-4886-a729-1346445c12bb] Fetching instance by UUID {{(pid=90373) get /opt/stack/nova/nova/compute/api.py:2810}}
Sep 15 19:51:11.197743 n-d-806626-2 devstack@n-api.service[90373]: DEBUG oslo_concurrency.lockutils [None req-32fff4d8-66c8-4f25-acfc-c5b6cac97ebf tempest-ServersWithSpecificFlavorTestJSON-321285974 tempest-ServersWithSpecificFlavorTestJSON-321285974-project] Lock "b84bded7-e785-45d3-817c-085908ccf3f5" acquired by "nova.context.set_target_cell..get_or_set_cached_cell_and_set_connections" :: waited 0.000s {{(pid=90373) inner /usr/local/lib/python3.8/dist-packages/oslo_concurrency/lockutils.py:355}}
Sep 15 19:51:11.198251 n-d-806626-2 devstack@n-api.service[90373]: DEBUG oslo_concurrency.lockutils [None req-32fff4d8-66c8-4f25-acfc-c5b6cac97ebf tempest-ServersWithSpecificFlavorTestJSON-321285974 tempest-ServersWithSpecificFlavorTestJSON-321285974-project] Lock "b84bded7-e785-45d3-817c-085908ccf3f5" released by "nova.context.set_target_cell..get_or_set_cached_cell_and_set_connections" :: held 0.001s {{(pid=90373) inner /usr/local/lib/python3.8/dist-packages/oslo_concurrency/lockutils.py:367}}
Sep 15 19:51:11.199645 n-d-806626-2 devstack@n-api.service[90373]: DEBUG oslo_concurrency.lockutils [None req-32fff4d8-66c8-4f25-acfc-c5b6cac97ebf tempest-ServersWithSpecificFlavorTestJSON-321285974 tempest-ServersWithSpecificFlavorTestJSON-321285974-project] Lock "b84bded7-e785-45d3-817c-085908ccf3f5" acquired by "nova.context.set_target_cell..get_or_set_cached_cell_and_set_connections" :: waited 0.000s {{(pid=90373) inner /usr/local/lib/python3.8/dist-packages/oslo_concurrency/lockutils.py:355}}
Sep 15 19:51:11.200086 n-d-806626-2 devstack@n-api.service[90373]: DEBUG oslo_concurrency.lockutils [None req-32fff4d8-66c8-4f25-acfc-c5b6cac97ebf tempest-ServersWithSpecificFlavorTestJSON-321285974 tempest-ServersWithSpecificFlavorTestJSON-321285974-project] Lock "b84bded7-e785-45d3-817c-085908ccf3f5" released by "nova.context.set_target_cell..get_or_set_cached_cell_and_set_connections" :: held 0.001s {{(pid=90373) inner /usr/local/lib/python3.8/dist-packages/oslo_concurrency/lockutils.py:367}}
Sep 15 19:51:11.752045 n-d-806626-2 devstack@n-api.service[90372]: DEBUG nova.policy [None req-4394fba1-8cde-4e42-a6b8-30043c6a9ac6 tempest-AggregatesAdminTestJSON-517195393 tempest-AggregatesAdminTestJSON-517195393-project] Policy check for os_compute_api:os-extended-server-attributes failed with credentials {'is_admin': False, 'user_id': '2b8aabad3db84c7d9833476eac27a0f4', 'user_domain_id': 'default', 'system_scope': None, 'domain_id': None, 'project_id': '72b782c74ab149e5ad9d5e0aef108972', 'project_domain_id': 'default', 'roles': ['reader', 'member'], 'is_admin_project': True, 'service_user_id': None, 'service_user_domain_id': None, 'service_project_id': None, 'service_project_domain_id': None, 'service_roles': []} {{(pid=90372) authorize /opt/stack/nova/nova/policy.py:222}}
Sep 15 19:51:11.766067 n-d-806626-2 devstack@n-api.service[90372]: INFO nova.api.openstack.requestlog [None req-4394fba1-8cde-4e42-a6b8-30043c6a9ac6 tempest-AggregatesAdminTestJSON-517195393 tempest-AggregatesAdminTestJSON-517195393-project] 10.222.0.41 "GET /compute/v2.1/servers/39c7d1f7-a0d1-411a-bccf-90c1a703c0ef" status: 200 len: 1338 microversion: 2.1 time: 0.633381
Sep 15 19:51:11.777423 n-d-806626-2 devstack@n-api.service[90372]: [pid: 90372|app: 0|req: 83/181] 10.222.0.41 () {58 vars in 1236 bytes} [Wed Sep 15 19:51:11 2021] GET /compute/v2.1/servers/39c7d1f7-a0d1-411a-bccf-90c1a703c0ef => generated 1338 bytes in 645 msecs (HTTP/1.1 200) 9 headers in 358 bytes (1 switches on core 0)
Sep 15 19:51:11.790579 n-d-806626-2 devstack@n-api.service[90372]: DEBUG nova.api.openstack.wsgi [None req-f7ff99a0-583b-4db8-abf3-95f6f32100e7 tempest-KeyPairsV210TestJSON-1228702392 tempest-KeyPairsV210TestJSON-1228702392-project-admin] Calling method '.version_select at 0x7f20cc100c10>' {{(pid=90372) _process_stack /opt/stack/nova/nova/api/openstack/wsgi.py:513}}
Sep 15 19:51:11.807915 n-d-806626-2 devstack@n-api.service[90372]: INFO nova.api.openstack.requestlog [None req-f7ff99a0-583b-4db8-abf3-95f6f32100e7 tempest-KeyPairsV210TestJSON-1228702392 tempest-KeyPairsV210TestJSON-1228702392-project-admin] 10.222.0.41 "GET /compute/v2.1/os-keypairs/tempest-keypair-1320925819?user_id=830bb3e6a97f451da97c983c9606ff84" status: 200 len: 706 microversion: 2.10 time: 0.028336
Sep 15 19:51:11.816422 n-d-806626-2 devstack@n-api.service[90372]: [pid: 90372|app: 0|req: 84/182] 10.222.0.41 () {60 vars in 1340 bytes} [Wed Sep 15 19:51:11 2021] GET /compute/v2.1/os-keypairs/tempest-keypair-1320925819?user_id=830bb3e6a97f451da97c983c9606ff84 => generated 706 bytes in 38 msecs (HTTP/1.1 200) 9 headers in 359 bytes (1 switches on core 0)
Sep 15 19:51:11.830571 n-d-806626-2 devstack@n-api.service[90373]: DEBUG nova.policy [None req-32fff4d8-66c8-4f25-acfc-c5b6cac97ebf tempest-ServersWithSpecificFlavorTestJSON-321285974 tempest-ServersWithSpecificFlavorTestJSON-321285974-project] Policy check for os_compute_api:os-extended-server-attributes failed with credentials {'is_admin': False, 'user_id': '3b6beb58378042659061a685bb8b6a3e', 'user_domain_id': 'default', 'system_scope': None, 'domain_id': None, 'project_id': 'd12cb591628f4ab0aecce328fd08d68f', 'project_domain_id': 'default', 'roles': ['reader', 'member'], 'is_admin_project': True, 'service_user_id': None, 'service_user_domain_id': None, 'service_project_id': None, 'service_project_domain_id': None, 'service_roles': []} {{(pid=90373) authorize /opt/stack/nova/nova/policy.py:222}}
Sep 15 19:51:11.833150 n-d-806626-2 devstack@n-api.service[90372]: DEBUG nova.api.openstack.wsgi [None req-fc4e9bf6-948a-40aa-9720-413c8e9732cc tempest-KeyPairsV210TestJSON-1228702392 tempest-KeyPairsV210TestJSON-1228702392-project-admin] Action: 'create', calling method: .version_select at 0x7f20cc1001f0>, body: {"keypair": {"name": "tempest-KeyPairsV210TestJSON-keypair-80595622", "type": "ssh"}} {{(pid=90372) _process_stack /opt/stack/nova/nova/api/openstack/wsgi.py:511}}
Sep 15 19:51:11.843923 n-d-806626-2 devstack@n-api.service[90373]: INFO nova.api.openstack.requestlog [None req-32fff4d8-66c8-4f25-acfc-c5b6cac97ebf tempest-ServersWithSpecificFlavorTestJSON-321285974 tempest-ServersWithSpecificFlavorTestJSON-321285974-project] 10.222.0.41 "GET /compute/v2.1/servers/d60c6028-009e-4886-a729-1346445c12bb" status: 200 len: 1389 microversion: 2.1 time: 0.691190
Sep 15 19:51:11.846441 n-d-806626-2 devstack@n-api.service[90373]: [pid: 90373|app: 0|req: 99/183] 10.222.0.41 () {58 vars in 1236 bytes} [Wed Sep 15 19:51:11 2021] GET /compute/v2.1/servers/d60c6028-009e-4886-a729-1346445c12bb => generated 1389 bytes in 697 msecs (HTTP/1.1 200) 9 headers in 358 bytes (1 switches on core 0)
Sep 15 19:51:11.877624 n-d-806626-2 devstack@n-api.service[90372]: DEBUG nova.quota [None req-fc4e9bf6-948a-40aa-9720-413c8e9732cc tempest-KeyPairsV210TestJSON-1228702392 tempest-KeyPairsV210TestJSON-1228702392-project-admin] Getting quotas for project b40dd830ab284db8ba72290aa8c7fb0b. Resources: {'key_pairs'} {{(pid=90372) _get_quotas /opt/stack/nova/nova/quota.py:387}}
Sep 15 19:51:11.882757 n-d-806626-2 devstack@n-api.service[90372]: DEBUG nova.quota [None req-fc4e9bf6-948a-40aa-9720-413c8e9732cc tempest-KeyPairsV210TestJSON-1228702392 tempest-KeyPairsV210TestJSON-1228702392-project-admin] Getting quotas for user 520c26b8847f475a90f196199bae7bb8 and project b40dd830ab284db8ba72290aa8c7fb0b. Resources: {'key_pairs'} {{(pid=90372) _get_quotas /opt/stack/nova/nova/quota.py:377}}
Sep 15 19:51:12.220646 n-d-806626-2 devstack@n-api.service[90372]: DEBUG nova.quota [None req-fc4e9bf6-948a-40aa-9720-413c8e9732cc tempest-KeyPairsV210TestJSON-1228702392 tempest-KeyPairsV210TestJSON-1228702392-project-admin] Getting quotas for project b40dd830ab284db8ba72290aa8c7fb0b. Resources: {'key_pairs'} {{(pid=90372) _get_quotas /opt/stack/nova/nova/quota.py:387}}
Sep 15 19:51:12.234414 n-d-806626-2 devstack@n-api.service[90372]: DEBUG nova.quota [None req-fc4e9bf6-948a-40aa-9720-413c8e9732cc tempest-KeyPairsV210TestJSON-1228702392 tempest-KeyPairsV210TestJSON-1228702392-project-admin] Getting quotas for user 520c26b8847f475a90f196199bae7bb8 and project b40dd830ab284db8ba72290aa8c7fb0b. Resources: {'key_pairs'} {{(pid=90372) _get_quotas /opt/stack/nova/nova/quota.py:377}}
Sep 15 19:51:12.281982 n-d-806626-2 devstack@n-api.service[90372]: INFO nova.api.openstack.requestlog [None req-fc4e9bf6-948a-40aa-9720-413c8e9732cc tempest-KeyPairsV210TestJSON-1228702392 tempest-KeyPairsV210TestJSON-1228702392-project-admin] 10.222.0.41 "POST /compute/v2.1/os-keypairs" status: 201 len: 2339 microversion: 2.10 time: 0.463203
Sep 15 19:51:12.286994 n-d-806626-2 devstack@n-api.service[90372]: [pid: 90372|app: 0|req: 85/184] 10.222.0.41 () {62 vars in 1199 bytes} [Wed Sep 15 19:51:11 2021] POST /compute/v2.1/os-keypairs => generated 2339 bytes in 469 msecs (HTTP/1.1 201) 9 headers in 365 bytes (1 switches on core 0)
Sep 15 19:51:12.303861 n-d-806626-2 devstack@n-api.service[90373]: DEBUG nova.api.openstack.wsgi [None req-78842712-a4b4-40f1-8f9f-e00cacd4bae0 tempest-KeyPairsV210TestJSON-1228702392 tempest-KeyPairsV210TestJSON-1228702392-project-admin] Calling method '.version_select at 0x7f20cc195e50>' {{(pid=90373) _process_stack /opt/stack/nova/nova/api/openstack/wsgi.py:513}}
Sep 15 19:51:12.322273 n-d-806626-2 devstack@n-api.service[90373]: WARNING oslo_db.sqlalchemy.utils [None req-78842712-a4b4-40f1-8f9f-e00cacd4bae0 tempest-KeyPairsV210TestJSON-1228702392 tempest-KeyPairsV210TestJSON-1228702392-project-admin] Unique keys not in sort_keys. The sorting order may be unstable.
Sep 15 19:51:12.331046 n-d-806626-2 devstack@n-api.service[90373]: WARNING oslo_db.sqlalchemy.utils [None req-78842712-a4b4-40f1-8f9f-e00cacd4bae0 tempest-KeyPairsV210TestJSON-1228702392 tempest-KeyPairsV210TestJSON-1228702392-project-admin] Unique keys not in sort_keys. The sorting order may be unstable.
Sep 15 19:51:12.339750 n-d-806626-2 devstack@n-api.service[90373]: INFO nova.api.openstack.requestlog [None req-78842712-a4b4-40f1-8f9f-e00cacd4bae0 tempest-KeyPairsV210TestJSON-1228702392 tempest-KeyPairsV210TestJSON-1228702392-project-admin] 10.222.0.41 "GET /compute/v2.1/os-keypairs?user_id=830bb3e6a97f451da97c983c9606ff84" status: 200 len: 1114 microversion: 2.10 time: 0.050117
Sep 15 19:51:12.344683 n-d-806626-2 devstack@n-api.service[90373]: [pid: 90373|app: 0|req: 100/185] 10.222.0.41 () {60 vars in 1259 bytes} [Wed Sep 15 19:51:12 2021] GET /compute/v2.1/os-keypairs?user_id=830bb3e6a97f451da97c983c9606ff84 => generated 1114 bytes in 56 msecs (HTTP/1.1 200) 9 headers in 360 bytes (1 switches on core 0)
Sep 15 19:51:12.362601 n-d-806626-2 devstack@n-api.service[90372]: DEBUG nova.api.openstack.wsgi [None req-ad22b72b-415a-44e4-a252-3d2c4a3c246a tempest-KeyPairsV210TestJSON-1228702392 tempest-KeyPairsV210TestJSON-1228702392-project-admin] Calling method '.version_select at 0x7f20cc1003a0>' {{(pid=90372) _process_stack /opt/stack/nova/nova/api/openstack/wsgi.py:513}}
Sep 15 19:51:12.414830 n-d-806626-2 devstack@n-api.service[90372]: INFO nova.api.openstack.requestlog [None req-ad22b72b-415a-44e4-a252-3d2c4a3c246a tempest-KeyPairsV210TestJSON-1228702392 tempest-KeyPairsV210TestJSON-1228702392-project-admin] 10.222.0.41 "DELETE /compute/v2.1/os-keypairs/tempest-KeyPairsV210TestJSON-keypair-80595622" status: 204 len: 0 microversion: 2.10 time: 0.065331
Sep 15 19:51:12.416371 n-d-806626-2 devstack@n-api.service[90372]: [pid: 90372|app: 0|req: 86/186] 10.222.0.41 () {60 vars in 1319 bytes} [Wed Sep 15 19:51:12 2021] DELETE /compute/v2.1/os-keypairs/tempest-KeyPairsV210TestJSON-keypair-80595622 => generated 0 bytes in 68 msecs (HTTP/1.1 204) 9 headers in 365 bytes (1 switches on core 0)
Sep 15 19:51:12.438068 n-d-806626-2 devstack@n-api.service[90373]: DEBUG nova.api.openstack.wsgi [None req-e46f9908-7e70-4232-a307-7cc01a52ef20 tempest-KeyPairsV210TestJSON-1228702392 tempest-KeyPairsV210TestJSON-1228702392-project-admin] Calling method '.version_select at 0x7f20cc164940>' {{(pid=90373) _process_stack /opt/stack/nova/nova/api/openstack/wsgi.py:513}}
Sep 15 19:51:12.490562 n-d-806626-2 devstack@n-api.service[90373]: INFO nova.api.openstack.requestlog [None req-e46f9908-7e70-4232-a307-7cc01a52ef20 tempest-KeyPairsV210TestJSON-1228702392 tempest-KeyPairsV210TestJSON-1228702392-project-admin] 10.222.0.41 "DELETE /compute/v2.1/os-keypairs/tempest-keypair-1797314893?user_id=830bb3e6a97f451da97c983c9606ff84" status: 204 len: 0 microversion: 2.10 time: 0.068618
Sep 15 19:51:12.493047 n-d-806626-2 devstack@n-api.service[90373]: [pid: 90373|app: 0|req: 101/187] 10.222.0.41 () {60 vars in 1343 bytes} [Wed Sep 15 19:51:12 2021] DELETE /compute/v2.1/os-keypairs/tempest-keypair-1797314893?user_id=830bb3e6a97f451da97c983c9606ff84 => generated 0 bytes in 73 msecs (HTTP/1.1 204) 9 headers in 365 bytes (1 switches on core 0)
Sep 15 19:51:12.509155 n-d-806626-2 devstack@n-api.service[90372]: DEBUG nova.api.openstack.wsgi [None req-7d7a3427-70f7-4d1b-954e-894caa93732e tempest-KeyPairsV210TestJSON-1228702392 tempest-KeyPairsV210TestJSON-1228702392-project-admin] Calling method '.version_select at 0x7f20cc1ef1f0>' {{(pid=90372) _process_stack /opt/stack/nova/nova/api/openstack/wsgi.py:513}}
Sep 15 19:51:12.563787 n-d-806626-2 devstack@n-api.service[90372]: INFO nova.api.openstack.requestlog [None req-7d7a3427-70f7-4d1b-954e-894caa93732e tempest-KeyPairsV210TestJSON-1228702392 tempest-KeyPairsV210TestJSON-1228702392-project-admin] 10.222.0.41 "DELETE /compute/v2.1/os-keypairs/tempest-keypair-1320925819?user_id=830bb3e6a97f451da97c983c9606ff84" status: 204 len: 0 microversion: 2.10 time: 0.065842
Sep 15 19:51:12.565081 n-d-806626-2 devstack@n-api.service[90372]: [pid: 90372|app: 0|req: 87/188] 10.222.0.41 () {60 vars in 1343 bytes} [Wed Sep 15 19:51:12 2021] DELETE /compute/v2.1/os-keypairs/tempest-keypair-1320925819?user_id=830bb3e6a97f451da97c983c9606ff84 => generated 0 bytes in 68 msecs (HTTP/1.1 204) 9 headers in 365 bytes (1 switches on core 0)
Sep 15 19:51:12.795224 n-d-806626-2 devstack@n-api.service[90373]: DEBUG nova.api.openstack.wsgi [None req-aafefb09-0e90-4d95-907d-433046cc336a tempest-AggregatesAdminTestJSON-517195393 tempest-AggregatesAdminTestJSON-517195393-project] Calling method '>' {{(pid=90373) _process_stack /opt/stack/nova/nova/api/openstack/wsgi.py:513}}
Sep 15 19:51:12.796362 n-d-806626-2 devstack@n-api.service[90373]: DEBUG nova.compute.api [None req-aafefb09-0e90-4d95-907d-433046cc336a tempest-AggregatesAdminTestJSON-517195393 tempest-AggregatesAdminTestJSON-517195393-project] [instance: 39c7d1f7-a0d1-411a-bccf-90c1a703c0ef] Fetching instance by UUID {{(pid=90373) get /opt/stack/nova/nova/compute/api.py:2810}}
Sep 15 19:51:12.819784 n-d-806626-2 devstack@n-api.service[90373]: DEBUG oslo_concurrency.lockutils [None req-aafefb09-0e90-4d95-907d-433046cc336a tempest-AggregatesAdminTestJSON-517195393 tempest-AggregatesAdminTestJSON-517195393-project] Lock "b84bded7-e785-45d3-817c-085908ccf3f5" acquired by "nova.context.set_target_cell..get_or_set_cached_cell_and_set_connections" :: waited 0.000s {{(pid=90373) inner /usr/local/lib/python3.8/dist-packages/oslo_concurrency/lockutils.py:355}}
Sep 15 19:51:12.820524 n-d-806626-2 devstack@n-api.service[90373]: DEBUG oslo_concurrency.lockutils [None req-aafefb09-0e90-4d95-907d-433046cc336a tempest-AggregatesAdminTestJSON-517195393 tempest-AggregatesAdminTestJSON-517195393-project] Lock "b84bded7-e785-45d3-817c-085908ccf3f5" released by "nova.context.set_target_cell..get_or_set_cached_cell_and_set_connections" :: held 0.001s {{(pid=90373) inner /usr/local/lib/python3.8/dist-packages/oslo_concurrency/lockutils.py:367}}
Sep 15 19:51:12.821850 n-d-806626-2 devstack@n-api.service[90373]: DEBUG oslo_concurrency.lockutils [None req-aafefb09-0e90-4d95-907d-433046cc336a tempest-AggregatesAdminTestJSON-517195393 tempest-AggregatesAdminTestJSON-517195393-project] Lock "b84bded7-e785-45d3-817c-085908ccf3f5" acquired by "nova.context.set_target_cell..get_or_set_cached_cell_and_set_connections" :: waited 0.000s {{(pid=90373) inner /usr/local/lib/python3.8/dist-packages/oslo_concurrency/lockutils.py:355}}
Sep 15 19:51:12.822303 n-d-806626-2 devstack@n-api.service[90373]: DEBUG oslo_concurrency.lockutils [None req-aafefb09-0e90-4d95-907d-433046cc336a tempest-AggregatesAdminTestJSON-517195393 tempest-AggregatesAdminTestJSON-517195393-project] Lock "b84bded7-e785-45d3-817c-085908ccf3f5" released by "nova.context.set_target_cell..get_or_set_cached_cell_and_set_connections" :: held 0.000s {{(pid=90373) inner /usr/local/lib/python3.8/dist-packages/oslo_concurrency/lockutils.py:367}}
Sep 15 19:51:12.871893 n-d-806626-2 devstack@n-api.service[90372]: DEBUG nova.api.openstack.wsgi [None req-1c6b5be1-0a5c-47a1-b7e6-253cfbec5f89 tempest-ServersWithSpecificFlavorTestJSON-321285974 tempest-ServersWithSpecificFlavorTestJSON-321285974-project] Calling method '>' {{(pid=90372) _process_stack /opt/stack/nova/nova/api/openstack/wsgi.py:513}}
Sep 15 19:51:12.875670 n-d-806626-2 devstack@n-api.service[90372]: DEBUG nova.compute.api [None req-1c6b5be1-0a5c-47a1-b7e6-253cfbec5f89 tempest-ServersWithSpecificFlavorTestJSON-321285974 tempest-ServersWithSpecificFlavorTestJSON-321285974-project] [instance: d60c6028-009e-4886-a729-1346445c12bb] Fetching instance by UUID {{(pid=90372) get /opt/stack/nova/nova/compute/api.py:2810}}
Sep 15 19:51:12.901266 n-d-806626-2 devstack@n-api.service[90372]: DEBUG oslo_concurrency.lockutils [None req-1c6b5be1-0a5c-47a1-b7e6-253cfbec5f89 tempest-ServersWithSpecificFlavorTestJSON-321285974 tempest-ServersWithSpecificFlavorTestJSON-321285974-project] Lock "b84bded7-e785-45d3-817c-085908ccf3f5" acquired by "nova.context.set_target_cell..get_or_set_cached_cell_and_set_connections" :: waited 0.000s {{(pid=90372) inner /usr/local/lib/python3.8/dist-packages/oslo_concurrency/lockutils.py:355}}
Sep 15 19:51:12.901266 n-d-806626-2 devstack@n-api.service[90372]: DEBUG oslo_concurrency.lockutils [None req-1c6b5be1-0a5c-47a1-b7e6-253cfbec5f89 tempest-ServersWithSpecificFlavorTestJSON-321285974 tempest-ServersWithSpecificFlavorTestJSON-321285974-project] Lock "b84bded7-e785-45d3-817c-085908ccf3f5" released by "nova.context.set_target_cell..get_or_set_cached_cell_and_set_connections" :: held 0.001s {{(pid=90372) inner /usr/local/lib/python3.8/dist-packages/oslo_concurrency/lockutils.py:367}}
Sep 15 19:51:12.901266 n-d-806626-2 devstack@n-api.service[90372]: DEBUG oslo_concurrency.lockutils [None req-1c6b5be1-0a5c-47a1-b7e6-253cfbec5f89 tempest-ServersWithSpecificFlavorTestJSON-321285974 tempest-ServersWithSpecificFlavorTestJSON-321285974-project] Lock "b84bded7-e785-45d3-817c-085908ccf3f5" acquired by "nova.context.set_target_cell..get_or_set_cached_cell_and_set_connections" :: waited 0.000s {{(pid=90372) inner /usr/local/lib/python3.8/dist-packages/oslo_concurrency/lockutils.py:355}}
Sep 15 19:51:12.901506 n-d-806626-2 devstack@n-api.service[90372]: DEBUG oslo_concurrency.lockutils [None req-1c6b5be1-0a5c-47a1-b7e6-253cfbec5f89 tempest-ServersWithSpecificFlavorTestJSON-321285974 tempest-ServersWithSpecificFlavorTestJSON-321285974-project] Lock "b84bded7-e785-45d3-817c-085908ccf3f5" released by "nova.context.set_target_cell..get_or_set_cached_cell_and_set_connections" :: held 0.000s {{(pid=90372) inner /usr/local/lib/python3.8/dist-packages/oslo_concurrency/lockutils.py:367}}
Sep 15 19:51:13.812318 n-d-806626-2 devstack@n-api.service[90373]: DEBUG nova.policy [None req-aafefb09-0e90-4d95-907d-433046cc336a tempest-AggregatesAdminTestJSON-517195393 tempest-AggregatesAdminTestJSON-517195393-project] Policy check for os_compute_api:os-extended-server-attributes failed with credentials {'is_admin': False, 'user_id': '2b8aabad3db84c7d9833476eac27a0f4', 'user_domain_id': 'default', 'system_scope': None, 'domain_id': None, 'project_id': '72b782c74ab149e5ad9d5e0aef108972', 'project_domain_id': 'default', 'roles': ['reader', 'member'], 'is_admin_project': True, 'service_user_id': None, 'service_user_domain_id': None, 'service_project_id': None, 'service_project_domain_id': None, 'service_roles': []} {{(pid=90373) authorize /opt/stack/nova/nova/policy.py:222}}
Sep 15 19:51:13.846496 n-d-806626-2 devstack@n-api.service[90373]: INFO nova.api.openstack.requestlog [None req-aafefb09-0e90-4d95-907d-433046cc336a tempest-AggregatesAdminTestJSON-517195393 tempest-AggregatesAdminTestJSON-517195393-project] 10.222.0.41 "GET /compute/v2.1/servers/39c7d1f7-a0d1-411a-bccf-90c1a703c0ef" status: 200 len: 1487 microversion: 2.1 time: 1.067631
Sep 15 19:51:13.847583 n-d-806626-2 devstack@n-api.service[90373]: [pid: 90373|app: 0|req: 102/189] 10.222.0.41 () {58 vars in 1236 bytes} [Wed Sep 15 19:51:12 2021] GET /compute/v2.1/servers/39c7d1f7-a0d1-411a-bccf-90c1a703c0ef => generated 1487 bytes in 1069 msecs (HTTP/1.1 200) 9 headers in 358 bytes (1 switches on core 0)
Sep 15 19:51:13.869069 n-d-806626-2 devstack@n-api.service[90373]: DEBUG nova.api.openstack.wsgi [None req-86540820-93ab-41b0-97e5-083deaa7f1d3 tempest-AggregatesAdminTestJSON-402258769 tempest-AggregatesAdminTestJSON-402258769-project-admin] Calling method '>' {{(pid=90373) _process_stack /opt/stack/nova/nova/api/openstack/wsgi.py:513}}
Sep 15 19:51:13.869679 n-d-806626-2 devstack@n-api.service[90373]: DEBUG nova.compute.api [None req-86540820-93ab-41b0-97e5-083deaa7f1d3 tempest-AggregatesAdminTestJSON-402258769 tempest-AggregatesAdminTestJSON-402258769-project-admin] [instance: 39c7d1f7-a0d1-411a-bccf-90c1a703c0ef] Fetching instance by UUID {{(pid=90373) get /opt/stack/nova/nova/compute/api.py:2810}}
Sep 15 19:51:13.894798 n-d-806626-2 devstack@n-api.service[90373]: DEBUG oslo_concurrency.lockutils [None req-86540820-93ab-41b0-97e5-083deaa7f1d3 tempest-AggregatesAdminTestJSON-402258769 tempest-AggregatesAdminTestJSON-402258769-project-admin] Lock "b84bded7-e785-45d3-817c-085908ccf3f5" acquired by "nova.context.set_target_cell..get_or_set_cached_cell_and_set_connections" :: waited 0.000s {{(pid=90373) inner /usr/local/lib/python3.8/dist-packages/oslo_concurrency/lockutils.py:355}}
Sep 15 19:51:13.895357 n-d-806626-2 devstack@n-api.service[90373]: DEBUG oslo_concurrency.lockutils [None req-86540820-93ab-41b0-97e5-083deaa7f1d3 tempest-AggregatesAdminTestJSON-402258769 tempest-AggregatesAdminTestJSON-402258769-project-admin] Lock "b84bded7-e785-45d3-817c-085908ccf3f5" released by "nova.context.set_target_cell..get_or_set_cached_cell_and_set_connections" :: held 0.001s {{(pid=90373) inner /usr/local/lib/python3.8/dist-packages/oslo_concurrency/lockutils.py:367}}
Sep 15 19:51:13.896483 n-d-806626-2 devstack@n-api.service[90373]: DEBUG oslo_concurrency.lockutils [None req-86540820-93ab-41b0-97e5-083deaa7f1d3 tempest-AggregatesAdminTestJSON-402258769 tempest-AggregatesAdminTestJSON-402258769-project-admin] Lock "b84bded7-e785-45d3-817c-085908ccf3f5" acquired by "nova.context.set_target_cell..get_or_set_cached_cell_and_set_connections" :: waited 0.000s {{(pid=90373) inner /usr/local/lib/python3.8/dist-packages/oslo_concurrency/lockutils.py:355}}
Sep 15 19:51:13.896585 n-d-806626-2 devstack@n-api.service[90373]: DEBUG oslo_concurrency.lockutils [None req-86540820-93ab-41b0-97e5-083deaa7f1d3 tempest-AggregatesAdminTestJSON-402258769 tempest-AggregatesAdminTestJSON-402258769-project-admin] Lock "b84bded7-e785-45d3-817c-085908ccf3f5" released by "nova.context.set_target_cell..get_or_set_cached_cell_and_set_connections" :: held 0.000s {{(pid=90373) inner /usr/local/lib/python3.8/dist-packages/oslo_concurrency/lockutils.py:367}}
Sep 15 19:51:13.936856 n-d-806626-2 devstack@n-api.service[90372]: DEBUG nova.policy [None req-1c6b5be1-0a5c-47a1-b7e6-253cfbec5f89 tempest-ServersWithSpecificFlavorTestJSON-321285974 tempest-ServersWithSpecificFlavorTestJSON-321285974-project] Policy check for os_compute_api:os-extended-server-attributes failed with credentials {'is_admin': False, 'user_id': '3b6beb58378042659061a685bb8b6a3e', 'user_domain_id': 'default', 'system_scope': None, 'domain_id': None, 'project_id': 'd12cb591628f4ab0aecce328fd08d68f', 'project_domain_id': 'default', 'roles': ['reader', 'member'], 'is_admin_project': True, 'service_user_id': None, 'service_user_domain_id': None, 'service_project_id': None, 'service_project_domain_id': None, 'service_roles': []} {{(pid=90372) authorize /opt/stack/nova/nova/policy.py:222}}
Sep 15 19:51:13.960015 n-d-806626-2 devstack@n-api.service[90372]: INFO nova.api.openstack.requestlog [None req-1c6b5be1-0a5c-47a1-b7e6-253cfbec5f89 tempest-ServersWithSpecificFlavorTestJSON-321285974 tempest-ServersWithSpecificFlavorTestJSON-321285974-project] 10.222.0.41 "GET /compute/v2.1/servers/d60c6028-009e-4886-a729-1346445c12bb" status: 200 len: 1389 microversion: 2.1 time: 1.103109
Sep 15 19:51:13.960488 n-d-806626-2 devstack@n-api.service[90372]: [pid: 90372|app: 0|req: 88/190] 10.222.0.41 () {58 vars in 1236 bytes} [Wed Sep 15 19:51:12 2021] GET /compute/v2.1/servers/d60c6028-009e-4886-a729-1346445c12bb => generated 1389 bytes in 1104 msecs (HTTP/1.1 200) 9 headers in 358 bytes (2 switches on core 0)
Sep 15 19:51:14.992355 n-d-806626-2 devstack@n-api.service[90372]: DEBUG nova.api.openstack.wsgi [None req-9fc05b65-20f2-4ead-b5e7-f888001010c5 tempest-ServersWithSpecificFlavorTestJSON-321285974 tempest-ServersWithSpecificFlavorTestJSON-321285974-project] Calling method '>' {{(pid=90372) _process_stack /opt/stack/nova/nova/api/openstack/wsgi.py:513}}
Sep 15 19:51:14.993065 n-d-806626-2 devstack@n-api.service[90372]: DEBUG nova.compute.api [None req-9fc05b65-20f2-4ead-b5e7-f888001010c5 tempest-ServersWithSpecificFlavorTestJSON-321285974 tempest-ServersWithSpecificFlavorTestJSON-321285974-project] [instance: d60c6028-009e-4886-a729-1346445c12bb] Fetching instance by UUID {{(pid=90372) get /opt/stack/nova/nova/compute/api.py:2810}}
Sep 15 19:51:15.013989 n-d-806626-2 devstack@n-api.service[90372]: DEBUG oslo_concurrency.lockutils [None req-9fc05b65-20f2-4ead-b5e7-f888001010c5 tempest-ServersWithSpecificFlavorTestJSON-321285974 tempest-ServersWithSpecificFlavorTestJSON-321285974-project] Lock "b84bded7-e785-45d3-817c-085908ccf3f5" acquired by "nova.context.set_target_cell..get_or_set_cached_cell_and_set_connections" :: waited 0.000s {{(pid=90372) inner /usr/local/lib/python3.8/dist-packages/oslo_concurrency/lockutils.py:355}}
Sep 15 19:51:15.022059 n-d-806626-2 devstack@n-api.service[90372]: DEBUG oslo_concurrency.lockutils [None req-9fc05b65-20f2-4ead-b5e7-f888001010c5 tempest-ServersWithSpecificFlavorTestJSON-321285974 tempest-ServersWithSpecificFlavorTestJSON-321285974-project] Lock "b84bded7-e785-45d3-817c-085908ccf3f5" released by "nova.context.set_target_cell..get_or_set_cached_cell_and_set_connections" :: held 0.001s {{(pid=90372) inner /usr/local/lib/python3.8/dist-packages/oslo_concurrency/lockutils.py:367}}
Sep 15 19:51:15.025285 n-d-806626-2 devstack@n-api.service[90372]: DEBUG oslo_concurrency.lockutils [None req-9fc05b65-20f2-4ead-b5e7-f888001010c5 tempest-ServersWithSpecificFlavorTestJSON-321285974 tempest-ServersWithSpecificFlavorTestJSON-321285974-project] Lock "b84bded7-e785-45d3-817c-085908ccf3f5" acquired by "nova.context.set_target_cell..get_or_set_cached_cell_and_set_connections" :: waited 0.000s {{(pid=90372) inner /usr/local/lib/python3.8/dist-packages/oslo_concurrency/lockutils.py:355}}
Sep 15 19:51:15.025952 n-d-806626-2 devstack@n-api.service[90372]: DEBUG oslo_concurrency.lockutils [None req-9fc05b65-20f2-4ead-b5e7-f888001010c5 tempest-ServersWithSpecificFlavorTestJSON-321285974 tempest-ServersWithSpecificFlavorTestJSON-321285974-project] Lock "b84bded7-e785-45d3-817c-085908ccf3f5" released by "nova.context.set_target_cell..get_or_set_cached_cell_and_set_connections" :: held 0.001s {{(pid=90372) inner /usr/local/lib/python3.8/dist-packages/oslo_concurrency/lockutils.py:367}}
Sep 15 19:51:15.503251 n-d-806626-2 devstack@n-api.service[90373]: INFO nova.api.openstack.requestlog [None req-86540820-93ab-41b0-97e5-083deaa7f1d3 tempest-AggregatesAdminTestJSON-402258769 tempest-AggregatesAdminTestJSON-402258769-project-admin] 10.222.0.41 "GET /compute/v2.1/servers/39c7d1f7-a0d1-411a-bccf-90c1a703c0ef" status: 200 len: 1638 microversion: 2.1 time: 1.642602
Sep 15 19:51:15.519072 n-d-806626-2 devstack@n-api.service[90373]: [pid: 90373|app: 0|req: 103/191] 10.222.0.41 () {58 vars in 1236 bytes} [Wed Sep 15 19:51:13 2021] GET /compute/v2.1/servers/39c7d1f7-a0d1-411a-bccf-90c1a703c0ef => generated 1638 bytes in 1659 msecs (HTTP/1.1 200) 9 headers in 358 bytes (2 switches on core 0)
Sep 15 19:51:16.058398 n-d-806626-2 devstack@n-api.service[90373]: DEBUG nova.api.openstack.wsgi [None req-5d0779c6-77fe-4cc5-b1f9-a7c7232da545 tempest-HypervisorAdminTestJSON-1193468014 tempest-HypervisorAdminTestJSON-1193468014-project-admin] Calling method '.version_select at 0x7f20cc2fd040>' {{(pid=90373) _process_stack /opt/stack/nova/nova/api/openstack/wsgi.py:513}}
