Aug 27 11:52:25.792826 n-d-806391-1 devstack@placement-api.service[102364]: DEBUG placement.requestlog [req-6ea6907a-9232-4389-a2ae-a4e3436bb6ed req-8fd01345-5650-4f19-8d0c-75af28f51ea7 None None] Starting request: 10.222.0.67 "GET /placement/allocation_candidates?limit=1000&resources=DISK_GB%3A1%2CMEMORY_MB%3A1024%2CVCPU%3A1&root_required=%21COMPUTE_STATUS_DISABLED" {{(pid=102364) __call__ /opt/stack/placement/placement/requestlog.py:55}}
Aug 27 11:52:25.842975 n-d-806391-1 devstack@placement-api.service[102364]: DEBUG placement.objects.research_context [req-6ea6907a-9232-4389-a2ae-a4e3436bb6ed req-8fd01345-5650-4f19-8d0c-75af28f51ea7 service placement] getting providers with 1 DISK_GB {{(pid=102364) __init__ /opt/stack/placement/placement/objects/research_context.py:126}}
Aug 27 11:52:25.857857 n-d-806391-1 devstack@placement-api.service[102364]: DEBUG placement.objects.research_context [req-6ea6907a-9232-4389-a2ae-a4e3436bb6ed req-8fd01345-5650-4f19-8d0c-75af28f51ea7 service placement] getting providers with 1024 MEMORY_MB {{(pid=102364) __init__ /opt/stack/placement/placement/objects/research_context.py:126}}
Aug 27 11:52:25.861959 n-d-806391-1 devstack@placement-api.service[102363]: DEBUG placement.requestlog [req-d67b6fd1-4166-4235-89cb-575ada79012f req-beec30f6-c91e-48ad-8b91-f14b18551ae8 None None] Starting request: 10.222.0.69 "GET /placement/allocations/7ad95f25-ed7f-410c-be12-276c66f6dc77" {{(pid=102363) __call__ /opt/stack/placement/placement/requestlog.py:55}}
Aug 27 11:52:25.866010 n-d-806391-1 devstack@placement-api.service[102364]: DEBUG placement.objects.research_context [req-6ea6907a-9232-4389-a2ae-a4e3436bb6ed req-8fd01345-5650-4f19-8d0c-75af28f51ea7 service placement] getting providers with 1 VCPU {{(pid=102364) __init__ /opt/stack/placement/placement/objects/research_context.py:126}}
Aug 27 11:52:25.896222 n-d-806391-1 devstack@placement-api.service[102364]: DEBUG placement.objects.research_context [req-6ea6907a-9232-4389-a2ae-a4e3436bb6ed req-8fd01345-5650-4f19-8d0c-75af28f51ea7 service placement] found 2 providers with available 1 DISK_GB {{(pid=102364) get_provider_ids_matching /opt/stack/placement/placement/objects/research_context.py:549}}
Aug 27 11:52:25.898213 n-d-806391-1 devstack@placement-api.service[102364]: DEBUG placement.objects.research_context [req-6ea6907a-9232-4389-a2ae-a4e3436bb6ed req-8fd01345-5650-4f19-8d0c-75af28f51ea7 service placement] found 2 providers with available 1024 MEMORY_MB {{(pid=102364) get_provider_ids_matching /opt/stack/placement/placement/objects/research_context.py:549}}
Aug 27 11:52:25.900212 n-d-806391-1 devstack@placement-api.service[102364]: DEBUG placement.objects.research_context [req-6ea6907a-9232-4389-a2ae-a4e3436bb6ed req-8fd01345-5650-4f19-8d0c-75af28f51ea7 service placement] found 2 providers after filtering by previous result {{(pid=102364) get_provider_ids_matching /opt/stack/placement/placement/objects/research_context.py:580}}
Aug 27 11:52:25.900212 n-d-806391-1 devstack@placement-api.service[102364]: DEBUG placement.objects.research_context [req-6ea6907a-9232-4389-a2ae-a4e3436bb6ed req-8fd01345-5650-4f19-8d0c-75af28f51ea7 service placement] found 2 providers with available 1 VCPU {{(pid=102364) get_provider_ids_matching /opt/stack/placement/placement/objects/research_context.py:549}}
Aug 27 11:52:25.900212 n-d-806391-1 devstack@placement-api.service[102364]: DEBUG placement.objects.research_context [req-6ea6907a-9232-4389-a2ae-a4e3436bb6ed req-8fd01345-5650-4f19-8d0c-75af28f51ea7 service placement] found 2 providers after filtering by previous result {{(pid=102364) get_provider_ids_matching /opt/stack/placement/placement/objects/research_context.py:580}}
Aug 27 11:52:25.905975 n-d-806391-1 devstack@placement-api.service[102363]: INFO placement.requestlog [req-d67b6fd1-4166-4235-89cb-575ada79012f req-beec30f6-c91e-48ad-8b91-f14b18551ae8 service placement] 10.222.0.69 "GET /placement/allocations/7ad95f25-ed7f-410c-be12-276c66f6dc77" status: 200 len: 259 microversion: 1.28
Aug 27 11:52:25.907174 n-d-806391-1 devstack@placement-api.service[102363]: [pid: 102363|app: 0|req: 108/217] 10.222.0.69 () {60 vars in 1378 bytes} [Fri Aug 27 11:52:25 2021] GET /placement/allocations/7ad95f25-ed7f-410c-be12-276c66f6dc77 => generated 259 bytes in 45 msecs (HTTP/1.1 200) 8 headers in 296 bytes (1 switches on core 0)
Aug 27 11:52:25.917437 n-d-806391-1 devstack@placement-api.service[102363]: DEBUG placement.requestlog [req-d67b6fd1-4166-4235-89cb-575ada79012f req-ffbd034c-cd13-4f28-a613-43036cb80d12 None None] Starting request: 10.222.0.69 "PUT /placement/allocations/7ad95f25-ed7f-410c-be12-276c66f6dc77" {{(pid=102363) __call__ /opt/stack/placement/placement/requestlog.py:55}}
Aug 27 11:52:25.922086 n-d-806391-1 devstack@placement-api.service[102364]: DEBUG placement.objects.allocation_candidate [req-6ea6907a-9232-4389-a2ae-a4e3436bb6ed req-8fd01345-5650-4f19-8d0c-75af28f51ea7 service placement] RequestGroup(use_same_provider=False, resources={DISK_GB:1, MEMORY_MB:1024, VCPU:1}, traits=[], aggregates=[]) (suffix '') returned 2 matches {{(pid=102364) _get_by_requests /opt/stack/placement/placement/objects/allocation_candidate.py:145}}
Aug 27 11:52:25.922771 n-d-806391-1 devstack@placement-api.service[102364]: DEBUG placement.objects.allocation_candidate [req-6ea6907a-9232-4389-a2ae-a4e3436bb6ed req-8fd01345-5650-4f19-8d0c-75af28f51ea7 service placement] Merging candidates yields 2 allocation requests and 2 provider summaries {{(pid=102364) _merge_candidates /opt/stack/placement/placement/objects/allocation_candidate.py:783}}
Aug 27 11:52:25.926068 n-d-806391-1 devstack@placement-api.service[102364]: INFO placement.requestlog [req-6ea6907a-9232-4389-a2ae-a4e3436bb6ed req-8fd01345-5650-4f19-8d0c-75af28f51ea7 service placement] 10.222.0.67 "GET /placement/allocation_candidates?limit=1000&resources=DISK_GB%3A1%2CMEMORY_MB%3A1024%2CVCPU%3A1&root_required=%21COMPUTE_STATUS_DISABLED" status: 200 len: 1309 microversion: 1.35
Aug 27 11:52:25.934594 n-d-806391-1 devstack@placement-api.service[102364]: [pid: 102364|app: 0|req: 110/218] 10.222.0.67 () {60 vars in 1507 bytes} [Fri Aug 27 11:52:25 2021] GET /placement/allocation_candidates?limit=1000&resources=DISK_GB%3A1%2CMEMORY_MB%3A1024%2CVCPU%3A1&root_required=%21COMPUTE_STATUS_DISABLED => generated 1309 bytes in 142 msecs (HTTP/1.1 200) 8 headers in 297 bytes (1 switches on core 0)
Aug 27 11:52:26.042781 n-d-806391-1 devstack@placement-api.service[102363]: DEBUG placement.handlers.allocation [req-d67b6fd1-4166-4235-89cb-575ada79012f req-ffbd034c-cd13-4f28-a613-43036cb80d12 service placement] Successfully wrote allocations [, , ] {{(pid=102363) _create_allocations /opt/stack/placement/placement/handlers/allocation.py:461}}
Aug 27 11:52:26.059091 n-d-806391-1 devstack@placement-api.service[102364]: DEBUG placement.requestlog [req-6ea6907a-9232-4389-a2ae-a4e3436bb6ed req-cac5eb81-d562-412a-a7e7-aa838df1ed11 None None] Starting request: 10.222.0.67 "GET /placement/allocations/606e4e0d-4690-4113-abcd-d1e381c20395" {{(pid=102364) __call__ /opt/stack/placement/placement/requestlog.py:55}}
Aug 27 11:52:26.087603 n-d-806391-1 devstack@placement-api.service[102364]: INFO placement.requestlog [req-6ea6907a-9232-4389-a2ae-a4e3436bb6ed req-cac5eb81-d562-412a-a7e7-aa838df1ed11 service placement] 10.222.0.67 "GET /placement/allocations/606e4e0d-4690-4113-abcd-d1e381c20395" status: 200 len: 19 microversion: 1.28
Aug 27 11:52:26.089010 n-d-806391-1 devstack@placement-api.service[102364]: [pid: 102364|app: 0|req: 111/219] 10.222.0.67 () {60 vars in 1381 bytes} [Fri Aug 27 11:52:26 2021] GET /placement/allocations/606e4e0d-4690-4113-abcd-d1e381c20395 => generated 19 bytes in 31 msecs (HTTP/1.1 200) 8 headers in 295 bytes (1 switches on core 0)
Aug 27 11:52:26.114502 n-d-806391-1 devstack@placement-api.service[102364]: DEBUG placement.requestlog [req-6ea6907a-9232-4389-a2ae-a4e3436bb6ed req-ad05f017-8d08-41d6-812f-c5fb83881aa3 None None] Starting request: 10.222.0.67 "PUT /placement/allocations/606e4e0d-4690-4113-abcd-d1e381c20395" {{(pid=102364) __call__ /opt/stack/placement/placement/requestlog.py:55}}
Aug 27 11:52:26.159770 n-d-806391-1 devstack@placement-api.service[102363]: INFO placement.requestlog [req-d67b6fd1-4166-4235-89cb-575ada79012f req-ffbd034c-cd13-4f28-a613-43036cb80d12 service placement] 10.222.0.69 "PUT /placement/allocations/7ad95f25-ed7f-410c-be12-276c66f6dc77" status: 204 len: 0 microversion: 1.28
Aug 27 11:52:26.159949 n-d-806391-1 devstack@placement-api.service[102363]: [pid: 102363|app: 0|req: 109/220] 10.222.0.69 () {64 vars in 1431 bytes} [Fri Aug 27 11:52:25 2021] PUT /placement/allocations/7ad95f25-ed7f-410c-be12-276c66f6dc77 => generated 0 bytes in 244 msecs (HTTP/1.1 204) 5 headers in 199 bytes (1 switches on core 0)
Aug 27 11:52:26.247379 n-d-806391-1 devstack@placement-api.service[102364]: DEBUG placement.handlers.allocation [req-6ea6907a-9232-4389-a2ae-a4e3436bb6ed req-ad05f017-8d08-41d6-812f-c5fb83881aa3 service placement] Successfully wrote allocations [, , ] {{(pid=102364) _create_allocations /opt/stack/placement/placement/handlers/allocation.py:461}}
Aug 27 11:52:26.466322 n-d-806391-1 devstack@placement-api.service[102364]: INFO placement.requestlog [req-6ea6907a-9232-4389-a2ae-a4e3436bb6ed req-ad05f017-8d08-41d6-812f-c5fb83881aa3 service placement] 10.222.0.67 "PUT /placement/allocations/606e4e0d-4690-4113-abcd-d1e381c20395" status: 204 len: 0 microversion: 1.35
Aug 27 11:52:26.467035 n-d-806391-1 devstack@placement-api.service[102364]: [pid: 102364|app: 0|req: 112/221] 10.222.0.67 () {64 vars in 1434 bytes} [Fri Aug 27 11:52:26 2021] PUT /placement/allocations/606e4e0d-4690-4113-abcd-d1e381c20395 => generated 0 bytes in 353 msecs (HTTP/1.1 204) 5 headers in 199 bytes (1 switches on core 0)
Aug 27 11:52:27.825804 n-d-806391-1 devstack@placement-api.service[102363]: DEBUG placement.requestlog [req-6ea6907a-9232-4389-a2ae-a4e3436bb6ed req-d1a913f8-ad47-47cf-bbda-7f0f02563388 None None] Starting request: 10.222.0.69 "GET /placement/allocations/606e4e0d-4690-4113-abcd-d1e381c20395" {{(pid=102363) __call__ /opt/stack/placement/placement/requestlog.py:55}}
Aug 27 11:52:27.848350 n-d-806391-1 devstack@placement-api.service[102363]: INFO placement.requestlog [req-6ea6907a-9232-4389-a2ae-a4e3436bb6ed req-d1a913f8-ad47-47cf-bbda-7f0f02563388 service placement] 10.222.0.69 "GET /placement/allocations/606e4e0d-4690-4113-abcd-d1e381c20395" status: 200 len: 259 microversion: 1.28
Aug 27 11:52:27.851126 n-d-806391-1 devstack@placement-api.service[102363]: [pid: 102363|app: 0|req: 110/222] 10.222.0.69 () {60 vars in 1378 bytes} [Fri Aug 27 11:52:27 2021] GET /placement/allocations/606e4e0d-4690-4113-abcd-d1e381c20395 => generated 259 bytes in 25 msecs (HTTP/1.1 200) 8 headers in 296 bytes (1 switches on core 0)
Aug 27 11:52:29.696012 n-d-806391-1 devstack@placement-api.service[102364]: DEBUG placement.requestlog [None req-76b5feef-ff63-4d06-8c97-96f5050b497b None None] Starting request: 10.222.0.67 "GET /placement/" {{(pid=102364) __call__ /opt/stack/placement/placement/requestlog.py:55}}
Aug 27 11:52:29.697027 n-d-806391-1 devstack@placement-api.service[102364]: INFO placement.requestlog [None req-76b5feef-ff63-4d06-8c97-96f5050b497b None None] 10.222.0.67 "GET /placement/" status: 200 len: 136 microversion: 1.0
Aug 27 11:52:29.697488 n-d-806391-1 devstack@placement-api.service[102364]: [pid: 102364|app: 0|req: 113/223] 10.222.0.67 () {54 vars in 916 bytes} [Fri Aug 27 11:52:29 2021] GET /placement => generated 136 bytes in 2 msecs (HTTP/1.1 200) 6 headers in 224 bytes (1 switches on core 0)
Aug 27 11:52:29.713230 n-d-806391-1 devstack@placement-api.service[102363]: DEBUG placement.requestlog [req-d61a94cc-bdcc-4a9d-ba5b-893236e9c1c1 req-4df2ab5c-daa2-4b02-a247-29816c57c536 None None] Starting request: 10.222.0.67 "GET /placement/allocations/ced96ba4-801d-40a7-9b37-22c65a42e35a" {{(pid=102363) __call__ /opt/stack/placement/placement/requestlog.py:55}}
Aug 27 11:52:29.827361 n-d-806391-1 devstack@placement-api.service[102363]: INFO placement.requestlog [req-d61a94cc-bdcc-4a9d-ba5b-893236e9c1c1 req-4df2ab5c-daa2-4b02-a247-29816c57c536 service placement] 10.222.0.67 "GET /placement/allocations/ced96ba4-801d-40a7-9b37-22c65a42e35a" status: 200 len: 259 microversion: 1.28
Aug 27 11:52:29.828179 n-d-806391-1 devstack@placement-api.service[102363]: [pid: 102363|app: 0|req: 111/224] 10.222.0.67 () {60 vars in 1381 bytes} [Fri Aug 27 11:52:29 2021] GET /placement/allocations/ced96ba4-801d-40a7-9b37-22c65a42e35a => generated 259 bytes in 119 msecs (HTTP/1.1 200) 8 headers in 296 bytes (1 switches on core 0)
Aug 27 11:52:29.835728 n-d-806391-1 devstack@placement-api.service[102364]: DEBUG placement.requestlog [req-d61a94cc-bdcc-4a9d-ba5b-893236e9c1c1 req-f81823d9-eb4d-4260-8ac2-326352a96d31 None None] Starting request: 10.222.0.67 "GET /placement/allocations/ced96ba4-801d-40a7-9b37-22c65a42e35a" {{(pid=102364) __call__ /opt/stack/placement/placement/requestlog.py:55}}
Aug 27 11:52:29.872579 n-d-806391-1 devstack@placement-api.service[102364]: INFO placement.requestlog [req-d61a94cc-bdcc-4a9d-ba5b-893236e9c1c1 req-f81823d9-eb4d-4260-8ac2-326352a96d31 service placement] 10.222.0.67 "GET /placement/allocations/ced96ba4-801d-40a7-9b37-22c65a42e35a" status: 200 len: 259 microversion: 1.28
Aug 27 11:52:29.873308 n-d-806391-1 devstack@placement-api.service[102364]: [pid: 102364|app: 0|req: 114/225] 10.222.0.67 () {60 vars in 1381 bytes} [Fri Aug 27 11:52:29 2021] GET /placement/allocations/ced96ba4-801d-40a7-9b37-22c65a42e35a => generated 259 bytes in 38 msecs (HTTP/1.1 200) 8 headers in 296 bytes (1 switches on core 0)
Aug 27 11:52:29.881549 n-d-806391-1 devstack@placement-api.service[102363]: DEBUG placement.requestlog [req-d61a94cc-bdcc-4a9d-ba5b-893236e9c1c1 req-64101be0-90e7-4a69-937a-95eb5edb6578 None None] Starting request: 10.222.0.67 "GET /placement/allocations/456a6060-e038-4fee-a0ae-b61ce01b07c5" {{(pid=102363) __call__ /opt/stack/placement/placement/requestlog.py:55}}
Aug 27 11:52:29.897511 n-d-806391-1 devstack@placement-api.service[102363]: INFO placement.requestlog [req-d61a94cc-bdcc-4a9d-ba5b-893236e9c1c1 req-64101be0-90e7-4a69-937a-95eb5edb6578 service placement] 10.222.0.67 "GET /placement/allocations/456a6060-e038-4fee-a0ae-b61ce01b07c5" status: 200 len: 19 microversion: 1.28
Aug 27 11:52:29.904771 n-d-806391-1 devstack@placement-api.service[102363]: [pid: 102363|app: 0|req: 112/226] 10.222.0.67 () {60 vars in 1381 bytes} [Fri Aug 27 11:52:29 2021] GET /placement/allocations/456a6060-e038-4fee-a0ae-b61ce01b07c5 => generated 19 bytes in 23 msecs (HTTP/1.1 200) 8 headers in 295 bytes (1 switches on core 0)
Aug 27 11:52:29.905399 n-d-806391-1 devstack@placement-api.service[102364]: DEBUG placement.requestlog [req-d61a94cc-bdcc-4a9d-ba5b-893236e9c1c1 req-6e4960d2-2233-44a5-98ba-40a211c65b31 None None] Starting request: 10.222.0.67 "POST /placement/allocations" {{(pid=102364) __call__ /opt/stack/placement/placement/requestlog.py:55}}
Aug 27 11:52:30.165680 n-d-806391-1 devstack@placement-api.service[102364]: DEBUG placement.handlers.allocation [req-d61a94cc-bdcc-4a9d-ba5b-893236e9c1c1 req-6e4960d2-2233-44a5-98ba-40a211c65b31 service placement] Successfully wrote allocations [, , , , , ] {{(pid=102364) _create_allocations /opt/stack/placement/placement/handlers/allocation.py:555}}
Aug 27 11:52:30.173731 n-d-806391-1 devstack@placement-api.service[102364]: INFO placement.requestlog [req-d61a94cc-bdcc-4a9d-ba5b-893236e9c1c1 req-6e4960d2-2233-44a5-98ba-40a211c65b31 service placement] 10.222.0.67 "POST /placement/allocations" status: 204 len: 0 microversion: 1.28
Aug 27 11:52:30.174310 n-d-806391-1 devstack@placement-api.service[102364]: [pid: 102364|app: 0|req: 115/227] 10.222.0.67 () {64 vars in 1324 bytes} [Fri Aug 27 11:52:29 2021] POST /placement/allocations => generated 0 bytes in 269 msecs (HTTP/1.1 204) 5 headers in 199 bytes (1 switches on core 0)
Aug 27 11:52:30.208421 n-d-806391-1 devstack@placement-api.service[102363]: DEBUG placement.requestlog [req-d61a94cc-bdcc-4a9d-ba5b-893236e9c1c1 req-97b1b254-61a0-4fef-b6f0-95780bef7f44 None None] Starting request: 10.222.0.67 "GET /placement/allocation_candidates?limit=1000&resources=DISK_GB%3A1%2CMEMORY_MB%3A512%2CVCPU%3A1&root_required=%21COMPUTE_STATUS_DISABLED" {{(pid=102363) __call__ /opt/stack/placement/placement/requestlog.py:55}}
Aug 27 11:52:30.246934 n-d-806391-1 devstack@placement-api.service[102363]: DEBUG placement.objects.research_context [req-d61a94cc-bdcc-4a9d-ba5b-893236e9c1c1 req-97b1b254-61a0-4fef-b6f0-95780bef7f44 service placement] getting providers with 1 DISK_GB {{(pid=102363) __init__ /opt/stack/placement/placement/objects/research_context.py:126}}
Aug 27 11:52:30.259600 n-d-806391-1 devstack@placement-api.service[102363]: DEBUG placement.objects.research_context [req-d61a94cc-bdcc-4a9d-ba5b-893236e9c1c1 req-97b1b254-61a0-4fef-b6f0-95780bef7f44 service placement] getting providers with 512 MEMORY_MB {{(pid=102363) __init__ /opt/stack/placement/placement/objects/research_context.py:126}}
Aug 27 11:52:30.272952 n-d-806391-1 devstack@placement-api.service[102363]: DEBUG placement.objects.research_context [req-d61a94cc-bdcc-4a9d-ba5b-893236e9c1c1 req-97b1b254-61a0-4fef-b6f0-95780bef7f44 service placement] getting providers with 1 VCPU {{(pid=102363) __init__ /opt/stack/placement/placement/objects/research_context.py:126}}
Aug 27 11:52:30.282971 n-d-806391-1 devstack@placement-api.service[102363]: DEBUG placement.objects.research_context [req-d61a94cc-bdcc-4a9d-ba5b-893236e9c1c1 req-97b1b254-61a0-4fef-b6f0-95780bef7f44 service placement] found 2 providers with available 1 DISK_GB {{(pid=102363) get_provider_ids_matching /opt/stack/placement/placement/objects/research_context.py:549}}
Aug 27 11:52:30.283559 n-d-806391-1 devstack@placement-api.service[102363]: DEBUG placement.objects.research_context [req-d61a94cc-bdcc-4a9d-ba5b-893236e9c1c1 req-97b1b254-61a0-4fef-b6f0-95780bef7f44 service placement] found 2 providers with available 512 MEMORY_MB {{(pid=102363) get_provider_ids_matching /opt/stack/placement/placement/objects/research_context.py:549}}
Aug 27 11:52:30.284052 n-d-806391-1 devstack@placement-api.service[102363]: DEBUG placement.objects.research_context [req-d61a94cc-bdcc-4a9d-ba5b-893236e9c1c1 req-97b1b254-61a0-4fef-b6f0-95780bef7f44 service placement] found 2 providers after filtering by previous result {{(pid=102363) get_provider_ids_matching /opt/stack/placement/placement/objects/research_context.py:580}}
Aug 27 11:52:30.284313 n-d-806391-1 devstack@placement-api.service[102363]: DEBUG placement.objects.research_context [req-d61a94cc-bdcc-4a9d-ba5b-893236e9c1c1 req-97b1b254-61a0-4fef-b6f0-95780bef7f44 service placement] found 2 providers with available 1 VCPU {{(pid=102363) get_provider_ids_matching /opt/stack/placement/placement/objects/research_context.py:549}}
Aug 27 11:52:30.284580 n-d-806391-1 devstack@placement-api.service[102363]: DEBUG placement.objects.research_context [req-d61a94cc-bdcc-4a9d-ba5b-893236e9c1c1 req-97b1b254-61a0-4fef-b6f0-95780bef7f44 service placement] found 2 providers after filtering by previous result {{(pid=102363) get_provider_ids_matching /opt/stack/placement/placement/objects/research_context.py:580}}
Aug 27 11:52:30.299104 n-d-806391-1 devstack@placement-api.service[102363]: DEBUG placement.objects.allocation_candidate [req-d61a94cc-bdcc-4a9d-ba5b-893236e9c1c1 req-97b1b254-61a0-4fef-b6f0-95780bef7f44 service placement] RequestGroup(use_same_provider=False, resources={DISK_GB:1, MEMORY_MB:512, VCPU:1}, traits=[], aggregates=[]) (suffix '') returned 2 matches {{(pid=102363) _get_by_requests /opt/stack/placement/placement/objects/allocation_candidate.py:145}}
Aug 27 11:52:30.299478 n-d-806391-1 devstack@placement-api.service[102363]: DEBUG placement.objects.allocation_candidate [req-d61a94cc-bdcc-4a9d-ba5b-893236e9c1c1 req-97b1b254-61a0-4fef-b6f0-95780bef7f44 service placement] Merging candidates yields 2 allocation requests and 2 provider summaries {{(pid=102363) _merge_candidates /opt/stack/placement/placement/objects/allocation_candidate.py:783}}
Aug 27 11:52:30.305152 n-d-806391-1 devstack@placement-api.service[102363]: INFO placement.requestlog [req-d61a94cc-bdcc-4a9d-ba5b-893236e9c1c1 req-97b1b254-61a0-4fef-b6f0-95780bef7f44 service placement] 10.222.0.67 "GET /placement/allocation_candidates?limit=1000&resources=DISK_GB%3A1%2CMEMORY_MB%3A512%2CVCPU%3A1&root_required=%21COMPUTE_STATUS_DISABLED" status: 200 len: 1307 microversion: 1.35
Aug 27 11:52:30.305152 n-d-806391-1 devstack@placement-api.service[102363]: [pid: 102363|app: 0|req: 113/228] 10.222.0.67 () {60 vars in 1505 bytes} [Fri Aug 27 11:52:30 2021] GET /placement/allocation_candidates?limit=1000&resources=DISK_GB%3A1%2CMEMORY_MB%3A512%2CVCPU%3A1&root_required=%21COMPUTE_STATUS_DISABLED => generated 1307 bytes in 94 msecs (HTTP/1.1 200) 8 headers in 297 bytes (1 switches on core 0)
Aug 27 11:52:30.359139 n-d-806391-1 devstack@placement-api.service[102364]: DEBUG placement.requestlog [req-d61a94cc-bdcc-4a9d-ba5b-893236e9c1c1 req-d48db008-c428-44c7-b9aa-9f830807ff7b None None] Starting request: 10.222.0.67 "GET /placement/allocations/ced96ba4-801d-40a7-9b37-22c65a42e35a" {{(pid=102364) __call__ /opt/stack/placement/placement/requestlog.py:55}}
Aug 27 11:52:30.373048 n-d-806391-1 devstack@placement-api.service[102364]: INFO placement.requestlog [req-d61a94cc-bdcc-4a9d-ba5b-893236e9c1c1 req-d48db008-c428-44c7-b9aa-9f830807ff7b service placement] 10.222.0.67 "GET /placement/allocations/ced96ba4-801d-40a7-9b37-22c65a42e35a" status: 200 len: 19 microversion: 1.28
Aug 27 11:52:30.379066 n-d-806391-1 devstack@placement-api.service[102364]: [pid: 102364|app: 0|req: 116/229] 10.222.0.67 () {60 vars in 1381 bytes} [Fri Aug 27 11:52:30 2021] GET /placement/allocations/ced96ba4-801d-40a7-9b37-22c65a42e35a => generated 19 bytes in 22 msecs (HTTP/1.1 200) 8 headers in 295 bytes (1 switches on core 0)
Aug 27 11:52:30.381936 n-d-806391-1 devstack@placement-api.service[102363]: DEBUG placement.requestlog [req-d61a94cc-bdcc-4a9d-ba5b-893236e9c1c1 req-96078566-e73f-4f28-97d5-297fb1183237 None None] Starting request: 10.222.0.67 "PUT /placement/allocations/ced96ba4-801d-40a7-9b37-22c65a42e35a" {{(pid=102363) __call__ /opt/stack/placement/placement/requestlog.py:55}}
Aug 27 11:52:30.453567 n-d-806391-1 devstack@placement-api.service[102363]: DEBUG placement.handlers.allocation [req-d61a94cc-bdcc-4a9d-ba5b-893236e9c1c1 req-96078566-e73f-4f28-97d5-297fb1183237 service placement] Successfully wrote allocations [, , ] {{(pid=102363) _create_allocations /opt/stack/placement/placement/handlers/allocation.py:461}}
Aug 27 11:52:30.580099 n-d-806391-1 devstack@placement-api.service[102363]: INFO placement.requestlog [req-d61a94cc-bdcc-4a9d-ba5b-893236e9c1c1 req-96078566-e73f-4f28-97d5-297fb1183237 service placement] 10.222.0.67 "PUT /placement/allocations/ced96ba4-801d-40a7-9b37-22c65a42e35a" status: 204 len: 0 microversion: 1.35
Aug 27 11:52:30.580341 n-d-806391-1 devstack@placement-api.service[102363]: [pid: 102363|app: 0|req: 114/230] 10.222.0.67 () {64 vars in 1434 bytes} [Fri Aug 27 11:52:30 2021] PUT /placement/allocations/ced96ba4-801d-40a7-9b37-22c65a42e35a => generated 0 bytes in 199 msecs (HTTP/1.1 204) 5 headers in 199 bytes (1 switches on core 0)
Aug 27 11:52:31.164554 n-d-806391-1 devstack@placement-api.service[102364]: DEBUG placement.requestlog [req-d61a94cc-bdcc-4a9d-ba5b-893236e9c1c1 req-b1b73160-4629-465e-a5f7-1e40116d7fbe None None] Starting request: 10.222.0.69 "GET /placement/allocations/ced96ba4-801d-40a7-9b37-22c65a42e35a" {{(pid=102364) __call__ /opt/stack/placement/placement/requestlog.py:55}}
Aug 27 11:52:31.210315 n-d-806391-1 devstack@placement-api.service[102364]: INFO placement.requestlog [req-d61a94cc-bdcc-4a9d-ba5b-893236e9c1c1 req-b1b73160-4629-465e-a5f7-1e40116d7fbe service placement] 10.222.0.69 "GET /placement/allocations/ced96ba4-801d-40a7-9b37-22c65a42e35a" status: 200 len: 258 microversion: 1.28
Aug 27 11:52:31.213463 n-d-806391-1 devstack@placement-api.service[102364]: [pid: 102364|app: 0|req: 117/231] 10.222.0.69 () {60 vars in 1378 bytes} [Fri Aug 27 11:52:31 2021] GET /placement/allocations/ced96ba4-801d-40a7-9b37-22c65a42e35a => generated 258 bytes in 47 msecs (HTTP/1.1 200) 8 headers in 296 bytes (1 switches on core 0)
Aug 27 11:52:34.243888 n-d-806391-1 devstack@placement-api.service[102363]: DEBUG placement.requestlog [req-0b4b492b-7832-47d2-8637-74a8654da530 req-550241c6-7775-40f5-99f9-3297ea8d393a None None] Starting request: 10.222.0.67 "GET /placement/allocation_candidates?limit=1000&resources=DISK_GB%3A2%2CMEMORY_MB%3A1024%2CVCPU%3A1&root_required=%21COMPUTE_STATUS_DISABLED" {{(pid=102363) __call__ /opt/stack/placement/placement/requestlog.py:55}}
Aug 27 11:52:34.274873 n-d-806391-1 devstack@placement-api.service[102363]: DEBUG placement.objects.research_context [req-0b4b492b-7832-47d2-8637-74a8654da530 req-550241c6-7775-40f5-99f9-3297ea8d393a service placement] getting providers with 2 DISK_GB {{(pid=102363) __init__ /opt/stack/placement/placement/objects/research_context.py:126}}
Aug 27 11:52:34.281417 n-d-806391-1 devstack@placement-api.service[102363]: DEBUG placement.objects.research_context [req-0b4b492b-7832-47d2-8637-74a8654da530 req-550241c6-7775-40f5-99f9-3297ea8d393a service placement] getting providers with 1024 MEMORY_MB {{(pid=102363) __init__ /opt/stack/placement/placement/objects/research_context.py:126}}
Aug 27 11:52:34.292514 n-d-806391-1 devstack@placement-api.service[102363]: DEBUG placement.objects.research_context [req-0b4b492b-7832-47d2-8637-74a8654da530 req-550241c6-7775-40f5-99f9-3297ea8d393a service placement] getting providers with 1 VCPU {{(pid=102363) __init__ /opt/stack/placement/placement/objects/research_context.py:126}}
Aug 27 11:52:34.298569 n-d-806391-1 devstack@placement-api.service[102363]: DEBUG placement.objects.research_context [req-0b4b492b-7832-47d2-8637-74a8654da530 req-550241c6-7775-40f5-99f9-3297ea8d393a service placement] found 2 providers with available 2 DISK_GB {{(pid=102363) get_provider_ids_matching /opt/stack/placement/placement/objects/research_context.py:549}}
Aug 27 11:52:34.299155 n-d-806391-1 devstack@placement-api.service[102363]: DEBUG placement.objects.research_context [req-0b4b492b-7832-47d2-8637-74a8654da530 req-550241c6-7775-40f5-99f9-3297ea8d393a service placement] found 2 providers with available 1024 MEMORY_MB {{(pid=102363) get_provider_ids_matching /opt/stack/placement/placement/objects/research_context.py:549}}
Aug 27 11:52:34.299642 n-d-806391-1 devstack@placement-api.service[102363]: DEBUG placement.objects.research_context [req-0b4b492b-7832-47d2-8637-74a8654da530 req-550241c6-7775-40f5-99f9-3297ea8d393a service placement] found 2 providers after filtering by previous result {{(pid=102363) get_provider_ids_matching /opt/stack/placement/placement/objects/research_context.py:580}}
Aug 27 11:52:34.300125 n-d-806391-1 devstack@placement-api.service[102363]: DEBUG placement.objects.research_context [req-0b4b492b-7832-47d2-8637-74a8654da530 req-550241c6-7775-40f5-99f9-3297ea8d393a service placement] found 2 providers with available 1 VCPU {{(pid=102363) get_provider_ids_matching /opt/stack/placement/placement/objects/research_context.py:549}}
Aug 27 11:52:34.300588 n-d-806391-1 devstack@placement-api.service[102363]: DEBUG placement.objects.research_context [req-0b4b492b-7832-47d2-8637-74a8654da530 req-550241c6-7775-40f5-99f9-3297ea8d393a service placement] found 2 providers after filtering by previous result {{(pid=102363) get_provider_ids_matching /opt/stack/placement/placement/objects/research_context.py:580}}
Aug 27 11:52:34.311959 n-d-806391-1 devstack@placement-api.service[102363]: DEBUG placement.objects.allocation_candidate [req-0b4b492b-7832-47d2-8637-74a8654da530 req-550241c6-7775-40f5-99f9-3297ea8d393a service placement] RequestGroup(use_same_provider=False, resources={DISK_GB:2, MEMORY_MB:1024, VCPU:1}, traits=[], aggregates=[]) (suffix '') returned 2 matches {{(pid=102363) _get_by_requests /opt/stack/placement/placement/objects/allocation_candidate.py:145}}
Aug 27 11:52:34.312643 n-d-806391-1 devstack@placement-api.service[102363]: DEBUG placement.objects.allocation_candidate [req-0b4b492b-7832-47d2-8637-74a8654da530 req-550241c6-7775-40f5-99f9-3297ea8d393a service placement] Merging candidates yields 2 allocation requests and 2 provider summaries {{(pid=102363) _merge_candidates /opt/stack/placement/placement/objects/allocation_candidate.py:783}}
Aug 27 11:52:34.314458 n-d-806391-1 devstack@placement-api.service[102363]: INFO placement.requestlog [req-0b4b492b-7832-47d2-8637-74a8654da530 req-550241c6-7775-40f5-99f9-3297ea8d393a service placement] 10.222.0.67 "GET /placement/allocation_candidates?limit=1000&resources=DISK_GB%3A2%2CMEMORY_MB%3A1024%2CVCPU%3A1&root_required=%21COMPUTE_STATUS_DISABLED" status: 200 len: 1309 microversion: 1.35
Aug 27 11:52:34.315332 n-d-806391-1 devstack@placement-api.service[102363]: [pid: 102363|app: 0|req: 115/232] 10.222.0.67 () {60 vars in 1507 bytes} [Fri Aug 27 11:52:34 2021] GET /placement/allocation_candidates?limit=1000&resources=DISK_GB%3A2%2CMEMORY_MB%3A1024%2CVCPU%3A1&root_required=%21COMPUTE_STATUS_DISABLED => generated 1309 bytes in 71 msecs (HTTP/1.1 200) 8 headers in 297 bytes (1 switches on core 0)
Aug 27 11:52:34.363193 n-d-806391-1 devstack@placement-api.service[102364]: DEBUG placement.requestlog [req-0b4b492b-7832-47d2-8637-74a8654da530 req-219308a7-4197-4916-8949-19a59dd3c62c None None] Starting request: 10.222.0.67 "GET /placement/allocations/b4639c9d-51c9-46ec-ad11-34be7eb3a482" {{(pid=102364) __call__ /opt/stack/placement/placement/requestlog.py:55}}
Aug 27 11:52:34.381700 n-d-806391-1 devstack@placement-api.service[102364]: INFO placement.requestlog [req-0b4b492b-7832-47d2-8637-74a8654da530 req-219308a7-4197-4916-8949-19a59dd3c62c service placement] 10.222.0.67 "GET /placement/allocations/b4639c9d-51c9-46ec-ad11-34be7eb3a482" status: 200 len: 19 microversion: 1.28
Aug 27 11:52:34.381700 n-d-806391-1 devstack@placement-api.service[102364]: [pid: 102364|app: 0|req: 118/233] 10.222.0.67 () {60 vars in 1381 bytes} [Fri Aug 27 11:52:34 2021] GET /placement/allocations/b4639c9d-51c9-46ec-ad11-34be7eb3a482 => generated 19 bytes in 11 msecs (HTTP/1.1 200) 8 headers in 295 bytes (1 switches on core 0)
Aug 27 11:52:34.382633 n-d-806391-1 devstack@placement-api.service[102363]: DEBUG placement.requestlog [req-0b4b492b-7832-47d2-8637-74a8654da530 req-fa5348c4-7233-41bc-be72-bb9fa091d192 None None] Starting request: 10.222.0.67 "PUT /placement/allocations/b4639c9d-51c9-46ec-ad11-34be7eb3a482" {{(pid=102363) __call__ /opt/stack/placement/placement/requestlog.py:55}}
Aug 27 11:52:34.417309 n-d-806391-1 devstack@placement-api.service[102363]: DEBUG placement.handlers.allocation [req-0b4b492b-7832-47d2-8637-74a8654da530 req-fa5348c4-7233-41bc-be72-bb9fa091d192 service placement] Successfully wrote allocations [, , ] {{(pid=102363) _create_allocations /opt/stack/placement/placement/handlers/allocation.py:461}}
Aug 27 11:52:34.556012 n-d-806391-1 devstack@placement-api.service[102363]: INFO placement.requestlog [req-0b4b492b-7832-47d2-8637-74a8654da530 req-fa5348c4-7233-41bc-be72-bb9fa091d192 service placement] 10.222.0.67 "PUT /placement/allocations/b4639c9d-51c9-46ec-ad11-34be7eb3a482" status: 204 len: 0 microversion: 1.35
Aug 27 11:52:34.556554 n-d-806391-1 devstack@placement-api.service[102363]: [pid: 102363|app: 0|req: 116/234] 10.222.0.67 () {64 vars in 1434 bytes} [Fri Aug 27 11:52:34 2021] PUT /placement/allocations/b4639c9d-51c9-46ec-ad11-34be7eb3a482 => generated 0 bytes in 177 msecs (HTTP/1.1 204) 5 headers in 199 bytes (2 switches on core 0)
Aug 27 11:52:35.979887 n-d-806391-1 devstack@placement-api.service[102364]: DEBUG placement.requestlog [req-0b4b492b-7832-47d2-8637-74a8654da530 req-d8578012-b649-4cfb-b122-114805e94890 None None] Starting request: 10.222.0.69 "GET /placement/allocations/b4639c9d-51c9-46ec-ad11-34be7eb3a482" {{(pid=102364) __call__ /opt/stack/placement/placement/requestlog.py:55}}
Aug 27 11:52:35.995781 n-d-806391-1 devstack@placement-api.service[102364]: INFO placement.requestlog [req-0b4b492b-7832-47d2-8637-74a8654da530 req-d8578012-b649-4cfb-b122-114805e94890 service placement] 10.222.0.69 "GET /placement/allocations/b4639c9d-51c9-46ec-ad11-34be7eb3a482" status: 200 len: 259 microversion: 1.28
Aug 27 11:52:35.996161 n-d-806391-1 devstack@placement-api.service[102364]: [pid: 102364|app: 0|req: 119/235] 10.222.0.69 () {60 vars in 1378 bytes} [Fri Aug 27 11:52:35 2021] GET /placement/allocations/b4639c9d-51c9-46ec-ad11-34be7eb3a482 => generated 259 bytes in 17 msecs (HTTP/1.1 200) 8 headers in 296 bytes (2 switches on core 0)
Aug 27 11:52:36.328785 n-d-806391-1 devstack@placement-api.service[102363]: DEBUG placement.requestlog [req-f521c045-72cb-43cc-ade0-d114e6aa53f0 req-d1855e2e-eb8d-4d41-9852-f79c3f56b18e None None] Starting request: 10.222.0.67 "GET /placement/allocation_candidates?limit=1000&resources=DISK_GB%3A1%2CMEMORY_MB%3A1024%2CVCPU%3A1&root_required=%21COMPUTE_STATUS_DISABLED" {{(pid=102363) __call__ /opt/stack/placement/placement/requestlog.py:55}}
Aug 27 11:52:36.442536 n-d-806391-1 devstack@placement-api.service[102363]: DEBUG placement.objects.research_context [req-f521c045-72cb-43cc-ade0-d114e6aa53f0 req-d1855e2e-eb8d-4d41-9852-f79c3f56b18e service placement] getting providers with 1 DISK_GB {{(pid=102363) __init__ /opt/stack/placement/placement/objects/research_context.py:126}}
Aug 27 11:52:36.453991 n-d-806391-1 devstack@placement-api.service[102363]: DEBUG placement.objects.research_context [req-f521c045-72cb-43cc-ade0-d114e6aa53f0 req-d1855e2e-eb8d-4d41-9852-f79c3f56b18e service placement] getting providers with 1024 MEMORY_MB {{(pid=102363) __init__ /opt/stack/placement/placement/objects/research_context.py:126}}
Aug 27 11:52:36.470792 n-d-806391-1 devstack@placement-api.service[102363]: DEBUG placement.objects.research_context [req-f521c045-72cb-43cc-ade0-d114e6aa53f0 req-d1855e2e-eb8d-4d41-9852-f79c3f56b18e service placement] getting providers with 1 VCPU {{(pid=102363) __init__ /opt/stack/placement/placement/objects/research_context.py:126}}
Aug 27 11:52:36.480270 n-d-806391-1 devstack@placement-api.service[102363]: DEBUG placement.objects.research_context [req-f521c045-72cb-43cc-ade0-d114e6aa53f0 req-d1855e2e-eb8d-4d41-9852-f79c3f56b18e service placement] found 2 providers with available 1 DISK_GB {{(pid=102363) get_provider_ids_matching /opt/stack/placement/placement/objects/research_context.py:549}}
Aug 27 11:52:36.480999 n-d-806391-1 devstack@placement-api.service[102363]: DEBUG placement.objects.research_context [req-f521c045-72cb-43cc-ade0-d114e6aa53f0 req-d1855e2e-eb8d-4d41-9852-f79c3f56b18e service placement] found 2 providers with available 1024 MEMORY_MB {{(pid=102363) get_provider_ids_matching /opt/stack/placement/placement/objects/research_context.py:549}}
Aug 27 11:52:36.481492 n-d-806391-1 devstack@placement-api.service[102363]: DEBUG placement.objects.research_context [req-f521c045-72cb-43cc-ade0-d114e6aa53f0 req-d1855e2e-eb8d-4d41-9852-f79c3f56b18e service placement] found 2 providers after filtering by previous result {{(pid=102363) get_provider_ids_matching /opt/stack/placement/placement/objects/research_context.py:580}}
Aug 27 11:52:36.481908 n-d-806391-1 devstack@placement-api.service[102363]: DEBUG placement.objects.research_context [req-f521c045-72cb-43cc-ade0-d114e6aa53f0 req-d1855e2e-eb8d-4d41-9852-f79c3f56b18e service placement] found 2 providers with available 1 VCPU {{(pid=102363) get_provider_ids_matching /opt/stack/placement/placement/objects/research_context.py:549}}
Aug 27 11:52:36.482502 n-d-806391-1 devstack@placement-api.service[102363]: DEBUG placement.objects.research_context [req-f521c045-72cb-43cc-ade0-d114e6aa53f0 req-d1855e2e-eb8d-4d41-9852-f79c3f56b18e service placement] found 2 providers after filtering by previous result {{(pid=102363) get_provider_ids_matching /opt/stack/placement/placement/objects/research_context.py:580}}
Aug 27 11:52:36.498461 n-d-806391-1 devstack@placement-api.service[102363]: DEBUG placement.objects.allocation_candidate [req-f521c045-72cb-43cc-ade0-d114e6aa53f0 req-d1855e2e-eb8d-4d41-9852-f79c3f56b18e service placement] RequestGroup(use_same_provider=False, resources={DISK_GB:1, MEMORY_MB:1024, VCPU:1}, traits=[], aggregates=[]) (suffix '') returned 2 matches {{(pid=102363) _get_by_requests /opt/stack/placement/placement/objects/allocation_candidate.py:145}}
Aug 27 11:52:36.499595 n-d-806391-1 devstack@placement-api.service[102363]: DEBUG placement.objects.allocation_candidate [req-f521c045-72cb-43cc-ade0-d114e6aa53f0 req-d1855e2e-eb8d-4d41-9852-f79c3f56b18e service placement] Merging candidates yields 2 allocation requests and 2 provider summaries {{(pid=102363) _merge_candidates /opt/stack/placement/placement/objects/allocation_candidate.py:783}}
Aug 27 11:52:36.502100 n-d-806391-1 devstack@placement-api.service[102363]: INFO placement.requestlog [req-f521c045-72cb-43cc-ade0-d114e6aa53f0 req-d1855e2e-eb8d-4d41-9852-f79c3f56b18e service placement] 10.222.0.67 "GET /placement/allocation_candidates?limit=1000&resources=DISK_GB%3A1%2CMEMORY_MB%3A1024%2CVCPU%3A1&root_required=%21COMPUTE_STATUS_DISABLED" status: 200 len: 1309 microversion: 1.35
Aug 27 11:52:36.517664 n-d-806391-1 devstack@placement-api.service[102363]: [pid: 102363|app: 0|req: 117/236] 10.222.0.67 () {60 vars in 1507 bytes} [Fri Aug 27 11:52:36 2021] GET /placement/allocation_candidates?limit=1000&resources=DISK_GB%3A1%2CMEMORY_MB%3A1024%2CVCPU%3A1&root_required=%21COMPUTE_STATUS_DISABLED => generated 1309 bytes in 201 msecs (HTTP/1.1 200) 8 headers in 297 bytes (1 switches on core 0)
Aug 27 11:52:36.592431 n-d-806391-1 devstack@placement-api.service[102364]: DEBUG placement.requestlog [req-f521c045-72cb-43cc-ade0-d114e6aa53f0 req-e7cb2ad4-b2c3-40b2-8f51-a5e928cffaf1 None None] Starting request: 10.222.0.67 "GET /placement/allocations/e893dfe2-0d1d-4a5d-acd2-fce9453a2f40" {{(pid=102364) __call__ /opt/stack/placement/placement/requestlog.py:55}}
Aug 27 11:52:36.625635 n-d-806391-1 devstack@placement-api.service[102364]: INFO placement.requestlog [req-f521c045-72cb-43cc-ade0-d114e6aa53f0 req-e7cb2ad4-b2c3-40b2-8f51-a5e928cffaf1 service placement] 10.222.0.67 "GET /placement/allocations/e893dfe2-0d1d-4a5d-acd2-fce9453a2f40" status: 200 len: 19 microversion: 1.28
Aug 27 11:52:36.626173 n-d-806391-1 devstack@placement-api.service[102364]: [pid: 102364|app: 0|req: 120/237] 10.222.0.67 () {60 vars in 1381 bytes} [Fri Aug 27 11:52:36 2021] GET /placement/allocations/e893dfe2-0d1d-4a5d-acd2-fce9453a2f40 => generated 19 bytes in 34 msecs (HTTP/1.1 200) 8 headers in 295 bytes (2 switches on core 0)
Aug 27 11:52:36.635655 n-d-806391-1 devstack@placement-api.service[102363]: DEBUG placement.requestlog [req-f521c045-72cb-43cc-ade0-d114e6aa53f0 req-4e642a69-d712-4c6f-8166-d8c4bb0501ee None None] Starting request: 10.222.0.67 "PUT /placement/allocations/e893dfe2-0d1d-4a5d-acd2-fce9453a2f40" {{(pid=102363) __call__ /opt/stack/placement/placement/requestlog.py:55}}
Aug 27 11:52:36.694332 n-d-806391-1 devstack@placement-api.service[102363]: DEBUG placement.handlers.allocation [req-f521c045-72cb-43cc-ade0-d114e6aa53f0 req-4e642a69-d712-4c6f-8166-d8c4bb0501ee service placement] Successfully wrote allocations [, , ] {{(pid=102363) _create_allocations /opt/stack/placement/placement/handlers/allocation.py:461}}
Aug 27 11:52:36.769154 n-d-806391-1 devstack@placement-api.service[102363]: INFO placement.requestlog [req-f521c045-72cb-43cc-ade0-d114e6aa53f0 req-4e642a69-d712-4c6f-8166-d8c4bb0501ee service placement] 10.222.0.67 "PUT /placement/allocations/e893dfe2-0d1d-4a5d-acd2-fce9453a2f40" status: 204 len: 0 microversion: 1.35
Aug 27 11:52:36.780277 n-d-806391-1 devstack@placement-api.service[102363]: [pid: 102363|app: 0|req: 118/238] 10.222.0.67 () {64 vars in 1434 bytes} [Fri Aug 27 11:52:36 2021] PUT /placement/allocations/e893dfe2-0d1d-4a5d-acd2-fce9453a2f40 => generated 0 bytes in 135 msecs (HTTP/1.1 204) 5 headers in 199 bytes (1 switches on core 0)
Aug 27 11:52:38.002473 n-d-806391-1 devstack@placement-api.service[102364]: DEBUG placement.requestlog [req-c1d24b99-6e96-4fc9-a101-069b2c6ef56b req-bb7dbd02-11fd-482f-9ec0-ac0868d9027f None None] Starting request: 10.222.0.64 "GET /placement/allocations/4674a3fa-7d1b-49bc-86b8-b90d0df210b3" {{(pid=102364) __call__ /opt/stack/placement/placement/requestlog.py:55}}
Aug 27 11:52:38.030799 n-d-806391-1 devstack@placement-api.service[102364]: INFO placement.requestlog [req-c1d24b99-6e96-4fc9-a101-069b2c6ef56b req-bb7dbd02-11fd-482f-9ec0-ac0868d9027f service placement] 10.222.0.64 "GET /placement/allocations/4674a3fa-7d1b-49bc-86b8-b90d0df210b3" status: 200 len: 259 microversion: 1.28
Aug 27 11:52:38.031719 n-d-806391-1 devstack@placement-api.service[102364]: [pid: 102364|app: 0|req: 121/239] 10.222.0.64 () {60 vars in 1378 bytes} [Fri Aug 27 11:52:38 2021] GET /placement/allocations/4674a3fa-7d1b-49bc-86b8-b90d0df210b3 => generated 259 bytes in 30 msecs (HTTP/1.1 200) 8 headers in 296 bytes (1 switches on core 0)
Aug 27 11:52:38.047973 n-d-806391-1 devstack@placement-api.service[102363]: DEBUG placement.requestlog [req-c1d24b99-6e96-4fc9-a101-069b2c6ef56b req-5580ed90-d551-431f-9dda-5a9a6c5a0209 None None] Starting request: 10.222.0.64 "PUT /placement/allocations/4674a3fa-7d1b-49bc-86b8-b90d0df210b3" {{(pid=102363) __call__ /opt/stack/placement/placement/requestlog.py:55}}
Aug 27 11:52:38.119036 n-d-806391-1 devstack@placement-api.service[102363]: DEBUG placement.handlers.allocation [req-c1d24b99-6e96-4fc9-a101-069b2c6ef56b req-5580ed90-d551-431f-9dda-5a9a6c5a0209 service placement] Successfully wrote allocations [, , ] {{(pid=102363) _create_allocations /opt/stack/placement/placement/handlers/allocation.py:461}}
Aug 27 11:52:38.135246 n-d-806391-1 devstack@placement-api.service[102364]: DEBUG placement.requestlog [req-f521c045-72cb-43cc-ade0-d114e6aa53f0 req-7747c933-3230-4b8d-b038-2bf5af012bcc None None] Starting request: 10.222.0.69 "GET /placement/allocations/e893dfe2-0d1d-4a5d-acd2-fce9453a2f40" {{(pid=102364) __call__ /opt/stack/placement/placement/requestlog.py:55}}
Aug 27 11:52:38.152979 n-d-806391-1 devstack@placement-api.service[102364]: INFO placement.requestlog [req-f521c045-72cb-43cc-ade0-d114e6aa53f0 req-7747c933-3230-4b8d-b038-2bf5af012bcc service placement] 10.222.0.69 "GET /placement/allocations/e893dfe2-0d1d-4a5d-acd2-fce9453a2f40" status: 200 len: 259 microversion: 1.28
Aug 27 11:52:38.154014 n-d-806391-1 devstack@placement-api.service[102364]: [pid: 102364|app: 0|req: 122/240] 10.222.0.69 () {60 vars in 1378 bytes} [Fri Aug 27 11:52:38 2021] GET /placement/allocations/e893dfe2-0d1d-4a5d-acd2-fce9453a2f40 => generated 259 bytes in 21 msecs (HTTP/1.1 200) 8 headers in 296 bytes (2 switches on core 0)
Aug 27 11:52:38.185750 n-d-806391-1 devstack@placement-api.service[102363]: INFO placement.requestlog [req-c1d24b99-6e96-4fc9-a101-069b2c6ef56b req-5580ed90-d551-431f-9dda-5a9a6c5a0209 service placement] 10.222.0.64 "PUT /placement/allocations/4674a3fa-7d1b-49bc-86b8-b90d0df210b3" status: 204 len: 0 microversion: 1.28
Aug 27 11:52:38.186521 n-d-806391-1 devstack@placement-api.service[102363]: [pid: 102363|app: 0|req: 119/241] 10.222.0.64 () {64 vars in 1431 bytes} [Fri Aug 27 11:52:38 2021] PUT /placement/allocations/4674a3fa-7d1b-49bc-86b8-b90d0df210b3 => generated 0 bytes in 140 msecs (HTTP/1.1 204) 5 headers in 199 bytes (1 switches on core 0)
Aug 27 11:52:39.039298 n-d-806391-1 devstack@placement-api.service[102364]: DEBUG placement.requestlog [req-88bc605f-2f15-4c84-8508-da8683f04a7c req-192b0180-2f48-45de-8bbc-61bfe336b513 None None] Starting request: 10.222.0.67 "GET /placement/allocation_candidates?limit=1000&resources=DISK_GB%3A1%2CMEMORY_MB%3A1024%2CVCPU%3A1&root_required=%21COMPUTE_STATUS_DISABLED" {{(pid=102364) __call__ /opt/stack/placement/placement/requestlog.py:55}}
Aug 27 11:52:39.132582 n-d-806391-1 devstack@placement-api.service[102364]: DEBUG placement.objects.research_context [req-88bc605f-2f15-4c84-8508-da8683f04a7c req-192b0180-2f48-45de-8bbc-61bfe336b513 service placement] getting providers with 1 DISK_GB {{(pid=102364) __init__ /opt/stack/placement/placement/objects/research_context.py:126}}
Aug 27 11:52:39.141575 n-d-806391-1 devstack@placement-api.service[102364]: DEBUG placement.objects.research_context [req-88bc605f-2f15-4c84-8508-da8683f04a7c req-192b0180-2f48-45de-8bbc-61bfe336b513 service placement] getting providers with 1024 MEMORY_MB {{(pid=102364) __init__ /opt/stack/placement/placement/objects/research_context.py:126}}
Aug 27 11:52:39.162776 n-d-806391-1 devstack@placement-api.service[102364]: DEBUG placement.objects.research_context [req-88bc605f-2f15-4c84-8508-da8683f04a7c req-192b0180-2f48-45de-8bbc-61bfe336b513 service placement] getting providers with 1 VCPU {{(pid=102364) __init__ /opt/stack/placement/placement/objects/research_context.py:126}}
Aug 27 11:52:39.172137 n-d-806391-1 devstack@placement-api.service[102364]: DEBUG placement.objects.research_context [req-88bc605f-2f15-4c84-8508-da8683f04a7c req-192b0180-2f48-45de-8bbc-61bfe336b513 service placement] found 2 providers with available 1 DISK_GB {{(pid=102364) get_provider_ids_matching /opt/stack/placement/placement/objects/research_context.py:549}}
Aug 27 11:52:39.173785 n-d-806391-1 devstack@placement-api.service[102364]: DEBUG placement.objects.research_context [req-88bc605f-2f15-4c84-8508-da8683f04a7c req-192b0180-2f48-45de-8bbc-61bfe336b513 service placement] found 2 providers with available 1024 MEMORY_MB {{(pid=102364) get_provider_ids_matching /opt/stack/placement/placement/objects/research_context.py:549}}
Aug 27 11:52:39.174183 n-d-806391-1 devstack@placement-api.service[102364]: DEBUG placement.objects.research_context [req-88bc605f-2f15-4c84-8508-da8683f04a7c req-192b0180-2f48-45de-8bbc-61bfe336b513 service placement] found 2 providers after filtering by previous result {{(pid=102364) get_provider_ids_matching /opt/stack/placement/placement/objects/research_context.py:580}}
Aug 27 11:52:39.174572 n-d-806391-1 devstack@placement-api.service[102364]: DEBUG placement.objects.research_context [req-88bc605f-2f15-4c84-8508-da8683f04a7c req-192b0180-2f48-45de-8bbc-61bfe336b513 service placement] found 2 providers with available 1 VCPU {{(pid=102364) get_provider_ids_matching /opt/stack/placement/placement/objects/research_context.py:549}}
Aug 27 11:52:39.174931 n-d-806391-1 devstack@placement-api.service[102364]: DEBUG placement.objects.research_context [req-88bc605f-2f15-4c84-8508-da8683f04a7c req-192b0180-2f48-45de-8bbc-61bfe336b513 service placement] found 2 providers after filtering by previous result {{(pid=102364) get_provider_ids_matching /opt/stack/placement/placement/objects/research_context.py:580}}
Aug 27 11:52:39.199969 n-d-806391-1 devstack@placement-api.service[102364]: DEBUG placement.objects.allocation_candidate [req-88bc605f-2f15-4c84-8508-da8683f04a7c req-192b0180-2f48-45de-8bbc-61bfe336b513 service placement] RequestGroup(use_same_provider=False, resources={DISK_GB:1, MEMORY_MB:1024, VCPU:1}, traits=[], aggregates=[]) (suffix '') returned 2 matches {{(pid=102364) _get_by_requests /opt/stack/placement/placement/objects/allocation_candidate.py:145}}
Aug 27 11:52:39.200798 n-d-806391-1 devstack@placement-api.service[102364]: DEBUG placement.objects.allocation_candidate [req-88bc605f-2f15-4c84-8508-da8683f04a7c req-192b0180-2f48-45de-8bbc-61bfe336b513 service placement] Merging candidates yields 2 allocation requests and 2 provider summaries {{(pid=102364) _merge_candidates /opt/stack/placement/placement/objects/allocation_candidate.py:783}}
Aug 27 11:52:39.204578 n-d-806391-1 devstack@placement-api.service[102364]: INFO placement.requestlog [req-88bc605f-2f15-4c84-8508-da8683f04a7c req-192b0180-2f48-45de-8bbc-61bfe336b513 service placement] 10.222.0.67 "GET /placement/allocation_candidates?limit=1000&resources=DISK_GB%3A1%2CMEMORY_MB%3A1024%2CVCPU%3A1&root_required=%21COMPUTE_STATUS_DISABLED" status: 200 len: 1309 microversion: 1.35
Aug 27 11:52:39.209371 n-d-806391-1 devstack@placement-api.service[102364]: [pid: 102364|app: 0|req: 123/242] 10.222.0.67 () {60 vars in 1507 bytes} [Fri Aug 27 11:52:39 2021] GET /placement/allocation_candidates?limit=1000&resources=DISK_GB%3A1%2CMEMORY_MB%3A1024%2CVCPU%3A1&root_required=%21COMPUTE_STATUS_DISABLED => generated 1309 bytes in 171 msecs (HTTP/1.1 200) 8 headers in 297 bytes (1 switches on core 0)
Aug 27 11:52:39.324663 n-d-806391-1 devstack@placement-api.service[102363]: DEBUG placement.requestlog [req-88bc605f-2f15-4c84-8508-da8683f04a7c req-711e6c1a-1ead-4fec-9936-03c97b4a89c6 None None] Starting request: 10.222.0.67 "GET /placement/allocations/623b8d0d-13f0-42ab-985c-dd64f3a8c33d" {{(pid=102363) __call__ /opt/stack/placement/placement/requestlog.py:55}}
Aug 27 11:52:39.350296 n-d-806391-1 devstack@placement-api.service[102363]: INFO placement.requestlog [req-88bc605f-2f15-4c84-8508-da8683f04a7c req-711e6c1a-1ead-4fec-9936-03c97b4a89c6 service placement] 10.222.0.67 "GET /placement/allocations/623b8d0d-13f0-42ab-985c-dd64f3a8c33d" status: 200 len: 19 microversion: 1.28
Aug 27 11:52:39.357155 n-d-806391-1 devstack@placement-api.service[102363]: [pid: 102363|app: 0|req: 120/243] 10.222.0.67 () {60 vars in 1381 bytes} [Fri Aug 27 11:52:39 2021] GET /placement/allocations/623b8d0d-13f0-42ab-985c-dd64f3a8c33d => generated 19 bytes in 27 msecs (HTTP/1.1 200) 8 headers in 295 bytes (1 switches on core 0)
