Aug 27 14:37:54.672520 n-d-806294-2 neutron-server[95381]: DEBUG neutron.db.db_base_plugin_common [req-34e12426-3670-440d-b835-b0d2232c48a5 req-3da9509f-9dc7-437a-89d9-6867c0589131 tempest-LiveMigrationNegativeTest-1155314939 tempest-LiveMigrationNegativeTest-1155314939-project] Allocated IP 192.168.233.108 (81a5cd3e-ba33-42e9-aeb1-98137a68336a/e18f0612-89e7-4ece-a4e1-36bf932e7dc2/860dd911-6a00-4a20-89e3-d03d23439c2d) {{(pid=95381) _store_ip_allocation /opt/stack/neutron/neutron/db/db_base_plugin_common.py:131}}
Aug 27 14:37:54.756397 n-d-806294-2 neutron-server[95382]: DEBUG neutron.pecan_wsgi.hooks.policy_enforcement [req-38f5b93a-8773-4251-a014-d79926965a49 req-a834b0b9-46ee-4802-ab0c-d8bf9f06ced9 service neutron] Attributes excluded by policy engine: ['standard_attr_id'] {{(pid=95382) _exclude_attributes_by_policy /opt/stack/neutron/neutron/pecan_wsgi/hooks/policy_enforcement.py:255}}
Aug 27 14:37:54.757987 n-d-806294-2 neutron-server[95382]: INFO neutron.wsgi [req-38f5b93a-8773-4251-a014-d79926965a49 req-a834b0b9-46ee-4802-ab0c-d8bf9f06ced9 service neutron] 10.222.0.48 "GET /v2.0/ports?tenant_id=3d66066d94594055869007f3fd08d2cd&device_id=874e9b85-0da8-43fe-9b07-a7ea813ddd64 HTTP/1.1" status: 200 len: 1125 time: 0.0573807
Aug 27 14:37:54.818274 n-d-806294-2 neutron-server[95383]: DEBUG neutron_lib.callbacks.manager [None req-7731d822-cad3-4d90-ae8e-8b1cf6253481 None None] Notify callbacks ['neutron.services.segments.db._update_segment_host_mapping_for_agent-8726536995036', 'neutron.plugins.ml2.plugin.Ml2Plugin._retry_binding_revived_agents-661112'] for agent, after_update {{(pid=95383) _notify_loop /usr/local/lib/python3.8/dist-packages/neutron_lib/callbacks/manager.py:192}}
Aug 27 14:37:54.885266 n-d-806294-2 neutron-server[95382]: DEBUG neutron.pecan_wsgi.hooks.policy_enforcement [req-38f5b93a-8773-4251-a014-d79926965a49 req-d521de61-6017-442b-b40a-9934cab90990 service neutron] Attributes excluded by policy engine: ['standard_attr_id', 'vlan_transparent'] {{(pid=95382) _exclude_attributes_by_policy /opt/stack/neutron/neutron/pecan_wsgi/hooks/policy_enforcement.py:255}}
Aug 27 14:37:54.888375 n-d-806294-2 neutron-server[95382]: INFO neutron.wsgi [req-38f5b93a-8773-4251-a014-d79926965a49 req-d521de61-6017-442b-b40a-9934cab90990 service neutron] 10.222.0.48 "GET /v2.0/networks?id=21fbdc44-d746-46fe-b70f-33daecb9895a HTTP/1.1" status: 200 len: 922 time: 0.1188195
Aug 27 14:37:54.937948 n-d-806294-2 neutron-server[95381]: DEBUG neutron_lib.callbacks.manager [None req-8a956846-18f8-49e0-91d4-4775f956ac58 admin admin] Notify callbacks ['neutron.plugins.ml2.ovo_rpc._ObjectChangeHandler.handle_event-3695128'] for security_group, after_delete {{(pid=95381) _notify_loop /usr/local/lib/python3.8/dist-packages/neutron_lib/callbacks/manager.py:192}}
Aug 27 14:37:54.940611 n-d-806294-2 neutron-server[95381]: DEBUG neutron_lib.callbacks.manager [None req-8a956846-18f8-49e0-91d4-4775f956ac58 admin admin] Notify callbacks [] for security_group, before_response {{(pid=95381) _notify_loop /usr/local/lib/python3.8/dist-packages/neutron_lib/callbacks/manager.py:192}}
Aug 27 14:37:54.941812 n-d-806294-2 neutron-server[95381]: INFO neutron.wsgi [None req-8a956846-18f8-49e0-91d4-4775f956ac58 admin admin] 10.222.0.59 "DELETE /v2.0/security-groups/3743c41a-9156-4846-96d8-c3bf9e9a86f3 HTTP/1.1" status: 204 len: 168 time: 0.8986144
Aug 27 14:37:54.959796 n-d-806294-2 neutron-server[95382]: INFO neutron.wsgi [req-38f5b93a-8773-4251-a014-d79926965a49 req-4b03b485-d4be-4f8f-9558-a459ca2d1294 service neutron] 10.222.0.48 "GET /v2.0/floatingips?fixed_ip_address=172.20.0.13&port_id=2da79837-e974-4150-951a-0ec6264f13e3 HTTP/1.1" status: 200 len: 217 time: 0.0598807
Aug 27 14:37:54.997329 n-d-806294-2 neutron-server[95381]: DEBUG neutron.api.rpc.handlers.resources_rpc [None req-8a956846-18f8-49e0-91d4-4775f956ac58 admin admin] Pushing event deleted for resources: {'SecurityGroup': ['ID=3743c41a-9156-4846-96d8-c3bf9e9a86f3,revision_number=None']} {{(pid=95381) push /opt/stack/neutron/neutron/api/rpc/handlers/resources_rpc.py:237}}
Aug 27 14:37:55.063731 n-d-806294-2 neutron-server[95382]: DEBUG neutron.pecan_wsgi.hooks.policy_enforcement [req-38f5b93a-8773-4251-a014-d79926965a49 req-1a18300c-f1d6-4db7-92b1-6fb0bee534dd service neutron] Attributes excluded by policy engine: ['standard_attr_id', 'shared', 'segment_id'] {{(pid=95382) _exclude_attributes_by_policy /opt/stack/neutron/neutron/pecan_wsgi/hooks/policy_enforcement.py:255}}
Aug 27 14:37:55.065268 n-d-806294-2 neutron-server[95382]: INFO neutron.wsgi [req-38f5b93a-8773-4251-a014-d79926965a49 req-1a18300c-f1d6-4db7-92b1-6fb0bee534dd service neutron] 10.222.0.48 "GET /v2.0/subnets?id=aa726e4d-d875-4a43-bb40-59f261282058 HTTP/1.1" status: 200 len: 861 time: 0.0897605
Aug 27 14:37:55.131773 n-d-806294-2 neutron-server[95381]: DEBUG neutron_lib.callbacks.manager [None req-737e9dba-ffe8-4a18-9e84-bb09f96c8c2b admin admin] Notify callbacks [] for router_gateway, before_create {{(pid=95381) _notify_loop /usr/local/lib/python3.8/dist-packages/neutron_lib/callbacks/manager.py:192}}
Aug 27 14:37:55.132027 n-d-806294-2 neutron-server[95382]: INFO neutron.wsgi [req-38f5b93a-8773-4251-a014-d79926965a49 req-efd94b72-0d07-455c-8cf8-e67f5d8fec86 service neutron] 10.222.0.48 "GET /v2.0/ports?network_id=21fbdc44-d746-46fe-b70f-33daecb9895a&device_owner=network%3Adhcp HTTP/1.1" status: 200 len: 210 time: 0.0421867
Aug 27 14:37:55.176405 n-d-806294-2 neutron-server[95381]: DEBUG neutron_lib.callbacks.manager [None req-737e9dba-ffe8-4a18-9e84-bb09f96c8c2b admin admin] Notify callbacks ['neutron.plugins.ml2.plugin.SecurityGroupDbMixin._ensure_default_security_group_handler-593730'] for port, before_create {{(pid=95381) _notify_loop /usr/local/lib/python3.8/dist-packages/neutron_lib/callbacks/manager.py:192}}
Aug 27 14:37:55.215658 n-d-806294-2 neutron-server[95381]: DEBUG neutron_lib.callbacks.manager [req-34e12426-3670-440d-b835-b0d2232c48a5 req-3da9509f-9dc7-437a-89d9-6867c0589131 tempest-LiveMigrationNegativeTest-1155314939 tempest-LiveMigrationNegativeTest-1155314939-project] Notify callbacks [] for port, precommit_create {{(pid=95381) _notify_loop /usr/local/lib/python3.8/dist-packages/neutron_lib/callbacks/manager.py:192}}
Aug 27 14:37:55.303420 n-d-806294-2 neutron-server[95381]: DEBUG neutron.db.provisioning_blocks [req-34e12426-3670-440d-b835-b0d2232c48a5 req-3da9509f-9dc7-437a-89d9-6867c0589131 tempest-LiveMigrationNegativeTest-1155314939 tempest-LiveMigrationNegativeTest-1155314939-project] Transition to ACTIVE for port object 860dd911-6a00-4a20-89e3-d03d23439c2d will not be triggered until provisioned by entity DHCP. {{(pid=95381) add_provisioning_component /opt/stack/neutron/neutron/db/provisioning_blocks.py:73}}
Aug 27 14:37:55.426348 n-d-806294-2 neutron-server[95382]: INFO neutron.wsgi [req-69c42943-513f-46e6-b468-ad560108c6d3 req-f3cd60d9-886f-45d0-851b-103d803a9626 tempest-LiveMigrationTest-1309269634 tempest-LiveMigrationTest-1309269634-project] 10.222.0.59 "GET /v2.0/ports?device_id=ec799ab5-24f3-49b4-8a2a-d5a36ee425bb HTTP/1.1" status: 200 len: 210 time: 0.0900455
Aug 27 14:37:55.431824 n-d-806294-2 neutron-server[95382]: INFO neutron.wsgi [req-38f5b93a-8773-4251-a014-d79926965a49 req-7105d9e7-ede0-48b6-829e-f81a47432a54 service neutron] 10.222.0.48 "GET /v2.0/networks/21fbdc44-d746-46fe-b70f-33daecb9895a?fields=segments HTTP/1.1" status: 200 len: 212 time: 0.2871356
Aug 27 14:37:55.471105 n-d-806294-2 neutron-server[95381]: DEBUG neutron.db.db_base_plugin_common [None req-737e9dba-ffe8-4a18-9e84-bb09f96c8c2b admin admin] Allocated IP 172.25.8.18 (8c674844-4df9-4e64-96fe-a8c3a6bfb345/31692927-a9a3-4908-8a08-9e8bef8d0817/227caa5a-ca8c-495b-8298-d483e4e550ba) {{(pid=95381) _store_ip_allocation /opt/stack/neutron/neutron/db/db_base_plugin_common.py:131}}
Aug 27 14:37:55.593121 n-d-806294-2 neutron-server[95381]: DEBUG neutron_lib.callbacks.manager [req-34e12426-3670-440d-b835-b0d2232c48a5 req-3da9509f-9dc7-437a-89d9-6867c0589131 tempest-LiveMigrationNegativeTest-1155314939 tempest-LiveMigrationNegativeTest-1155314939-project] Notify callbacks ['neutron.plugins.ml2.plugin.SecurityGroupServerNotifierRpcMixin._notify_sg_on_port_change-593677', 'neutron.plugins.ml2.ovo_rpc._ObjectChangeHandler.handle_event-179746', 'neutron.api.rpc.agentnotifiers.dhcp_rpc_agent_api.DhcpAgentNotifyAPI._native_event_send_dhcp_notification-3764874', 'neutron.db.l3_dvrscheduler_db._notify_l3_agent_new_port-8726536414486', 'neutron.services.segments.plugin.NovaSegmentNotifier._notify_port_created_or_deleted-2132819'] for port, after_create {{(pid=95381) _notify_loop /usr/local/lib/python3.8/dist-packages/neutron_lib/callbacks/manager.py:192}}
Aug 27 14:37:55.644551 n-d-806294-2 neutron-server[95383]: DEBUG neutron.api.rpc.handlers.dhcp_rpc [None req-8db72085-727f-48c9-957b-fa184a9acdc1 None None] Network 8fd006bd-3133-4248-9985-c30c441f092d requested from n-d-806294-2 {{(pid=95383) get_network_info /opt/stack/neutron/neutron/api/rpc/handlers/dhcp_rpc.py:218}}
Aug 27 14:37:55.657466 n-d-806294-2 neutron-server[95381]: DEBUG neutron.scheduler.dhcp_agent_scheduler [req-34e12426-3670-440d-b835-b0d2232c48a5 req-3da9509f-9dc7-437a-89d9-6867c0589131 tempest-LiveMigrationNegativeTest-1155314939 tempest-LiveMigrationNegativeTest-1155314939-project] Network 81a5cd3e-ba33-42e9-aeb1-98137a68336a is already hosted by enough agents. {{(pid=95381) _get_dhcp_agents_hosting_network /opt/stack/neutron/neutron/scheduler/dhcp_agent_scheduler.py:275}}
Aug 27 14:37:55.669157 n-d-806294-2 neutron-server[95381]: DEBUG neutron.scheduler.base_scheduler [req-34e12426-3670-440d-b835-b0d2232c48a5 req-3da9509f-9dc7-437a-89d9-6867c0589131 tempest-LiveMigrationNegativeTest-1155314939 tempest-LiveMigrationNegativeTest-1155314939-project] Resources bound (agent type, host, resource id): {{(pid=95381) schedule /opt/stack/neutron/neutron/scheduler/base_scheduler.py:57}}
Aug 27 14:37:55.672778 n-d-806294-2 neutron-server[95381]: DEBUG neutron.db.l3_dvrscheduler_db [req-34e12426-3670-440d-b835-b0d2232c48a5 req-3da9509f-9dc7-437a-89d9-6867c0589131 tempest-LiveMigrationNegativeTest-1155314939 tempest-LiveMigrationNegativeTest-1155314939-project] Received port after_create {{(pid=95381) _notify_l3_agent_new_port /opt/stack/neutron/neutron/db/l3_dvrscheduler_db.py:535}}
Aug 27 14:37:55.678715 n-d-806294-2 neutron-server[95382]: INFO neutron.wsgi [req-38f5b93a-8773-4251-a014-d79926965a49 req-e59a8dc2-2939-45c5-859a-091c6d598db2 service neutron] 10.222.0.48 "GET /v2.0/networks/21fbdc44-d746-46fe-b70f-33daecb9895a?fields=provider%3Aphysical_network&fields=provider%3Anetwork_type HTTP/1.1" status: 200 len: 281 time: 0.1905968
Aug 27 14:37:55.710869 n-d-806294-2 neutron-server[95381]: DEBUG neutron.wsgi [-] (95381) accepted ('10.222.0.48', 59986) {{(pid=95381) server /usr/local/lib/python3.8/dist-packages/eventlet/wsgi.py:982}}
Aug 27 14:37:55.724179 n-d-806294-2 neutron-server[95382]: DEBUG neutron.pecan_wsgi.hooks.policy_enforcement [req-984dbe04-10f1-4b2d-972d-f48b53a9c883 req-de6d1417-6719-4790-a202-f6589964e2ec tempest-ImagesTestJSON-266999582 tempest-ImagesTestJSON-266999582-project] Attributes excluded by policy engine: ['standard_attr_id', 'vlan_transparent', 'provider:network_type', 'provider:physical_network', 'provider:segmentation_id'] {{(pid=95382) _exclude_attributes_by_policy /opt/stack/neutron/neutron/pecan_wsgi/hooks/policy_enforcement.py:255}}
Aug 27 14:37:55.726647 n-d-806294-2 neutron-server[95382]: INFO neutron.wsgi [req-984dbe04-10f1-4b2d-972d-f48b53a9c883 req-de6d1417-6719-4790-a202-f6589964e2ec tempest-ImagesTestJSON-266999582 tempest-ImagesTestJSON-266999582-project] 10.222.0.59 "GET /v2.0/networks?id=b5990619-df67-444f-8d27-85183a6cb48a HTTP/1.1" status: 200 len: 805 time: 0.3915193
Aug 27 14:37:55.739354 n-d-806294-2 neutron-server[95381]: DEBUG neutron.api.rpc.handlers.resources_rpc [None req-3da9509f-9dc7-437a-89d9-6867c0589131 tempest-LiveMigrationNegativeTest-1155314939 tempest-LiveMigrationNegativeTest-1155314939-project] Pushing event updated for resources: {'Port': ['ID=860dd911-6a00-4a20-89e3-d03d23439c2d,revision_number=1']} {{(pid=95381) push /opt/stack/neutron/neutron/api/rpc/handlers/resources_rpc.py:237}}
Aug 27 14:37:55.765389 n-d-806294-2 neutron-server[95382]: DEBUG neutron.pecan_wsgi.hooks.policy_enforcement [req-318c14d3-e011-49be-9e0c-32e8f6e03880 req-ac479e83-30cc-4af0-a6b6-6cfc9c82c5f8 tempest-LiveAutoBlockMigrationV225Test-1037256031 tempest-LiveAutoBlockMigrationV225Test-1037256031-project] Attributes excluded by policy engine: ['standard_attr_id', 'binding:profile', 'binding:host_id', 'binding:vif_type', 'binding:vif_details'] {{(pid=95382) _exclude_attributes_by_policy /opt/stack/neutron/neutron/pecan_wsgi/hooks/policy_enforcement.py:255}}
Aug 27 14:37:55.769390 n-d-806294-2 neutron-server[95382]: INFO neutron.wsgi [req-318c14d3-e011-49be-9e0c-32e8f6e03880 req-ac479e83-30cc-4af0-a6b6-6cfc9c82c5f8 tempest-LiveAutoBlockMigrationV225Test-1037256031 tempest-LiveAutoBlockMigrationV225Test-1037256031-project] 10.222.0.59 "GET /v2.0/ports?device_id=874e9b85-0da8-43fe-9b07-a7ea813ddd64 HTTP/1.1" status: 200 len: 944 time: 0.2110739
Aug 27 14:37:55.821471 n-d-806294-2 neutron-server[95382]: INFO neutron.wsgi [req-984dbe04-10f1-4b2d-972d-f48b53a9c883 req-a2f79c9b-423f-4d62-ba2a-60db68099abc tempest-ImagesTestJSON-266999582 tempest-ImagesTestJSON-266999582-project] 10.222.0.59 "GET /v2.0/quotas/86a964d5fcc24314a4001940ae870533 HTTP/1.1" status: 200 len: 375 time: 0.0847476
Aug 27 14:37:55.860038 n-d-806294-2 neutron-server[95382]: INFO neutron.wsgi [req-318c14d3-e011-49be-9e0c-32e8f6e03880 req-956cd14b-6429-4e43-9d71-d54f183e8506 tempest-LiveAutoBlockMigrationV225Test-1037256031 tempest-LiveAutoBlockMigrationV225Test-1037256031-project] 10.222.0.59 "GET /v2.0/security-groups?id=16878b7f-0ed3-434d-9fcf-cbed278c29a9&fields=id&fields=name HTTP/1.1" status: 200 len: 286 time: 0.0844219
Aug 27 14:37:55.931591 n-d-806294-2 neutron-server[95382]: INFO neutron.wsgi [req-984dbe04-10f1-4b2d-972d-f48b53a9c883 req-664d1018-6a87-41e2-8c2b-8e0d72ddf2e5 tempest-ImagesTestJSON-266999582 tempest-ImagesTestJSON-266999582-project] 10.222.0.59 "GET /v2.0/ports?tenant_id=86a964d5fcc24314a4001940ae870533&fields=id HTTP/1.1" status: 200 len: 210 time: 0.1016791
Aug 27 14:37:55.942245 n-d-806294-2 neutron-server[95383]: DEBUG neutron.db.provisioning_blocks [None req-dd7ba687-7156-45fb-a2a1-1e569004145a None None] Provisioning for port 4e3a09f0-c40c-4076-92f1-e62c7d75feb1 completed by entity DHCP. {{(pid=95383) provisioning_complete /opt/stack/neutron/neutron/db/provisioning_blocks.py:133}}
Aug 27 14:37:55.977035 n-d-806294-2 neutron-server[95381]: DEBUG neutron_lib.callbacks.manager [None req-737e9dba-ffe8-4a18-9e84-bb09f96c8c2b admin admin] Notify callbacks [] for port, precommit_create {{(pid=95381) _notify_loop /usr/local/lib/python3.8/dist-packages/neutron_lib/callbacks/manager.py:192}}
Aug 27 14:37:56.024956 n-d-806294-2 neutron-server[95381]: DEBUG neutron.pecan_wsgi.hooks.policy_enforcement [req-34e12426-3670-440d-b835-b0d2232c48a5 req-3da9509f-9dc7-437a-89d9-6867c0589131 tempest-LiveMigrationNegativeTest-1155314939 tempest-LiveMigrationNegativeTest-1155314939-project] Attributes excluded by policy engine: ['standard_attr_id', 'binding:profile', 'binding:host_id', 'binding:vif_type', 'binding:vif_details', 'network'] {{(pid=95381) _exclude_attributes_by_policy /opt/stack/neutron/neutron/pecan_wsgi/hooks/policy_enforcement.py:255}}
Aug 27 14:37:56.025707 n-d-806294-2 neutron-server[95381]: DEBUG neutron_lib.callbacks.manager [req-34e12426-3670-440d-b835-b0d2232c48a5 req-3da9509f-9dc7-437a-89d9-6867c0589131 tempest-LiveMigrationNegativeTest-1155314939 tempest-LiveMigrationNegativeTest-1155314939-project] Notify callbacks ['neutron.notifiers.nova.Notifier._send_nova_notification-4088790'] for port, before_response {{(pid=95381) _notify_loop /usr/local/lib/python3.8/dist-packages/neutron_lib/callbacks/manager.py:192}}
Aug 27 14:37:56.106189 n-d-806294-2 neutron-server[95383]: DEBUG neutron.plugins.ml2.rpc [None req-ed9e16c4-d98b-4d9c-9228-46b8f73bf1fc None None] Device 4e3a09f0-c40c-4076-92f1-e62c7d75feb1 up at agent ovs-agent-n-d-806294-2 {{(pid=95383) update_device_up /opt/stack/neutron/neutron/plugins/ml2/rpc.py:296}}
Aug 27 14:37:56.145956 n-d-806294-2 neutron-server[95382]: DEBUG neutron.pecan_wsgi.hooks.policy_enforcement [req-b1bdd171-ab23-4b78-a2a9-55323b7f2d2e req-556b8588-1d19-45ff-a30e-e0ace0d22bfc tempest-LiveMigrationNegativeTest-1155314939 tempest-LiveMigrationNegativeTest-1155314939-project] Attributes excluded by policy engine: ['standard_attr_id', 'binding:profile', 'binding:host_id', 'binding:vif_type', 'binding:vif_details'] {{(pid=95382) _exclude_attributes_by_policy /opt/stack/neutron/neutron/pecan_wsgi/hooks/policy_enforcement.py:255}}
Aug 27 14:37:56.157862 n-d-806294-2 neutron-server[95382]: INFO neutron.wsgi [req-b1bdd171-ab23-4b78-a2a9-55323b7f2d2e req-556b8588-1d19-45ff-a30e-e0ace0d22bfc tempest-LiveMigrationNegativeTest-1155314939 tempest-LiveMigrationNegativeTest-1155314939-project] 10.222.0.59 "GET /v2.0/ports?device_id=97d7aafd-c3a2-43d8-b612-ec2aeacd2cb8 HTTP/1.1" status: 200 len: 936 time: 0.1360009
Aug 27 14:37:56.193955 n-d-806294-2 neutron-server[95381]: INFO neutron.wsgi [req-34e12426-3670-440d-b835-b0d2232c48a5 req-3da9509f-9dc7-437a-89d9-6867c0589131 tempest-LiveMigrationNegativeTest-1155314939 tempest-LiveMigrationNegativeTest-1155314939-project] 10.222.0.37 "POST /v2.0/ports HTTP/1.1" status: 201 len: 938 time: 3.8940272
Aug 27 14:37:56.207756 n-d-806294-2 neutron-server[95381]: DEBUG neutron.api.v2.base [req-34e12426-3670-440d-b835-b0d2232c48a5 req-06fb33db-d909-4d9a-bfc0-4df05172a1ac service neutron] Request body: {'port': {'device_id': '97d7aafd-c3a2-43d8-b612-ec2aeacd2cb8', 'device_owner': 'compute:nova', 'binding:host_id': 'n-h1-806294-2'}} {{(pid=95381) prepare_request_body /opt/stack/neutron/neutron/api/v2/base.py:730}}
Aug 27 14:37:56.217738 n-d-806294-2 neutron-server[95381]: DEBUG neutron.pecan_wsgi.hooks.policy_enforcement [req-58fd105e-6bbd-4624-8fc2-be012ba3c982 req-818f3cf3-a354-4e12-94fa-a1f451666143 tempest-LiveMigrationTest-1309269634 tempest-LiveMigrationTest-1309269634-project] Attributes excluded by policy engine: ['standard_attr_id', 'vlan_transparent', 'provider:network_type', 'provider:physical_network', 'provider:segmentation_id'] {{(pid=95381) _exclude_attributes_by_policy /opt/stack/neutron/neutron/pecan_wsgi/hooks/policy_enforcement.py:255}}
Aug 27 14:37:56.219549 n-d-806294-2 neutron-server[95381]: INFO neutron.wsgi [req-58fd105e-6bbd-4624-8fc2-be012ba3c982 req-818f3cf3-a354-4e12-94fa-a1f451666143 tempest-LiveMigrationTest-1309269634 tempest-LiveMigrationTest-1309269634-project] 10.222.0.48 "GET /v2.0/networks?id=533a8373-b7ae-4ff1-9594-461379477e69 HTTP/1.1" status: 200 len: 807 time: 0.4758127
Aug 27 14:37:56.247797 n-d-806294-2 neutron-server[95382]: INFO neutron.wsgi [req-b1bdd171-ab23-4b78-a2a9-55323b7f2d2e req-ba845d79-abc7-45a9-9639-59a7375ed07c tempest-LiveMigrationNegativeTest-1155314939 tempest-LiveMigrationNegativeTest-1155314939-project] 10.222.0.59 "GET /v2.0/security-groups?id=670b9721-6ba6-49e8-afc4-b4fe7597b8aa&fields=id&fields=name HTTP/1.1" status: 200 len: 286 time: 0.0840449
Aug 27 14:37:56.271696 n-d-806294-2 neutron-server[95381]: DEBUG neutron.api.v2.base [req-58fd105e-6bbd-4624-8fc2-be012ba3c982 req-181990aa-875f-42f1-bbbf-efbf870a1e15 tempest-LiveMigrationTest-1309269634 tempest-LiveMigrationTest-1309269634-project] Request body: {'port': {'device_id': 'ec799ab5-24f3-49b4-8a2a-d5a36ee425bb', 'network_id': '533a8373-b7ae-4ff1-9594-461379477e69', 'admin_state_up': True, 'tenant_id': '68e2219825e3449cac5631c345a3666e'}} {{(pid=95381) prepare_request_body /opt/stack/neutron/neutron/api/v2/base.py:730}}
Aug 27 14:37:56.293594 n-d-806294-2 neutron-server[95381]: DEBUG neutron_lib.callbacks.manager [None req-737e9dba-ffe8-4a18-9e84-bb09f96c8c2b admin admin] Notify callbacks ['neutron.plugins.ml2.plugin.SecurityGroupServerNotifierRpcMixin._notify_sg_on_port_change-593677', 'neutron.plugins.ml2.ovo_rpc._ObjectChangeHandler.handle_event-179746', 'neutron.api.rpc.agentnotifiers.dhcp_rpc_agent_api.DhcpAgentNotifyAPI._native_event_send_dhcp_notification-3764874', 'neutron.db.l3_dvrscheduler_db._notify_l3_agent_new_port-8726536414486', 'neutron.services.segments.plugin.NovaSegmentNotifier._notify_port_created_or_deleted-2132819'] for port, after_create {{(pid=95381) _notify_loop /usr/local/lib/python3.8/dist-packages/neutron_lib/callbacks/manager.py:192}}
Aug 27 14:37:56.313566 n-d-806294-2 neutron-server[95382]: DEBUG neutron.wsgi [-] (95382) accepted ('10.222.0.59', 60760) {{(pid=95382) server /usr/local/lib/python3.8/dist-packages/eventlet/wsgi.py:982}}
Aug 27 14:37:56.321576 n-d-806294-2 neutron-server[95383]: DEBUG neutron.db.provisioning_blocks [None req-f2c0b65f-705c-4452-9807-39090c0d90a6 None None] Provisioning for port 860dd911-6a00-4a20-89e3-d03d23439c2d completed by entity DHCP. {{(pid=95383) provisioning_complete /opt/stack/neutron/neutron/db/provisioning_blocks.py:133}}
Aug 27 14:37:56.332883 n-d-806294-2 neutron-server[95383]: DEBUG neutron.db.provisioning_blocks [None req-f2c0b65f-705c-4452-9807-39090c0d90a6 None None] Provisioning complete for port 860dd911-6a00-4a20-89e3-d03d23439c2d triggered by entity DHCP. {{(pid=95383) provisioning_complete /opt/stack/neutron/neutron/db/provisioning_blocks.py:139}}
Aug 27 14:37:56.333412 n-d-806294-2 neutron-server[95383]: DEBUG neutron_lib.callbacks.manager [None req-f2c0b65f-705c-4452-9807-39090c0d90a6 None None] Notify callbacks ['neutron.plugins.ml2.plugin.Ml2Plugin._port_provisioned-661195'] for port, provisioning_complete {{(pid=95383) _notify_loop /usr/local/lib/python3.8/dist-packages/neutron_lib/callbacks/manager.py:192}}
Aug 27 14:37:56.413375 n-d-806294-2 neutron-server[95382]: DEBUG neutron_lib.callbacks.manager [None req-b6497359-49a1-4bc4-a474-e85a5c9da345 admin admin] Notify callbacks [] for security_group, before_create {{(pid=95382) _notify_loop /usr/local/lib/python3.8/dist-packages/neutron_lib/callbacks/manager.py:192}}
Aug 27 14:37:56.434185 n-d-806294-2 neutron-server[95383]: DEBUG neutron.db.provisioning_blocks [None req-ed9e16c4-d98b-4d9c-9228-46b8f73bf1fc None None] Provisioning for port 4e3a09f0-c40c-4076-92f1-e62c7d75feb1 completed by entity L2. {{(pid=95383) provisioning_complete /opt/stack/neutron/neutron/db/provisioning_blocks.py:133}}
Aug 27 14:37:56.501953 n-d-806294-2 neutron-server[95383]: DEBUG neutron.db.provisioning_blocks [None req-ed9e16c4-d98b-4d9c-9228-46b8f73bf1fc None None] Provisioning complete for port 4e3a09f0-c40c-4076-92f1-e62c7d75feb1 triggered by entity L2. {{(pid=95383) provisioning_complete /opt/stack/neutron/neutron/db/provisioning_blocks.py:139}}
Aug 27 14:37:56.501953 n-d-806294-2 neutron-server[95383]: DEBUG neutron_lib.callbacks.manager [None req-ed9e16c4-d98b-4d9c-9228-46b8f73bf1fc None None] Notify callbacks ['neutron.plugins.ml2.plugin.Ml2Plugin._port_provisioned-661195'] for port, provisioning_complete {{(pid=95383) _notify_loop /usr/local/lib/python3.8/dist-packages/neutron_lib/callbacks/manager.py:192}}
Aug 27 14:37:56.501953 n-d-806294-2 neutron-server[95383]: DEBUG neutron.plugins.ml2.plugin [None req-f2c0b65f-705c-4452-9807-39090c0d90a6 None None] Port 860dd911-6a00-4a20-89e3-d03d23439c2d cannot update to ACTIVE because it is not bound. {{(pid=95383) _port_provisioned /opt/stack/neutron/neutron/plugins/ml2/plugin.py:337}}
Aug 27 14:37:56.553631 n-d-806294-2 neutron-server[95382]: INFO neutron.wsgi [req-83a0b718-c924-4ecd-86af-b3116b0b494b req-f76f6902-6f00-4be3-ae7f-8fbdc1baafb8 tempest-LiveMigrationTest-1309269634 tempest-LiveMigrationTest-1309269634-project] 10.222.0.59 "GET /v2.0/ports?device_id=ec799ab5-24f3-49b4-8a2a-d5a36ee425bb HTTP/1.1" status: 200 len: 210 time: 0.0295322
Aug 27 14:37:56.579444 n-d-806294-2 neutron-server[95382]: DEBUG neutron_lib.callbacks.manager [None req-b6497359-49a1-4bc4-a474-e85a5c9da345 admin admin] Notify callbacks [] for security_group, precommit_create {{(pid=95382) _notify_loop /usr/local/lib/python3.8/dist-packages/neutron_lib/callbacks/manager.py:192}}
Aug 27 14:37:56.585717 n-d-806294-2 neutron-server[95383]: DEBUG neutron_lib.callbacks.manager [None req-ed9e16c4-d98b-4d9c-9228-46b8f73bf1fc None None] Notify callbacks ['neutron.plugins.ml2.plugin.SecurityGroupDbMixin._ensure_default_security_group_handler-593730'] for port, before_update {{(pid=95383) _notify_loop /usr/local/lib/python3.8/dist-packages/neutron_lib/callbacks/manager.py:192}}
Aug 27 14:37:56.600512 n-d-806294-2 neutron-server[95381]: DEBUG neutron_lib.callbacks.manager [req-34e12426-3670-440d-b835-b0d2232c48a5 req-06fb33db-d909-4d9a-bfc0-4df05172a1ac service neutron] Notify callbacks ['neutron.plugins.ml2.plugin.SecurityGroupDbMixin._ensure_default_security_group_handler-593730'] for port, before_update {{(pid=95381) _notify_loop /usr/local/lib/python3.8/dist-packages/neutron_lib/callbacks/manager.py:192}}
Aug 27 14:37:56.616134 n-d-806294-2 neutron-server[95383]: DEBUG neutron.db.provisioning_blocks [None req-0b486a96-97a8-4ae6-ad01-1f38322cbf2a None None] Provisioning complete for port 4e3a09f0-c40c-4076-92f1-e62c7d75feb1 triggered by entity DHCP. {{(pid=95383) provisioning_complete /opt/stack/neutron/neutron/db/provisioning_blocks.py:139}}
Aug 27 14:37:56.616134 n-d-806294-2 neutron-server[95383]: DEBUG neutron_lib.callbacks.manager [None req-0b486a96-97a8-4ae6-ad01-1f38322cbf2a None None] Notify callbacks ['neutron.plugins.ml2.plugin.Ml2Plugin._port_provisioned-661195'] for port, provisioning_complete {{(pid=95383) _notify_loop /usr/local/lib/python3.8/dist-packages/neutron_lib/callbacks/manager.py:192}}
Aug 27 14:37:56.625560 n-d-806294-2 neutron-server[95381]: DEBUG neutron.scheduler.dhcp_agent_scheduler [None req-737e9dba-ffe8-4a18-9e84-bb09f96c8c2b admin admin] Network 8c674844-4df9-4e64-96fe-a8c3a6bfb345 is already hosted by enough agents. {{(pid=95381) _get_dhcp_agents_hosting_network /opt/stack/neutron/neutron/scheduler/dhcp_agent_scheduler.py:275}}
Aug 27 14:37:56.638899 n-d-806294-2 neutron-server[95381]: DEBUG neutron.scheduler.base_scheduler [None req-737e9dba-ffe8-4a18-9e84-bb09f96c8c2b admin admin] Resources bound (agent type, host, resource id): {{(pid=95381) schedule /opt/stack/neutron/neutron/scheduler/base_scheduler.py:57}}
Aug 27 14:37:56.641686 n-d-806294-2 neutron-server[95381]: DEBUG neutron.db.l3_dvrscheduler_db [None req-737e9dba-ffe8-4a18-9e84-bb09f96c8c2b admin admin] Received port after_create {{(pid=95381) _notify_l3_agent_new_port /opt/stack/neutron/neutron/db/l3_dvrscheduler_db.py:535}}
Aug 27 14:37:56.653440 n-d-806294-2 neutron-server[95383]: DEBUG neutron.plugins.ml2.db [None req-ed9e16c4-d98b-4d9c-9228-46b8f73bf1fc None None] For port 4e3a09f0-c40c-4076-92f1-e62c7d75feb1, host n-d-806294-2, got binding levels [PortBindingLevel(driver='openvswitch',host='n-d-806294-2',level=0,port_id=4e3a09f0-c40c-4076-92f1-e62c7d75feb1,segment=NetworkSegment(caf7886e-b44b-44f8-a1cf-15f82a063b27),segment_id=caf7886e-b44b-44f8-a1cf-15f82a063b27)] {{(pid=95383) get_binding_level_objs /opt/stack/neutron/neutron/plugins/ml2/db.py:74}}
Aug 27 14:37:56.690716 n-d-806294-2 neutron-server[95381]: DEBUG neutron.api.rpc.handlers.resources_rpc [None req-737e9dba-ffe8-4a18-9e84-bb09f96c8c2b admin admin] Pushing event updated for resources: {'Port': ['ID=227caa5a-ca8c-495b-8298-d483e4e550ba,revision_number=1']} {{(pid=95381) push /opt/stack/neutron/neutron/api/rpc/handlers/resources_rpc.py:237}}
Aug 27 14:37:56.698018 n-d-806294-2 neutron-server[95382]: DEBUG neutron_lib.callbacks.manager [None req-b6497359-49a1-4bc4-a474-e85a5c9da345 admin admin] Notify callbacks ['neutron.plugins.ml2.ovo_rpc._ObjectChangeHandler.handle_event-3695128'] for security_group, after_create {{(pid=95382) _notify_loop /usr/local/lib/python3.8/dist-packages/neutron_lib/callbacks/manager.py:192}}
Aug 27 14:37:56.722518 n-d-806294-2 neutron-server[95383]: DEBUG neutron_lib.callbacks.manager [None req-0b486a96-97a8-4ae6-ad01-1f38322cbf2a None None] Notify callbacks ['neutron.plugins.ml2.plugin.SecurityGroupDbMixin._ensure_default_security_group_handler-593730'] for port, before_update {{(pid=95383) _notify_loop /usr/local/lib/python3.8/dist-packages/neutron_lib/callbacks/manager.py:192}}
Aug 27 14:37:56.760286 n-d-806294-2 neutron-server[95382]: INFO neutron.wsgi [None req-b6497359-49a1-4bc4-a474-e85a5c9da345 admin admin] 10.222.0.59 "GET /v2.0/security-groups?tenant_id=31e1cda2ab9b4adbbff0b79aef6d7b19&name=default HTTP/1.1" status: 200 len: 2979 time: 0.4447629
Aug 27 14:37:56.764790 n-d-806294-2 neutron-server[95382]: DEBUG neutron.api.rpc.handlers.resources_rpc [None req-b6497359-49a1-4bc4-a474-e85a5c9da345 admin admin] Pushing event updated for resources: {'SecurityGroup': ['ID=02d71da8-354c-4459-aa97-c960f38781db,revision_number=1']} {{(pid=95382) push /opt/stack/neutron/neutron/api/rpc/handlers/resources_rpc.py:237}}
Aug 27 14:37:56.778445 n-d-806294-2 neutron-server[95382]: DEBUG neutron.wsgi [-] (95382) accepted ('10.222.0.59', 60770) {{(pid=95382) server /usr/local/lib/python3.8/dist-packages/eventlet/wsgi.py:982}}
Aug 27 14:37:56.800554 n-d-806294-2 neutron-server[95383]: DEBUG neutron_lib.callbacks.manager [None req-ed9e16c4-d98b-4d9c-9228-46b8f73bf1fc None None] Notify callbacks ['neutron.plugins.ml2.plugin.SecurityGroupServerNotifierRpcMixin._notify_sg_on_port_change-593677', 'neutron.plugins.ml2.ovo_rpc._ObjectChangeHandler.handle_event-179746', 'neutron.api.rpc.agentnotifiers.dhcp_rpc_agent_api.DhcpAgentNotifyAPI._native_event_send_dhcp_notification-3764874', 'neutron.db.l3_db.L3RpcNotifierMixin._notify_gateway_port_ip_changed-8726536888369', 'neutron.db.l3_dvrscheduler_db._notify_l3_agent_port_update-8726536414504', 'neutron.db.l3_hascheduler_db._notify_l3_agent_ha_port_update-8726536414522'] for port, after_update {{(pid=95383) _notify_loop /usr/local/lib/python3.8/dist-packages/neutron_lib/callbacks/manager.py:192}}
Aug 27 14:37:56.865029 n-d-806294-2 neutron-server[95382]: DEBUG neutron_lib.callbacks.manager [None req-02c54d26-387a-41a9-936e-8165cb880b9f admin admin] Notify callbacks [] for security_group, before_delete {{(pid=95382) _notify_loop /usr/local/lib/python3.8/dist-packages/neutron_lib/callbacks/manager.py:192}}
Aug 27 14:37:56.900698 n-d-806294-2 neutron-server[95382]: DEBUG neutron_lib.callbacks.manager [None req-02c54d26-387a-41a9-936e-8165cb880b9f admin admin] Notify callbacks [] for security_group, precommit_delete {{(pid=95382) _notify_loop /usr/local/lib/python3.8/dist-packages/neutron_lib/callbacks/manager.py:192}}
Aug 27 14:37:56.967828 n-d-806294-2 neutron-server[95382]: DEBUG neutron.wsgi [req-984dbe04-10f1-4b2d-972d-f48b53a9c883 req-21d695cb-496b-4f70-8314-4756fcc127fa service neutron] http://10.222.0.59:9696/v2.0/extensions returned with HTTP 200 {{(pid=95382) __call__ /opt/stack/neutron/neutron/wsgi.py:729}}
Aug 27 14:37:56.969028 n-d-806294-2 neutron-server[95382]: INFO neutron.wsgi [req-984dbe04-10f1-4b2d-972d-f48b53a9c883 req-21d695cb-496b-4f70-8314-4756fcc127fa service neutron] 10.222.0.59 "GET /v2.0/extensions HTTP/1.1" status: 200 len: 13640 time: 0.6239576
Aug 27 14:37:56.990345 n-d-806294-2 neutron-server[95383]: DEBUG neutron.api.rpc.handlers.resources_rpc [None req-ed9e16c4-d98b-4d9c-9228-46b8f73bf1fc None None] Pushing event updated for resources: {'Port': ['ID=4e3a09f0-c40c-4076-92f1-e62c7d75feb1,revision_number=3']} {{(pid=95383) push /opt/stack/neutron/neutron/api/rpc/handlers/resources_rpc.py:237}}
Aug 27 14:37:57.001635 n-d-806294-2 neutron-server[95383]: DEBUG neutron_lib.db.api [None req-0b486a96-97a8-4ae6-ad01-1f38322cbf2a None None] Retry wrapper got retriable exception: UPDATE statement on table 'standardattributes' expected to update 1 row(s); 0 were matched. {{(pid=95383) wrapped /usr/local/lib/python3.8/dist-packages/neutron_lib/db/api.py:183}}
Aug 27 14:37:57.002031 n-d-806294-2 neutron-server[95383]: DEBUG oslo_db.api [None req-0b486a96-97a8-4ae6-ad01-1f38322cbf2a None None] Performing DB retry for function neutron.plugins.ml2.plugin.Ml2Plugin.update_port_statuses {{(pid=95383) wrapper /usr/local/lib/python3.8/dist-packages/oslo_db/api.py:155}}
Aug 27 14:37:57.104466 n-d-806294-2 neutron-server[95382]: DEBUG neutron_lib.callbacks.manager [None req-02c54d26-387a-41a9-936e-8165cb880b9f admin admin] Notify callbacks ['neutron.plugins.ml2.ovo_rpc._ObjectChangeHandler.handle_event-3695128'] for security_group, after_delete {{(pid=95382) _notify_loop /usr/local/lib/python3.8/dist-packages/neutron_lib/callbacks/manager.py:192}}
Aug 27 14:37:57.107977 n-d-806294-2 neutron-server[95382]: DEBUG neutron_lib.callbacks.manager [None req-02c54d26-387a-41a9-936e-8165cb880b9f admin admin] Notify callbacks [] for security_group, before_response {{(pid=95382) _notify_loop /usr/local/lib/python3.8/dist-packages/neutron_lib/callbacks/manager.py:192}}
Aug 27 14:37:57.109838 n-d-806294-2 neutron-server[95382]: INFO neutron.wsgi [None req-02c54d26-387a-41a9-936e-8165cb880b9f admin admin] 10.222.0.59 "DELETE /v2.0/security-groups/02d71da8-354c-4459-aa97-c960f38781db HTTP/1.1" status: 204 len: 168 time: 0.3298945
Aug 27 14:37:57.149532 n-d-806294-2 neutron-server[95381]: DEBUG neutron.pecan_wsgi.hooks.quota_enforcement [req-58fd105e-6bbd-4624-8fc2-be012ba3c982 req-181990aa-875f-42f1-bbbf-efbf870a1e15 tempest-LiveMigrationTest-1309269634 tempest-LiveMigrationTest-1309269634-project] Made reservation on behalf of 68e2219825e3449cac5631c345a3666e for: {'port': 1} {{(pid=95381) before /opt/stack/neutron/neutron/pecan_wsgi/hooks/quota_enforcement.py:53}}
Aug 27 14:37:57.154899 n-d-806294-2 neutron-server[95381]: DEBUG neutron_lib.callbacks.manager [req-58fd105e-6bbd-4624-8fc2-be012ba3c982 req-181990aa-875f-42f1-bbbf-efbf870a1e15 tempest-LiveMigrationTest-1309269634 tempest-LiveMigrationTest-1309269634-project] Notify callbacks ['neutron.plugins.ml2.plugin.SecurityGroupDbMixin._ensure_default_security_group_handler-593730'] for port, before_create {{(pid=95381) _notify_loop /usr/local/lib/python3.8/dist-packages/neutron_lib/callbacks/manager.py:192}}
Aug 27 14:37:57.160799 n-d-806294-2 neutron-server[95382]: INFO neutron.wsgi [req-984dbe04-10f1-4b2d-972d-f48b53a9c883 req-3a690fbb-1d8b-4ccf-be43-c0bfb9459ef5 service neutron] 10.222.0.59 "GET /v2.0/networks/b5990619-df67-444f-8d27-85183a6cb48a?fields=segments HTTP/1.1" status: 200 len: 212 time: 0.1837618
Aug 27 14:37:57.161480 n-d-806294-2 neutron-server[95382]: DEBUG neutron.api.rpc.handlers.resources_rpc [None req-02c54d26-387a-41a9-936e-8165cb880b9f admin admin] Pushing event deleted for resources: {'SecurityGroup': ['ID=02d71da8-354c-4459-aa97-c960f38781db,revision_number=None']} {{(pid=95382) push /opt/stack/neutron/neutron/api/rpc/handlers/resources_rpc.py:237}}
Aug 27 14:37:57.190027 n-d-806294-2 neutron-server[95382]: DEBUG neutron.pecan_wsgi.hooks.policy_enforcement [req-1df9bc88-3c33-4d6c-95e7-a0a38325992a req-261c3b8d-ba9c-4ab8-b00d-d8a613c42ab4 tempest-LiveAutoBlockMigrationV225Test-1037256031 tempest-LiveAutoBlockMigrationV225Test-1037256031-project] Attributes excluded by policy engine: ['standard_attr_id', 'binding:profile', 'binding:host_id', 'binding:vif_type', 'binding:vif_details'] {{(pid=95382) _exclude_attributes_by_policy /opt/stack/neutron/neutron/pecan_wsgi/hooks/policy_enforcement.py:255}}
Aug 27 14:37:57.192037 n-d-806294-2 neutron-server[95382]: INFO neutron.wsgi [req-1df9bc88-3c33-4d6c-95e7-a0a38325992a req-261c3b8d-ba9c-4ab8-b00d-d8a613c42ab4 tempest-LiveAutoBlockMigrationV225Test-1037256031 tempest-LiveAutoBlockMigrationV225Test-1037256031-project] 10.222.0.59 "GET /v2.0/ports?device_id=874e9b85-0da8-43fe-9b07-a7ea813ddd64 HTTP/1.1" status: 200 len: 944 time: 0.1034327
Aug 27 14:37:57.300232 n-d-806294-2 neutron-server[95382]: INFO neutron.wsgi [req-1df9bc88-3c33-4d6c-95e7-a0a38325992a req-960aa2d4-b77c-411d-9835-23e367f84abd tempest-LiveAutoBlockMigrationV225Test-1037256031 tempest-LiveAutoBlockMigrationV225Test-1037256031-project] 10.222.0.59 "GET /v2.0/security-groups?id=16878b7f-0ed3-434d-9fcf-cbed278c29a9&fields=id&fields=name HTTP/1.1" status: 200 len: 286 time: 0.0988433
Aug 27 14:37:57.366739 n-d-806294-2 neutron-server[95382]: INFO neutron.wsgi [req-984dbe04-10f1-4b2d-972d-f48b53a9c883 req-5035cb69-02f6-49ab-91d9-fad12afdf516 service neutron] 10.222.0.59 "GET /v2.0/networks/b5990619-df67-444f-8d27-85183a6cb48a?fields=provider%3Aphysical_network&fields=provider%3Anetwork_type HTTP/1.1" status: 200 len: 281 time: 0.1618819
Aug 27 14:37:57.565921 n-d-806294-2 neutron-server[95381]: DEBUG neutron_lib.callbacks.manager [None req-737e9dba-ffe8-4a18-9e84-bb09f96c8c2b admin admin] Notify callbacks [] for router_gateway, after_create {{(pid=95381) _notify_loop /usr/local/lib/python3.8/dist-packages/neutron_lib/callbacks/manager.py:192}}
Aug 27 14:37:57.573979 n-d-806294-2 neutron-server[95381]: DEBUG neutron.notifiers.nova [req-34e12426-3670-440d-b835-b0d2232c48a5 req-06fb33db-d909-4d9a-bfc0-4df05172a1ac service neutron] Ignoring state change previous_port_status: DOWN current_port_status: DOWN port_id 860dd911-6a00-4a20-89e3-d03d23439c2d {{(pid=95381) record_port_status_changed /opt/stack/neutron/neutron/notifiers/nova.py:224}}
Aug 27 14:37:57.589779 n-d-806294-2 neutron-server[95381]: DEBUG neutron_lib.callbacks.manager [req-34e12426-3670-440d-b835-b0d2232c48a5 req-06fb33db-d909-4d9a-bfc0-4df05172a1ac service neutron] Notify callbacks [] for port, precommit_update {{(pid=95381) _notify_loop /usr/local/lib/python3.8/dist-packages/neutron_lib/callbacks/manager.py:192}}
Aug 27 14:37:57.659270 n-d-806294-2 neutron-server[95381]: DEBUG neutron.db.db_base_plugin_common [req-58fd105e-6bbd-4624-8fc2-be012ba3c982 req-181990aa-875f-42f1-bbbf-efbf870a1e15 tempest-LiveMigrationTest-1309269634 tempest-LiveMigrationTest-1309269634-project] Allocated IP 172.20.0.2 (533a8373-b7ae-4ff1-9594-461379477e69/a8cf8661-afb4-416b-a4cb-d7686b5a6fdb/1c98ee9e-6d86-47a5-8711-502e33a70ca1) {{(pid=95381) _store_ip_allocation /opt/stack/neutron/neutron/db/db_base_plugin_common.py:131}}
Aug 27 14:37:57.688404 n-d-806294-2 neutron-server[95381]: DEBUG neutron.db.provisioning_blocks [req-34e12426-3670-440d-b835-b0d2232c48a5 req-06fb33db-d909-4d9a-bfc0-4df05172a1ac service neutron] Transition to ACTIVE for port object 860dd911-6a00-4a20-89e3-d03d23439c2d will not be triggered until provisioned by entity L2. {{(pid=95381) add_provisioning_component /opt/stack/neutron/neutron/db/provisioning_blocks.py:73}}
Aug 27 14:37:57.738820 n-d-806294-2 neutron-server[95383]: DEBUG neutron.plugins.ml2.rpc [None req-7731d822-cad3-4d90-ae8e-8b1cf6253481 None None] Device 2da79837-e974-4150-951a-0ec6264f13e3 details requested by agent hyperv_n-h1-806294-2 with host n-h1-806294-2 {{(pid=95383) get_device_details /opt/stack/neutron/neutron/plugins/ml2/rpc.py:102}}
Aug 27 14:37:57.790715 n-d-806294-2 neutron-server[95381]: DEBUG neutron_lib.callbacks.manager [req-34e12426-3670-440d-b835-b0d2232c48a5 req-06fb33db-d909-4d9a-bfc0-4df05172a1ac service neutron] Notify callbacks ['neutron.plugins.ml2.plugin.SecurityGroupServerNotifierRpcMixin._notify_sg_on_port_change-593677', 'neutron.plugins.ml2.ovo_rpc._ObjectChangeHandler.handle_event-179746', 'neutron.api.rpc.agentnotifiers.dhcp_rpc_agent_api.DhcpAgentNotifyAPI._native_event_send_dhcp_notification-3764874', 'neutron.db.l3_db.L3RpcNotifierMixin._notify_gateway_port_ip_changed-8726536888369', 'neutron.db.l3_dvrscheduler_db._notify_l3_agent_port_update-8726536414504', 'neutron.db.l3_hascheduler_db._notify_l3_agent_ha_port_update-8726536414522', 'neutron.services.segments.plugin.NovaSegmentNotifier._notify_port_updated-2132810'] for port, after_update {{(pid=95381) _notify_loop /usr/local/lib/python3.8/dist-packages/neutron_lib/callbacks/manager.py:192}}
Aug 27 14:37:57.925970 n-d-806294-2 neutron-server[95382]: DEBUG neutron.pecan_wsgi.hooks.policy_enforcement [req-db401516-0604-4fd0-89eb-ab7c9365d06d req-74255eeb-d7bd-4c5e-9cf9-19e42c0fbcdf tempest-LiveMigrationNegativeTest-1155314939 tempest-LiveMigrationNegativeTest-1155314939-project] Attributes excluded by policy engine: ['standard_attr_id', 'binding:profile', 'binding:host_id', 'binding:vif_type', 'binding:vif_details'] {{(pid=95382) _exclude_attributes_by_policy /opt/stack/neutron/neutron/pecan_wsgi/hooks/policy_enforcement.py:255}}
Aug 27 14:37:57.934819 n-d-806294-2 neutron-server[95383]: DEBUG neutron.plugins.ml2.db [None req-7731d822-cad3-4d90-ae8e-8b1cf6253481 None None] For port 2da79837-e974-4150-951a-0ec6264f13e3, host n-h2-806294-2, got binding levels [PortBindingLevel(driver='hyperv',host='n-h2-806294-2',level=0,port_id=2da79837-e974-4150-951a-0ec6264f13e3,segment=NetworkSegment(fbcf9d3b-5d28-4711-8378-b31628711168),segment_id=fbcf9d3b-5d28-4711-8378-b31628711168)] {{(pid=95383) get_binding_level_objs /opt/stack/neutron/neutron/plugins/ml2/db.py:74}}
Aug 27 14:37:57.943381 n-d-806294-2 neutron-server[95382]: INFO neutron.wsgi [req-db401516-0604-4fd0-89eb-ab7c9365d06d req-74255eeb-d7bd-4c5e-9cf9-19e42c0fbcdf tempest-LiveMigrationNegativeTest-1155314939 tempest-LiveMigrationNegativeTest-1155314939-project] 10.222.0.59 "GET /v2.0/ports?device_id=97d7aafd-c3a2-43d8-b612-ec2aeacd2cb8 HTTP/1.1" status: 200 len: 948 time: 0.1369262
Aug 27 14:37:57.954256 n-d-806294-2 neutron-server[95383]: DEBUG neutron.plugins.ml2.rpc [None req-7731d822-cad3-4d90-ae8e-8b1cf6253481 None None] Device 2da79837-e974-4150-951a-0ec6264f13e3 has no active binding in host n-h1-806294-2 {{(pid=95383) _get_device_details /opt/stack/neutron/neutron/plugins/ml2/rpc.py:158}}
Aug 27 14:37:58.011157 n-d-806294-2 neutron-server[95381]: DEBUG neutron.api.rpc.handlers.resources_rpc [None req-06fb33db-d909-4d9a-bfc0-4df05172a1ac service neutron] Pushing event updated for resources: {'Port': ['ID=860dd911-6a00-4a20-89e3-d03d23439c2d,revision_number=2']} {{(pid=95381) push /opt/stack/neutron/neutron/api/rpc/handlers/resources_rpc.py:237}}
Aug 27 14:37:58.038998 n-d-806294-2 neutron-server[95382]: INFO neutron.wsgi [req-db401516-0604-4fd0-89eb-ab7c9365d06d req-2b1d27fe-3105-4ff7-a001-1e8aaaee0451 tempest-LiveMigrationNegativeTest-1155314939 tempest-LiveMigrationNegativeTest-1155314939-project] 10.222.0.59 "GET /v2.0/security-groups?id=670b9721-6ba6-49e8-afc4-b4fe7597b8aa&fields=id&fields=name HTTP/1.1" status: 200 len: 286 time: 0.0885632
Aug 27 14:37:58.065478 n-d-806294-2 neutron-server[95383]: DEBUG neutron.plugins.ml2.rpc [None req-ed9e16c4-d98b-4d9c-9228-46b8f73bf1fc None None] Device 4e3a09f0-c40c-4076-92f1-e62c7d75feb1 up at agent ovs-agent-n-d-806294-2 {{(pid=95383) update_device_up /opt/stack/neutron/neutron/plugins/ml2/rpc.py:296}}
Aug 27 14:37:58.217541 n-d-806294-2 neutron-server[95383]: DEBUG neutron.db.provisioning_blocks [None req-ed9e16c4-d98b-4d9c-9228-46b8f73bf1fc None None] Provisioning complete for port 4e3a09f0-c40c-4076-92f1-e62c7d75feb1 triggered by entity L2. {{(pid=95383) provisioning_complete /opt/stack/neutron/neutron/db/provisioning_blocks.py:139}}
Aug 27 14:37:58.220154 n-d-806294-2 neutron-server[95383]: DEBUG neutron_lib.callbacks.manager [None req-ed9e16c4-d98b-4d9c-9228-46b8f73bf1fc None None] Notify callbacks ['neutron.plugins.ml2.plugin.Ml2Plugin._port_provisioned-661195'] for port, provisioning_complete {{(pid=95383) _notify_loop /usr/local/lib/python3.8/dist-packages/neutron_lib/callbacks/manager.py:192}}
Aug 27 14:37:58.249345 n-d-806294-2 neutron-server[95381]: DEBUG neutron_lib.callbacks.manager [req-58fd105e-6bbd-4624-8fc2-be012ba3c982 req-181990aa-875f-42f1-bbbf-efbf870a1e15 tempest-LiveMigrationTest-1309269634 tempest-LiveMigrationTest-1309269634-project] Notify callbacks [] for port, precommit_create {{(pid=95381) _notify_loop /usr/local/lib/python3.8/dist-packages/neutron_lib/callbacks/manager.py:192}}
Aug 27 14:37:58.250631 n-d-806294-2 neutron-server[95382]: INFO neutron.wsgi [req-b4e36307-2145-4a0f-94bb-b459ab6e7e6b req-a50b697d-571f-4945-96a8-7e4c3719a01c tempest-LiveMigrationTest-1309269634 tempest-LiveMigrationTest-1309269634-project] 10.222.0.59 "GET /v2.0/ports?device_id=ec799ab5-24f3-49b4-8a2a-d5a36ee425bb HTTP/1.1" status: 200 len: 210 time: 0.0531456
Aug 27 14:37:58.255305 n-d-806294-2 neutron-server[95381]: DEBUG neutron_lib.callbacks.manager [None req-737e9dba-ffe8-4a18-9e84-bb09f96c8c2b admin admin] Notify callbacks ['neutron.services.l3_router.l3_router_plugin.L3_HA_NAT_db_mixin._after_router_create-3887285', 'neutron.services.l3_router.l3_router_plugin.DVRResourceOperationHandler._create_snat_interfaces_after_change-3893307'] for router, after_create {{(pid=95381) _notify_loop /usr/local/lib/python3.8/dist-packages/neutron_lib/callbacks/manager.py:192}}
Aug 27 14:37:58.324057 n-d-806294-2 neutron-server[95381]: DEBUG neutron.plugins.ml2.managers [req-34e12426-3670-440d-b835-b0d2232c48a5 req-06fb33db-d909-4d9a-bfc0-4df05172a1ac service neutron] Attempting to bind port 860dd911-6a00-4a20-89e3-d03d23439c2d on host n-h1-806294-2 for vnic_type normal with profile {{(pid=95381) bind_port /opt/stack/neutron/neutron/plugins/ml2/managers.py:790}}
Aug 27 14:37:58.324756 n-d-806294-2 neutron-server[95381]: DEBUG neutron.plugins.ml2.managers [req-34e12426-3670-440d-b835-b0d2232c48a5 req-06fb33db-d909-4d9a-bfc0-4df05172a1ac service neutron] Attempting to bind port 860dd911-6a00-4a20-89e3-d03d23439c2d by drivers openvswitch,hyperv on host n-h1-806294-2 at level 0 using segments [{'id': 'f28e664b-b9c6-409c-a64c-0a4fb0940e08', 'network_type': 'vlan', 'physical_network': 'physnet1', 'segmentation_id': 447, 'network_id': '81a5cd3e-ba33-42e9-aeb1-98137a68336a'}] {{(pid=95381) _bind_port_level /opt/stack/neutron/neutron/plugins/ml2/managers.py:815}}
Aug 27 14:37:58.325280 n-d-806294-2 neutron-server[95381]: DEBUG neutron.plugins.ml2.drivers.mech_agent [req-34e12426-3670-440d-b835-b0d2232c48a5 req-06fb33db-d909-4d9a-bfc0-4df05172a1ac service neutron] Attempting to bind port 860dd911-6a00-4a20-89e3-d03d23439c2d on network 81a5cd3e-ba33-42e9-aeb1-98137a68336a {{(pid=95381) bind_port /opt/stack/neutron/neutron/plugins/ml2/drivers/mech_agent.py:85}}
Aug 27 14:37:58.346324 n-d-806294-2 neutron-server[95382]: INFO neutron.wsgi [req-56609190-4392-4cd9-a159-96c1ca1dc276 req-89242cda-44a3-4d78-9bac-81fefa2ed289 tempest-ImagesTestJSON-266999582 tempest-ImagesTestJSON-266999582-project] 10.222.0.59 "GET /v2.0/ports?device_id=83233133-28eb-4d9f-bb4d-db1687f585f4 HTTP/1.1" status: 200 len: 210 time: 0.0448282
Aug 27 14:37:58.351363 n-d-806294-2 neutron-server[95381]: DEBUG neutron.plugins.ml2.drivers.mech_agent [req-34e12426-3670-440d-b835-b0d2232c48a5 req-06fb33db-d909-4d9a-bfc0-4df05172a1ac service neutron] Port 860dd911-6a00-4a20-89e3-d03d23439c2d on network 81a5cd3e-ba33-42e9-aeb1-98137a68336a not bound, no agent of type Open vSwitch agent registered on host n-h1-806294-2 {{(pid=95381) bind_port /opt/stack/neutron/neutron/plugins/ml2/drivers/mech_agent.py:97}}
Aug 27 14:37:58.352036 n-d-806294-2 neutron-server[95381]: DEBUG neutron.plugins.ml2.drivers.mech_agent [req-34e12426-3670-440d-b835-b0d2232c48a5 req-06fb33db-d909-4d9a-bfc0-4df05172a1ac service neutron] Attempting to bind port 860dd911-6a00-4a20-89e3-d03d23439c2d on network 81a5cd3e-ba33-42e9-aeb1-98137a68336a {{(pid=95381) bind_port /opt/stack/neutron/neutron/plugins/ml2/drivers/mech_agent.py:85}}
Aug 27 14:37:58.402291 n-d-806294-2 neutron-server[95381]: DEBUG neutron.plugins.ml2.drivers.mech_agent [req-34e12426-3670-440d-b835-b0d2232c48a5 req-06fb33db-d909-4d9a-bfc0-4df05172a1ac service neutron] Checking agent: {'id': 'c52ea3eb-5799-4994-b8e9-96e98a75e067', 'agent_type': 'HyperV agent', 'binary': 'neutron-hyperv-agent', 'topic': 'N/A', 'host': 'n-h1-806294-2', 'admin_state_up': True, 'created_at': datetime.datetime(2021, 8, 27, 14, 34, 25), 'started_at': datetime.datetime(2021, 8, 27, 14, 34, 25), 'heartbeat_timestamp': datetime.datetime(2021, 8, 27, 14, 37, 55), 'description': None, 'resources_synced': None, 'availability_zone': None, 'alive': True, 'configurations': {'vswitch_mappings': {'physnet1$': 'br-data'}}, 'resource_versions': {}} {{(pid=95381) bind_port /opt/stack/neutron/neutron/plugins/ml2/drivers/mech_agent.py:104}}
Aug 27 14:37:58.402651 n-d-806294-2 neutron-server[95381]: DEBUG neutron.plugins.ml2.drivers.mech_agent [req-34e12426-3670-440d-b835-b0d2232c48a5 req-06fb33db-d909-4d9a-bfc0-4df05172a1ac service neutron] Checking segment: {'id': 'f28e664b-b9c6-409c-a64c-0a4fb0940e08', 'network_type': 'vlan', 'physical_network': 'physnet1', 'segmentation_id': 447, 'network_id': '81a5cd3e-ba33-42e9-aeb1-98137a68336a'} for mappings: {'physnet1$': 'br-data'} with network types: ['local', 'flat', 'vlan'] {{(pid=95381) check_segment_for_agent /opt/stack/neutron/neutron/plugins/ml2/drivers/mech_agent.py:352}}
Aug 27 14:37:58.403048 n-d-806294-2 neutron-server[95381]: DEBUG neutron.plugins.ml2.drivers.mech_agent [req-34e12426-3670-440d-b835-b0d2232c48a5 req-06fb33db-d909-4d9a-bfc0-4df05172a1ac service neutron] Bound using segment: {'id': 'f28e664b-b9c6-409c-a64c-0a4fb0940e08', 'network_type': 'vlan', 'physical_network': 'physnet1', 'segmentation_id': 447, 'network_id': '81a5cd3e-ba33-42e9-aeb1-98137a68336a'} {{(pid=95381) bind_port /opt/stack/neutron/neutron/plugins/ml2/drivers/mech_agent.py:114}}
