Aug 27 14:41:05.316823 n-d-806294-2 devstack@placement-api.service[95866]: DEBUG placement.handlers.allocation [req-6e9f18a9-f386-4166-9170-7716207362f6 req-537a8a79-1bb3-43b4-9439-f5b41ec44105 service placement] Successfully wrote allocations [, , ] {{(pid=95866) _create_allocations /opt/stack/placement/placement/handlers/allocation.py:461}}
Aug 27 14:41:05.402758 n-d-806294-2 devstack@placement-api.service[95866]: INFO placement.requestlog [req-6e9f18a9-f386-4166-9170-7716207362f6 req-537a8a79-1bb3-43b4-9439-f5b41ec44105 service placement] 10.222.0.59 "PUT /placement/allocations/81266410-ad99-437f-9cd1-5617564a6d44" status: 204 len: 0 microversion: 1.35
Aug 27 14:41:05.418263 n-d-806294-2 devstack@placement-api.service[95866]: [pid: 95866|app: 0|req: 143/288] 10.222.0.59 () {64 vars in 1434 bytes} [Fri Aug 27 14:41:05 2021] PUT /placement/allocations/81266410-ad99-437f-9cd1-5617564a6d44 => generated 0 bytes in 188 msecs (HTTP/1.1 204) 5 headers in 199 bytes (1 switches on core 0)
Aug 27 14:41:05.702311 n-d-806294-2 devstack@placement-api.service[95865]: DEBUG placement.requestlog [req-a9b361b4-5db7-41e0-b9bd-d92094d437d5 req-f1f11b10-9ff2-47ed-94bb-8a45f018c777 None None] Starting request: 10.222.0.48 "GET /placement/resource_providers/f64f47ca-22de-48ba-8351-b08caa9ea176/allocations" {{(pid=95865) __call__ /opt/stack/placement/placement/requestlog.py:55}}
Aug 27 14:41:05.779812 n-d-806294-2 devstack@placement-api.service[95865]: INFO placement.requestlog [req-a9b361b4-5db7-41e0-b9bd-d92094d437d5 req-f1f11b10-9ff2-47ed-94bb-8a45f018c777 service placement] 10.222.0.48 "GET /placement/resource_providers/f64f47ca-22de-48ba-8351-b08caa9ea176/allocations" status: 200 len: 760 microversion: 1.0
Aug 27 14:41:05.783029 n-d-806294-2 devstack@placement-api.service[95865]: [pid: 95865|app: 0|req: 146/289] 10.222.0.48 () {58 vars in 1391 bytes} [Fri Aug 27 14:41:05 2021] GET /placement/resource_providers/f64f47ca-22de-48ba-8351-b08caa9ea176/allocations => generated 760 bytes in 80 msecs (HTTP/1.1 200) 6 headers in 224 bytes (1 switches on core 0)
Aug 27 14:41:07.083831 n-d-806294-2 devstack@placement-api.service[95866]: DEBUG placement.requestlog [req-a9b361b4-5db7-41e0-b9bd-d92094d437d5 req-35b0e937-3e05-49ee-9630-16572f35f417 None None] Starting request: 10.222.0.48 "GET /placement/allocations/1a1c2a24-077e-46a2-a337-f078c3605b3e" {{(pid=95866) __call__ /opt/stack/placement/placement/requestlog.py:55}}
Aug 27 14:41:07.150116 n-d-806294-2 devstack@placement-api.service[95866]: INFO placement.requestlog [req-a9b361b4-5db7-41e0-b9bd-d92094d437d5 req-35b0e937-3e05-49ee-9630-16572f35f417 service placement] 10.222.0.48 "GET /placement/allocations/1a1c2a24-077e-46a2-a337-f078c3605b3e" status: 200 len: 259 microversion: 1.28
Aug 27 14:41:07.153936 n-d-806294-2 devstack@placement-api.service[95866]: [pid: 95866|app: 0|req: 144/290] 10.222.0.48 () {60 vars in 1378 bytes} [Fri Aug 27 14:41:07 2021] GET /placement/allocations/1a1c2a24-077e-46a2-a337-f078c3605b3e => generated 259 bytes in 68 msecs (HTTP/1.1 200) 8 headers in 296 bytes (1 switches on core 0)
Aug 27 14:41:07.174741 n-d-806294-2 devstack@placement-api.service[95865]: DEBUG placement.requestlog [req-a9b361b4-5db7-41e0-b9bd-d92094d437d5 req-93a478a0-b9fe-4594-b077-6175478316b0 None None] Starting request: 10.222.0.48 "PUT /placement/allocations/1a1c2a24-077e-46a2-a337-f078c3605b3e" {{(pid=95865) __call__ /opt/stack/placement/placement/requestlog.py:55}}
Aug 27 14:41:07.241133 n-d-806294-2 devstack@placement-api.service[95865]: DEBUG placement.handlers.allocation [req-a9b361b4-5db7-41e0-b9bd-d92094d437d5 req-93a478a0-b9fe-4594-b077-6175478316b0 service placement] Successfully wrote allocations [, , ] {{(pid=95865) _create_allocations /opt/stack/placement/placement/handlers/allocation.py:461}}
Aug 27 14:41:07.484726 n-d-806294-2 devstack@placement-api.service[95865]: INFO placement.requestlog [req-a9b361b4-5db7-41e0-b9bd-d92094d437d5 req-93a478a0-b9fe-4594-b077-6175478316b0 service placement] 10.222.0.48 "PUT /placement/allocations/1a1c2a24-077e-46a2-a337-f078c3605b3e" status: 204 len: 0 microversion: 1.28
Aug 27 14:41:07.485259 n-d-806294-2 devstack@placement-api.service[95865]: [pid: 95865|app: 0|req: 147/291] 10.222.0.48 () {64 vars in 1431 bytes} [Fri Aug 27 14:41:07 2021] PUT /placement/allocations/1a1c2a24-077e-46a2-a337-f078c3605b3e => generated 0 bytes in 311 msecs (HTTP/1.1 204) 5 headers in 199 bytes (2 switches on core 0)
Aug 27 14:41:08.339318 n-d-806294-2 devstack@placement-api.service[95866]: DEBUG placement.requestlog [req-6e9f18a9-f386-4166-9170-7716207362f6 req-13d7d502-7911-43f6-b852-48e73afeacb0 None None] Starting request: 10.222.0.48 "GET /placement/allocations/d4668fcf-8c9f-4bea-b063-6dbd93303192" {{(pid=95866) __call__ /opt/stack/placement/placement/requestlog.py:55}}
Aug 27 14:41:08.410625 n-d-806294-2 devstack@placement-api.service[95866]: INFO placement.requestlog [req-6e9f18a9-f386-4166-9170-7716207362f6 req-13d7d502-7911-43f6-b852-48e73afeacb0 service placement] 10.222.0.48 "GET /placement/allocations/d4668fcf-8c9f-4bea-b063-6dbd93303192" status: 200 len: 259 microversion: 1.28
Aug 27 14:41:08.413402 n-d-806294-2 devstack@placement-api.service[95866]: [pid: 95866|app: 0|req: 145/292] 10.222.0.48 () {60 vars in 1378 bytes} [Fri Aug 27 14:41:08 2021] GET /placement/allocations/d4668fcf-8c9f-4bea-b063-6dbd93303192 => generated 259 bytes in 75 msecs (HTTP/1.1 200) 8 headers in 296 bytes (1 switches on core 0)
Aug 27 14:41:09.133729 n-d-806294-2 devstack@placement-api.service[95865]: DEBUG placement.requestlog [req-6e9f18a9-f386-4166-9170-7716207362f6 req-3abaef17-1d50-4e9e-89cb-401ff41f9007 None None] Starting request: 10.222.0.37 "GET /placement/allocations/81266410-ad99-437f-9cd1-5617564a6d44" {{(pid=95865) __call__ /opt/stack/placement/placement/requestlog.py:55}}
Aug 27 14:41:09.193574 n-d-806294-2 devstack@placement-api.service[95865]: INFO placement.requestlog [req-6e9f18a9-f386-4166-9170-7716207362f6 req-3abaef17-1d50-4e9e-89cb-401ff41f9007 service placement] 10.222.0.37 "GET /placement/allocations/81266410-ad99-437f-9cd1-5617564a6d44" status: 200 len: 259 microversion: 1.28
Aug 27 14:41:09.194203 n-d-806294-2 devstack@placement-api.service[95865]: [pid: 95865|app: 0|req: 148/293] 10.222.0.37 () {60 vars in 1378 bytes} [Fri Aug 27 14:41:09 2021] GET /placement/allocations/81266410-ad99-437f-9cd1-5617564a6d44 => generated 259 bytes in 61 msecs (HTTP/1.1 200) 8 headers in 296 bytes (2 switches on core 0)
Aug 27 14:41:23.275847 n-d-806294-2 devstack@placement-api.service[95866]: DEBUG placement.requestlog [req-e36429ec-5b7e-4b97-887e-d41c15fc902b req-27d30063-0440-4556-a9da-167eb7cd762a None None] Starting request: 10.222.0.48 "GET /placement/allocations/517c8246-e878-4557-ab41-60af0b8e48a5" {{(pid=95866) __call__ /opt/stack/placement/placement/requestlog.py:55}}
Aug 27 14:41:23.300495 n-d-806294-2 devstack@placement-api.service[95866]: INFO placement.requestlog [req-e36429ec-5b7e-4b97-887e-d41c15fc902b req-27d30063-0440-4556-a9da-167eb7cd762a service placement] 10.222.0.48 "GET /placement/allocations/517c8246-e878-4557-ab41-60af0b8e48a5" status: 200 len: 259 microversion: 1.28
Aug 27 14:41:23.301068 n-d-806294-2 devstack@placement-api.service[95866]: [pid: 95866|app: 0|req: 146/294] 10.222.0.48 () {60 vars in 1378 bytes} [Fri Aug 27 14:41:23 2021] GET /placement/allocations/517c8246-e878-4557-ab41-60af0b8e48a5 => generated 259 bytes in 29 msecs (HTTP/1.1 200) 8 headers in 296 bytes (1 switches on core 0)
Aug 27 14:41:23.322717 n-d-806294-2 devstack@placement-api.service[95865]: DEBUG placement.requestlog [req-e36429ec-5b7e-4b97-887e-d41c15fc902b req-d8a57946-18ee-4038-b61a-278863fcb18d None None] Starting request: 10.222.0.48 "PUT /placement/allocations/517c8246-e878-4557-ab41-60af0b8e48a5" {{(pid=95865) __call__ /opt/stack/placement/placement/requestlog.py:55}}
Aug 27 14:41:23.387407 n-d-806294-2 devstack@placement-api.service[95865]: DEBUG placement.handlers.allocation [req-e36429ec-5b7e-4b97-887e-d41c15fc902b req-d8a57946-18ee-4038-b61a-278863fcb18d service placement] Successfully wrote allocations [, , ] {{(pid=95865) _create_allocations /opt/stack/placement/placement/handlers/allocation.py:461}}
Aug 27 14:41:23.533929 n-d-806294-2 devstack@placement-api.service[95865]: INFO placement.requestlog [req-e36429ec-5b7e-4b97-887e-d41c15fc902b req-d8a57946-18ee-4038-b61a-278863fcb18d service placement] 10.222.0.48 "PUT /placement/allocations/517c8246-e878-4557-ab41-60af0b8e48a5" status: 204 len: 0 microversion: 1.28
Aug 27 14:41:23.534504 n-d-806294-2 devstack@placement-api.service[95865]: [pid: 95865|app: 0|req: 149/295] 10.222.0.48 () {64 vars in 1431 bytes} [Fri Aug 27 14:41:23 2021] PUT /placement/allocations/517c8246-e878-4557-ab41-60af0b8e48a5 => generated 0 bytes in 212 msecs (HTTP/1.1 204) 5 headers in 199 bytes (2 switches on core 0)
Aug 27 14:41:27.046531 n-d-806294-2 devstack@placement-api.service[95866]: DEBUG placement.requestlog [req-af8ebbc7-6717-4e4b-b3fd-6d5ed09b43ab req-46b7cf7d-5a60-442e-9ee3-3800266b4b3f None None] Starting request: 10.222.0.59 "GET /placement/allocation_candidates?limit=1000&resources=DISK_GB%3A1%2CMEMORY_MB%3A1024%2CVCPU%3A1&root_required=%21COMPUTE_STATUS_DISABLED" {{(pid=95866) __call__ /opt/stack/placement/placement/requestlog.py:55}}
Aug 27 14:41:27.155427 n-d-806294-2 devstack@placement-api.service[95866]: DEBUG placement.objects.research_context [req-af8ebbc7-6717-4e4b-b3fd-6d5ed09b43ab req-46b7cf7d-5a60-442e-9ee3-3800266b4b3f service placement] getting providers with 1 DISK_GB {{(pid=95866) __init__ /opt/stack/placement/placement/objects/research_context.py:126}}
Aug 27 14:41:27.176057 n-d-806294-2 devstack@placement-api.service[95866]: DEBUG placement.objects.research_context [req-af8ebbc7-6717-4e4b-b3fd-6d5ed09b43ab req-46b7cf7d-5a60-442e-9ee3-3800266b4b3f service placement] getting providers with 1024 MEMORY_MB {{(pid=95866) __init__ /opt/stack/placement/placement/objects/research_context.py:126}}
Aug 27 14:41:27.199118 n-d-806294-2 devstack@placement-api.service[95866]: DEBUG placement.objects.research_context [req-af8ebbc7-6717-4e4b-b3fd-6d5ed09b43ab req-46b7cf7d-5a60-442e-9ee3-3800266b4b3f service placement] getting providers with 1 VCPU {{(pid=95866) __init__ /opt/stack/placement/placement/objects/research_context.py:126}}
Aug 27 14:41:27.223484 n-d-806294-2 devstack@placement-api.service[95866]: DEBUG placement.objects.research_context [req-af8ebbc7-6717-4e4b-b3fd-6d5ed09b43ab req-46b7cf7d-5a60-442e-9ee3-3800266b4b3f service placement] found 2 providers with available 1 DISK_GB {{(pid=95866) get_provider_ids_matching /opt/stack/placement/placement/objects/research_context.py:549}}
Aug 27 14:41:27.224014 n-d-806294-2 devstack@placement-api.service[95866]: DEBUG placement.objects.research_context [req-af8ebbc7-6717-4e4b-b3fd-6d5ed09b43ab req-46b7cf7d-5a60-442e-9ee3-3800266b4b3f service placement] found 2 providers with available 1024 MEMORY_MB {{(pid=95866) get_provider_ids_matching /opt/stack/placement/placement/objects/research_context.py:549}}
Aug 27 14:41:27.224428 n-d-806294-2 devstack@placement-api.service[95866]: DEBUG placement.objects.research_context [req-af8ebbc7-6717-4e4b-b3fd-6d5ed09b43ab req-46b7cf7d-5a60-442e-9ee3-3800266b4b3f service placement] found 2 providers after filtering by previous result {{(pid=95866) get_provider_ids_matching /opt/stack/placement/placement/objects/research_context.py:580}}
Aug 27 14:41:27.224934 n-d-806294-2 devstack@placement-api.service[95866]: DEBUG placement.objects.research_context [req-af8ebbc7-6717-4e4b-b3fd-6d5ed09b43ab req-46b7cf7d-5a60-442e-9ee3-3800266b4b3f service placement] found 2 providers with available 1 VCPU {{(pid=95866) get_provider_ids_matching /opt/stack/placement/placement/objects/research_context.py:549}}
Aug 27 14:41:27.300532 n-d-806294-2 devstack@placement-api.service[95866]: DEBUG placement.objects.research_context [req-af8ebbc7-6717-4e4b-b3fd-6d5ed09b43ab req-46b7cf7d-5a60-442e-9ee3-3800266b4b3f service placement] found 2 providers after filtering by previous result {{(pid=95866) get_provider_ids_matching /opt/stack/placement/placement/objects/research_context.py:580}}
Aug 27 14:41:27.300532 n-d-806294-2 devstack@placement-api.service[95866]: DEBUG placement.objects.allocation_candidate [req-af8ebbc7-6717-4e4b-b3fd-6d5ed09b43ab req-46b7cf7d-5a60-442e-9ee3-3800266b4b3f service placement] RequestGroup(use_same_provider=False, resources={DISK_GB:1, MEMORY_MB:1024, VCPU:1}, traits=[], aggregates=[]) (suffix '') returned 2 matches {{(pid=95866) _get_by_requests /opt/stack/placement/placement/objects/allocation_candidate.py:145}}
Aug 27 14:41:27.300532 n-d-806294-2 devstack@placement-api.service[95866]: DEBUG placement.objects.allocation_candidate [req-af8ebbc7-6717-4e4b-b3fd-6d5ed09b43ab req-46b7cf7d-5a60-442e-9ee3-3800266b4b3f service placement] Merging candidates yields 2 allocation requests and 2 provider summaries {{(pid=95866) _merge_candidates /opt/stack/placement/placement/objects/allocation_candidate.py:783}}
Aug 27 14:41:27.300532 n-d-806294-2 devstack@placement-api.service[95866]: INFO placement.requestlog [req-af8ebbc7-6717-4e4b-b3fd-6d5ed09b43ab req-46b7cf7d-5a60-442e-9ee3-3800266b4b3f service placement] 10.222.0.59 "GET /placement/allocation_candidates?limit=1000&resources=DISK_GB%3A1%2CMEMORY_MB%3A1024%2CVCPU%3A1&root_required=%21COMPUTE_STATUS_DISABLED" status: 200 len: 1310 microversion: 1.35
Aug 27 14:41:27.300532 n-d-806294-2 devstack@placement-api.service[95866]: [pid: 95866|app: 0|req: 147/296] 10.222.0.59 () {60 vars in 1507 bytes} [Fri Aug 27 14:41:27 2021] GET /placement/allocation_candidates?limit=1000&resources=DISK_GB%3A1%2CMEMORY_MB%3A1024%2CVCPU%3A1&root_required=%21COMPUTE_STATUS_DISABLED => generated 1310 bytes in 249 msecs (HTTP/1.1 200) 8 headers in 297 bytes (1 switches on core 0)
Aug 27 14:41:27.439692 n-d-806294-2 devstack@placement-api.service[95865]: DEBUG placement.requestlog [req-af8ebbc7-6717-4e4b-b3fd-6d5ed09b43ab req-0199ac6a-8769-46b6-9826-ad889745a2e2 None None] Starting request: 10.222.0.59 "GET /placement/allocations/97b48cae-ef67-4148-8858-13265c123f7d" {{(pid=95865) __call__ /opt/stack/placement/placement/requestlog.py:55}}
Aug 27 14:41:27.439692 n-d-806294-2 devstack@placement-api.service[95865]: INFO placement.requestlog [req-af8ebbc7-6717-4e4b-b3fd-6d5ed09b43ab req-0199ac6a-8769-46b6-9826-ad889745a2e2 service placement] 10.222.0.59 "GET /placement/allocations/97b48cae-ef67-4148-8858-13265c123f7d" status: 200 len: 19 microversion: 1.28
Aug 27 14:41:27.439692 n-d-806294-2 devstack@placement-api.service[95865]: [pid: 95865|app: 0|req: 150/297] 10.222.0.59 () {60 vars in 1381 bytes} [Fri Aug 27 14:41:27 2021] GET /placement/allocations/97b48cae-ef67-4148-8858-13265c123f7d => generated 19 bytes in 25 msecs (HTTP/1.1 200) 8 headers in 295 bytes (1 switches on core 0)
Aug 27 14:41:27.442547 n-d-806294-2 devstack@placement-api.service[95866]: DEBUG placement.requestlog [req-af8ebbc7-6717-4e4b-b3fd-6d5ed09b43ab req-f7067f07-b602-4011-bbed-7335bb2d3128 None None] Starting request: 10.222.0.59 "PUT /placement/allocations/97b48cae-ef67-4148-8858-13265c123f7d" {{(pid=95866) __call__ /opt/stack/placement/placement/requestlog.py:55}}
Aug 27 14:41:27.553165 n-d-806294-2 devstack@placement-api.service[95866]: DEBUG placement.handlers.allocation [req-af8ebbc7-6717-4e4b-b3fd-6d5ed09b43ab req-f7067f07-b602-4011-bbed-7335bb2d3128 service placement] Successfully wrote allocations [, , ] {{(pid=95866) _create_allocations /opt/stack/placement/placement/handlers/allocation.py:461}}
Aug 27 14:41:27.744799 n-d-806294-2 devstack@placement-api.service[95866]: INFO placement.requestlog [req-af8ebbc7-6717-4e4b-b3fd-6d5ed09b43ab req-f7067f07-b602-4011-bbed-7335bb2d3128 service placement] 10.222.0.59 "PUT /placement/allocations/97b48cae-ef67-4148-8858-13265c123f7d" status: 204 len: 0 microversion: 1.35
Aug 27 14:41:27.745913 n-d-806294-2 devstack@placement-api.service[95866]: [pid: 95866|app: 0|req: 148/298] 10.222.0.59 () {64 vars in 1434 bytes} [Fri Aug 27 14:41:27 2021] PUT /placement/allocations/97b48cae-ef67-4148-8858-13265c123f7d => generated 0 bytes in 326 msecs (HTTP/1.1 204) 5 headers in 199 bytes (2 switches on core 0)
Aug 27 14:41:28.675379 n-d-806294-2 devstack@placement-api.service[95865]: DEBUG placement.requestlog [req-999cae11-fff3-486d-97d5-c86df2dfaa5c req-57fc7467-b677-4375-955c-14a4c34b1783 None None] Starting request: 10.222.0.37 "GET /placement/resource_providers/15a67584-0fab-476a-9ff4-6b5e05176b1a/allocations" {{(pid=95865) __call__ /opt/stack/placement/placement/requestlog.py:55}}
Aug 27 14:41:28.762728 n-d-806294-2 devstack@placement-api.service[95865]: INFO placement.requestlog [req-999cae11-fff3-486d-97d5-c86df2dfaa5c req-57fc7467-b677-4375-955c-14a4c34b1783 service placement] 10.222.0.37 "GET /placement/resource_providers/15a67584-0fab-476a-9ff4-6b5e05176b1a/allocations" status: 200 len: 962 microversion: 1.0
Aug 27 14:41:28.766174 n-d-806294-2 devstack@placement-api.service[95865]: [pid: 95865|app: 0|req: 151/299] 10.222.0.37 () {58 vars in 1391 bytes} [Fri Aug 27 14:41:28 2021] GET /placement/resource_providers/15a67584-0fab-476a-9ff4-6b5e05176b1a/allocations => generated 962 bytes in 90 msecs (HTTP/1.1 200) 6 headers in 224 bytes (1 switches on core 0)
Aug 27 14:41:29.900520 n-d-806294-2 devstack@placement-api.service[95866]: DEBUG placement.requestlog [req-af8ebbc7-6717-4e4b-b3fd-6d5ed09b43ab req-2650841b-11ed-4d78-9620-66f5c62bbabf None None] Starting request: 10.222.0.48 "GET /placement/allocations/97b48cae-ef67-4148-8858-13265c123f7d" {{(pid=95866) __call__ /opt/stack/placement/placement/requestlog.py:55}}
Aug 27 14:41:29.924274 n-d-806294-2 devstack@placement-api.service[95866]: INFO placement.requestlog [req-af8ebbc7-6717-4e4b-b3fd-6d5ed09b43ab req-2650841b-11ed-4d78-9620-66f5c62bbabf service placement] 10.222.0.48 "GET /placement/allocations/97b48cae-ef67-4148-8858-13265c123f7d" status: 200 len: 259 microversion: 1.28
Aug 27 14:41:29.924274 n-d-806294-2 devstack@placement-api.service[95866]: [pid: 95866|app: 0|req: 149/300] 10.222.0.48 () {60 vars in 1378 bytes} [Fri Aug 27 14:41:29 2021] GET /placement/allocations/97b48cae-ef67-4148-8858-13265c123f7d => generated 259 bytes in 20 msecs (HTTP/1.1 200) 8 headers in 296 bytes (1 switches on core 0)
Aug 27 14:41:40.795218 n-d-806294-2 devstack@placement-api.service[95865]: DEBUG placement.requestlog [req-724c9c8d-3786-4a60-84ab-422ed77daf70 req-12a6d504-f678-437f-8e5f-3bace8a8422e None None] Starting request: 10.222.0.59 "GET /placement/allocation_candidates?limit=1000&resources=DISK_GB%3A1%2CMEMORY_MB%3A1024%2CVCPU%3A1&root_required=%21COMPUTE_STATUS_DISABLED" {{(pid=95865) __call__ /opt/stack/placement/placement/requestlog.py:55}}
Aug 27 14:41:40.865961 n-d-806294-2 devstack@placement-api.service[95865]: DEBUG placement.objects.research_context [req-724c9c8d-3786-4a60-84ab-422ed77daf70 req-12a6d504-f678-437f-8e5f-3bace8a8422e service placement] getting providers with 1 DISK_GB {{(pid=95865) __init__ /opt/stack/placement/placement/objects/research_context.py:126}}
Aug 27 14:41:40.884728 n-d-806294-2 devstack@placement-api.service[95865]: DEBUG placement.objects.research_context [req-724c9c8d-3786-4a60-84ab-422ed77daf70 req-12a6d504-f678-437f-8e5f-3bace8a8422e service placement] getting providers with 1024 MEMORY_MB {{(pid=95865) __init__ /opt/stack/placement/placement/objects/research_context.py:126}}
Aug 27 14:41:40.902706 n-d-806294-2 devstack@placement-api.service[95865]: DEBUG placement.objects.research_context [req-724c9c8d-3786-4a60-84ab-422ed77daf70 req-12a6d504-f678-437f-8e5f-3bace8a8422e service placement] getting providers with 1 VCPU {{(pid=95865) __init__ /opt/stack/placement/placement/objects/research_context.py:126}}
Aug 27 14:41:40.920026 n-d-806294-2 devstack@placement-api.service[95865]: DEBUG placement.objects.research_context [req-724c9c8d-3786-4a60-84ab-422ed77daf70 req-12a6d504-f678-437f-8e5f-3bace8a8422e service placement] found 2 providers with available 1 DISK_GB {{(pid=95865) get_provider_ids_matching /opt/stack/placement/placement/objects/research_context.py:549}}
Aug 27 14:41:40.920767 n-d-806294-2 devstack@placement-api.service[95865]: DEBUG placement.objects.research_context [req-724c9c8d-3786-4a60-84ab-422ed77daf70 req-12a6d504-f678-437f-8e5f-3bace8a8422e service placement] found 2 providers with available 1024 MEMORY_MB {{(pid=95865) get_provider_ids_matching /opt/stack/placement/placement/objects/research_context.py:549}}
Aug 27 14:41:40.921190 n-d-806294-2 devstack@placement-api.service[95865]: DEBUG placement.objects.research_context [req-724c9c8d-3786-4a60-84ab-422ed77daf70 req-12a6d504-f678-437f-8e5f-3bace8a8422e service placement] found 2 providers after filtering by previous result {{(pid=95865) get_provider_ids_matching /opt/stack/placement/placement/objects/research_context.py:580}}
Aug 27 14:41:40.921594 n-d-806294-2 devstack@placement-api.service[95865]: DEBUG placement.objects.research_context [req-724c9c8d-3786-4a60-84ab-422ed77daf70 req-12a6d504-f678-437f-8e5f-3bace8a8422e service placement] found 2 providers with available 1 VCPU {{(pid=95865) get_provider_ids_matching /opt/stack/placement/placement/objects/research_context.py:549}}
Aug 27 14:41:40.922438 n-d-806294-2 devstack@placement-api.service[95865]: DEBUG placement.objects.research_context [req-724c9c8d-3786-4a60-84ab-422ed77daf70 req-12a6d504-f678-437f-8e5f-3bace8a8422e service placement] found 2 providers after filtering by previous result {{(pid=95865) get_provider_ids_matching /opt/stack/placement/placement/objects/research_context.py:580}}
Aug 27 14:41:40.963069 n-d-806294-2 devstack@placement-api.service[95865]: DEBUG placement.objects.allocation_candidate [req-724c9c8d-3786-4a60-84ab-422ed77daf70 req-12a6d504-f678-437f-8e5f-3bace8a8422e service placement] RequestGroup(use_same_provider=False, resources={DISK_GB:1, MEMORY_MB:1024, VCPU:1}, traits=[], aggregates=[]) (suffix '') returned 2 matches {{(pid=95865) _get_by_requests /opt/stack/placement/placement/objects/allocation_candidate.py:145}}
Aug 27 14:41:40.963451 n-d-806294-2 devstack@placement-api.service[95865]: DEBUG placement.objects.allocation_candidate [req-724c9c8d-3786-4a60-84ab-422ed77daf70 req-12a6d504-f678-437f-8e5f-3bace8a8422e service placement] Merging candidates yields 2 allocation requests and 2 provider summaries {{(pid=95865) _merge_candidates /opt/stack/placement/placement/objects/allocation_candidate.py:783}}
Aug 27 14:41:40.966052 n-d-806294-2 devstack@placement-api.service[95865]: INFO placement.requestlog [req-724c9c8d-3786-4a60-84ab-422ed77daf70 req-12a6d504-f678-437f-8e5f-3bace8a8422e service placement] 10.222.0.59 "GET /placement/allocation_candidates?limit=1000&resources=DISK_GB%3A1%2CMEMORY_MB%3A1024%2CVCPU%3A1&root_required=%21COMPUTE_STATUS_DISABLED" status: 200 len: 1310 microversion: 1.35
Aug 27 14:41:40.966542 n-d-806294-2 devstack@placement-api.service[95865]: [pid: 95865|app: 0|req: 152/301] 10.222.0.59 () {60 vars in 1507 bytes} [Fri Aug 27 14:41:40 2021] GET /placement/allocation_candidates?limit=1000&resources=DISK_GB%3A1%2CMEMORY_MB%3A1024%2CVCPU%3A1&root_required=%21COMPUTE_STATUS_DISABLED => generated 1310 bytes in 172 msecs (HTTP/1.1 200) 8 headers in 297 bytes (1 switches on core 0)
Aug 27 14:41:41.031684 n-d-806294-2 devstack@placement-api.service[95866]: DEBUG placement.requestlog [req-724c9c8d-3786-4a60-84ab-422ed77daf70 req-823d14f5-4755-4f0b-8190-db42714d5cda None None] Starting request: 10.222.0.59 "GET /placement/allocations/c2cc5167-3067-44ff-8c5d-a044fecd9852" {{(pid=95866) __call__ /opt/stack/placement/placement/requestlog.py:55}}
Aug 27 14:41:41.044237 n-d-806294-2 devstack@placement-api.service[95866]: INFO placement.requestlog [req-724c9c8d-3786-4a60-84ab-422ed77daf70 req-823d14f5-4755-4f0b-8190-db42714d5cda service placement] 10.222.0.59 "GET /placement/allocations/c2cc5167-3067-44ff-8c5d-a044fecd9852" status: 200 len: 19 microversion: 1.28
Aug 27 14:41:41.045092 n-d-806294-2 devstack@placement-api.service[95866]: [pid: 95866|app: 0|req: 150/302] 10.222.0.59 () {60 vars in 1381 bytes} [Fri Aug 27 14:41:41 2021] GET /placement/allocations/c2cc5167-3067-44ff-8c5d-a044fecd9852 => generated 19 bytes in 13 msecs (HTTP/1.1 200) 8 headers in 295 bytes (1 switches on core 0)
Aug 27 14:41:41.051495 n-d-806294-2 devstack@placement-api.service[95865]: DEBUG placement.requestlog [req-724c9c8d-3786-4a60-84ab-422ed77daf70 req-74b17376-9e05-4f8e-916d-f40333298153 None None] Starting request: 10.222.0.59 "PUT /placement/allocations/c2cc5167-3067-44ff-8c5d-a044fecd9852" {{(pid=95865) __call__ /opt/stack/placement/placement/requestlog.py:55}}
Aug 27 14:41:41.104919 n-d-806294-2 devstack@placement-api.service[95865]: DEBUG placement.handlers.allocation [req-724c9c8d-3786-4a60-84ab-422ed77daf70 req-74b17376-9e05-4f8e-916d-f40333298153 service placement] Successfully wrote allocations [, , ] {{(pid=95865) _create_allocations /opt/stack/placement/placement/handlers/allocation.py:461}}
Aug 27 14:41:41.269733 n-d-806294-2 devstack@placement-api.service[95865]: INFO placement.requestlog [req-724c9c8d-3786-4a60-84ab-422ed77daf70 req-74b17376-9e05-4f8e-916d-f40333298153 service placement] 10.222.0.59 "PUT /placement/allocations/c2cc5167-3067-44ff-8c5d-a044fecd9852" status: 204 len: 0 microversion: 1.35
Aug 27 14:41:41.270278 n-d-806294-2 devstack@placement-api.service[95865]: [pid: 95865|app: 0|req: 153/303] 10.222.0.59 () {64 vars in 1434 bytes} [Fri Aug 27 14:41:41 2021] PUT /placement/allocations/c2cc5167-3067-44ff-8c5d-a044fecd9852 => generated 0 bytes in 219 msecs (HTTP/1.1 204) 5 headers in 199 bytes (2 switches on core 0)
Aug 27 14:41:42.397034 n-d-806294-2 devstack@placement-api.service[95866]: DEBUG placement.requestlog [req-54b8cb76-0eb6-46d7-b5e6-70fd196ca781 req-86d0b881-0fee-4eea-8ae3-187ff013901f None None] Starting request: 10.222.0.59 "GET /placement/allocation_candidates?limit=1000&resources=DISK_GB%3A1%2CMEMORY_MB%3A1024%2CVCPU%3A1&root_required=%21COMPUTE_STATUS_DISABLED" {{(pid=95866) __call__ /opt/stack/placement/placement/requestlog.py:55}}
Aug 27 14:41:42.436357 n-d-806294-2 devstack@placement-api.service[95866]: DEBUG placement.objects.research_context [req-54b8cb76-0eb6-46d7-b5e6-70fd196ca781 req-86d0b881-0fee-4eea-8ae3-187ff013901f service placement] getting providers with 1 DISK_GB {{(pid=95866) __init__ /opt/stack/placement/placement/objects/research_context.py:126}}
Aug 27 14:41:42.444773 n-d-806294-2 devstack@placement-api.service[95866]: DEBUG placement.objects.research_context [req-54b8cb76-0eb6-46d7-b5e6-70fd196ca781 req-86d0b881-0fee-4eea-8ae3-187ff013901f service placement] getting providers with 1024 MEMORY_MB {{(pid=95866) __init__ /opt/stack/placement/placement/objects/research_context.py:126}}
Aug 27 14:41:42.451116 n-d-806294-2 devstack@placement-api.service[95866]: DEBUG placement.objects.research_context [req-54b8cb76-0eb6-46d7-b5e6-70fd196ca781 req-86d0b881-0fee-4eea-8ae3-187ff013901f service placement] getting providers with 1 VCPU {{(pid=95866) __init__ /opt/stack/placement/placement/objects/research_context.py:126}}
Aug 27 14:41:42.457606 n-d-806294-2 devstack@placement-api.service[95866]: DEBUG placement.objects.research_context [req-54b8cb76-0eb6-46d7-b5e6-70fd196ca781 req-86d0b881-0fee-4eea-8ae3-187ff013901f service placement] found 2 providers with available 1 DISK_GB {{(pid=95866) get_provider_ids_matching /opt/stack/placement/placement/objects/research_context.py:549}}
Aug 27 14:41:42.458139 n-d-806294-2 devstack@placement-api.service[95866]: DEBUG placement.objects.research_context [req-54b8cb76-0eb6-46d7-b5e6-70fd196ca781 req-86d0b881-0fee-4eea-8ae3-187ff013901f service placement] found 2 providers with available 1024 MEMORY_MB {{(pid=95866) get_provider_ids_matching /opt/stack/placement/placement/objects/research_context.py:549}}
Aug 27 14:41:42.458413 n-d-806294-2 devstack@placement-api.service[95866]: DEBUG placement.objects.research_context [req-54b8cb76-0eb6-46d7-b5e6-70fd196ca781 req-86d0b881-0fee-4eea-8ae3-187ff013901f service placement] found 2 providers after filtering by previous result {{(pid=95866) get_provider_ids_matching /opt/stack/placement/placement/objects/research_context.py:580}}
Aug 27 14:41:42.458703 n-d-806294-2 devstack@placement-api.service[95866]: DEBUG placement.objects.research_context [req-54b8cb76-0eb6-46d7-b5e6-70fd196ca781 req-86d0b881-0fee-4eea-8ae3-187ff013901f service placement] found 2 providers with available 1 VCPU {{(pid=95866) get_provider_ids_matching /opt/stack/placement/placement/objects/research_context.py:549}}
Aug 27 14:41:42.458967 n-d-806294-2 devstack@placement-api.service[95866]: DEBUG placement.objects.research_context [req-54b8cb76-0eb6-46d7-b5e6-70fd196ca781 req-86d0b881-0fee-4eea-8ae3-187ff013901f service placement] found 2 providers after filtering by previous result {{(pid=95866) get_provider_ids_matching /opt/stack/placement/placement/objects/research_context.py:580}}
Aug 27 14:41:42.474515 n-d-806294-2 devstack@placement-api.service[95866]: DEBUG placement.objects.allocation_candidate [req-54b8cb76-0eb6-46d7-b5e6-70fd196ca781 req-86d0b881-0fee-4eea-8ae3-187ff013901f service placement] RequestGroup(use_same_provider=False, resources={DISK_GB:1, MEMORY_MB:1024, VCPU:1}, traits=[], aggregates=[]) (suffix '') returned 2 matches {{(pid=95866) _get_by_requests /opt/stack/placement/placement/objects/allocation_candidate.py:145}}
Aug 27 14:41:42.477520 n-d-806294-2 devstack@placement-api.service[95866]: DEBUG placement.objects.allocation_candidate [req-54b8cb76-0eb6-46d7-b5e6-70fd196ca781 req-86d0b881-0fee-4eea-8ae3-187ff013901f service placement] Merging candidates yields 2 allocation requests and 2 provider summaries {{(pid=95866) _merge_candidates /opt/stack/placement/placement/objects/allocation_candidate.py:783}}
Aug 27 14:41:42.480196 n-d-806294-2 devstack@placement-api.service[95866]: INFO placement.requestlog [req-54b8cb76-0eb6-46d7-b5e6-70fd196ca781 req-86d0b881-0fee-4eea-8ae3-187ff013901f service placement] 10.222.0.59 "GET /placement/allocation_candidates?limit=1000&resources=DISK_GB%3A1%2CMEMORY_MB%3A1024%2CVCPU%3A1&root_required=%21COMPUTE_STATUS_DISABLED" status: 200 len: 1312 microversion: 1.35
Aug 27 14:41:42.481577 n-d-806294-2 devstack@placement-api.service[95866]: [pid: 95866|app: 0|req: 151/304] 10.222.0.59 () {60 vars in 1507 bytes} [Fri Aug 27 14:41:42 2021] GET /placement/allocation_candidates?limit=1000&resources=DISK_GB%3A1%2CMEMORY_MB%3A1024%2CVCPU%3A1&root_required=%21COMPUTE_STATUS_DISABLED => generated 1312 bytes in 85 msecs (HTTP/1.1 200) 8 headers in 297 bytes (1 switches on core 0)
Aug 27 14:41:42.577738 n-d-806294-2 devstack@placement-api.service[95865]: DEBUG placement.requestlog [req-54b8cb76-0eb6-46d7-b5e6-70fd196ca781 req-5a44379b-d3e4-49c1-ac5c-f1b87630744c None None] Starting request: 10.222.0.59 "GET /placement/allocations/03c0e27f-5d01-4779-b2df-5b1c94a16609" {{(pid=95865) __call__ /opt/stack/placement/placement/requestlog.py:55}}
Aug 27 14:41:42.607370 n-d-806294-2 devstack@placement-api.service[95865]: INFO placement.requestlog [req-54b8cb76-0eb6-46d7-b5e6-70fd196ca781 req-5a44379b-d3e4-49c1-ac5c-f1b87630744c service placement] 10.222.0.59 "GET /placement/allocations/03c0e27f-5d01-4779-b2df-5b1c94a16609" status: 200 len: 19 microversion: 1.28
Aug 27 14:41:42.608587 n-d-806294-2 devstack@placement-api.service[95865]: [pid: 95865|app: 0|req: 154/305] 10.222.0.59 () {60 vars in 1381 bytes} [Fri Aug 27 14:41:42 2021] GET /placement/allocations/03c0e27f-5d01-4779-b2df-5b1c94a16609 => generated 19 bytes in 31 msecs (HTTP/1.1 200) 8 headers in 295 bytes (1 switches on core 0)
Aug 27 14:41:42.618781 n-d-806294-2 devstack@placement-api.service[95866]: DEBUG placement.requestlog [req-54b8cb76-0eb6-46d7-b5e6-70fd196ca781 req-68782930-91b7-436e-bd70-c0faee7e2df1 None None] Starting request: 10.222.0.59 "PUT /placement/allocations/03c0e27f-5d01-4779-b2df-5b1c94a16609" {{(pid=95866) __call__ /opt/stack/placement/placement/requestlog.py:55}}
Aug 27 14:41:42.669190 n-d-806294-2 devstack@placement-api.service[95866]: DEBUG placement.handlers.allocation [req-54b8cb76-0eb6-46d7-b5e6-70fd196ca781 req-68782930-91b7-436e-bd70-c0faee7e2df1 service placement] Successfully wrote allocations [, , ] {{(pid=95866) _create_allocations /opt/stack/placement/placement/handlers/allocation.py:461}}
Aug 27 14:41:42.786399 n-d-806294-2 devstack@placement-api.service[95866]: INFO placement.requestlog [req-54b8cb76-0eb6-46d7-b5e6-70fd196ca781 req-68782930-91b7-436e-bd70-c0faee7e2df1 service placement] 10.222.0.59 "PUT /placement/allocations/03c0e27f-5d01-4779-b2df-5b1c94a16609" status: 204 len: 0 microversion: 1.35
Aug 27 14:41:42.786399 n-d-806294-2 devstack@placement-api.service[95866]: [pid: 95866|app: 0|req: 152/306] 10.222.0.59 () {64 vars in 1434 bytes} [Fri Aug 27 14:41:42 2021] PUT /placement/allocations/03c0e27f-5d01-4779-b2df-5b1c94a16609 => generated 0 bytes in 168 msecs (HTTP/1.1 204) 5 headers in 199 bytes (1 switches on core 0)
Aug 27 14:41:42.810266 n-d-806294-2 devstack@placement-api.service[95865]: DEBUG placement.requestlog [req-724c9c8d-3786-4a60-84ab-422ed77daf70 req-d4a2cdd5-0cdd-48a4-b059-77be2e3e8943 None None] Starting request: 10.222.0.37 "GET /placement/allocations/c2cc5167-3067-44ff-8c5d-a044fecd9852" {{(pid=95865) __call__ /opt/stack/placement/placement/requestlog.py:55}}
Aug 27 14:41:42.841197 n-d-806294-2 devstack@placement-api.service[95865]: INFO placement.requestlog [req-724c9c8d-3786-4a60-84ab-422ed77daf70 req-d4a2cdd5-0cdd-48a4-b059-77be2e3e8943 service placement] 10.222.0.37 "GET /placement/allocations/c2cc5167-3067-44ff-8c5d-a044fecd9852" status: 200 len: 259 microversion: 1.28
Aug 27 14:41:42.842899 n-d-806294-2 devstack@placement-api.service[95865]: [pid: 95865|app: 0|req: 155/307] 10.222.0.37 () {60 vars in 1378 bytes} [Fri Aug 27 14:41:42 2021] GET /placement/allocations/c2cc5167-3067-44ff-8c5d-a044fecd9852 => generated 259 bytes in 33 msecs (HTTP/1.1 200) 8 headers in 296 bytes (1 switches on core 0)
Aug 27 14:41:42.851987 n-d-806294-2 devstack@placement-api.service[95866]: DEBUG placement.requestlog [req-8dbd45c0-5ac1-4215-939d-2e1e7427d7b7 req-7760c6c4-24a3-4626-9188-face816c27e1 None None] Starting request: 10.222.0.59 "GET /placement/allocation_candidates?resources=DISK_GB%3A1%2CMEMORY_MB%3A1024%2CVCPU%3A1&root_required=%21COMPUTE_STATUS_DISABLED" {{(pid=95866) __call__ /opt/stack/placement/placement/requestlog.py:55}}
Aug 27 14:41:42.897509 n-d-806294-2 devstack@placement-api.service[95866]: DEBUG placement.objects.research_context [req-8dbd45c0-5ac1-4215-939d-2e1e7427d7b7 req-7760c6c4-24a3-4626-9188-face816c27e1 service placement] getting providers with 1 DISK_GB {{(pid=95866) __init__ /opt/stack/placement/placement/objects/research_context.py:126}}
Aug 27 14:41:42.910017 n-d-806294-2 devstack@placement-api.service[95866]: DEBUG placement.objects.research_context [req-8dbd45c0-5ac1-4215-939d-2e1e7427d7b7 req-7760c6c4-24a3-4626-9188-face816c27e1 service placement] getting providers with 1024 MEMORY_MB {{(pid=95866) __init__ /opt/stack/placement/placement/objects/research_context.py:126}}
Aug 27 14:41:42.917528 n-d-806294-2 devstack@placement-api.service[95866]: DEBUG placement.objects.research_context [req-8dbd45c0-5ac1-4215-939d-2e1e7427d7b7 req-7760c6c4-24a3-4626-9188-face816c27e1 service placement] getting providers with 1 VCPU {{(pid=95866) __init__ /opt/stack/placement/placement/objects/research_context.py:126}}
Aug 27 14:41:42.924684 n-d-806294-2 devstack@placement-api.service[95866]: DEBUG placement.objects.research_context [req-8dbd45c0-5ac1-4215-939d-2e1e7427d7b7 req-7760c6c4-24a3-4626-9188-face816c27e1 service placement] found 2 providers with available 1 DISK_GB {{(pid=95866) get_provider_ids_matching /opt/stack/placement/placement/objects/research_context.py:549}}
Aug 27 14:41:42.925377 n-d-806294-2 devstack@placement-api.service[95866]: DEBUG placement.objects.research_context [req-8dbd45c0-5ac1-4215-939d-2e1e7427d7b7 req-7760c6c4-24a3-4626-9188-face816c27e1 service placement] found 2 providers with available 1024 MEMORY_MB {{(pid=95866) get_provider_ids_matching /opt/stack/placement/placement/objects/research_context.py:549}}
Aug 27 14:41:42.925914 n-d-806294-2 devstack@placement-api.service[95866]: DEBUG placement.objects.research_context [req-8dbd45c0-5ac1-4215-939d-2e1e7427d7b7 req-7760c6c4-24a3-4626-9188-face816c27e1 service placement] found 2 providers after filtering by previous result {{(pid=95866) get_provider_ids_matching /opt/stack/placement/placement/objects/research_context.py:580}}
Aug 27 14:41:42.926695 n-d-806294-2 devstack@placement-api.service[95866]: DEBUG placement.objects.research_context [req-8dbd45c0-5ac1-4215-939d-2e1e7427d7b7 req-7760c6c4-24a3-4626-9188-face816c27e1 service placement] found 2 providers with available 1 VCPU {{(pid=95866) get_provider_ids_matching /opt/stack/placement/placement/objects/research_context.py:549}}
Aug 27 14:41:42.927269 n-d-806294-2 devstack@placement-api.service[95866]: DEBUG placement.objects.research_context [req-8dbd45c0-5ac1-4215-939d-2e1e7427d7b7 req-7760c6c4-24a3-4626-9188-face816c27e1 service placement] found 2 providers after filtering by previous result {{(pid=95866) get_provider_ids_matching /opt/stack/placement/placement/objects/research_context.py:580}}
Aug 27 14:41:42.940578 n-d-806294-2 devstack@placement-api.service[95866]: DEBUG placement.objects.allocation_candidate [req-8dbd45c0-5ac1-4215-939d-2e1e7427d7b7 req-7760c6c4-24a3-4626-9188-face816c27e1 service placement] RequestGroup(use_same_provider=False, resources={DISK_GB:1, MEMORY_MB:1024, VCPU:1}, traits=[], aggregates=[]) (suffix '') returned 2 matches {{(pid=95866) _get_by_requests /opt/stack/placement/placement/objects/allocation_candidate.py:145}}
Aug 27 14:41:42.941353 n-d-806294-2 devstack@placement-api.service[95866]: DEBUG placement.objects.allocation_candidate [req-8dbd45c0-5ac1-4215-939d-2e1e7427d7b7 req-7760c6c4-24a3-4626-9188-face816c27e1 service placement] Merging candidates yields 2 allocation requests and 2 provider summaries {{(pid=95866) _merge_candidates /opt/stack/placement/placement/objects/allocation_candidate.py:783}}
Aug 27 14:41:42.943768 n-d-806294-2 devstack@placement-api.service[95866]: INFO placement.requestlog [req-8dbd45c0-5ac1-4215-939d-2e1e7427d7b7 req-7760c6c4-24a3-4626-9188-face816c27e1 service placement] 10.222.0.59 "GET /placement/allocation_candidates?resources=DISK_GB%3A1%2CMEMORY_MB%3A1024%2CVCPU%3A1&root_required=%21COMPUTE_STATUS_DISABLED" status: 200 len: 1312 microversion: 1.35
Aug 27 14:41:42.944521 n-d-806294-2 devstack@placement-api.service[95866]: [pid: 95866|app: 0|req: 153/308] 10.222.0.59 () {60 vars in 1485 bytes} [Fri Aug 27 14:41:42 2021] GET /placement/allocation_candidates?resources=DISK_GB%3A1%2CMEMORY_MB%3A1024%2CVCPU%3A1&root_required=%21COMPUTE_STATUS_DISABLED => generated 1312 bytes in 96 msecs (HTTP/1.1 200) 8 headers in 297 bytes (1 switches on core 0)
Aug 27 14:41:42.996523 n-d-806294-2 devstack@placement-api.service[95865]: DEBUG placement.requestlog [req-8dbd45c0-5ac1-4215-939d-2e1e7427d7b7 req-1d94e4e3-d2b4-4bfd-b517-ea2c986d3096 None None] Starting request: 10.222.0.59 "GET /placement/allocations/511cef15-03b2-494b-be48-270d01a9ca78" {{(pid=95865) __call__ /opt/stack/placement/placement/requestlog.py:55}}
Aug 27 14:41:43.008079 n-d-806294-2 devstack@placement-api.service[95865]: INFO placement.requestlog [req-8dbd45c0-5ac1-4215-939d-2e1e7427d7b7 req-1d94e4e3-d2b4-4bfd-b517-ea2c986d3096 service placement] 10.222.0.59 "GET /placement/allocations/511cef15-03b2-494b-be48-270d01a9ca78" status: 200 len: 19 microversion: 1.28
Aug 27 14:41:43.008471 n-d-806294-2 devstack@placement-api.service[95865]: [pid: 95865|app: 0|req: 156/309] 10.222.0.59 () {60 vars in 1381 bytes} [Fri Aug 27 14:41:42 2021] GET /placement/allocations/511cef15-03b2-494b-be48-270d01a9ca78 => generated 19 bytes in 12 msecs (HTTP/1.1 200) 8 headers in 295 bytes (1 switches on core 0)
Aug 27 14:41:43.015126 n-d-806294-2 devstack@placement-api.service[95866]: DEBUG placement.requestlog [req-8dbd45c0-5ac1-4215-939d-2e1e7427d7b7 req-c4501cc7-f3bd-4c33-a613-4ae52f2f304d None None] Starting request: 10.222.0.59 "PUT /placement/allocations/511cef15-03b2-494b-be48-270d01a9ca78" {{(pid=95866) __call__ /opt/stack/placement/placement/requestlog.py:55}}
Aug 27 14:41:43.054977 n-d-806294-2 devstack@placement-api.service[95866]: DEBUG placement.handlers.allocation [req-8dbd45c0-5ac1-4215-939d-2e1e7427d7b7 req-c4501cc7-f3bd-4c33-a613-4ae52f2f304d service placement] Successfully wrote allocations [, , ] {{(pid=95866) _create_allocations /opt/stack/placement/placement/handlers/allocation.py:461}}
Aug 27 14:41:43.255526 n-d-806294-2 devstack@placement-api.service[95866]: INFO placement.requestlog [req-8dbd45c0-5ac1-4215-939d-2e1e7427d7b7 req-c4501cc7-f3bd-4c33-a613-4ae52f2f304d service placement] 10.222.0.59 "PUT /placement/allocations/511cef15-03b2-494b-be48-270d01a9ca78" status: 204 len: 0 microversion: 1.35
Aug 27 14:41:43.256144 n-d-806294-2 devstack@placement-api.service[95866]: [pid: 95866|app: 0|req: 154/310] 10.222.0.59 () {64 vars in 1434 bytes} [Fri Aug 27 14:41:43 2021] PUT /placement/allocations/511cef15-03b2-494b-be48-270d01a9ca78 => generated 0 bytes in 241 msecs (HTTP/1.1 204) 5 headers in 199 bytes (1 switches on core 0)
Aug 27 14:41:43.813609 n-d-806294-2 devstack@placement-api.service[95865]: DEBUG placement.requestlog [req-80897c5c-575b-4af5-ba78-8f06752c71ba req-a2f21737-620a-412c-bd0e-a03433b520e3 None None] Starting request: 10.222.0.48 "GET /placement/resource_providers/f64f47ca-22de-48ba-8351-b08caa9ea176/allocations" {{(pid=95865) __call__ /opt/stack/placement/placement/requestlog.py:55}}
Aug 27 14:41:43.854852 n-d-806294-2 devstack@placement-api.service[95865]: INFO placement.requestlog [req-80897c5c-575b-4af5-ba78-8f06752c71ba req-a2f21737-620a-412c-bd0e-a03433b520e3 service placement] 10.222.0.48 "GET /placement/resource_providers/f64f47ca-22de-48ba-8351-b08caa9ea176/allocations" status: 200 len: 659 microversion: 1.0
Aug 27 14:41:43.855720 n-d-806294-2 devstack@placement-api.service[95865]: [pid: 95865|app: 0|req: 157/311] 10.222.0.48 () {58 vars in 1391 bytes} [Fri Aug 27 14:41:43 2021] GET /placement/resource_providers/f64f47ca-22de-48ba-8351-b08caa9ea176/allocations => generated 659 bytes in 42 msecs (HTTP/1.1 200) 6 headers in 224 bytes (2 switches on core 0)
Aug 27 14:41:45.581310 n-d-806294-2 devstack@placement-api.service[95866]: DEBUG placement.requestlog [req-54b8cb76-0eb6-46d7-b5e6-70fd196ca781 req-0a301848-742f-4c19-b777-2e54b2fa4621 None None] Starting request: 10.222.0.37 "GET /placement/allocations/03c0e27f-5d01-4779-b2df-5b1c94a16609" {{(pid=95866) __call__ /opt/stack/placement/placement/requestlog.py:55}}
Aug 27 14:41:45.600868 n-d-806294-2 devstack@placement-api.service[95866]: INFO placement.requestlog [req-54b8cb76-0eb6-46d7-b5e6-70fd196ca781 req-0a301848-742f-4c19-b777-2e54b2fa4621 service placement] 10.222.0.37 "GET /placement/allocations/03c0e27f-5d01-4779-b2df-5b1c94a16609" status: 200 len: 259 microversion: 1.28
Aug 27 14:41:45.601151 n-d-806294-2 devstack@placement-api.service[95866]: [pid: 95866|app: 0|req: 155/312] 10.222.0.37 () {60 vars in 1378 bytes} [Fri Aug 27 14:41:45 2021] GET /placement/allocations/03c0e27f-5d01-4779-b2df-5b1c94a16609 => generated 259 bytes in 20 msecs (HTTP/1.1 200) 8 headers in 296 bytes (1 switches on core 0)
Aug 27 14:41:45.930571 n-d-806294-2 devstack@placement-api.service[95865]: DEBUG placement.requestlog [req-2918954f-2d93-4941-b75a-36e3ab882f34 req-81a8e48f-f30c-4169-a1eb-6b95729270ed None None] Starting request: 10.222.0.37 "GET /placement/allocations/738387ae-9932-4183-86a3-edf7418b4da1" {{(pid=95865) __call__ /opt/stack/placement/placement/requestlog.py:55}}
Aug 27 14:41:45.940711 n-d-806294-2 devstack@placement-api.service[95866]: DEBUG placement.requestlog [req-8dbd45c0-5ac1-4215-939d-2e1e7427d7b7 req-aafdde59-3959-4f32-99e7-ec55398ebe02 None None] Starting request: 10.222.0.37 "GET /placement/allocations/511cef15-03b2-494b-be48-270d01a9ca78" {{(pid=95866) __call__ /opt/stack/placement/placement/requestlog.py:55}}
Aug 27 14:41:45.949477 n-d-806294-2 devstack@placement-api.service[95865]: INFO placement.requestlog [req-2918954f-2d93-4941-b75a-36e3ab882f34 req-81a8e48f-f30c-4169-a1eb-6b95729270ed service placement] 10.222.0.37 "GET /placement/allocations/738387ae-9932-4183-86a3-edf7418b4da1" status: 200 len: 259 microversion: 1.28
Aug 27 14:41:45.949915 n-d-806294-2 devstack@placement-api.service[95865]: [pid: 95865|app: 0|req: 158/313] 10.222.0.37 () {60 vars in 1378 bytes} [Fri Aug 27 14:41:45 2021] GET /placement/allocations/738387ae-9932-4183-86a3-edf7418b4da1 => generated 259 bytes in 20 msecs (HTTP/1.1 200) 8 headers in 296 bytes (2 switches on core 0)
Aug 27 14:41:45.958152 n-d-806294-2 devstack@placement-api.service[95866]: INFO placement.requestlog [req-8dbd45c0-5ac1-4215-939d-2e1e7427d7b7 req-aafdde59-3959-4f32-99e7-ec55398ebe02 service placement] 10.222.0.37 "GET /placement/allocations/511cef15-03b2-494b-be48-270d01a9ca78" status: 200 len: 259 microversion: 1.28
Aug 27 14:41:45.958683 n-d-806294-2 devstack@placement-api.service[95866]: [pid: 95866|app: 0|req: 156/314] 10.222.0.37 () {60 vars in 1378 bytes} [Fri Aug 27 14:41:45 2021] GET /placement/allocations/511cef15-03b2-494b-be48-270d01a9ca78 => generated 259 bytes in 18 msecs (HTTP/1.1 200) 8 headers in 296 bytes (2 switches on core 0)
Aug 27 14:41:45.965538 n-d-806294-2 devstack@placement-api.service[95865]: DEBUG placement.requestlog [req-2918954f-2d93-4941-b75a-36e3ab882f34 req-b595c204-7139-4bc7-947f-e3c21d199ca8 None None] Starting request: 10.222.0.37 "PUT /placement/allocations/738387ae-9932-4183-86a3-edf7418b4da1" {{(pid=95865) __call__ /opt/stack/placement/placement/requestlog.py:55}}
Aug 27 14:41:46.003765 n-d-806294-2 devstack@placement-api.service[95865]: DEBUG placement.handlers.allocation [req-2918954f-2d93-4941-b75a-36e3ab882f34 req-b595c204-7139-4bc7-947f-e3c21d199ca8 service placement] Successfully wrote allocations [, , ] {{(pid=95865) _create_allocations /opt/stack/placement/placement/handlers/allocation.py:461}}
Aug 27 14:41:46.953389 n-d-806294-2 devstack@placement-api.service[95865]: INFO placement.requestlog [req-2918954f-2d93-4941-b75a-36e3ab882f34 req-b595c204-7139-4bc7-947f-e3c21d199ca8 service placement] 10.222.0.37 "PUT /placement/allocations/738387ae-9932-4183-86a3-edf7418b4da1" status: 204 len: 0 microversion: 1.28
Aug 27 14:41:46.953389 n-d-806294-2 devstack@placement-api.service[95865]: [pid: 95865|app: 0|req: 159/315] 10.222.0.37 () {64 vars in 1431 bytes} [Fri Aug 27 14:41:45 2021] PUT /placement/allocations/738387ae-9932-4183-86a3-edf7418b4da1 => generated 0 bytes in 987 msecs (HTTP/1.1 204) 5 headers in 199 bytes (2 switches on core 0)
Aug 27 14:41:58.665259 n-d-806294-2 devstack@placement-api.service[95866]: DEBUG placement.requestlog [req-910ed051-d55f-48b3-9d0d-c23cd54a88e3 req-0ebb104f-bfdf-4a40-9b20-a0a1ac6ef515 None None] Starting request: 10.222.0.48 "GET /placement/allocations/97b48cae-ef67-4148-8858-13265c123f7d" {{(pid=95866) __call__ /opt/stack/placement/placement/requestlog.py:55}}
Aug 27 14:41:58.687894 n-d-806294-2 devstack@placement-api.service[95866]: INFO placement.requestlog [req-910ed051-d55f-48b3-9d0d-c23cd54a88e3 req-0ebb104f-bfdf-4a40-9b20-a0a1ac6ef515 service placement] 10.222.0.48 "GET /placement/allocations/97b48cae-ef67-4148-8858-13265c123f7d" status: 200 len: 259 microversion: 1.28
Aug 27 14:41:58.699971 n-d-806294-2 devstack@placement-api.service[95866]: [pid: 95866|app: 0|req: 157/316] 10.222.0.48 () {60 vars in 1378 bytes} [Fri Aug 27 14:41:58 2021] GET /placement/allocations/97b48cae-ef67-4148-8858-13265c123f7d => generated 259 bytes in 34 msecs (HTTP/1.1 200) 8 headers in 296 bytes (1 switches on core 0)
Aug 27 14:41:58.702922 n-d-806294-2 devstack@placement-api.service[95865]: DEBUG placement.requestlog [req-910ed051-d55f-48b3-9d0d-c23cd54a88e3 req-791c5fc0-8c7b-4cf4-9b4e-3a599cdcad16 None None] Starting request: 10.222.0.48 "PUT /placement/allocations/97b48cae-ef67-4148-8858-13265c123f7d" {{(pid=95865) __call__ /opt/stack/placement/placement/requestlog.py:55}}
Aug 27 14:41:58.752941 n-d-806294-2 devstack@placement-api.service[95865]: DEBUG placement.handlers.allocation [req-910ed051-d55f-48b3-9d0d-c23cd54a88e3 req-791c5fc0-8c7b-4cf4-9b4e-3a599cdcad16 service placement] Successfully wrote allocations [, , ] {{(pid=95865) _create_allocations /opt/stack/placement/placement/handlers/allocation.py:461}}
Aug 27 14:41:58.932478 n-d-806294-2 devstack@placement-api.service[95865]: INFO placement.requestlog [req-910ed051-d55f-48b3-9d0d-c23cd54a88e3 req-791c5fc0-8c7b-4cf4-9b4e-3a599cdcad16 service placement] 10.222.0.48 "PUT /placement/allocations/97b48cae-ef67-4148-8858-13265c123f7d" status: 204 len: 0 microversion: 1.28
Aug 27 14:41:58.932813 n-d-806294-2 devstack@placement-api.service[95865]: [pid: 95865|app: 0|req: 160/317] 10.222.0.48 () {64 vars in 1431 bytes} [Fri Aug 27 14:41:58 2021] PUT /placement/allocations/97b48cae-ef67-4148-8858-13265c123f7d => generated 0 bytes in 231 msecs (HTTP/1.1 204) 5 headers in 199 bytes (1 switches on core 0)
Aug 27 14:41:59.264998 n-d-806294-2 devstack@placement-api.service[95866]: DEBUG placement.requestlog [req-b49dc35b-6b40-48e0-9dec-e48ba700b0f8 req-c4595747-fc17-4063-b61b-f0a017b60b80 None None] Starting request: 10.222.0.59 "GET /placement/allocation_candidates?limit=1000&resources=MEMORY_MB%3A1024%2CVCPU%3A1&root_required=%21COMPUTE_STATUS_DISABLED" {{(pid=95866) __call__ /opt/stack/placement/placement/requestlog.py:55}}
