Aug 27 14:44:55.019340 n-d-806294-2 devstack@placement-api.service[95866]: DEBUG placement.requestlog [req-7be21b09-329a-46e1-adcb-f2e06bd70c52 req-e15b34a5-0541-4483-9a0b-8f1d1533f93e None None] Starting request: 10.222.0.59 "GET /placement/allocation_candidates?limit=1000&resources=DISK_GB%3A1%2CMEMORY_MB%3A1024%2CVCPU%3A1&root_required=%21COMPUTE_STATUS_DISABLED" {{(pid=95866) __call__ /opt/stack/placement/placement/requestlog.py:55}}
Aug 27 14:44:55.084802 n-d-806294-2 devstack@placement-api.service[95866]: DEBUG placement.objects.research_context [req-7be21b09-329a-46e1-adcb-f2e06bd70c52 req-e15b34a5-0541-4483-9a0b-8f1d1533f93e service placement] getting providers with 1 DISK_GB {{(pid=95866) __init__ /opt/stack/placement/placement/objects/research_context.py:126}}
Aug 27 14:44:55.099963 n-d-806294-2 devstack@placement-api.service[95866]: DEBUG placement.objects.research_context [req-7be21b09-329a-46e1-adcb-f2e06bd70c52 req-e15b34a5-0541-4483-9a0b-8f1d1533f93e service placement] getting providers with 1024 MEMORY_MB {{(pid=95866) __init__ /opt/stack/placement/placement/objects/research_context.py:126}}
Aug 27 14:44:55.140753 n-d-806294-2 devstack@placement-api.service[95866]: DEBUG placement.objects.research_context [req-7be21b09-329a-46e1-adcb-f2e06bd70c52 req-e15b34a5-0541-4483-9a0b-8f1d1533f93e service placement] getting providers with 1 VCPU {{(pid=95866) __init__ /opt/stack/placement/placement/objects/research_context.py:126}}
Aug 27 14:44:55.156303 n-d-806294-2 devstack@placement-api.service[95865]: DEBUG placement.requestlog [req-832402e7-52f8-4989-919b-1796c58fe4ec req-f848ebba-68a2-4e38-bac5-118de04b7226 None None] Starting request: 10.222.0.37 "GET /placement/allocations/b0df215b-cb4c-467c-850c-1129c6405f82" {{(pid=95865) __call__ /opt/stack/placement/placement/requestlog.py:55}}
Aug 27 14:44:55.173039 n-d-806294-2 devstack@placement-api.service[95866]: DEBUG placement.objects.research_context [req-7be21b09-329a-46e1-adcb-f2e06bd70c52 req-e15b34a5-0541-4483-9a0b-8f1d1533f93e service placement] found 2 providers with available 1 DISK_GB {{(pid=95866) get_provider_ids_matching /opt/stack/placement/placement/objects/research_context.py:549}}
Aug 27 14:44:55.173459 n-d-806294-2 devstack@placement-api.service[95866]: DEBUG placement.objects.research_context [req-7be21b09-329a-46e1-adcb-f2e06bd70c52 req-e15b34a5-0541-4483-9a0b-8f1d1533f93e service placement] found 2 providers with available 1024 MEMORY_MB {{(pid=95866) get_provider_ids_matching /opt/stack/placement/placement/objects/research_context.py:549}}
Aug 27 14:44:55.174436 n-d-806294-2 devstack@placement-api.service[95866]: DEBUG placement.objects.research_context [req-7be21b09-329a-46e1-adcb-f2e06bd70c52 req-e15b34a5-0541-4483-9a0b-8f1d1533f93e service placement] found 2 providers after filtering by previous result {{(pid=95866) get_provider_ids_matching /opt/stack/placement/placement/objects/research_context.py:580}}
Aug 27 14:44:55.181113 n-d-806294-2 devstack@placement-api.service[95866]: DEBUG placement.objects.research_context [req-7be21b09-329a-46e1-adcb-f2e06bd70c52 req-e15b34a5-0541-4483-9a0b-8f1d1533f93e service placement] found 2 providers with available 1 VCPU {{(pid=95866) get_provider_ids_matching /opt/stack/placement/placement/objects/research_context.py:549}}
Aug 27 14:44:55.181817 n-d-806294-2 devstack@placement-api.service[95866]: DEBUG placement.objects.research_context [req-7be21b09-329a-46e1-adcb-f2e06bd70c52 req-e15b34a5-0541-4483-9a0b-8f1d1533f93e service placement] found 2 providers after filtering by previous result {{(pid=95866) get_provider_ids_matching /opt/stack/placement/placement/objects/research_context.py:580}}
Aug 27 14:44:55.199758 n-d-806294-2 devstack@placement-api.service[95866]: DEBUG placement.objects.allocation_candidate [req-7be21b09-329a-46e1-adcb-f2e06bd70c52 req-e15b34a5-0541-4483-9a0b-8f1d1533f93e service placement] RequestGroup(use_same_provider=False, resources={DISK_GB:1, MEMORY_MB:1024, VCPU:1}, traits=[], aggregates=[]) (suffix '') returned 2 matches {{(pid=95866) _get_by_requests /opt/stack/placement/placement/objects/allocation_candidate.py:145}}
Aug 27 14:44:55.200404 n-d-806294-2 devstack@placement-api.service[95866]: DEBUG placement.objects.allocation_candidate [req-7be21b09-329a-46e1-adcb-f2e06bd70c52 req-e15b34a5-0541-4483-9a0b-8f1d1533f93e service placement] Merging candidates yields 2 allocation requests and 2 provider summaries {{(pid=95866) _merge_candidates /opt/stack/placement/placement/objects/allocation_candidate.py:783}}
Aug 27 14:44:55.206950 n-d-806294-2 devstack@placement-api.service[95866]: INFO placement.requestlog [req-7be21b09-329a-46e1-adcb-f2e06bd70c52 req-e15b34a5-0541-4483-9a0b-8f1d1533f93e service placement] 10.222.0.59 "GET /placement/allocation_candidates?limit=1000&resources=DISK_GB%3A1%2CMEMORY_MB%3A1024%2CVCPU%3A1&root_required=%21COMPUTE_STATUS_DISABLED" status: 200 len: 1309 microversion: 1.35
Aug 27 14:44:55.212329 n-d-806294-2 devstack@placement-api.service[95866]: [pid: 95866|app: 0|req: 242/482] 10.222.0.59 () {60 vars in 1507 bytes} [Fri Aug 27 14:44:55 2021] GET /placement/allocation_candidates?limit=1000&resources=DISK_GB%3A1%2CMEMORY_MB%3A1024%2CVCPU%3A1&root_required=%21COMPUTE_STATUS_DISABLED => generated 1309 bytes in 193 msecs (HTTP/1.1 200) 8 headers in 297 bytes (2 switches on core 0)
Aug 27 14:44:55.228372 n-d-806294-2 devstack@placement-api.service[95865]: INFO placement.requestlog [req-832402e7-52f8-4989-919b-1796c58fe4ec req-f848ebba-68a2-4e38-bac5-118de04b7226 service placement] 10.222.0.37 "GET /placement/allocations/b0df215b-cb4c-467c-850c-1129c6405f82" status: 200 len: 259 microversion: 1.28
Aug 27 14:44:55.230755 n-d-806294-2 devstack@placement-api.service[95865]: [pid: 95865|app: 0|req: 241/483] 10.222.0.37 () {60 vars in 1378 bytes} [Fri Aug 27 14:44:55 2021] GET /placement/allocations/b0df215b-cb4c-467c-850c-1129c6405f82 => generated 259 bytes in 75 msecs (HTTP/1.1 200) 8 headers in 296 bytes (2 switches on core 0)
Aug 27 14:44:55.253104 n-d-806294-2 devstack@placement-api.service[95866]: DEBUG placement.requestlog [req-832402e7-52f8-4989-919b-1796c58fe4ec req-4e9e8ccc-f8f6-4e2f-9013-9a955ffa6f3c None None] Starting request: 10.222.0.37 "PUT /placement/allocations/b0df215b-cb4c-467c-850c-1129c6405f82" {{(pid=95866) __call__ /opt/stack/placement/placement/requestlog.py:55}}
Aug 27 14:44:55.313557 n-d-806294-2 devstack@placement-api.service[95865]: DEBUG placement.requestlog [req-7be21b09-329a-46e1-adcb-f2e06bd70c52 req-ea7cdca9-1ae6-4cb6-b236-b8e4e6c2963f None None] Starting request: 10.222.0.59 "GET /placement/allocations/32470871-e33c-4245-abde-8d372d104684" {{(pid=95865) __call__ /opt/stack/placement/placement/requestlog.py:55}}
Aug 27 14:44:55.317889 n-d-806294-2 devstack@placement-api.service[95866]: DEBUG placement.handlers.allocation [req-832402e7-52f8-4989-919b-1796c58fe4ec req-4e9e8ccc-f8f6-4e2f-9013-9a955ffa6f3c service placement] Successfully wrote allocations [, , ] {{(pid=95866) _create_allocations /opt/stack/placement/placement/handlers/allocation.py:461}}
Aug 27 14:44:55.328815 n-d-806294-2 devstack@placement-api.service[95865]: INFO placement.requestlog [req-7be21b09-329a-46e1-adcb-f2e06bd70c52 req-ea7cdca9-1ae6-4cb6-b236-b8e4e6c2963f service placement] 10.222.0.59 "GET /placement/allocations/32470871-e33c-4245-abde-8d372d104684" status: 200 len: 19 microversion: 1.28
Aug 27 14:44:55.329403 n-d-806294-2 devstack@placement-api.service[95865]: [pid: 95865|app: 0|req: 242/484] 10.222.0.59 () {60 vars in 1381 bytes} [Fri Aug 27 14:44:55 2021] GET /placement/allocations/32470871-e33c-4245-abde-8d372d104684 => generated 19 bytes in 17 msecs (HTTP/1.1 200) 8 headers in 295 bytes (1 switches on core 0)
Aug 27 14:44:55.336174 n-d-806294-2 devstack@placement-api.service[95865]: DEBUG placement.requestlog [req-7be21b09-329a-46e1-adcb-f2e06bd70c52 req-89e32cae-ec87-46a4-b761-0da87f1ab7d0 None None] Starting request: 10.222.0.59 "PUT /placement/allocations/32470871-e33c-4245-abde-8d372d104684" {{(pid=95865) __call__ /opt/stack/placement/placement/requestlog.py:55}}
Aug 27 14:44:55.422400 n-d-806294-2 devstack@placement-api.service[95865]: DEBUG placement.objects.allocation [req-7be21b09-329a-46e1-adcb-f2e06bd70c52 req-89e32cae-ec87-46a4-b761-0da87f1ab7d0 service placement] Retrying allocations write on resource provider generation conflict {{(pid=95865) replace_all /opt/stack/placement/placement/objects/allocation.py:507}}
Aug 27 14:44:55.423361 n-d-806294-2 devstack@placement-api.service[95866]: INFO placement.requestlog [req-832402e7-52f8-4989-919b-1796c58fe4ec req-4e9e8ccc-f8f6-4e2f-9013-9a955ffa6f3c service placement] 10.222.0.37 "PUT /placement/allocations/b0df215b-cb4c-467c-850c-1129c6405f82" status: 204 len: 0 microversion: 1.28
Aug 27 14:44:55.424027 n-d-806294-2 devstack@placement-api.service[95866]: [pid: 95866|app: 0|req: 243/485] 10.222.0.37 () {64 vars in 1431 bytes} [Fri Aug 27 14:44:55 2021] PUT /placement/allocations/b0df215b-cb4c-467c-850c-1129c6405f82 => generated 0 bytes in 171 msecs (HTTP/1.1 204) 5 headers in 199 bytes (2 switches on core 0)
Aug 27 14:44:55.465329 n-d-806294-2 devstack@placement-api.service[95865]: DEBUG placement.objects.allocation [req-7be21b09-329a-46e1-adcb-f2e06bd70c52 req-89e32cae-ec87-46a4-b761-0da87f1ab7d0 service placement] Retrying allocations write on resource provider generation conflict {{(pid=95865) replace_all /opt/stack/placement/placement/objects/allocation.py:507}}
Aug 27 14:44:55.488293 n-d-806294-2 devstack@placement-api.service[95865]: DEBUG placement.objects.allocation [req-7be21b09-329a-46e1-adcb-f2e06bd70c52 req-89e32cae-ec87-46a4-b761-0da87f1ab7d0 service placement] Retrying allocations write on resource provider generation conflict {{(pid=95865) replace_all /opt/stack/placement/placement/objects/allocation.py:507}}
Aug 27 14:44:55.509943 n-d-806294-2 devstack@placement-api.service[95865]: DEBUG placement.objects.allocation [req-7be21b09-329a-46e1-adcb-f2e06bd70c52 req-89e32cae-ec87-46a4-b761-0da87f1ab7d0 service placement] Retrying allocations write on resource provider generation conflict {{(pid=95865) replace_all /opt/stack/placement/placement/objects/allocation.py:507}}
Aug 27 14:44:55.548969 n-d-806294-2 devstack@placement-api.service[95865]: DEBUG placement.objects.allocation [req-7be21b09-329a-46e1-adcb-f2e06bd70c52 req-89e32cae-ec87-46a4-b761-0da87f1ab7d0 service placement] Retrying allocations write on resource provider generation conflict {{(pid=95865) replace_all /opt/stack/placement/placement/objects/allocation.py:507}}
Aug 27 14:44:55.577737 n-d-806294-2 devstack@placement-api.service[95865]: DEBUG placement.objects.allocation [req-7be21b09-329a-46e1-adcb-f2e06bd70c52 req-89e32cae-ec87-46a4-b761-0da87f1ab7d0 service placement] Retrying allocations write on resource provider generation conflict {{(pid=95865) replace_all /opt/stack/placement/placement/objects/allocation.py:507}}
Aug 27 14:44:55.595792 n-d-806294-2 devstack@placement-api.service[95865]: DEBUG placement.objects.allocation [req-7be21b09-329a-46e1-adcb-f2e06bd70c52 req-89e32cae-ec87-46a4-b761-0da87f1ab7d0 service placement] Retrying allocations write on resource provider generation conflict {{(pid=95865) replace_all /opt/stack/placement/placement/objects/allocation.py:507}}
Aug 27 14:44:55.612227 n-d-806294-2 devstack@placement-api.service[95865]: DEBUG placement.objects.allocation [req-7be21b09-329a-46e1-adcb-f2e06bd70c52 req-89e32cae-ec87-46a4-b761-0da87f1ab7d0 service placement] Retrying allocations write on resource provider generation conflict {{(pid=95865) replace_all /opt/stack/placement/placement/objects/allocation.py:507}}
Aug 27 14:44:55.629419 n-d-806294-2 devstack@placement-api.service[95865]: DEBUG placement.objects.allocation [req-7be21b09-329a-46e1-adcb-f2e06bd70c52 req-89e32cae-ec87-46a4-b761-0da87f1ab7d0 service placement] Retrying allocations write on resource provider generation conflict {{(pid=95865) replace_all /opt/stack/placement/placement/objects/allocation.py:507}}
Aug 27 14:44:55.644917 n-d-806294-2 devstack@placement-api.service[95865]: DEBUG placement.objects.allocation [req-7be21b09-329a-46e1-adcb-f2e06bd70c52 req-89e32cae-ec87-46a4-b761-0da87f1ab7d0 service placement] Retrying allocations write on resource provider generation conflict {{(pid=95865) replace_all /opt/stack/placement/placement/objects/allocation.py:507}}
Aug 27 14:44:55.650524 n-d-806294-2 devstack@placement-api.service[95865]: WARNING placement.objects.allocation [req-7be21b09-329a-46e1-adcb-f2e06bd70c52 req-89e32cae-ec87-46a4-b761-0da87f1ab7d0 service placement] Exceeded retry limit of 10 on allocations write
Aug 27 14:44:55.652132 n-d-806294-2 devstack@placement-api.service[95865]: DEBUG placement.handlers.allocation [req-7be21b09-329a-46e1-adcb-f2e06bd70c52 req-89e32cae-ec87-46a4-b761-0da87f1ab7d0 service placement] Deleted auto-created consumer with consumer UUID 32470871-e33c-4245-abde-8d372d104684 after failed allocation {{(pid=95865) delete_consumers /opt/stack/placement/placement/handlers/allocation.py:374}}
Aug 27 14:44:55.702365 n-d-806294-2 devstack@placement-api.service[95865]: DEBUG placement.wsgi_wrapper [req-7be21b09-329a-46e1-adcb-f2e06bd70c52 req-89e32cae-ec87-46a4-b761-0da87f1ab7d0 service placement] Placement API returning an error response: Inventory and/or allocations changed while attempting to allocate: Another thread concurrently updated the resource provider data. Please retry your update {{(pid=95865) call_func /opt/stack/placement/placement/wsgi_wrapper.py:31}}
Aug 27 14:44:55.703495 n-d-806294-2 devstack@placement-api.service[95865]: INFO placement.requestlog [req-7be21b09-329a-46e1-adcb-f2e06bd70c52 req-89e32cae-ec87-46a4-b761-0da87f1ab7d0 service placement] 10.222.0.59 "PUT /placement/allocations/32470871-e33c-4245-abde-8d372d104684" status: 409 len: 381 microversion: 1.35
Aug 27 14:44:55.703745 n-d-806294-2 devstack@placement-api.service[95865]: [pid: 95865|app: 0|req: 243/486] 10.222.0.59 () {64 vars in 1434 bytes} [Fri Aug 27 14:44:55 2021] PUT /placement/allocations/32470871-e33c-4245-abde-8d372d104684 => generated 381 bytes in 368 msecs (HTTP/1.1 409) 6 headers in 231 bytes (1 switches on core 0)
Aug 27 14:44:55.797680 n-d-806294-2 devstack@placement-api.service[95866]: DEBUG placement.requestlog [req-7be21b09-329a-46e1-adcb-f2e06bd70c52 req-1477f9cc-0875-4317-b250-ebe93c2b4386 None None] Starting request: 10.222.0.59 "GET /placement/allocations/32470871-e33c-4245-abde-8d372d104684" {{(pid=95866) __call__ /opt/stack/placement/placement/requestlog.py:55}}
Aug 27 14:44:55.820236 n-d-806294-2 devstack@placement-api.service[95866]: INFO placement.requestlog [req-7be21b09-329a-46e1-adcb-f2e06bd70c52 req-1477f9cc-0875-4317-b250-ebe93c2b4386 service placement] 10.222.0.59 "GET /placement/allocations/32470871-e33c-4245-abde-8d372d104684" status: 200 len: 19 microversion: 1.28
Aug 27 14:44:55.827066 n-d-806294-2 devstack@placement-api.service[95866]: [pid: 95866|app: 0|req: 244/487] 10.222.0.59 () {60 vars in 1381 bytes} [Fri Aug 27 14:44:55 2021] GET /placement/allocations/32470871-e33c-4245-abde-8d372d104684 => generated 19 bytes in 30 msecs (HTTP/1.1 200) 8 headers in 295 bytes (1 switches on core 0)
Aug 27 14:44:55.827979 n-d-806294-2 devstack@placement-api.service[95865]: DEBUG placement.requestlog [req-7be21b09-329a-46e1-adcb-f2e06bd70c52 req-7a9a1e9c-4892-4064-9167-fcf0e327ecc1 None None] Starting request: 10.222.0.59 "PUT /placement/allocations/32470871-e33c-4245-abde-8d372d104684" {{(pid=95865) __call__ /opt/stack/placement/placement/requestlog.py:55}}
Aug 27 14:44:55.951483 n-d-806294-2 devstack@placement-api.service[95865]: DEBUG placement.handlers.allocation [req-7be21b09-329a-46e1-adcb-f2e06bd70c52 req-7a9a1e9c-4892-4064-9167-fcf0e327ecc1 service placement] Successfully wrote allocations [, , ] {{(pid=95865) _create_allocations /opt/stack/placement/placement/handlers/allocation.py:461}}
Aug 27 14:44:56.017938 n-d-806294-2 devstack@placement-api.service[95865]: INFO placement.requestlog [req-7be21b09-329a-46e1-adcb-f2e06bd70c52 req-7a9a1e9c-4892-4064-9167-fcf0e327ecc1 service placement] 10.222.0.59 "PUT /placement/allocations/32470871-e33c-4245-abde-8d372d104684" status: 204 len: 0 microversion: 1.35
Aug 27 14:44:56.018284 n-d-806294-2 devstack@placement-api.service[95865]: [pid: 95865|app: 0|req: 244/488] 10.222.0.59 () {64 vars in 1434 bytes} [Fri Aug 27 14:44:55 2021] PUT /placement/allocations/32470871-e33c-4245-abde-8d372d104684 => generated 0 bytes in 191 msecs (HTTP/1.1 204) 5 headers in 199 bytes (2 switches on core 0)
Aug 27 14:44:57.687338 n-d-806294-2 devstack@placement-api.service[95866]: DEBUG placement.requestlog [req-7be21b09-329a-46e1-adcb-f2e06bd70c52 req-349ad795-2f82-4b7f-8ddc-773bfad24e66 None None] Starting request: 10.222.0.37 "GET /placement/allocations/32470871-e33c-4245-abde-8d372d104684" {{(pid=95866) __call__ /opt/stack/placement/placement/requestlog.py:55}}
Aug 27 14:44:57.708284 n-d-806294-2 devstack@placement-api.service[95866]: INFO placement.requestlog [req-7be21b09-329a-46e1-adcb-f2e06bd70c52 req-349ad795-2f82-4b7f-8ddc-773bfad24e66 service placement] 10.222.0.37 "GET /placement/allocations/32470871-e33c-4245-abde-8d372d104684" status: 200 len: 259 microversion: 1.28
Aug 27 14:44:57.709098 n-d-806294-2 devstack@placement-api.service[95866]: [pid: 95866|app: 0|req: 245/489] 10.222.0.37 () {60 vars in 1378 bytes} [Fri Aug 27 14:44:57 2021] GET /placement/allocations/32470871-e33c-4245-abde-8d372d104684 => generated 259 bytes in 22 msecs (HTTP/1.1 200) 8 headers in 296 bytes (1 switches on core 0)
Aug 27 14:44:57.779595 n-d-806294-2 devstack@placement-api.service[95865]: DEBUG placement.requestlog [req-36bcf0c3-328d-4a6e-9ab6-174dd4eaea76 req-7e402039-8317-4b37-bb00-b4d9be360035 None None] Starting request: 10.222.0.48 "GET /placement/allocations/73620134-6703-422d-8d69-5633b945ae4c" {{(pid=95865) __call__ /opt/stack/placement/placement/requestlog.py:55}}
Aug 27 14:44:57.799523 n-d-806294-2 devstack@placement-api.service[95865]: INFO placement.requestlog [req-36bcf0c3-328d-4a6e-9ab6-174dd4eaea76 req-7e402039-8317-4b37-bb00-b4d9be360035 service placement] 10.222.0.48 "GET /placement/allocations/73620134-6703-422d-8d69-5633b945ae4c" status: 200 len: 259 microversion: 1.28
Aug 27 14:44:57.800054 n-d-806294-2 devstack@placement-api.service[95865]: [pid: 95865|app: 0|req: 245/490] 10.222.0.48 () {60 vars in 1378 bytes} [Fri Aug 27 14:44:57 2021] GET /placement/allocations/73620134-6703-422d-8d69-5633b945ae4c => generated 259 bytes in 21 msecs (HTTP/1.1 200) 8 headers in 296 bytes (1 switches on core 0)
Aug 27 14:44:58.098988 n-d-806294-2 devstack@placement-api.service[95866]: DEBUG placement.requestlog [None req-94f35d40-aedc-4d2d-882e-3f66275dfb45 None None] Starting request: 10.222.0.59 "GET /placement/" {{(pid=95866) __call__ /opt/stack/placement/placement/requestlog.py:55}}
Aug 27 14:44:58.102293 n-d-806294-2 devstack@placement-api.service[95866]: INFO placement.requestlog [None req-94f35d40-aedc-4d2d-882e-3f66275dfb45 None None] 10.222.0.59 "GET /placement/" status: 200 len: 136 microversion: 1.0
Aug 27 14:44:58.102293 n-d-806294-2 devstack@placement-api.service[95866]: [pid: 95866|app: 0|req: 246/491] 10.222.0.59 () {54 vars in 907 bytes} [Fri Aug 27 14:44:58 2021] GET /placement => generated 136 bytes in 1 msecs (HTTP/1.1 200) 6 headers in 224 bytes (1 switches on core 0)
Aug 27 14:44:58.117130 n-d-806294-2 devstack@placement-api.service[95865]: DEBUG placement.requestlog [req-8b7570f7-376c-4aec-acd0-640ea30d5db5 req-31cc8600-8e98-47bb-b55c-0d5025d18edc None None] Starting request: 10.222.0.59 "GET /placement/allocations/32470871-e33c-4245-abde-8d372d104684" {{(pid=95865) __call__ /opt/stack/placement/placement/requestlog.py:55}}
Aug 27 14:44:58.221579 n-d-806294-2 devstack@placement-api.service[95865]: INFO placement.requestlog [req-8b7570f7-376c-4aec-acd0-640ea30d5db5 req-31cc8600-8e98-47bb-b55c-0d5025d18edc service placement] 10.222.0.59 "GET /placement/allocations/32470871-e33c-4245-abde-8d372d104684" status: 200 len: 259 microversion: 1.28
Aug 27 14:44:58.222143 n-d-806294-2 devstack@placement-api.service[95865]: [pid: 95865|app: 0|req: 246/492] 10.222.0.59 () {60 vars in 1372 bytes} [Fri Aug 27 14:44:58 2021] GET /placement/allocations/32470871-e33c-4245-abde-8d372d104684 => generated 259 bytes in 106 msecs (HTTP/1.1 200) 8 headers in 296 bytes (1 switches on core 0)
Aug 27 14:44:58.234549 n-d-806294-2 devstack@placement-api.service[95866]: DEBUG placement.requestlog [req-8b7570f7-376c-4aec-acd0-640ea30d5db5 req-ea73cf53-b7ba-430d-9df4-1d35a68470e1 None None] Starting request: 10.222.0.59 "PUT /placement/allocations/32470871-e33c-4245-abde-8d372d104684" {{(pid=95866) __call__ /opt/stack/placement/placement/requestlog.py:55}}
Aug 27 14:44:58.281270 n-d-806294-2 devstack@placement-api.service[95866]: DEBUG placement.handlers.allocation [req-8b7570f7-376c-4aec-acd0-640ea30d5db5 req-ea73cf53-b7ba-430d-9df4-1d35a68470e1 service placement] Successfully wrote allocations [, , ] {{(pid=95866) _create_allocations /opt/stack/placement/placement/handlers/allocation.py:461}}
Aug 27 14:44:58.308010 n-d-806294-2 devstack@placement-api.service[95865]: DEBUG placement.requestlog [req-fe8c124e-404d-47f9-af22-eba941356334 req-25249c71-fb16-4ffa-879a-d657ed9a58b5 None None] Starting request: 10.222.0.59 "GET /placement/allocation_candidates?limit=1000&resources=DISK_GB%3A1%2CMEMORY_MB%3A1024%2CVCPU%3A1&root_required=%21COMPUTE_STATUS_DISABLED" {{(pid=95865) __call__ /opt/stack/placement/placement/requestlog.py:55}}
Aug 27 14:44:58.345687 n-d-806294-2 devstack@placement-api.service[95865]: DEBUG placement.objects.research_context [req-fe8c124e-404d-47f9-af22-eba941356334 req-25249c71-fb16-4ffa-879a-d657ed9a58b5 service placement] getting providers with 1 DISK_GB {{(pid=95865) __init__ /opt/stack/placement/placement/objects/research_context.py:126}}
Aug 27 14:44:58.353482 n-d-806294-2 devstack@placement-api.service[95865]: DEBUG placement.objects.research_context [req-fe8c124e-404d-47f9-af22-eba941356334 req-25249c71-fb16-4ffa-879a-d657ed9a58b5 service placement] getting providers with 1024 MEMORY_MB {{(pid=95865) __init__ /opt/stack/placement/placement/objects/research_context.py:126}}
Aug 27 14:44:58.360011 n-d-806294-2 devstack@placement-api.service[95865]: DEBUG placement.objects.research_context [req-fe8c124e-404d-47f9-af22-eba941356334 req-25249c71-fb16-4ffa-879a-d657ed9a58b5 service placement] getting providers with 1 VCPU {{(pid=95865) __init__ /opt/stack/placement/placement/objects/research_context.py:126}}
Aug 27 14:44:58.366515 n-d-806294-2 devstack@placement-api.service[95865]: DEBUG placement.objects.research_context [req-fe8c124e-404d-47f9-af22-eba941356334 req-25249c71-fb16-4ffa-879a-d657ed9a58b5 service placement] found 2 providers with available 1 DISK_GB {{(pid=95865) get_provider_ids_matching /opt/stack/placement/placement/objects/research_context.py:549}}
Aug 27 14:44:58.367117 n-d-806294-2 devstack@placement-api.service[95865]: DEBUG placement.objects.research_context [req-fe8c124e-404d-47f9-af22-eba941356334 req-25249c71-fb16-4ffa-879a-d657ed9a58b5 service placement] found 2 providers with available 1024 MEMORY_MB {{(pid=95865) get_provider_ids_matching /opt/stack/placement/placement/objects/research_context.py:549}}
Aug 27 14:44:58.368143 n-d-806294-2 devstack@placement-api.service[95865]: DEBUG placement.objects.research_context [req-fe8c124e-404d-47f9-af22-eba941356334 req-25249c71-fb16-4ffa-879a-d657ed9a58b5 service placement] found 2 providers after filtering by previous result {{(pid=95865) get_provider_ids_matching /opt/stack/placement/placement/objects/research_context.py:580}}
Aug 27 14:44:58.368644 n-d-806294-2 devstack@placement-api.service[95865]: DEBUG placement.objects.research_context [req-fe8c124e-404d-47f9-af22-eba941356334 req-25249c71-fb16-4ffa-879a-d657ed9a58b5 service placement] found 2 providers with available 1 VCPU {{(pid=95865) get_provider_ids_matching /opt/stack/placement/placement/objects/research_context.py:549}}
Aug 27 14:44:58.368966 n-d-806294-2 devstack@placement-api.service[95865]: DEBUG placement.objects.research_context [req-fe8c124e-404d-47f9-af22-eba941356334 req-25249c71-fb16-4ffa-879a-d657ed9a58b5 service placement] found 2 providers after filtering by previous result {{(pid=95865) get_provider_ids_matching /opt/stack/placement/placement/objects/research_context.py:580}}
Aug 27 14:44:58.380618 n-d-806294-2 devstack@placement-api.service[95865]: DEBUG placement.objects.allocation_candidate [req-fe8c124e-404d-47f9-af22-eba941356334 req-25249c71-fb16-4ffa-879a-d657ed9a58b5 service placement] RequestGroup(use_same_provider=False, resources={DISK_GB:1, MEMORY_MB:1024, VCPU:1}, traits=[], aggregates=[]) (suffix '') returned 2 matches {{(pid=95865) _get_by_requests /opt/stack/placement/placement/objects/allocation_candidate.py:145}}
Aug 27 14:44:58.381141 n-d-806294-2 devstack@placement-api.service[95865]: DEBUG placement.objects.allocation_candidate [req-fe8c124e-404d-47f9-af22-eba941356334 req-25249c71-fb16-4ffa-879a-d657ed9a58b5 service placement] Merging candidates yields 2 allocation requests and 2 provider summaries {{(pid=95865) _merge_candidates /opt/stack/placement/placement/objects/allocation_candidate.py:783}}
Aug 27 14:44:58.382350 n-d-806294-2 devstack@placement-api.service[95866]: INFO placement.requestlog [req-8b7570f7-376c-4aec-acd0-640ea30d5db5 req-ea73cf53-b7ba-430d-9df4-1d35a68470e1 service placement] 10.222.0.59 "PUT /placement/allocations/32470871-e33c-4245-abde-8d372d104684" status: 204 len: 0 microversion: 1.28
Aug 27 14:44:58.382635 n-d-806294-2 devstack@placement-api.service[95866]: [pid: 95866|app: 0|req: 247/493] 10.222.0.59 () {64 vars in 1425 bytes} [Fri Aug 27 14:44:58 2021] PUT /placement/allocations/32470871-e33c-4245-abde-8d372d104684 => generated 0 bytes in 148 msecs (HTTP/1.1 204) 5 headers in 199 bytes (2 switches on core 0)
Aug 27 14:44:58.383184 n-d-806294-2 devstack@placement-api.service[95865]: INFO placement.requestlog [req-fe8c124e-404d-47f9-af22-eba941356334 req-25249c71-fb16-4ffa-879a-d657ed9a58b5 service placement] 10.222.0.59 "GET /placement/allocation_candidates?limit=1000&resources=DISK_GB%3A1%2CMEMORY_MB%3A1024%2CVCPU%3A1&root_required=%21COMPUTE_STATUS_DISABLED" status: 200 len: 1309 microversion: 1.35
Aug 27 14:44:58.383655 n-d-806294-2 devstack@placement-api.service[95865]: [pid: 95865|app: 0|req: 247/494] 10.222.0.59 () {60 vars in 1507 bytes} [Fri Aug 27 14:44:58 2021] GET /placement/allocation_candidates?limit=1000&resources=DISK_GB%3A1%2CMEMORY_MB%3A1024%2CVCPU%3A1&root_required=%21COMPUTE_STATUS_DISABLED => generated 1309 bytes in 76 msecs (HTTP/1.1 200) 8 headers in 297 bytes (1 switches on core 0)
Aug 27 14:44:58.437108 n-d-806294-2 devstack@placement-api.service[95866]: DEBUG placement.requestlog [req-fe8c124e-404d-47f9-af22-eba941356334 req-4de93b15-adce-4931-b845-0542344974ac None None] Starting request: 10.222.0.59 "GET /placement/allocations/98b52021-07e8-4234-a429-3b3354446756" {{(pid=95866) __call__ /opt/stack/placement/placement/requestlog.py:55}}
Aug 27 14:44:58.448514 n-d-806294-2 devstack@placement-api.service[95866]: INFO placement.requestlog [req-fe8c124e-404d-47f9-af22-eba941356334 req-4de93b15-adce-4931-b845-0542344974ac service placement] 10.222.0.59 "GET /placement/allocations/98b52021-07e8-4234-a429-3b3354446756" status: 200 len: 19 microversion: 1.28
Aug 27 14:44:58.451882 n-d-806294-2 devstack@placement-api.service[95866]: [pid: 95866|app: 0|req: 248/495] 10.222.0.59 () {60 vars in 1381 bytes} [Fri Aug 27 14:44:58 2021] GET /placement/allocations/98b52021-07e8-4234-a429-3b3354446756 => generated 19 bytes in 16 msecs (HTTP/1.1 200) 8 headers in 295 bytes (1 switches on core 0)
Aug 27 14:44:58.465962 n-d-806294-2 devstack@placement-api.service[95865]: DEBUG placement.requestlog [req-fe8c124e-404d-47f9-af22-eba941356334 req-d622fbb1-158f-4781-8339-6cee5fc3bee3 None None] Starting request: 10.222.0.59 "PUT /placement/allocations/98b52021-07e8-4234-a429-3b3354446756" {{(pid=95865) __call__ /opt/stack/placement/placement/requestlog.py:55}}
Aug 27 14:44:58.522363 n-d-806294-2 devstack@placement-api.service[95865]: DEBUG placement.handlers.allocation [req-fe8c124e-404d-47f9-af22-eba941356334 req-d622fbb1-158f-4781-8339-6cee5fc3bee3 service placement] Successfully wrote allocations [, , ] {{(pid=95865) _create_allocations /opt/stack/placement/placement/handlers/allocation.py:461}}
Aug 27 14:44:58.662277 n-d-806294-2 devstack@placement-api.service[95865]: INFO placement.requestlog [req-fe8c124e-404d-47f9-af22-eba941356334 req-d622fbb1-158f-4781-8339-6cee5fc3bee3 service placement] 10.222.0.59 "PUT /placement/allocations/98b52021-07e8-4234-a429-3b3354446756" status: 204 len: 0 microversion: 1.35
Aug 27 14:44:58.663393 n-d-806294-2 devstack@placement-api.service[95865]: [pid: 95865|app: 0|req: 248/496] 10.222.0.59 () {64 vars in 1434 bytes} [Fri Aug 27 14:44:58 2021] PUT /placement/allocations/98b52021-07e8-4234-a429-3b3354446756 => generated 0 bytes in 197 msecs (HTTP/1.1 204) 5 headers in 199 bytes (2 switches on core 0)
Aug 27 14:44:59.057564 n-d-806294-2 devstack@placement-api.service[95866]: DEBUG placement.requestlog [req-7be21b09-329a-46e1-adcb-f2e06bd70c52 req-3d22d22a-d533-40db-b8c6-a7be5bac2526 None None] Starting request: 10.222.0.37 "GET /placement/allocations/32470871-e33c-4245-abde-8d372d104684" {{(pid=95866) __call__ /opt/stack/placement/placement/requestlog.py:55}}
Aug 27 14:44:59.072231 n-d-806294-2 devstack@placement-api.service[95866]: INFO placement.requestlog [req-7be21b09-329a-46e1-adcb-f2e06bd70c52 req-3d22d22a-d533-40db-b8c6-a7be5bac2526 service placement] 10.222.0.37 "GET /placement/allocations/32470871-e33c-4245-abde-8d372d104684" status: 200 len: 19 microversion: 1.28
Aug 27 14:44:59.072953 n-d-806294-2 devstack@placement-api.service[95866]: [pid: 95866|app: 0|req: 249/497] 10.222.0.37 () {60 vars in 1378 bytes} [Fri Aug 27 14:44:59 2021] GET /placement/allocations/32470871-e33c-4245-abde-8d372d104684 => generated 19 bytes in 15 msecs (HTTP/1.1 200) 8 headers in 295 bytes (1 switches on core 0)
Aug 27 14:44:59.994426 n-d-806294-2 devstack@placement-api.service[95865]: DEBUG placement.requestlog [req-fe8c124e-404d-47f9-af22-eba941356334 req-85496c17-d02b-49c8-8032-a3406fb1e3ae None None] Starting request: 10.222.0.37 "GET /placement/allocations/98b52021-07e8-4234-a429-3b3354446756" {{(pid=95865) __call__ /opt/stack/placement/placement/requestlog.py:55}}
Aug 27 14:45:00.017722 n-d-806294-2 devstack@placement-api.service[95865]: INFO placement.requestlog [req-fe8c124e-404d-47f9-af22-eba941356334 req-85496c17-d02b-49c8-8032-a3406fb1e3ae service placement] 10.222.0.37 "GET /placement/allocations/98b52021-07e8-4234-a429-3b3354446756" status: 200 len: 259 microversion: 1.28
Aug 27 14:45:00.018316 n-d-806294-2 devstack@placement-api.service[95865]: [pid: 95865|app: 0|req: 249/498] 10.222.0.37 () {60 vars in 1378 bytes} [Fri Aug 27 14:44:59 2021] GET /placement/allocations/98b52021-07e8-4234-a429-3b3354446756 => generated 259 bytes in 24 msecs (HTTP/1.1 200) 8 headers in 296 bytes (1 switches on core 0)
Aug 27 14:45:03.802289 n-d-806294-2 devstack@placement-api.service[95866]: DEBUG placement.requestlog [req-f5a072c7-534c-4a34-8af8-03303a37e616 req-7da1c75f-8b24-4335-8508-28918156e915 None None] Starting request: 10.222.0.59 "GET /placement/allocation_candidates?limit=1000&resources=DISK_GB%3A1%2CMEMORY_MB%3A1024%2CVCPU%3A1&root_required=%21COMPUTE_STATUS_DISABLED" {{(pid=95866) __call__ /opt/stack/placement/placement/requestlog.py:55}}
Aug 27 14:45:03.866562 n-d-806294-2 devstack@placement-api.service[95866]: DEBUG placement.objects.research_context [req-f5a072c7-534c-4a34-8af8-03303a37e616 req-7da1c75f-8b24-4335-8508-28918156e915 service placement] getting providers with 1 DISK_GB {{(pid=95866) __init__ /opt/stack/placement/placement/objects/research_context.py:126}}
Aug 27 14:45:03.891961 n-d-806294-2 devstack@placement-api.service[95866]: DEBUG placement.objects.research_context [req-f5a072c7-534c-4a34-8af8-03303a37e616 req-7da1c75f-8b24-4335-8508-28918156e915 service placement] getting providers with 1024 MEMORY_MB {{(pid=95866) __init__ /opt/stack/placement/placement/objects/research_context.py:126}}
Aug 27 14:45:03.901616 n-d-806294-2 devstack@placement-api.service[95866]: DEBUG placement.objects.research_context [req-f5a072c7-534c-4a34-8af8-03303a37e616 req-7da1c75f-8b24-4335-8508-28918156e915 service placement] getting providers with 1 VCPU {{(pid=95866) __init__ /opt/stack/placement/placement/objects/research_context.py:126}}
Aug 27 14:45:03.913843 n-d-806294-2 devstack@placement-api.service[95866]: DEBUG placement.objects.research_context [req-f5a072c7-534c-4a34-8af8-03303a37e616 req-7da1c75f-8b24-4335-8508-28918156e915 service placement] found 2 providers with available 1 DISK_GB {{(pid=95866) get_provider_ids_matching /opt/stack/placement/placement/objects/research_context.py:549}}
Aug 27 14:45:03.915205 n-d-806294-2 devstack@placement-api.service[95866]: DEBUG placement.objects.research_context [req-f5a072c7-534c-4a34-8af8-03303a37e616 req-7da1c75f-8b24-4335-8508-28918156e915 service placement] found 2 providers with available 1024 MEMORY_MB {{(pid=95866) get_provider_ids_matching /opt/stack/placement/placement/objects/research_context.py:549}}
Aug 27 14:45:03.915753 n-d-806294-2 devstack@placement-api.service[95866]: DEBUG placement.objects.research_context [req-f5a072c7-534c-4a34-8af8-03303a37e616 req-7da1c75f-8b24-4335-8508-28918156e915 service placement] found 2 providers after filtering by previous result {{(pid=95866) get_provider_ids_matching /opt/stack/placement/placement/objects/research_context.py:580}}
Aug 27 14:45:03.917606 n-d-806294-2 devstack@placement-api.service[95866]: DEBUG placement.objects.research_context [req-f5a072c7-534c-4a34-8af8-03303a37e616 req-7da1c75f-8b24-4335-8508-28918156e915 service placement] found 2 providers with available 1 VCPU {{(pid=95866) get_provider_ids_matching /opt/stack/placement/placement/objects/research_context.py:549}}
Aug 27 14:45:03.918133 n-d-806294-2 devstack@placement-api.service[95866]: DEBUG placement.objects.research_context [req-f5a072c7-534c-4a34-8af8-03303a37e616 req-7da1c75f-8b24-4335-8508-28918156e915 service placement] found 2 providers after filtering by previous result {{(pid=95866) get_provider_ids_matching /opt/stack/placement/placement/objects/research_context.py:580}}
Aug 27 14:45:03.941911 n-d-806294-2 devstack@placement-api.service[95866]: DEBUG placement.objects.allocation_candidate [req-f5a072c7-534c-4a34-8af8-03303a37e616 req-7da1c75f-8b24-4335-8508-28918156e915 service placement] RequestGroup(use_same_provider=False, resources={DISK_GB:1, MEMORY_MB:1024, VCPU:1}, traits=[], aggregates=[]) (suffix '') returned 2 matches {{(pid=95866) _get_by_requests /opt/stack/placement/placement/objects/allocation_candidate.py:145}}
Aug 27 14:45:03.942745 n-d-806294-2 devstack@placement-api.service[95866]: DEBUG placement.objects.allocation_candidate [req-f5a072c7-534c-4a34-8af8-03303a37e616 req-7da1c75f-8b24-4335-8508-28918156e915 service placement] Merging candidates yields 2 allocation requests and 2 provider summaries {{(pid=95866) _merge_candidates /opt/stack/placement/placement/objects/allocation_candidate.py:783}}
Aug 27 14:45:03.950788 n-d-806294-2 devstack@placement-api.service[95866]: INFO placement.requestlog [req-f5a072c7-534c-4a34-8af8-03303a37e616 req-7da1c75f-8b24-4335-8508-28918156e915 service placement] 10.222.0.59 "GET /placement/allocation_candidates?limit=1000&resources=DISK_GB%3A1%2CMEMORY_MB%3A1024%2CVCPU%3A1&root_required=%21COMPUTE_STATUS_DISABLED" status: 200 len: 1309 microversion: 1.35
Aug 27 14:45:03.970547 n-d-806294-2 devstack@placement-api.service[95866]: [pid: 95866|app: 0|req: 250/499] 10.222.0.59 () {60 vars in 1507 bytes} [Fri Aug 27 14:45:03 2021] GET /placement/allocation_candidates?limit=1000&resources=DISK_GB%3A1%2CMEMORY_MB%3A1024%2CVCPU%3A1&root_required=%21COMPUTE_STATUS_DISABLED => generated 1309 bytes in 152 msecs (HTTP/1.1 200) 8 headers in 297 bytes (1 switches on core 0)
Aug 27 14:45:04.056639 n-d-806294-2 devstack@placement-api.service[95865]: DEBUG placement.requestlog [req-f5a072c7-534c-4a34-8af8-03303a37e616 req-8cb0361e-6a75-49a9-8c24-889c583c6107 None None] Starting request: 10.222.0.59 "GET /placement/allocations/48dcc346-eedf-47ca-95a6-a653e4d9c0ce" {{(pid=95865) __call__ /opt/stack/placement/placement/requestlog.py:55}}
Aug 27 14:45:04.068887 n-d-806294-2 devstack@placement-api.service[95865]: INFO placement.requestlog [req-f5a072c7-534c-4a34-8af8-03303a37e616 req-8cb0361e-6a75-49a9-8c24-889c583c6107 service placement] 10.222.0.59 "GET /placement/allocations/48dcc346-eedf-47ca-95a6-a653e4d9c0ce" status: 200 len: 19 microversion: 1.28
Aug 27 14:45:04.073332 n-d-806294-2 devstack@placement-api.service[95865]: [pid: 95865|app: 0|req: 250/500] 10.222.0.59 () {60 vars in 1381 bytes} [Fri Aug 27 14:45:04 2021] GET /placement/allocations/48dcc346-eedf-47ca-95a6-a653e4d9c0ce => generated 19 bytes in 17 msecs (HTTP/1.1 200) 8 headers in 295 bytes (2 switches on core 0)
Aug 27 14:45:04.091053 n-d-806294-2 devstack@placement-api.service[95866]: DEBUG placement.requestlog [req-f5a072c7-534c-4a34-8af8-03303a37e616 req-02fb3c63-dd4f-4938-accc-622f78682d5a None None] Starting request: 10.222.0.59 "PUT /placement/allocations/48dcc346-eedf-47ca-95a6-a653e4d9c0ce" {{(pid=95866) __call__ /opt/stack/placement/placement/requestlog.py:55}}
Aug 27 14:45:04.176747 n-d-806294-2 devstack@placement-api.service[95866]: DEBUG placement.handlers.allocation [req-f5a072c7-534c-4a34-8af8-03303a37e616 req-02fb3c63-dd4f-4938-accc-622f78682d5a service placement] Successfully wrote allocations [, , ] {{(pid=95866) _create_allocations /opt/stack/placement/placement/handlers/allocation.py:461}}
Aug 27 14:45:04.266007 n-d-806294-2 devstack@placement-api.service[95866]: INFO placement.requestlog [req-f5a072c7-534c-4a34-8af8-03303a37e616 req-02fb3c63-dd4f-4938-accc-622f78682d5a service placement] 10.222.0.59 "PUT /placement/allocations/48dcc346-eedf-47ca-95a6-a653e4d9c0ce" status: 204 len: 0 microversion: 1.35
Aug 27 14:45:04.266660 n-d-806294-2 devstack@placement-api.service[95866]: [pid: 95866|app: 0|req: 251/501] 10.222.0.59 () {64 vars in 1434 bytes} [Fri Aug 27 14:45:04 2021] PUT /placement/allocations/48dcc346-eedf-47ca-95a6-a653e4d9c0ce => generated 0 bytes in 176 msecs (HTTP/1.1 204) 5 headers in 199 bytes (1 switches on core 0)
Aug 27 14:45:05.790754 n-d-806294-2 devstack@placement-api.service[95865]: DEBUG placement.requestlog [req-f5a072c7-534c-4a34-8af8-03303a37e616 req-a4bcb081-aa88-47d5-a7b1-eb4bc5c92d34 None None] Starting request: 10.222.0.48 "GET /placement/allocations/48dcc346-eedf-47ca-95a6-a653e4d9c0ce" {{(pid=95865) __call__ /opt/stack/placement/placement/requestlog.py:55}}
Aug 27 14:45:05.814939 n-d-806294-2 devstack@placement-api.service[95865]: INFO placement.requestlog [req-f5a072c7-534c-4a34-8af8-03303a37e616 req-a4bcb081-aa88-47d5-a7b1-eb4bc5c92d34 service placement] 10.222.0.48 "GET /placement/allocations/48dcc346-eedf-47ca-95a6-a653e4d9c0ce" status: 200 len: 259 microversion: 1.28
Aug 27 14:45:05.815397 n-d-806294-2 devstack@placement-api.service[95865]: [pid: 95865|app: 0|req: 251/502] 10.222.0.48 () {60 vars in 1378 bytes} [Fri Aug 27 14:45:05 2021] GET /placement/allocations/48dcc346-eedf-47ca-95a6-a653e4d9c0ce => generated 259 bytes in 25 msecs (HTTP/1.1 200) 8 headers in 296 bytes (1 switches on core 0)
Aug 27 14:45:15.921208 n-d-806294-2 devstack@placement-api.service[95866]: DEBUG placement.requestlog [req-2c491789-0131-4a3b-9dc1-9486c2fcbc09 req-617e292b-5bd1-48be-a210-ad694a8903b0 None None] Starting request: 10.222.0.37 "GET /placement/allocations/ce121103-1792-4610-a5c3-f74d9aadd0ed" {{(pid=95866) __call__ /opt/stack/placement/placement/requestlog.py:55}}
Aug 27 14:45:15.939780 n-d-806294-2 devstack@placement-api.service[95866]: INFO placement.requestlog [req-2c491789-0131-4a3b-9dc1-9486c2fcbc09 req-617e292b-5bd1-48be-a210-ad694a8903b0 service placement] 10.222.0.37 "GET /placement/allocations/ce121103-1792-4610-a5c3-f74d9aadd0ed" status: 200 len: 259 microversion: 1.28
Aug 27 14:45:15.947264 n-d-806294-2 devstack@placement-api.service[95866]: [pid: 95866|app: 0|req: 252/503] 10.222.0.37 () {60 vars in 1378 bytes} [Fri Aug 27 14:45:15 2021] GET /placement/allocations/ce121103-1792-4610-a5c3-f74d9aadd0ed => generated 259 bytes in 20 msecs (HTTP/1.1 200) 8 headers in 296 bytes (1 switches on core 0)
Aug 27 14:45:15.950437 n-d-806294-2 devstack@placement-api.service[95865]: DEBUG placement.requestlog [req-2c491789-0131-4a3b-9dc1-9486c2fcbc09 req-47e72931-9d31-4384-9585-f82f7ae5253a None None] Starting request: 10.222.0.37 "PUT /placement/allocations/ce121103-1792-4610-a5c3-f74d9aadd0ed" {{(pid=95865) __call__ /opt/stack/placement/placement/requestlog.py:55}}
Aug 27 14:45:15.993741 n-d-806294-2 devstack@placement-api.service[95865]: DEBUG placement.handlers.allocation [req-2c491789-0131-4a3b-9dc1-9486c2fcbc09 req-47e72931-9d31-4384-9585-f82f7ae5253a service placement] Successfully wrote allocations [, , ] {{(pid=95865) _create_allocations /opt/stack/placement/placement/handlers/allocation.py:461}}
Aug 27 14:45:16.106431 n-d-806294-2 devstack@placement-api.service[95865]: INFO placement.requestlog [req-2c491789-0131-4a3b-9dc1-9486c2fcbc09 req-47e72931-9d31-4384-9585-f82f7ae5253a service placement] 10.222.0.37 "PUT /placement/allocations/ce121103-1792-4610-a5c3-f74d9aadd0ed" status: 204 len: 0 microversion: 1.28
Aug 27 14:45:16.108293 n-d-806294-2 devstack@placement-api.service[95865]: [pid: 95865|app: 0|req: 252/504] 10.222.0.37 () {64 vars in 1431 bytes} [Fri Aug 27 14:45:15 2021] PUT /placement/allocations/ce121103-1792-4610-a5c3-f74d9aadd0ed => generated 0 bytes in 158 msecs (HTTP/1.1 204) 5 headers in 199 bytes (1 switches on core 0)
Aug 27 14:45:19.048211 n-d-806294-2 devstack@placement-api.service[95866]: DEBUG placement.requestlog [req-5f6f8e4e-1b88-4d7a-82da-54fcd8f0deec req-ad62699f-d695-4bce-ae81-119c8ab8564a None None] Starting request: 10.222.0.59 "GET /placement/allocation_candidates?limit=1000&resources=DISK_GB%3A1%2CMEMORY_MB%3A1024%2CVCPU%3A1&root_required=%21COMPUTE_STATUS_DISABLED" {{(pid=95866) __call__ /opt/stack/placement/placement/requestlog.py:55}}
Aug 27 14:45:19.086517 n-d-806294-2 devstack@placement-api.service[95866]: DEBUG placement.objects.research_context [req-5f6f8e4e-1b88-4d7a-82da-54fcd8f0deec req-ad62699f-d695-4bce-ae81-119c8ab8564a service placement] getting providers with 1 DISK_GB {{(pid=95866) __init__ /opt/stack/placement/placement/objects/research_context.py:126}}
Aug 27 14:45:19.097526 n-d-806294-2 devstack@placement-api.service[95866]: DEBUG placement.objects.research_context [req-5f6f8e4e-1b88-4d7a-82da-54fcd8f0deec req-ad62699f-d695-4bce-ae81-119c8ab8564a service placement] getting providers with 1024 MEMORY_MB {{(pid=95866) __init__ /opt/stack/placement/placement/objects/research_context.py:126}}
Aug 27 14:45:19.106453 n-d-806294-2 devstack@placement-api.service[95866]: DEBUG placement.objects.research_context [req-5f6f8e4e-1b88-4d7a-82da-54fcd8f0deec req-ad62699f-d695-4bce-ae81-119c8ab8564a service placement] getting providers with 1 VCPU {{(pid=95866) __init__ /opt/stack/placement/placement/objects/research_context.py:126}}
Aug 27 14:45:19.114999 n-d-806294-2 devstack@placement-api.service[95866]: DEBUG placement.objects.research_context [req-5f6f8e4e-1b88-4d7a-82da-54fcd8f0deec req-ad62699f-d695-4bce-ae81-119c8ab8564a service placement] found 2 providers with available 1 DISK_GB {{(pid=95866) get_provider_ids_matching /opt/stack/placement/placement/objects/research_context.py:549}}
Aug 27 14:45:19.115579 n-d-806294-2 devstack@placement-api.service[95866]: DEBUG placement.objects.research_context [req-5f6f8e4e-1b88-4d7a-82da-54fcd8f0deec req-ad62699f-d695-4bce-ae81-119c8ab8564a service placement] found 2 providers with available 1024 MEMORY_MB {{(pid=95866) get_provider_ids_matching /opt/stack/placement/placement/objects/research_context.py:549}}
Aug 27 14:45:19.116208 n-d-806294-2 devstack@placement-api.service[95866]: DEBUG placement.objects.research_context [req-5f6f8e4e-1b88-4d7a-82da-54fcd8f0deec req-ad62699f-d695-4bce-ae81-119c8ab8564a service placement] found 2 providers after filtering by previous result {{(pid=95866) get_provider_ids_matching /opt/stack/placement/placement/objects/research_context.py:580}}
Aug 27 14:45:19.116830 n-d-806294-2 devstack@placement-api.service[95866]: DEBUG placement.objects.research_context [req-5f6f8e4e-1b88-4d7a-82da-54fcd8f0deec req-ad62699f-d695-4bce-ae81-119c8ab8564a service placement] found 2 providers with available 1 VCPU {{(pid=95866) get_provider_ids_matching /opt/stack/placement/placement/objects/research_context.py:549}}
Aug 27 14:45:19.117433 n-d-806294-2 devstack@placement-api.service[95866]: DEBUG placement.objects.research_context [req-5f6f8e4e-1b88-4d7a-82da-54fcd8f0deec req-ad62699f-d695-4bce-ae81-119c8ab8564a service placement] found 2 providers after filtering by previous result {{(pid=95866) get_provider_ids_matching /opt/stack/placement/placement/objects/research_context.py:580}}
Aug 27 14:45:19.135655 n-d-806294-2 devstack@placement-api.service[95866]: DEBUG placement.objects.allocation_candidate [req-5f6f8e4e-1b88-4d7a-82da-54fcd8f0deec req-ad62699f-d695-4bce-ae81-119c8ab8564a service placement] RequestGroup(use_same_provider=False, resources={DISK_GB:1, MEMORY_MB:1024, VCPU:1}, traits=[], aggregates=[]) (suffix '') returned 2 matches {{(pid=95866) _get_by_requests /opt/stack/placement/placement/objects/allocation_candidate.py:145}}
Aug 27 14:45:19.136206 n-d-806294-2 devstack@placement-api.service[95866]: DEBUG placement.objects.allocation_candidate [req-5f6f8e4e-1b88-4d7a-82da-54fcd8f0deec req-ad62699f-d695-4bce-ae81-119c8ab8564a service placement] Merging candidates yields 2 allocation requests and 2 provider summaries {{(pid=95866) _merge_candidates /opt/stack/placement/placement/objects/allocation_candidate.py:783}}
Aug 27 14:45:19.138229 n-d-806294-2 devstack@placement-api.service[95866]: INFO placement.requestlog [req-5f6f8e4e-1b88-4d7a-82da-54fcd8f0deec req-ad62699f-d695-4bce-ae81-119c8ab8564a service placement] 10.222.0.59 "GET /placement/allocation_candidates?limit=1000&resources=DISK_GB%3A1%2CMEMORY_MB%3A1024%2CVCPU%3A1&root_required=%21COMPUTE_STATUS_DISABLED" status: 200 len: 1309 microversion: 1.35
Aug 27 14:45:19.142931 n-d-806294-2 devstack@placement-api.service[95866]: [pid: 95866|app: 0|req: 253/505] 10.222.0.59 () {60 vars in 1507 bytes} [Fri Aug 27 14:45:19 2021] GET /placement/allocation_candidates?limit=1000&resources=DISK_GB%3A1%2CMEMORY_MB%3A1024%2CVCPU%3A1&root_required=%21COMPUTE_STATUS_DISABLED => generated 1309 bytes in 95 msecs (HTTP/1.1 200) 8 headers in 297 bytes (1 switches on core 0)
Aug 27 14:45:19.191400 n-d-806294-2 devstack@placement-api.service[95865]: DEBUG placement.requestlog [req-5f6f8e4e-1b88-4d7a-82da-54fcd8f0deec req-bf53c9d4-d329-4099-8dbf-121fd1cd5582 None None] Starting request: 10.222.0.59 "GET /placement/allocations/81014bef-adef-41e1-a2a1-aca1fa7760ce" {{(pid=95865) __call__ /opt/stack/placement/placement/requestlog.py:55}}
Aug 27 14:45:19.203090 n-d-806294-2 devstack@placement-api.service[95865]: INFO placement.requestlog [req-5f6f8e4e-1b88-4d7a-82da-54fcd8f0deec req-bf53c9d4-d329-4099-8dbf-121fd1cd5582 service placement] 10.222.0.59 "GET /placement/allocations/81014bef-adef-41e1-a2a1-aca1fa7760ce" status: 200 len: 19 microversion: 1.28
Aug 27 14:45:19.203656 n-d-806294-2 devstack@placement-api.service[95865]: [pid: 95865|app: 0|req: 253/506] 10.222.0.59 () {60 vars in 1381 bytes} [Fri Aug 27 14:45:19 2021] GET /placement/allocations/81014bef-adef-41e1-a2a1-aca1fa7760ce => generated 19 bytes in 12 msecs (HTTP/1.1 200) 8 headers in 295 bytes (1 switches on core 0)
Aug 27 14:45:19.210021 n-d-806294-2 devstack@placement-api.service[95866]: DEBUG placement.requestlog [req-5f6f8e4e-1b88-4d7a-82da-54fcd8f0deec req-4b7866d9-a054-485f-8637-18c2e0bf9f4b None None] Starting request: 10.222.0.59 "PUT /placement/allocations/81014bef-adef-41e1-a2a1-aca1fa7760ce" {{(pid=95866) __call__ /opt/stack/placement/placement/requestlog.py:55}}
Aug 27 14:45:19.259849 n-d-806294-2 devstack@placement-api.service[95866]: DEBUG placement.handlers.allocation [req-5f6f8e4e-1b88-4d7a-82da-54fcd8f0deec req-4b7866d9-a054-485f-8637-18c2e0bf9f4b service placement] Successfully wrote allocations [, , ] {{(pid=95866) _create_allocations /opt/stack/placement/placement/handlers/allocation.py:461}}
Aug 27 14:45:19.376451 n-d-806294-2 devstack@placement-api.service[95866]: INFO placement.requestlog [req-5f6f8e4e-1b88-4d7a-82da-54fcd8f0deec req-4b7866d9-a054-485f-8637-18c2e0bf9f4b service placement] 10.222.0.59 "PUT /placement/allocations/81014bef-adef-41e1-a2a1-aca1fa7760ce" status: 204 len: 0 microversion: 1.35
Aug 27 14:45:19.377511 n-d-806294-2 devstack@placement-api.service[95866]: [pid: 95866|app: 0|req: 254/507] 10.222.0.59 () {64 vars in 1434 bytes} [Fri Aug 27 14:45:19 2021] PUT /placement/allocations/81014bef-adef-41e1-a2a1-aca1fa7760ce => generated 0 bytes in 168 msecs (HTTP/1.1 204) 5 headers in 199 bytes (1 switches on core 0)
Aug 27 14:45:20.930075 n-d-806294-2 devstack@placement-api.service[95865]: DEBUG placement.requestlog [req-5f6f8e4e-1b88-4d7a-82da-54fcd8f0deec req-94445407-bc7e-4420-a008-c9f648d43eeb None None] Starting request: 10.222.0.48 "GET /placement/allocations/81014bef-adef-41e1-a2a1-aca1fa7760ce" {{(pid=95865) __call__ /opt/stack/placement/placement/requestlog.py:55}}
