Aug 27 14:37:33.784284 n-d-806294-2 devstack@n-api.service[116873]: /usr/local/lib/python3.8/dist-packages/oslo_policy/policy.py:1064: UserWarning: Policy os_compute_api:os-hosts:show failed scope check. The token used to make the request was project scoped but the policy requires ['system'] scope. This behavior may change in the future where using the intended scope is required
Aug 27 14:37:33.784284 n-d-806294-2 devstack@n-api.service[116873]: warnings.warn(msg)
Aug 27 14:37:33.801325 n-d-806294-2 devstack@n-api.service[116873]: DEBUG oslo_concurrency.lockutils [None req-2be1462e-5f45-47b4-be8d-82364b8b5a39 tempest-HostsAdminTestJSON-1787260059 tempest-HostsAdminTestJSON-1787260059-project-admin] Lock "47349bea-b09a-464d-ba6c-4ebfd9bbe304" acquired by "nova.context.set_target_cell..get_or_set_cached_cell_and_set_connections" :: waited 0.000s {{(pid=116873) inner /usr/local/lib/python3.8/dist-packages/oslo_concurrency/lockutils.py:355}}
Aug 27 14:37:33.804906 n-d-806294-2 devstack@n-api.service[116873]: DEBUG oslo_concurrency.lockutils [None req-2be1462e-5f45-47b4-be8d-82364b8b5a39 tempest-HostsAdminTestJSON-1787260059 tempest-HostsAdminTestJSON-1787260059-project-admin] Lock "47349bea-b09a-464d-ba6c-4ebfd9bbe304" released by "nova.context.set_target_cell..get_or_set_cached_cell_and_set_connections" :: held 0.001s {{(pid=116873) inner /usr/local/lib/python3.8/dist-packages/oslo_concurrency/lockutils.py:367}}
Aug 27 14:37:33.829251 n-d-806294-2 devstack@n-api.service[116873]: DEBUG oslo_concurrency.lockutils [None req-2be1462e-5f45-47b4-be8d-82364b8b5a39 tempest-HostsAdminTestJSON-1787260059 tempest-HostsAdminTestJSON-1787260059-project-admin] Lock "47349bea-b09a-464d-ba6c-4ebfd9bbe304" acquired by "nova.context.set_target_cell..get_or_set_cached_cell_and_set_connections" :: waited 0.000s {{(pid=116873) inner /usr/local/lib/python3.8/dist-packages/oslo_concurrency/lockutils.py:355}}
Aug 27 14:37:33.829910 n-d-806294-2 devstack@n-api.service[116873]: DEBUG oslo_concurrency.lockutils [None req-2be1462e-5f45-47b4-be8d-82364b8b5a39 tempest-HostsAdminTestJSON-1787260059 tempest-HostsAdminTestJSON-1787260059-project-admin] Lock "47349bea-b09a-464d-ba6c-4ebfd9bbe304" released by "nova.context.set_target_cell..get_or_set_cached_cell_and_set_connections" :: held 0.001s {{(pid=116873) inner /usr/local/lib/python3.8/dist-packages/oslo_concurrency/lockutils.py:367}}
Aug 27 14:37:33.855467 n-d-806294-2 devstack@n-api.service[116873]: INFO nova.api.openstack.requestlog [None req-2be1462e-5f45-47b4-be8d-82364b8b5a39 tempest-HostsAdminTestJSON-1787260059 tempest-HostsAdminTestJSON-1787260059-project-admin] 10.222.0.59 "GET /compute/v2.1/os-hosts/n-h2-806294-2" status: 200 len: 467 microversion: 2.1 time: 0.076062
Aug 27 14:37:33.856169 n-d-806294-2 devstack@n-api.service[116873]: [pid: 116873|app: 0|req: 162/314] 10.222.0.59 () {58 vars in 1170 bytes} [Fri Aug 27 14:37:33 2021] GET /compute/v2.1/os-hosts/n-h2-806294-2 => generated 467 bytes in 77 msecs (HTTP/1.1 200) 9 headers in 357 bytes (1 switches on core 0)
Aug 27 14:37:33.859142 n-d-806294-2 devstack@n-api.service[116872]: /usr/local/lib/python3.8/dist-packages/oslo_policy/policy.py:1064: UserWarning: Policy os_compute_api:os-aggregates:update failed scope check. The token used to make the request was project scoped but the policy requires ['system'] scope. This behavior may change in the future where using the intended scope is required
Aug 27 14:37:33.859142 n-d-806294-2 devstack@n-api.service[116872]: warnings.warn(msg)
Aug 27 14:37:33.862306 n-d-806294-2 devstack@n-api.service[116873]: DEBUG nova.api.openstack.wsgi [None req-c86111b8-c45d-4dcb-a979-8c11511047d9 tempest-KeyPairsV210TestJSON-376821267 tempest-KeyPairsV210TestJSON-376821267-project-admin] Calling method '.version_select at 0x7f74061f4b80>' {{(pid=116873) _process_stack /opt/stack/nova/nova/api/openstack/wsgi.py:513}}
Aug 27 14:37:33.875695 n-d-806294-2 devstack@n-api.service[116873]: WARNING oslo_db.sqlalchemy.utils [None req-c86111b8-c45d-4dcb-a979-8c11511047d9 tempest-KeyPairsV210TestJSON-376821267 tempest-KeyPairsV210TestJSON-376821267-project-admin] Unique keys not in sort_keys. The sorting order may be unstable.
Aug 27 14:37:33.884487 n-d-806294-2 devstack@n-api.service[116873]: WARNING oslo_db.sqlalchemy.utils [None req-c86111b8-c45d-4dcb-a979-8c11511047d9 tempest-KeyPairsV210TestJSON-376821267 tempest-KeyPairsV210TestJSON-376821267-project-admin] Unique keys not in sort_keys. The sorting order may be unstable.
Aug 27 14:37:33.896811 n-d-806294-2 devstack@n-api.service[116873]: INFO nova.api.openstack.requestlog [None req-c86111b8-c45d-4dcb-a979-8c11511047d9 tempest-KeyPairsV210TestJSON-376821267 tempest-KeyPairsV210TestJSON-376821267-project-admin] 10.222.0.59 "GET /compute/v2.1/os-keypairs?user_id=01d6f371ec4242188f1ebdd7696e6947" status: 200 len: 1113 microversion: 2.10 time: 0.036706
Aug 27 14:37:33.896811 n-d-806294-2 devstack@n-api.service[116873]: [pid: 116873|app: 0|req: 163/315] 10.222.0.59 () {60 vars in 1259 bytes} [Fri Aug 27 14:37:33 2021] GET /compute/v2.1/os-keypairs?user_id=01d6f371ec4242188f1ebdd7696e6947 => generated 1113 bytes in 38 msecs (HTTP/1.1 200) 9 headers in 360 bytes (1 switches on core 0)
Aug 27 14:37:33.909583 n-d-806294-2 devstack@n-api.service[116873]: DEBUG nova.api.openstack.wsgi [None req-77e20e90-79e7-43cd-85f3-14b0f65e39f6 tempest-KeyPairsV210TestJSON-376821267 tempest-KeyPairsV210TestJSON-376821267-project-admin] Calling method '.version_select at 0x7f74061f4280>' {{(pid=116873) _process_stack /opt/stack/nova/nova/api/openstack/wsgi.py:513}}
Aug 27 14:37:34.042851 n-d-806294-2 devstack@n-api.service[116873]: INFO nova.api.openstack.requestlog [None req-77e20e90-79e7-43cd-85f3-14b0f65e39f6 tempest-KeyPairsV210TestJSON-376821267 tempest-KeyPairsV210TestJSON-376821267-project-admin] 10.222.0.59 "DELETE /compute/v2.1/os-keypairs/tempest-KeyPairsV210TestJSON-keypair-1360474403" status: 204 len: 0 microversion: 2.10 time: 0.138161
Aug 27 14:37:34.043436 n-d-806294-2 devstack@n-api.service[116873]: [pid: 116873|app: 0|req: 164/316] 10.222.0.59 () {60 vars in 1325 bytes} [Fri Aug 27 14:37:33 2021] DELETE /compute/v2.1/os-keypairs/tempest-KeyPairsV210TestJSON-keypair-1360474403 => generated 0 bytes in 139 msecs (HTTP/1.1 204) 9 headers in 365 bytes (2 switches on core 0)
Aug 27 14:37:34.066350 n-d-806294-2 devstack@n-api.service[116873]: DEBUG nova.api.openstack.wsgi [None req-7a6b7671-9d03-4b9e-b5b8-ed52fe3855c1 tempest-KeyPairsV210TestJSON-376821267 tempest-KeyPairsV210TestJSON-376821267-project-admin] Calling method '.version_select at 0x7f740605e550>' {{(pid=116873) _process_stack /opt/stack/nova/nova/api/openstack/wsgi.py:513}}
Aug 27 14:37:34.071918 n-d-806294-2 devstack@n-api.service[116872]: DEBUG oslo_concurrency.lockutils [None req-e7e6bf5c-d7b1-4b4b-bc1e-6c7c5a96097c tempest-AggregatesAdminTestJSON-1227020524 tempest-AggregatesAdminTestJSON-1227020524-project-admin] Lock "47349bea-b09a-464d-ba6c-4ebfd9bbe304" acquired by "nova.context.set_target_cell..get_or_set_cached_cell_and_set_connections" :: waited 0.000s {{(pid=116872) inner /usr/local/lib/python3.8/dist-packages/oslo_concurrency/lockutils.py:355}}
Aug 27 14:37:34.077440 n-d-806294-2 devstack@n-api.service[116872]: DEBUG oslo_concurrency.lockutils [None req-e7e6bf5c-d7b1-4b4b-bc1e-6c7c5a96097c tempest-AggregatesAdminTestJSON-1227020524 tempest-AggregatesAdminTestJSON-1227020524-project-admin] Lock "47349bea-b09a-464d-ba6c-4ebfd9bbe304" released by "nova.context.set_target_cell..get_or_set_cached_cell_and_set_connections" :: held 0.004s {{(pid=116872) inner /usr/local/lib/python3.8/dist-packages/oslo_concurrency/lockutils.py:367}}
Aug 27 14:37:34.216913 n-d-806294-2 devstack@n-api.service[116873]: INFO nova.api.openstack.requestlog [None req-7a6b7671-9d03-4b9e-b5b8-ed52fe3855c1 tempest-KeyPairsV210TestJSON-376821267 tempest-KeyPairsV210TestJSON-376821267-project-admin] 10.222.0.59 "DELETE /compute/v2.1/os-keypairs/tempest-keypair-782527195?user_id=01d6f371ec4242188f1ebdd7696e6947" status: 204 len: 0 microversion: 2.10 time: 0.168294
Aug 27 14:37:34.217915 n-d-806294-2 devstack@n-api.service[116873]: [pid: 116873|app: 0|req: 165/317] 10.222.0.59 () {60 vars in 1340 bytes} [Fri Aug 27 14:37:34 2021] DELETE /compute/v2.1/os-keypairs/tempest-keypair-782527195?user_id=01d6f371ec4242188f1ebdd7696e6947 => generated 0 bytes in 171 msecs (HTTP/1.1 204) 9 headers in 365 bytes (2 switches on core 0)
Aug 27 14:37:34.222871 n-d-806294-2 devstack@n-api.service[116873]: DEBUG nova.api.openstack.wsgi [None req-b45fed46-b43f-4cb2-b7f2-c383a2181713 tempest-LiveAutoBlockMigrationV225Test-1037256031 tempest-LiveAutoBlockMigrationV225Test-1037256031-project] Calling method '>' {{(pid=116873) _process_stack /opt/stack/nova/nova/api/openstack/wsgi.py:513}}
Aug 27 14:37:34.223739 n-d-806294-2 devstack@n-api.service[116873]: DEBUG nova.compute.api [None req-b45fed46-b43f-4cb2-b7f2-c383a2181713 tempest-LiveAutoBlockMigrationV225Test-1037256031 tempest-LiveAutoBlockMigrationV225Test-1037256031-project] [instance: 874e9b85-0da8-43fe-9b07-a7ea813ddd64] Fetching instance by UUID {{(pid=116873) get /opt/stack/nova/nova/compute/api.py:2826}}
Aug 27 14:37:34.241396 n-d-806294-2 devstack@n-api.service[116873]: DEBUG oslo_concurrency.lockutils [None req-b45fed46-b43f-4cb2-b7f2-c383a2181713 tempest-LiveAutoBlockMigrationV225Test-1037256031 tempest-LiveAutoBlockMigrationV225Test-1037256031-project] Lock "47349bea-b09a-464d-ba6c-4ebfd9bbe304" acquired by "nova.context.set_target_cell..get_or_set_cached_cell_and_set_connections" :: waited 0.000s {{(pid=116873) inner /usr/local/lib/python3.8/dist-packages/oslo_concurrency/lockutils.py:355}}
Aug 27 14:37:34.246097 n-d-806294-2 devstack@n-api.service[116872]: INFO nova.api.openstack.requestlog [None req-e7e6bf5c-d7b1-4b4b-bc1e-6c7c5a96097c tempest-AggregatesAdminTestJSON-1227020524 tempest-AggregatesAdminTestJSON-1227020524-project-admin] 10.222.0.59 "PUT /compute/v2.1/os-aggregates/17" status: 200 len: 334 microversion: 2.1 time: 0.613915
Aug 27 14:37:34.255588 n-d-806294-2 devstack@n-api.service[116872]: [pid: 116872|app: 0|req: 153/318] 10.222.0.59 () {60 vars in 1173 bytes} [Fri Aug 27 14:37:33 2021] PUT /compute/v2.1/os-aggregates/17 => generated 334 bytes in 615 msecs (HTTP/1.1 200) 9 headers in 357 bytes (1 switches on core 0)
Aug 27 14:37:34.256925 n-d-806294-2 devstack@n-api.service[116873]: DEBUG oslo_concurrency.lockutils [None req-b45fed46-b43f-4cb2-b7f2-c383a2181713 tempest-LiveAutoBlockMigrationV225Test-1037256031 tempest-LiveAutoBlockMigrationV225Test-1037256031-project] Lock "47349bea-b09a-464d-ba6c-4ebfd9bbe304" released by "nova.context.set_target_cell..get_or_set_cached_cell_and_set_connections" :: held 0.003s {{(pid=116873) inner /usr/local/lib/python3.8/dist-packages/oslo_concurrency/lockutils.py:367}}
Aug 27 14:37:34.258451 n-d-806294-2 devstack@n-api.service[116873]: DEBUG oslo_concurrency.lockutils [None req-b45fed46-b43f-4cb2-b7f2-c383a2181713 tempest-LiveAutoBlockMigrationV225Test-1037256031 tempest-LiveAutoBlockMigrationV225Test-1037256031-project] Lock "47349bea-b09a-464d-ba6c-4ebfd9bbe304" acquired by "nova.context.set_target_cell..get_or_set_cached_cell_and_set_connections" :: waited 0.000s {{(pid=116873) inner /usr/local/lib/python3.8/dist-packages/oslo_concurrency/lockutils.py:355}}
Aug 27 14:37:34.261006 n-d-806294-2 devstack@n-api.service[116873]: DEBUG oslo_concurrency.lockutils [None req-b45fed46-b43f-4cb2-b7f2-c383a2181713 tempest-LiveAutoBlockMigrationV225Test-1037256031 tempest-LiveAutoBlockMigrationV225Test-1037256031-project] Lock "47349bea-b09a-464d-ba6c-4ebfd9bbe304" released by "nova.context.set_target_cell..get_or_set_cached_cell_and_set_connections" :: held 0.002s {{(pid=116873) inner /usr/local/lib/python3.8/dist-packages/oslo_concurrency/lockutils.py:367}}
Aug 27 14:37:34.263526 n-d-806294-2 devstack@n-api.service[116872]: DEBUG nova.api.openstack.wsgi [None req-e9ff7406-5e7b-488b-8979-cecae4883655 tempest-KeyPairsV210TestJSON-376821267 tempest-KeyPairsV210TestJSON-376821267-project-admin] Calling method '.version_select at 0x7f7406089670>' {{(pid=116872) _process_stack /opt/stack/nova/nova/api/openstack/wsgi.py:513}}
Aug 27 14:37:34.396352 n-d-806294-2 devstack@n-api.service[116872]: INFO nova.api.openstack.requestlog [None req-e9ff7406-5e7b-488b-8979-cecae4883655 tempest-KeyPairsV210TestJSON-376821267 tempest-KeyPairsV210TestJSON-376821267-project-admin] 10.222.0.59 "DELETE /compute/v2.1/os-keypairs/tempest-keypair-1391109254?user_id=01d6f371ec4242188f1ebdd7696e6947" status: 204 len: 0 microversion: 2.10 time: 0.147775
Aug 27 14:37:34.400583 n-d-806294-2 devstack@n-api.service[116872]: [pid: 116872|app: 0|req: 154/319] 10.222.0.59 () {60 vars in 1343 bytes} [Fri Aug 27 14:37:34 2021] DELETE /compute/v2.1/os-keypairs/tempest-keypair-1391109254?user_id=01d6f371ec4242188f1ebdd7696e6947 => generated 0 bytes in 149 msecs (HTTP/1.1 204) 9 headers in 365 bytes (1 switches on core 0)
Aug 27 14:37:34.404668 n-d-806294-2 devstack@n-api.service[116872]: DEBUG nova.api.openstack.wsgi [None req-a404d6e4-8311-4b17-a953-259f081dcf19 tempest-AggregatesAdminTestJSON-1227020524 tempest-AggregatesAdminTestJSON-1227020524-project-admin] Calling method '>' {{(pid=116872) _process_stack /opt/stack/nova/nova/api/openstack/wsgi.py:513}}
Aug 27 14:37:34.405753 n-d-806294-2 devstack@n-api.service[116872]: /usr/local/lib/python3.8/dist-packages/oslo_policy/policy.py:1064: UserWarning: Policy os_compute_api:os-aggregates:index failed scope check. The token used to make the request was project scoped but the policy requires ['system'] scope. This behavior may change in the future where using the intended scope is required
Aug 27 14:37:34.405753 n-d-806294-2 devstack@n-api.service[116872]: warnings.warn(msg)
Aug 27 14:37:34.422939 n-d-806294-2 devstack@n-api.service[116872]: INFO nova.api.openstack.requestlog [None req-a404d6e4-8311-4b17-a953-259f081dcf19 tempest-AggregatesAdminTestJSON-1227020524 tempest-AggregatesAdminTestJSON-1227020524-project-admin] 10.222.0.59 "GET /compute/v2.1/os-aggregates" status: 200 len: 337 microversion: 2.1 time: 0.023831
Aug 27 14:37:34.423528 n-d-806294-2 devstack@n-api.service[116872]: [pid: 116872|app: 0|req: 155/320] 10.222.0.59 () {58 vars in 1143 bytes} [Fri Aug 27 14:37:34 2021] GET /compute/v2.1/os-aggregates => generated 337 bytes in 26 msecs (HTTP/1.1 200) 9 headers in 357 bytes (1 switches on core 0)
Aug 27 14:37:34.527082 n-d-806294-2 devstack@n-api.service[116873]: DEBUG nova.policy [None req-b45fed46-b43f-4cb2-b7f2-c383a2181713 tempest-LiveAutoBlockMigrationV225Test-1037256031 tempest-LiveAutoBlockMigrationV225Test-1037256031-project] Policy check for os_compute_api:os-extended-server-attributes failed with credentials {'is_admin': False, 'user_id': '2498034607bd46969b600cc6f097c58b', 'user_domain_id': 'default', 'system_scope': None, 'domain_id': None, 'project_id': '3d66066d94594055869007f3fd08d2cd', 'project_domain_id': 'default', 'roles': ['member', 'reader'], 'is_admin_project': True, 'service_user_id': None, 'service_user_domain_id': None, 'service_project_id': None, 'service_project_domain_id': None, 'service_roles': []} {{(pid=116873) authorize /opt/stack/nova/nova/policy.py:199}}
Aug 27 14:37:34.536879 n-d-806294-2 devstack@n-api.service[116873]: DEBUG nova.policy [None req-b45fed46-b43f-4cb2-b7f2-c383a2181713 tempest-LiveAutoBlockMigrationV225Test-1037256031 tempest-LiveAutoBlockMigrationV225Test-1037256031-project] Policy check for os_compute_api:servers:show:host_status failed with credentials {'is_admin': False, 'user_id': '2498034607bd46969b600cc6f097c58b', 'user_domain_id': 'default', 'system_scope': None, 'domain_id': None, 'project_id': '3d66066d94594055869007f3fd08d2cd', 'project_domain_id': 'default', 'roles': ['member', 'reader'], 'is_admin_project': True, 'service_user_id': None, 'service_user_domain_id': None, 'service_project_id': None, 'service_project_domain_id': None, 'service_roles': []} {{(pid=116873) authorize /opt/stack/nova/nova/policy.py:199}}
Aug 27 14:37:34.538902 n-d-806294-2 devstack@n-api.service[116873]: DEBUG nova.policy [None req-b45fed46-b43f-4cb2-b7f2-c383a2181713 tempest-LiveAutoBlockMigrationV225Test-1037256031 tempest-LiveAutoBlockMigrationV225Test-1037256031-project] Policy check for os_compute_api:servers:show:host_status:unknown-only failed with credentials {'is_admin': False, 'user_id': '2498034607bd46969b600cc6f097c58b', 'user_domain_id': 'default', 'system_scope': None, 'domain_id': None, 'project_id': '3d66066d94594055869007f3fd08d2cd', 'project_domain_id': 'default', 'roles': ['member', 'reader'], 'is_admin_project': True, 'service_user_id': None, 'service_user_domain_id': None, 'service_project_id': None, 'service_project_domain_id': None, 'service_roles': []} {{(pid=116873) authorize /opt/stack/nova/nova/policy.py:199}}
Aug 27 14:37:34.540332 n-d-806294-2 devstack@n-api.service[116873]: INFO nova.api.openstack.requestlog [None req-b45fed46-b43f-4cb2-b7f2-c383a2181713 tempest-LiveAutoBlockMigrationV225Test-1037256031 tempest-LiveAutoBlockMigrationV225Test-1037256031-project] 10.222.0.59 "GET /compute/v2.1/servers/874e9b85-0da8-43fe-9b07-a7ea813ddd64" status: 200 len: 1362 microversion: 2.25 time: 0.321247
Aug 27 14:37:34.541482 n-d-806294-2 devstack@n-api.service[116873]: [pid: 116873|app: 0|req: 166/321] 10.222.0.59 () {60 vars in 1277 bytes} [Fri Aug 27 14:37:34 2021] GET /compute/v2.1/servers/874e9b85-0da8-43fe-9b07-a7ea813ddd64 => generated 1362 bytes in 323 msecs (HTTP/1.1 200) 9 headers in 360 bytes (1 switches on core 0)
Aug 27 14:37:34.556862 n-d-806294-2 devstack@n-api.service[116873]: DEBUG nova.api.openstack.wsgi [None req-335fa072-ea88-4752-bc99-7d3fa7633056 tempest-AggregatesAdminTestJSON-1227020524 tempest-AggregatesAdminTestJSON-1227020524-project-admin] Calling method '>' {{(pid=116873) _process_stack /opt/stack/nova/nova/api/openstack/wsgi.py:513}}
Aug 27 14:37:34.557931 n-d-806294-2 devstack@n-api.service[116873]: /usr/local/lib/python3.8/dist-packages/oslo_policy/policy.py:1064: UserWarning: Policy os_compute_api:os-aggregates:delete failed scope check. The token used to make the request was project scoped but the policy requires ['system'] scope. This behavior may change in the future where using the intended scope is required
Aug 27 14:37:34.557931 n-d-806294-2 devstack@n-api.service[116873]: warnings.warn(msg)
Aug 27 14:37:34.687146 n-d-806294-2 devstack@n-api.service[116873]: INFO nova.api.openstack.requestlog [None req-335fa072-ea88-4752-bc99-7d3fa7633056 tempest-AggregatesAdminTestJSON-1227020524 tempest-AggregatesAdminTestJSON-1227020524-project-admin] 10.222.0.59 "DELETE /compute/v2.1/os-aggregates/17" status: 200 len: 0 microversion: 2.1 time: 0.144272
Aug 27 14:37:34.688181 n-d-806294-2 devstack@n-api.service[116873]: [pid: 116873|app: 0|req: 167/322] 10.222.0.59 () {58 vars in 1155 bytes} [Fri Aug 27 14:37:34 2021] DELETE /compute/v2.1/os-aggregates/17 => generated 0 bytes in 146 msecs (HTTP/1.1 200) 9 headers in 355 bytes (1 switches on core 0)
Aug 27 14:37:34.702175 n-d-806294-2 devstack@n-api.service[116873]: DEBUG nova.api.openstack.wsgi [None req-916f8ae6-8e29-4351-8847-1c96d150b3aa tempest-DeleteServersAdminTestJSON-1804339256 tempest-DeleteServersAdminTestJSON-1804339256-project] Calling method '>' {{(pid=116873) _process_stack /opt/stack/nova/nova/api/openstack/wsgi.py:513}}
Aug 27 14:37:34.702175 n-d-806294-2 devstack@n-api.service[116873]: DEBUG nova.compute.api [None req-916f8ae6-8e29-4351-8847-1c96d150b3aa tempest-DeleteServersAdminTestJSON-1804339256 tempest-DeleteServersAdminTestJSON-1804339256-project] [instance: 25e24280-40ad-4726-ac49-fff3b8a20d30] Fetching instance by UUID {{(pid=116873) get /opt/stack/nova/nova/compute/api.py:2826}}
Aug 27 14:37:34.718696 n-d-806294-2 devstack@n-api.service[116873]: DEBUG oslo_concurrency.lockutils [None req-916f8ae6-8e29-4351-8847-1c96d150b3aa tempest-DeleteServersAdminTestJSON-1804339256 tempest-DeleteServersAdminTestJSON-1804339256-project] Lock "47349bea-b09a-464d-ba6c-4ebfd9bbe304" acquired by "nova.context.set_target_cell..get_or_set_cached_cell_and_set_connections" :: waited 0.000s {{(pid=116873) inner /usr/local/lib/python3.8/dist-packages/oslo_concurrency/lockutils.py:355}}
Aug 27 14:37:34.720274 n-d-806294-2 devstack@n-api.service[116873]: DEBUG oslo_concurrency.lockutils [None req-916f8ae6-8e29-4351-8847-1c96d150b3aa tempest-DeleteServersAdminTestJSON-1804339256 tempest-DeleteServersAdminTestJSON-1804339256-project] Lock "47349bea-b09a-464d-ba6c-4ebfd9bbe304" released by "nova.context.set_target_cell..get_or_set_cached_cell_and_set_connections" :: held 0.003s {{(pid=116873) inner /usr/local/lib/python3.8/dist-packages/oslo_concurrency/lockutils.py:367}}
Aug 27 14:37:34.722864 n-d-806294-2 devstack@n-api.service[116873]: DEBUG oslo_concurrency.lockutils [None req-916f8ae6-8e29-4351-8847-1c96d150b3aa tempest-DeleteServersAdminTestJSON-1804339256 tempest-DeleteServersAdminTestJSON-1804339256-project] Lock "47349bea-b09a-464d-ba6c-4ebfd9bbe304" acquired by "nova.context.set_target_cell..get_or_set_cached_cell_and_set_connections" :: waited 0.000s {{(pid=116873) inner /usr/local/lib/python3.8/dist-packages/oslo_concurrency/lockutils.py:355}}
Aug 27 14:37:34.727338 n-d-806294-2 devstack@n-api.service[116873]: DEBUG oslo_concurrency.lockutils [None req-916f8ae6-8e29-4351-8847-1c96d150b3aa tempest-DeleteServersAdminTestJSON-1804339256 tempest-DeleteServersAdminTestJSON-1804339256-project] Lock "47349bea-b09a-464d-ba6c-4ebfd9bbe304" released by "nova.context.set_target_cell..get_or_set_cached_cell_and_set_connections" :: held 0.004s {{(pid=116873) inner /usr/local/lib/python3.8/dist-packages/oslo_concurrency/lockutils.py:367}}
Aug 27 14:37:34.867471 n-d-806294-2 devstack@n-api.service[116872]: DEBUG nova.api.openstack.wsgi [None req-c6394ab5-4307-43b4-808d-ddef114e2da5 tempest-InstanceUsageAuditLogNegativeTestJSON-532842395 tempest-InstanceUsageAuditLogNegativeTestJSON-532842395-project-admin] Calling method '>' {{(pid=116872) _process_stack /opt/stack/nova/nova/api/openstack/wsgi.py:513}}
Aug 27 14:37:34.869004 n-d-806294-2 devstack@n-api.service[116872]: /usr/local/lib/python3.8/dist-packages/oslo_policy/policy.py:1064: UserWarning: Policy os_compute_api:os-instance-usage-audit-log:show failed scope check. The token used to make the request was project scoped but the policy requires ['system'] scope. This behavior may change in the future where using the intended scope is required
Aug 27 14:37:34.869004 n-d-806294-2 devstack@n-api.service[116872]: warnings.warn(msg)
Aug 27 14:37:34.872630 n-d-806294-2 devstack@n-api.service[116872]: INFO nova.api.openstack.wsgi [None req-c6394ab5-4307-43b4-808d-ddef114e2da5 tempest-InstanceUsageAuditLogNegativeTestJSON-532842395 tempest-InstanceUsageAuditLogNegativeTestJSON-532842395-project-admin] HTTP exception thrown: Invalid timestamp for date invalid_time
Aug 27 14:37:34.873791 n-d-806294-2 devstack@n-api.service[116872]: DEBUG nova.api.openstack.wsgi [None req-c6394ab5-4307-43b4-808d-ddef114e2da5 tempest-InstanceUsageAuditLogNegativeTestJSON-532842395 tempest-InstanceUsageAuditLogNegativeTestJSON-532842395-project-admin] Returning 400 to user: Invalid timestamp for date invalid_time {{(pid=116872) __call__ /opt/stack/nova/nova/api/openstack/wsgi.py:936}}
Aug 27 14:37:34.875960 n-d-806294-2 devstack@n-api.service[116872]: INFO nova.api.openstack.requestlog [None req-c6394ab5-4307-43b4-808d-ddef114e2da5 tempest-InstanceUsageAuditLogNegativeTestJSON-532842395 tempest-InstanceUsageAuditLogNegativeTestJSON-532842395-project-admin] 10.222.0.59 "GET /compute/v2.1/os-instance_usage_audit_log/invalid_time" status: 400 len: 83 microversion: 2.1 time: 0.448889
Aug 27 14:37:34.882285 n-d-806294-2 devstack@n-api.service[116872]: [pid: 116872|app: 0|req: 156/323] 10.222.0.59 () {58 vars in 1224 bytes} [Fri Aug 27 14:37:34 2021] GET /compute/v2.1/os-instance_usage_audit_log/invalid_time => generated 83 bytes in 457 msecs (HTTP/1.1 400) 9 headers in 380 bytes (1 switches on core 0)
Aug 27 14:37:34.888565 n-d-806294-2 devstack@n-api.service[116872]: DEBUG nova.api.openstack.wsgi [None req-c96e47a8-e37c-475e-a6bb-26826d4c156c tempest-AggregatesAdminTestJSON-1227020524 tempest-AggregatesAdminTestJSON-1227020524-project-admin] Action: 'create', calling method: >, body: {"aggregate": {"name": "tempest-test_aggregate-1519678950"}} {{(pid=116872) _process_stack /opt/stack/nova/nova/api/openstack/wsgi.py:511}}
Aug 27 14:37:34.892551 n-d-806294-2 devstack@n-api.service[116872]: /usr/local/lib/python3.8/dist-packages/oslo_policy/policy.py:1064: UserWarning: Policy os_compute_api:os-aggregates:create failed scope check. The token used to make the request was project scoped but the policy requires ['system'] scope. This behavior may change in the future where using the intended scope is required
Aug 27 14:37:34.892551 n-d-806294-2 devstack@n-api.service[116872]: warnings.warn(msg)
Aug 27 14:37:34.894808 n-d-806294-2 devstack@n-api.service[116872]: DEBUG nova.objects.aggregate [None req-c96e47a8-e37c-475e-a6bb-26826d4c156c tempest-AggregatesAdminTestJSON-1227020524 tempest-AggregatesAdminTestJSON-1227020524-project-admin] Generated uuid 9c0640b9-5226-4412-b401-065d3a32d2e7 for aggregate {{(pid=116872) create /opt/stack/nova/nova/objects/aggregate.py:298}}
Aug 27 14:37:35.017418 n-d-806294-2 devstack@n-api.service[116873]: DEBUG nova.policy [None req-916f8ae6-8e29-4351-8847-1c96d150b3aa tempest-DeleteServersAdminTestJSON-1804339256 tempest-DeleteServersAdminTestJSON-1804339256-project] Policy check for os_compute_api:os-extended-server-attributes failed with credentials {'is_admin': False, 'user_id': 'aaf8b112179d4385bf7db832639f8022', 'user_domain_id': 'default', 'system_scope': None, 'domain_id': None, 'project_id': 'bb897f68b7c845438cc489f307cc0f40', 'project_domain_id': 'default', 'roles': ['member', 'reader'], 'is_admin_project': True, 'service_user_id': None, 'service_user_domain_id': None, 'service_project_id': None, 'service_project_domain_id': None, 'service_roles': []} {{(pid=116873) authorize /opt/stack/nova/nova/policy.py:199}}
Aug 27 14:37:35.025550 n-d-806294-2 devstack@n-api.service[116873]: INFO nova.api.openstack.requestlog [None req-916f8ae6-8e29-4351-8847-1c96d150b3aa tempest-DeleteServersAdminTestJSON-1804339256 tempest-DeleteServersAdminTestJSON-1804339256-project] 10.222.0.59 "GET /compute/v2.1/servers/25e24280-40ad-4726-ac49-fff3b8a20d30" status: 200 len: 1320 microversion: 2.1 time: 0.336113
Aug 27 14:37:35.026248 n-d-806294-2 devstack@n-api.service[116873]: [pid: 116873|app: 0|req: 168/324] 10.222.0.59 () {58 vars in 1236 bytes} [Fri Aug 27 14:37:34 2021] GET /compute/v2.1/servers/25e24280-40ad-4726-ac49-fff3b8a20d30 => generated 1320 bytes in 338 msecs (HTTP/1.1 200) 9 headers in 358 bytes (1 switches on core 0)
Aug 27 14:37:35.033166 n-d-806294-2 devstack@n-api.service[116872]: INFO nova.api.openstack.requestlog [None req-c96e47a8-e37c-475e-a6bb-26826d4c156c tempest-AggregatesAdminTestJSON-1227020524 tempest-AggregatesAdminTestJSON-1227020524-project-admin] 10.222.0.59 "POST /compute/v2.1/os-aggregates" status: 200 len: 199 microversion: 2.1 time: 0.149364
Aug 27 14:37:35.040457 n-d-806294-2 devstack@n-api.service[116872]: [pid: 116872|app: 0|req: 157/325] 10.222.0.59 () {60 vars in 1164 bytes} [Fri Aug 27 14:37:34 2021] POST /compute/v2.1/os-aggregates => generated 199 bytes in 157 msecs (HTTP/1.1 200) 9 headers in 357 bytes (1 switches on core 0)
Aug 27 14:37:35.045363 n-d-806294-2 devstack@n-api.service[116872]: DEBUG nova.api.openstack.wsgi [None req-4749643b-6725-435d-8cb3-637ee6241de0 tempest-AggregatesAdminTestJSON-1227020524 tempest-AggregatesAdminTestJSON-1227020524-project-admin] Calling method '>' {{(pid=116872) _process_stack /opt/stack/nova/nova/api/openstack/wsgi.py:513}}
Aug 27 14:37:35.046129 n-d-806294-2 devstack@n-api.service[116872]: /usr/local/lib/python3.8/dist-packages/oslo_policy/policy.py:1064: UserWarning: Policy os_compute_api:os-aggregates:index failed scope check. The token used to make the request was project scoped but the policy requires ['system'] scope. This behavior may change in the future where using the intended scope is required
Aug 27 14:37:35.046129 n-d-806294-2 devstack@n-api.service[116872]: warnings.warn(msg)
Aug 27 14:37:35.055146 n-d-806294-2 devstack@n-api.service[116872]: INFO nova.api.openstack.requestlog [None req-4749643b-6725-435d-8cb3-637ee6241de0 tempest-AggregatesAdminTestJSON-1227020524 tempest-AggregatesAdminTestJSON-1227020524-project-admin] 10.222.0.59 "GET /compute/v2.1/os-aggregates" status: 200 len: 231 microversion: 2.1 time: 0.013288
Aug 27 14:37:35.056079 n-d-806294-2 devstack@n-api.service[116872]: [pid: 116872|app: 0|req: 158/326] 10.222.0.59 () {58 vars in 1143 bytes} [Fri Aug 27 14:37:35 2021] GET /compute/v2.1/os-aggregates => generated 231 bytes in 15 msecs (HTTP/1.1 200) 9 headers in 357 bytes (1 switches on core 0)
Aug 27 14:37:35.114333 n-d-806294-2 devstack@n-api.service[116872]: DEBUG nova.api.openstack.wsgi [None req-944740cd-50ec-48c9-ac56-d2360b5538c4 tempest-AggregatesAdminTestJSON-1227020524 tempest-AggregatesAdminTestJSON-1227020524-project-admin] Calling method '>' {{(pid=116872) _process_stack /opt/stack/nova/nova/api/openstack/wsgi.py:513}}
Aug 27 14:37:35.116892 n-d-806294-2 devstack@n-api.service[116872]: /usr/local/lib/python3.8/dist-packages/oslo_policy/policy.py:1064: UserWarning: Policy os_compute_api:os-aggregates:delete failed scope check. The token used to make the request was project scoped but the policy requires ['system'] scope. This behavior may change in the future where using the intended scope is required
Aug 27 14:37:35.116892 n-d-806294-2 devstack@n-api.service[116872]: warnings.warn(msg)
Aug 27 14:37:35.269370 n-d-806294-2 devstack@n-api.service[116872]: INFO nova.api.openstack.requestlog [None req-944740cd-50ec-48c9-ac56-d2360b5538c4 tempest-AggregatesAdminTestJSON-1227020524 tempest-AggregatesAdminTestJSON-1227020524-project-admin] 10.222.0.59 "DELETE /compute/v2.1/os-aggregates/18" status: 200 len: 0 microversion: 2.1 time: 0.160713
Aug 27 14:37:35.277310 n-d-806294-2 devstack@n-api.service[116872]: [pid: 116872|app: 0|req: 159/327] 10.222.0.59 () {58 vars in 1155 bytes} [Fri Aug 27 14:37:35 2021] DELETE /compute/v2.1/os-aggregates/18 => generated 0 bytes in 169 msecs (HTTP/1.1 200) 9 headers in 355 bytes (2 switches on core 0)
Aug 27 14:37:35.297926 n-d-806294-2 devstack@n-api.service[116872]: DEBUG nova.api.openstack.wsgi [None req-e47d7c43-4117-447f-b543-ca597e439847 tempest-AggregatesAdminTestJSON-1786271638 tempest-AggregatesAdminTestJSON-1786271638-project] Calling method '>' {{(pid=116872) _process_stack /opt/stack/nova/nova/api/openstack/wsgi.py:513}}
Aug 27 14:37:35.298853 n-d-806294-2 devstack@n-api.service[116872]: DEBUG nova.compute.api [None req-e47d7c43-4117-447f-b543-ca597e439847 tempest-AggregatesAdminTestJSON-1786271638 tempest-AggregatesAdminTestJSON-1786271638-project] [instance: e4e8fda0-362d-40a9-a73b-0683151e6b81] Fetching instance by UUID {{(pid=116872) get /opt/stack/nova/nova/compute/api.py:2826}}
Aug 27 14:37:35.316222 n-d-806294-2 devstack@n-api.service[116872]: DEBUG oslo_concurrency.lockutils [None req-e47d7c43-4117-447f-b543-ca597e439847 tempest-AggregatesAdminTestJSON-1786271638 tempest-AggregatesAdminTestJSON-1786271638-project] Lock "47349bea-b09a-464d-ba6c-4ebfd9bbe304" acquired by "nova.context.set_target_cell..get_or_set_cached_cell_and_set_connections" :: waited 0.000s {{(pid=116872) inner /usr/local/lib/python3.8/dist-packages/oslo_concurrency/lockutils.py:355}}
Aug 27 14:37:35.316842 n-d-806294-2 devstack@n-api.service[116872]: DEBUG oslo_concurrency.lockutils [None req-e47d7c43-4117-447f-b543-ca597e439847 tempest-AggregatesAdminTestJSON-1786271638 tempest-AggregatesAdminTestJSON-1786271638-project] Lock "47349bea-b09a-464d-ba6c-4ebfd9bbe304" released by "nova.context.set_target_cell..get_or_set_cached_cell_and_set_connections" :: held 0.002s {{(pid=116872) inner /usr/local/lib/python3.8/dist-packages/oslo_concurrency/lockutils.py:367}}
Aug 27 14:37:35.319673 n-d-806294-2 devstack@n-api.service[116872]: DEBUG oslo_concurrency.lockutils [None req-e47d7c43-4117-447f-b543-ca597e439847 tempest-AggregatesAdminTestJSON-1786271638 tempest-AggregatesAdminTestJSON-1786271638-project] Lock "47349bea-b09a-464d-ba6c-4ebfd9bbe304" acquired by "nova.context.set_target_cell..get_or_set_cached_cell_and_set_connections" :: waited 0.000s {{(pid=116872) inner /usr/local/lib/python3.8/dist-packages/oslo_concurrency/lockutils.py:355}}
Aug 27 14:37:35.320348 n-d-806294-2 devstack@n-api.service[116872]: DEBUG oslo_concurrency.lockutils [None req-e47d7c43-4117-447f-b543-ca597e439847 tempest-AggregatesAdminTestJSON-1786271638 tempest-AggregatesAdminTestJSON-1786271638-project] Lock "47349bea-b09a-464d-ba6c-4ebfd9bbe304" released by "nova.context.set_target_cell..get_or_set_cached_cell_and_set_connections" :: held 0.002s {{(pid=116872) inner /usr/local/lib/python3.8/dist-packages/oslo_concurrency/lockutils.py:367}}
Aug 27 14:37:35.362806 n-d-806294-2 devstack@n-api.service[116873]: DEBUG nova.api.openstack.wsgi [None req-a5f5f27a-2888-4ba0-b792-dfb33e752e68 tempest-InstanceUsageAuditLogNegativeTestJSON-1255388566 tempest-InstanceUsageAuditLogNegativeTestJSON-1255388566-project] Calling method '>' {{(pid=116873) _process_stack /opt/stack/nova/nova/api/openstack/wsgi.py:513}}
Aug 27 14:37:35.363576 n-d-806294-2 devstack@n-api.service[116873]: /usr/local/lib/python3.8/dist-packages/oslo_policy/policy.py:1064: UserWarning: Policy os_compute_api:os-instance-usage-audit-log:list failed scope check. The token used to make the request was project scoped but the policy requires ['system'] scope. This behavior may change in the future where using the intended scope is required
Aug 27 14:37:35.363576 n-d-806294-2 devstack@n-api.service[116873]: warnings.warn(msg)
Aug 27 14:37:35.364894 n-d-806294-2 devstack@n-api.service[116873]: DEBUG nova.policy [None req-a5f5f27a-2888-4ba0-b792-dfb33e752e68 tempest-InstanceUsageAuditLogNegativeTestJSON-1255388566 tempest-InstanceUsageAuditLogNegativeTestJSON-1255388566-project] Policy check for os_compute_api:os-instance-usage-audit-log:list failed with credentials {'is_admin': False, 'user_id': '63551f6c2cc84d78bbb38198ab780d24', 'user_domain_id': 'default', 'system_scope': None, 'domain_id': None, 'project_id': 'e0fe040927984f038de1b75bab2aaf54', 'project_domain_id': 'default', 'roles': ['member', 'reader'], 'is_admin_project': True, 'service_user_id': None, 'service_user_domain_id': None, 'service_project_id': None, 'service_project_domain_id': None, 'service_roles': []} {{(pid=116873) authorize /opt/stack/nova/nova/policy.py:199}}
Aug 27 14:37:35.365546 n-d-806294-2 devstack@n-api.service[116873]: DEBUG nova.api.openstack.wsgi [None req-a5f5f27a-2888-4ba0-b792-dfb33e752e68 tempest-InstanceUsageAuditLogNegativeTestJSON-1255388566 tempest-InstanceUsageAuditLogNegativeTestJSON-1255388566-project] Returning 403 to user: Policy doesn't allow os_compute_api:os-instance-usage-audit-log:list to be performed. {{(pid=116873) __call__ /opt/stack/nova/nova/api/openstack/wsgi.py:936}}
Aug 27 14:37:35.366375 n-d-806294-2 devstack@n-api.service[116873]: INFO nova.api.openstack.requestlog [None req-a5f5f27a-2888-4ba0-b792-dfb33e752e68 tempest-InstanceUsageAuditLogNegativeTestJSON-1255388566 tempest-InstanceUsageAuditLogNegativeTestJSON-1255388566-project] 10.222.0.59 "GET /compute/v2.1/os-instance_usage_audit_log" status: 403 len: 128 microversion: 2.1 time: 0.330107
Aug 27 14:37:35.366916 n-d-806294-2 devstack@n-api.service[116873]: [pid: 116873|app: 0|req: 169/328] 10.222.0.59 () {58 vars in 1185 bytes} [Fri Aug 27 14:37:35 2021] GET /compute/v2.1/os-instance_usage_audit_log => generated 128 bytes in 340 msecs (HTTP/1.1 403) 9 headers in 379 bytes (1 switches on core 0)
Aug 27 14:37:35.386942 n-d-806294-2 devstack@n-api.service[116873]: DEBUG nova.api.openstack.wsgi [None req-b1404ca6-79ff-469d-b481-dd0142a5b750 tempest-InstanceUsageAuditLogNegativeTestJSON-1255388566 tempest-InstanceUsageAuditLogNegativeTestJSON-1255388566-project] Calling method '>' {{(pid=116873) _process_stack /opt/stack/nova/nova/api/openstack/wsgi.py:513}}
Aug 27 14:37:35.387832 n-d-806294-2 devstack@n-api.service[116873]: /usr/local/lib/python3.8/dist-packages/oslo_policy/policy.py:1064: UserWarning: Policy os_compute_api:os-instance-usage-audit-log:show failed scope check. The token used to make the request was project scoped but the policy requires ['system'] scope. This behavior may change in the future where using the intended scope is required
Aug 27 14:37:35.387832 n-d-806294-2 devstack@n-api.service[116873]: warnings.warn(msg)
Aug 27 14:37:35.391326 n-d-806294-2 devstack@n-api.service[116872]: DEBUG nova.compute.api [None req-e47d7c43-4117-447f-b543-ca597e439847 tempest-AggregatesAdminTestJSON-1786271638 tempest-AggregatesAdminTestJSON-1786271638-project] [instance: e4e8fda0-362d-40a9-a73b-0683151e6b81] Going to try to terminate instance {{(pid=116872) delete /opt/stack/nova/nova/compute/api.py:2575}}
Aug 27 14:37:35.393585 n-d-806294-2 devstack@n-api.service[116873]: DEBUG nova.policy [None req-b1404ca6-79ff-469d-b481-dd0142a5b750 tempest-InstanceUsageAuditLogNegativeTestJSON-1255388566 tempest-InstanceUsageAuditLogNegativeTestJSON-1255388566-project] Policy check for os_compute_api:os-instance-usage-audit-log:show failed with credentials {'is_admin': False, 'user_id': '63551f6c2cc84d78bbb38198ab780d24', 'user_domain_id': 'default', 'system_scope': None, 'domain_id': None, 'project_id': 'e0fe040927984f038de1b75bab2aaf54', 'project_domain_id': 'default', 'roles': ['member', 'reader'], 'is_admin_project': True, 'service_user_id': None, 'service_user_domain_id': None, 'service_project_id': None, 'service_project_domain_id': None, 'service_roles': []} {{(pid=116873) authorize /opt/stack/nova/nova/policy.py:199}}
Aug 27 14:37:35.394257 n-d-806294-2 devstack@n-api.service[116873]: DEBUG nova.api.openstack.wsgi [None req-b1404ca6-79ff-469d-b481-dd0142a5b750 tempest-InstanceUsageAuditLogNegativeTestJSON-1255388566 tempest-InstanceUsageAuditLogNegativeTestJSON-1255388566-project] Returning 403 to user: Policy doesn't allow os_compute_api:os-instance-usage-audit-log:show to be performed. {{(pid=116873) __call__ /opt/stack/nova/nova/api/openstack/wsgi.py:936}}
Aug 27 14:37:35.395130 n-d-806294-2 devstack@n-api.service[116873]: INFO nova.api.openstack.requestlog [None req-b1404ca6-79ff-469d-b481-dd0142a5b750 tempest-InstanceUsageAuditLogNegativeTestJSON-1255388566 tempest-InstanceUsageAuditLogNegativeTestJSON-1255388566-project] 10.222.0.59 "GET /compute/v2.1/os-instance_usage_audit_log/2021-08-27 14:37:35" status: 403 len: 128 microversion: 2.1 time: 0.022914
Aug 27 14:37:35.395655 n-d-806294-2 devstack@n-api.service[116873]: [pid: 116873|app: 0|req: 170/329] 10.222.0.59 () {58 vars in 1251 bytes} [Fri Aug 27 14:37:35 2021] GET /compute/v2.1/os-instance_usage_audit_log/2021-08-27%2014%3A37%3A35 => generated 128 bytes in 24 msecs (HTTP/1.1 403) 9 headers in 379 bytes (2 switches on core 0)
Aug 27 14:37:35.571686 n-d-806294-2 devstack@n-api.service[116873]: DEBUG nova.api.openstack.wsgi [None req-0e4f2f8f-bba6-48f6-8fe3-9076350b022c tempest-LiveAutoBlockMigrationV225Test-1037256031 tempest-LiveAutoBlockMigrationV225Test-1037256031-project] Calling method '>' {{(pid=116873) _process_stack /opt/stack/nova/nova/api/openstack/wsgi.py:513}}
Aug 27 14:37:35.572620 n-d-806294-2 devstack@n-api.service[116873]: DEBUG nova.compute.api [None req-0e4f2f8f-bba6-48f6-8fe3-9076350b022c tempest-LiveAutoBlockMigrationV225Test-1037256031 tempest-LiveAutoBlockMigrationV225Test-1037256031-project] [instance: 874e9b85-0da8-43fe-9b07-a7ea813ddd64] Fetching instance by UUID {{(pid=116873) get /opt/stack/nova/nova/compute/api.py:2826}}
Aug 27 14:37:35.596065 n-d-806294-2 devstack@n-api.service[116873]: DEBUG oslo_concurrency.lockutils [None req-0e4f2f8f-bba6-48f6-8fe3-9076350b022c tempest-LiveAutoBlockMigrationV225Test-1037256031 tempest-LiveAutoBlockMigrationV225Test-1037256031-project] Lock "47349bea-b09a-464d-ba6c-4ebfd9bbe304" acquired by "nova.context.set_target_cell..get_or_set_cached_cell_and_set_connections" :: waited 0.000s {{(pid=116873) inner /usr/local/lib/python3.8/dist-packages/oslo_concurrency/lockutils.py:355}}
Aug 27 14:37:35.599244 n-d-806294-2 devstack@n-api.service[116873]: DEBUG oslo_concurrency.lockutils [None req-0e4f2f8f-bba6-48f6-8fe3-9076350b022c tempest-LiveAutoBlockMigrationV225Test-1037256031 tempest-LiveAutoBlockMigrationV225Test-1037256031-project] Lock "47349bea-b09a-464d-ba6c-4ebfd9bbe304" released by "nova.context.set_target_cell..get_or_set_cached_cell_and_set_connections" :: held 0.002s {{(pid=116873) inner /usr/local/lib/python3.8/dist-packages/oslo_concurrency/lockutils.py:367}}
Aug 27 14:37:35.599244 n-d-806294-2 devstack@n-api.service[116873]: DEBUG oslo_concurrency.lockutils [None req-0e4f2f8f-bba6-48f6-8fe3-9076350b022c tempest-LiveAutoBlockMigrationV225Test-1037256031 tempest-LiveAutoBlockMigrationV225Test-1037256031-project] Lock "47349bea-b09a-464d-ba6c-4ebfd9bbe304" acquired by "nova.context.set_target_cell..get_or_set_cached_cell_and_set_connections" :: waited 0.000s {{(pid=116873) inner /usr/local/lib/python3.8/dist-packages/oslo_concurrency/lockutils.py:355}}
Aug 27 14:37:35.599558 n-d-806294-2 devstack@n-api.service[116873]: DEBUG oslo_concurrency.lockutils [None req-0e4f2f8f-bba6-48f6-8fe3-9076350b022c tempest-LiveAutoBlockMigrationV225Test-1037256031 tempest-LiveAutoBlockMigrationV225Test-1037256031-project] Lock "47349bea-b09a-464d-ba6c-4ebfd9bbe304" released by "nova.context.set_target_cell..get_or_set_cached_cell_and_set_connections" :: held 0.001s {{(pid=116873) inner /usr/local/lib/python3.8/dist-packages/oslo_concurrency/lockutils.py:367}}
Aug 27 14:37:36.036643 n-d-806294-2 devstack@n-api.service[116872]: INFO nova.api.openstack.requestlog [None req-e47d7c43-4117-447f-b543-ca597e439847 tempest-AggregatesAdminTestJSON-1786271638 tempest-AggregatesAdminTestJSON-1786271638-project] 10.222.0.59 "DELETE /compute/v2.1/servers/e4e8fda0-362d-40a9-a73b-0683151e6b81" status: 204 len: 0 microversion: 2.1 time: 0.757719
Aug 27 14:37:36.037266 n-d-806294-2 devstack@n-api.service[116872]: [pid: 116872|app: 0|req: 160/330] 10.222.0.59 () {58 vars in 1239 bytes} [Fri Aug 27 14:37:35 2021] DELETE /compute/v2.1/servers/e4e8fda0-362d-40a9-a73b-0683151e6b81 => generated 0 bytes in 759 msecs (HTTP/1.1 204) 9 headers in 363 bytes (1 switches on core 0)
Aug 27 14:37:36.045560 n-d-806294-2 devstack@n-api.service[116872]: DEBUG nova.api.openstack.wsgi [req-8f38e60e-0d15-41fe-ba7f-aeca8a6d11a6 req-bc98dbf8-9de4-4d0d-845b-7949f4d4adf0 service nova] Action: 'create', calling method: >, body: {"events": [{"server_uuid": "874e9b85-0da8-43fe-9b07-a7ea813ddd64", "name": "network-vif-plugged", "status": "completed", "tag": "2da79837-e974-4150-951a-0ec6264f13e3"}]} {{(pid=116872) _process_stack /opt/stack/nova/nova/api/openstack/wsgi.py:511}}
Aug 27 14:37:36.050319 n-d-806294-2 devstack@n-api.service[116872]: /usr/local/lib/python3.8/dist-packages/oslo_policy/policy.py:1064: UserWarning: Policy os_compute_api:os-server-external-events:create failed scope check. The token used to make the request was project scoped but the policy requires ['system'] scope. This behavior may change in the future where using the intended scope is required
Aug 27 14:37:36.050319 n-d-806294-2 devstack@n-api.service[116872]: warnings.warn(msg)
Aug 27 14:37:36.075128 n-d-806294-2 devstack@n-api.service[116872]: DEBUG oslo_concurrency.lockutils [req-8f38e60e-0d15-41fe-ba7f-aeca8a6d11a6 req-bc98dbf8-9de4-4d0d-845b-7949f4d4adf0 service nova] Lock "47349bea-b09a-464d-ba6c-4ebfd9bbe304" acquired by "nova.context.set_target_cell..get_or_set_cached_cell_and_set_connections" :: waited 0.000s {{(pid=116872) inner /usr/local/lib/python3.8/dist-packages/oslo_concurrency/lockutils.py:355}}
Aug 27 14:37:36.075606 n-d-806294-2 devstack@n-api.service[116872]: DEBUG oslo_concurrency.lockutils [req-8f38e60e-0d15-41fe-ba7f-aeca8a6d11a6 req-bc98dbf8-9de4-4d0d-845b-7949f4d4adf0 service nova] Lock "47349bea-b09a-464d-ba6c-4ebfd9bbe304" released by "nova.context.set_target_cell..get_or_set_cached_cell_and_set_connections" :: held 0.005s {{(pid=116872) inner /usr/local/lib/python3.8/dist-packages/oslo_concurrency/lockutils.py:367}}
Aug 27 14:37:36.127493 n-d-806294-2 devstack@n-api.service[116872]: INFO nova.api.openstack.compute.server_external_events [req-8f38e60e-0d15-41fe-ba7f-aeca8a6d11a6 req-bc98dbf8-9de4-4d0d-845b-7949f4d4adf0 service nova] Creating event network-vif-plugged:2da79837-e974-4150-951a-0ec6264f13e3 for instance 874e9b85-0da8-43fe-9b07-a7ea813ddd64 on n-h2-806294-2
Aug 27 14:37:36.150298 n-d-806294-2 devstack@n-api.service[116873]: DEBUG nova.policy [None req-0e4f2f8f-bba6-48f6-8fe3-9076350b022c tempest-LiveAutoBlockMigrationV225Test-1037256031 tempest-LiveAutoBlockMigrationV225Test-1037256031-project] Policy check for os_compute_api:os-extended-server-attributes failed with credentials {'is_admin': False, 'user_id': '2498034607bd46969b600cc6f097c58b', 'user_domain_id': 'default', 'system_scope': None, 'domain_id': None, 'project_id': '3d66066d94594055869007f3fd08d2cd', 'project_domain_id': 'default', 'roles': ['member', 'reader'], 'is_admin_project': True, 'service_user_id': None, 'service_user_domain_id': None, 'service_project_id': None, 'service_project_domain_id': None, 'service_roles': []} {{(pid=116873) authorize /opt/stack/nova/nova/policy.py:199}}
Aug 27 14:37:36.152769 n-d-806294-2 devstack@n-api.service[116872]: INFO nova.api.openstack.requestlog [req-8f38e60e-0d15-41fe-ba7f-aeca8a6d11a6 req-bc98dbf8-9de4-4d0d-845b-7949f4d4adf0 service nova] 10.222.0.59 "POST /compute/v2.1/os-server-external-events" status: 200 len: 183 microversion: 2.1 time: 0.111801
Aug 27 14:37:36.157580 n-d-806294-2 devstack@n-api.service[116872]: [pid: 116872|app: 0|req: 161/331] 10.222.0.59 () {64 vars in 1318 bytes} [Fri Aug 27 14:37:36 2021] POST /compute/v2.1/os-server-external-events => generated 183 bytes in 119 msecs (HTTP/1.1 200) 9 headers in 357 bytes (1 switches on core 0)
Aug 27 14:37:36.172928 n-d-806294-2 devstack@n-api.service[116873]: DEBUG nova.policy [None req-0e4f2f8f-bba6-48f6-8fe3-9076350b022c tempest-LiveAutoBlockMigrationV225Test-1037256031 tempest-LiveAutoBlockMigrationV225Test-1037256031-project] Policy check for os_compute_api:servers:show:host_status failed with credentials {'is_admin': False, 'user_id': '2498034607bd46969b600cc6f097c58b', 'user_domain_id': 'default', 'system_scope': None, 'domain_id': None, 'project_id': '3d66066d94594055869007f3fd08d2cd', 'project_domain_id': 'default', 'roles': ['member', 'reader'], 'is_admin_project': True, 'service_user_id': None, 'service_user_domain_id': None, 'service_project_id': None, 'service_project_domain_id': None, 'service_roles': []} {{(pid=116873) authorize /opt/stack/nova/nova/policy.py:199}}
Aug 27 14:37:36.174948 n-d-806294-2 devstack@n-api.service[116873]: DEBUG nova.policy [None req-0e4f2f8f-bba6-48f6-8fe3-9076350b022c tempest-LiveAutoBlockMigrationV225Test-1037256031 tempest-LiveAutoBlockMigrationV225Test-1037256031-project] Policy check for os_compute_api:servers:show:host_status:unknown-only failed with credentials {'is_admin': False, 'user_id': '2498034607bd46969b600cc6f097c58b', 'user_domain_id': 'default', 'system_scope': None, 'domain_id': None, 'project_id': '3d66066d94594055869007f3fd08d2cd', 'project_domain_id': 'default', 'roles': ['member', 'reader'], 'is_admin_project': True, 'service_user_id': None, 'service_user_domain_id': None, 'service_project_id': None, 'service_project_domain_id': None, 'service_roles': []} {{(pid=116873) authorize /opt/stack/nova/nova/policy.py:199}}
Aug 27 14:37:36.180312 n-d-806294-2 devstack@n-api.service[116872]: DEBUG nova.api.openstack.wsgi [None req-648d7c12-54b3-4be7-a60d-6c4a839f5a1c tempest-DeleteServersAdminTestJSON-1804339256 tempest-DeleteServersAdminTestJSON-1804339256-project] Calling method '>' {{(pid=116872) _process_stack /opt/stack/nova/nova/api/openstack/wsgi.py:513}}
Aug 27 14:37:36.180970 n-d-806294-2 devstack@n-api.service[116872]: DEBUG nova.compute.api [None req-648d7c12-54b3-4be7-a60d-6c4a839f5a1c tempest-DeleteServersAdminTestJSON-1804339256 tempest-DeleteServersAdminTestJSON-1804339256-project] [instance: 25e24280-40ad-4726-ac49-fff3b8a20d30] Fetching instance by UUID {{(pid=116872) get /opt/stack/nova/nova/compute/api.py:2826}}
Aug 27 14:37:36.193389 n-d-806294-2 devstack@n-api.service[116873]: INFO nova.api.openstack.requestlog [None req-0e4f2f8f-bba6-48f6-8fe3-9076350b022c tempest-LiveAutoBlockMigrationV225Test-1037256031 tempest-LiveAutoBlockMigrationV225Test-1037256031-project] 10.222.0.59 "GET /compute/v2.1/servers/874e9b85-0da8-43fe-9b07-a7ea813ddd64" status: 200 len: 1362 microversion: 2.25 time: 0.635882
Aug 27 14:37:36.207838 n-d-806294-2 devstack@n-api.service[116873]: [pid: 116873|app: 0|req: 171/332] 10.222.0.59 () {60 vars in 1277 bytes} [Fri Aug 27 14:37:35 2021] GET /compute/v2.1/servers/874e9b85-0da8-43fe-9b07-a7ea813ddd64 => generated 1362 bytes in 653 msecs (HTTP/1.1 200) 9 headers in 360 bytes (1 switches on core 0)
Aug 27 14:37:36.214973 n-d-806294-2 devstack@n-api.service[116872]: DEBUG oslo_concurrency.lockutils [None req-648d7c12-54b3-4be7-a60d-6c4a839f5a1c tempest-DeleteServersAdminTestJSON-1804339256 tempest-DeleteServersAdminTestJSON-1804339256-project] Lock "47349bea-b09a-464d-ba6c-4ebfd9bbe304" acquired by "nova.context.set_target_cell..get_or_set_cached_cell_and_set_connections" :: waited 0.000s {{(pid=116872) inner /usr/local/lib/python3.8/dist-packages/oslo_concurrency/lockutils.py:355}}
