Aug 27 02:17:48.523099 n-d-806293-1 devstack@n-api.service[109750]: DEBUG nova.policy [None req-142d14b0-1c5a-4c71-9ed9-918e7ae86676 tempest-LiveMigrationTest-1536130637 tempest-LiveMigrationTest-1536130637-project] Policy check for os_compute_api:os-extended-server-attributes failed with credentials {'is_admin': False, 'user_id': '98f09911346f459984c48fda89027a3f', 'user_domain_id': 'default', 'system_scope': None, 'domain_id': None, 'project_id': '42add40864b547e3ac14ec3a0f9d75ee', 'project_domain_id': 'default', 'roles': ['reader', 'member'], 'is_admin_project': True, 'service_user_id': None, 'service_user_domain_id': None, 'service_project_id': None, 'service_project_domain_id': None, 'service_roles': []} {{(pid=109750) authorize /opt/stack/nova/nova/policy.py:199}}
Aug 27 02:17:48.524418 n-d-806293-1 devstack@n-api.service[109751]: DEBUG oslo_concurrency.lockutils [None req-7c84613a-a042-4332-82ba-bc01cfbe5538 tempest-HypervisorAdminNegativeTestJSON-1027354528 tempest-HypervisorAdminNegativeTestJSON-1027354528-project-admin] Lock "ebf52040-e760-4f31-9373-246716a82437" acquired by "nova.context.set_target_cell..get_or_set_cached_cell_and_set_connections" :: waited 0.000s {{(pid=109751) inner /usr/local/lib/python3.8/dist-packages/oslo_concurrency/lockutils.py:355}}
Aug 27 02:17:48.525074 n-d-806293-1 devstack@n-api.service[109751]: DEBUG oslo_concurrency.lockutils [None req-7c84613a-a042-4332-82ba-bc01cfbe5538 tempest-HypervisorAdminNegativeTestJSON-1027354528 tempest-HypervisorAdminNegativeTestJSON-1027354528-project-admin] Lock "ebf52040-e760-4f31-9373-246716a82437" released by "nova.context.set_target_cell..get_or_set_cached_cell_and_set_connections" :: held 0.001s {{(pid=109751) inner /usr/local/lib/python3.8/dist-packages/oslo_concurrency/lockutils.py:367}}
Aug 27 02:17:48.532978 n-d-806293-1 devstack@n-api.service[109751]: INFO nova.api.openstack.requestlog [None req-7c84613a-a042-4332-82ba-bc01cfbe5538 tempest-HypervisorAdminNegativeTestJSON-1027354528 tempest-HypervisorAdminNegativeTestJSON-1027354528-project-admin] 10.222.0.10 "GET /compute/v2.1/os-hypervisors" status: 200 len: 191 microversion: 2.1 time: 0.062599
Aug 27 02:17:48.533507 n-d-806293-1 devstack@n-api.service[109750]: INFO nova.api.openstack.requestlog [None req-142d14b0-1c5a-4c71-9ed9-918e7ae86676 tempest-LiveMigrationTest-1536130637 tempest-LiveMigrationTest-1536130637-project] 10.222.0.10 "GET /compute/v2.1/servers/b2200d5c-c0c0-4e9a-8538-186443decf1f" status: 200 len: 1310 microversion: 2.1 time: 0.264597
Aug 27 02:17:48.534498 n-d-806293-1 devstack@n-api.service[109751]: [pid: 109751|app: 0|req: 66/121] 10.222.0.10 () {58 vars in 1146 bytes} [Fri Aug 27 02:17:48 2021] GET /compute/v2.1/os-hypervisors => generated 191 bytes in 65 msecs (HTTP/1.1 200) 9 headers in 357 bytes (1 switches on core 0)
Aug 27 02:17:48.543316 n-d-806293-1 devstack@n-api.service[109750]: [pid: 109750|app: 0|req: 56/122] 10.222.0.10 () {58 vars in 1236 bytes} [Fri Aug 27 02:17:48 2021] GET /compute/v2.1/servers/b2200d5c-c0c0-4e9a-8538-186443decf1f => generated 1310 bytes in 275 msecs (HTTP/1.1 200) 9 headers in 358 bytes (1 switches on core 0)
Aug 27 02:17:48.546813 n-d-806293-1 devstack@n-api.service[109751]: DEBUG nova.api.openstack.wsgi [None req-007424c7-1238-4e8c-89d9-46cc8986cdd7 tempest-HypervisorAdminNegativeTestJSON-358126819 tempest-HypervisorAdminNegativeTestJSON-358126819-project] Calling method '.version_select at 0x7f4b416c3e50>' {{(pid=109751) _process_stack /opt/stack/nova/nova/api/openstack/wsgi.py:513}}
Aug 27 02:17:48.547623 n-d-806293-1 devstack@n-api.service[109751]: /usr/local/lib/python3.8/dist-packages/oslo_policy/policy.py:1064: UserWarning: Policy os_compute_api:os-hypervisors:show failed scope check. The token used to make the request was project scoped but the policy requires ['system'] scope. This behavior may change in the future where using the intended scope is required
Aug 27 02:17:48.547623 n-d-806293-1 devstack@n-api.service[109751]: warnings.warn(msg)
Aug 27 02:17:48.548920 n-d-806293-1 devstack@n-api.service[109751]: DEBUG nova.policy [None req-007424c7-1238-4e8c-89d9-46cc8986cdd7 tempest-HypervisorAdminNegativeTestJSON-358126819 tempest-HypervisorAdminNegativeTestJSON-358126819-project] Policy check for os_compute_api:os-hypervisors:show failed with credentials {'is_admin': False, 'user_id': '1b4790d597c549ccb9ae503cd3659ad2', 'user_domain_id': 'default', 'system_scope': None, 'domain_id': None, 'project_id': 'e0f7d18e681b4e629092760ab92db55e', 'project_domain_id': 'default', 'roles': ['reader', 'member'], 'is_admin_project': True, 'service_user_id': None, 'service_user_domain_id': None, 'service_project_id': None, 'service_project_domain_id': None, 'service_roles': []} {{(pid=109751) authorize /opt/stack/nova/nova/policy.py:199}}
Aug 27 02:17:48.549542 n-d-806293-1 devstack@n-api.service[109751]: DEBUG nova.api.openstack.wsgi [None req-007424c7-1238-4e8c-89d9-46cc8986cdd7 tempest-HypervisorAdminNegativeTestJSON-358126819 tempest-HypervisorAdminNegativeTestJSON-358126819-project] Returning 403 to user: Policy doesn't allow os_compute_api:os-hypervisors:show to be performed. {{(pid=109751) __call__ /opt/stack/nova/nova/api/openstack/wsgi.py:927}}
Aug 27 02:17:48.550625 n-d-806293-1 devstack@n-api.service[109751]: INFO nova.api.openstack.requestlog [None req-007424c7-1238-4e8c-89d9-46cc8986cdd7 tempest-HypervisorAdminNegativeTestJSON-358126819 tempest-HypervisorAdminNegativeTestJSON-358126819-project] 10.222.0.10 "GET /compute/v2.1/os-hypervisors/1" status: 403 len: 115 microversion: 2.1 time: 0.009699
Aug 27 02:17:48.551168 n-d-806293-1 devstack@n-api.service[109751]: [pid: 109751|app: 0|req: 67/123] 10.222.0.10 () {58 vars in 1152 bytes} [Fri Aug 27 02:17:48 2021] GET /compute/v2.1/os-hypervisors/1 => generated 115 bytes in 11 msecs (HTTP/1.1 403) 9 headers in 379 bytes (1 switches on core 0)
Aug 27 02:17:48.560586 n-d-806293-1 devstack@n-api.service[109750]: DEBUG nova.api.openstack.wsgi [None req-c3b749ea-350f-4647-a4ce-32a7f3bb0b9e tempest-HypervisorAdminNegativeTestJSON-1027354528 tempest-HypervisorAdminNegativeTestJSON-1027354528-project-admin] Calling method '.version_select at 0x7f4b4175d3a0>' {{(pid=109750) _process_stack /opt/stack/nova/nova/api/openstack/wsgi.py:513}}
Aug 27 02:17:48.561532 n-d-806293-1 devstack@n-api.service[109750]: /usr/local/lib/python3.8/dist-packages/oslo_policy/policy.py:1064: UserWarning: Policy os_compute_api:os-hypervisors:show failed scope check. The token used to make the request was project scoped but the policy requires ['system'] scope. This behavior may change in the future where using the intended scope is required
Aug 27 02:17:48.561532 n-d-806293-1 devstack@n-api.service[109750]: warnings.warn(msg)
Aug 27 02:17:48.562835 n-d-806293-1 devstack@n-api.service[109750]: INFO nova.api.openstack.wsgi [None req-c3b749ea-350f-4647-a4ce-32a7f3bb0b9e tempest-HypervisorAdminNegativeTestJSON-1027354528 tempest-HypervisorAdminNegativeTestJSON-1027354528-project-admin] HTTP exception thrown: Hypervisor with ID 'c6e5ebbe-825e-4afc-affb-b2fc01c6db57' could not be found.
Aug 27 02:17:48.563512 n-d-806293-1 devstack@n-api.service[109750]: DEBUG nova.api.openstack.wsgi [None req-c3b749ea-350f-4647-a4ce-32a7f3bb0b9e tempest-HypervisorAdminNegativeTestJSON-1027354528 tempest-HypervisorAdminNegativeTestJSON-1027354528-project-admin] Returning 404 to user: Hypervisor with ID 'c6e5ebbe-825e-4afc-affb-b2fc01c6db57' could not be found. {{(pid=109750) __call__ /opt/stack/nova/nova/api/openstack/wsgi.py:927}}
Aug 27 02:17:48.564813 n-d-806293-1 devstack@n-api.service[109750]: INFO nova.api.openstack.requestlog [None req-c3b749ea-350f-4647-a4ce-32a7f3bb0b9e tempest-HypervisorAdminNegativeTestJSON-1027354528 tempest-HypervisorAdminNegativeTestJSON-1027354528-project-admin] 10.222.0.10 "GET /compute/v2.1/os-hypervisors/c6e5ebbe-825e-4afc-affb-b2fc01c6db57" status: 404 len: 123 microversion: 2.1 time: 0.007684
Aug 27 02:17:48.565916 n-d-806293-1 devstack@n-api.service[109750]: [pid: 109750|app: 0|req: 57/124] 10.222.0.10 () {58 vars in 1257 bytes} [Fri Aug 27 02:17:48 2021] GET /compute/v2.1/os-hypervisors/c6e5ebbe-825e-4afc-affb-b2fc01c6db57 => generated 123 bytes in 9 msecs (HTTP/1.1 404) 9 headers in 379 bytes (1 switches on core 0)
Aug 27 02:17:48.991082 n-d-806293-1 devstack@n-api.service[109751]: DEBUG nova.api.openstack.wsgi [None req-9c490148-97ee-4c63-8a4d-55b8fe8d04b4 tempest-KeyPairsV210TestJSON-1594597604 tempest-KeyPairsV210TestJSON-1594597604-project-admin] Action: 'create', calling method: .version_select at 0x7f4b416d7ca0>, body: {"keypair": {"name": "tempest-keypair-1311084386", "type": "ssh", "user_id": "eec5235445564dff92db835bc4f01e31"}} {{(pid=109751) _process_stack /opt/stack/nova/nova/api/openstack/wsgi.py:511}}
Aug 27 02:17:49.034467 n-d-806293-1 devstack@n-api.service[109751]: DEBUG nova.quota [None req-9c490148-97ee-4c63-8a4d-55b8fe8d04b4 tempest-KeyPairsV210TestJSON-1594597604 tempest-KeyPairsV210TestJSON-1594597604-project-admin] Getting quotas for project 389acbc374004491a7661f94f075d87e. Resources: {'key_pairs'} {{(pid=109751) _get_quotas /opt/stack/nova/nova/quota.py:387}}
Aug 27 02:17:49.038914 n-d-806293-1 devstack@n-api.service[109751]: DEBUG nova.quota [None req-9c490148-97ee-4c63-8a4d-55b8fe8d04b4 tempest-KeyPairsV210TestJSON-1594597604 tempest-KeyPairsV210TestJSON-1594597604-project-admin] Getting quotas for user 3a069c147e7242d99de959af0cf8dcd8 and project 389acbc374004491a7661f94f075d87e. Resources: {'key_pairs'} {{(pid=109751) _get_quotas /opt/stack/nova/nova/quota.py:377}}
Aug 27 02:17:49.392586 n-d-806293-1 devstack@n-api.service[109750]: DEBUG nova.api.openstack.wsgi [None req-baf6864c-2406-45fa-920f-688ba69292b7 tempest-AggregatesAdminTestJSON-1761107590 tempest-AggregatesAdminTestJSON-1761107590-project] Calling method '>' {{(pid=109750) _process_stack /opt/stack/nova/nova/api/openstack/wsgi.py:513}}
Aug 27 02:17:49.393185 n-d-806293-1 devstack@n-api.service[109750]: DEBUG nova.compute.api [None req-baf6864c-2406-45fa-920f-688ba69292b7 tempest-AggregatesAdminTestJSON-1761107590 tempest-AggregatesAdminTestJSON-1761107590-project] [instance: f027d3ac-5bfc-4fcd-89f9-4ea1fb427376] Fetching instance by UUID {{(pid=109750) get /opt/stack/nova/nova/compute/api.py:2826}}
Aug 27 02:17:49.401453 n-d-806293-1 devstack@n-api.service[109750]: DEBUG oslo_concurrency.lockutils [None req-baf6864c-2406-45fa-920f-688ba69292b7 tempest-AggregatesAdminTestJSON-1761107590 tempest-AggregatesAdminTestJSON-1761107590-project] Lock "ebf52040-e760-4f31-9373-246716a82437" acquired by "nova.context.set_target_cell..get_or_set_cached_cell_and_set_connections" :: waited 0.000s {{(pid=109750) inner /usr/local/lib/python3.8/dist-packages/oslo_concurrency/lockutils.py:355}}
Aug 27 02:17:49.402166 n-d-806293-1 devstack@n-api.service[109750]: DEBUG oslo_concurrency.lockutils [None req-baf6864c-2406-45fa-920f-688ba69292b7 tempest-AggregatesAdminTestJSON-1761107590 tempest-AggregatesAdminTestJSON-1761107590-project] Lock "ebf52040-e760-4f31-9373-246716a82437" released by "nova.context.set_target_cell..get_or_set_cached_cell_and_set_connections" :: held 0.001s {{(pid=109750) inner /usr/local/lib/python3.8/dist-packages/oslo_concurrency/lockutils.py:367}}
Aug 27 02:17:49.403218 n-d-806293-1 devstack@n-api.service[109750]: DEBUG oslo_concurrency.lockutils [None req-baf6864c-2406-45fa-920f-688ba69292b7 tempest-AggregatesAdminTestJSON-1761107590 tempest-AggregatesAdminTestJSON-1761107590-project] Lock "ebf52040-e760-4f31-9373-246716a82437" acquired by "nova.context.set_target_cell..get_or_set_cached_cell_and_set_connections" :: waited 0.000s {{(pid=109750) inner /usr/local/lib/python3.8/dist-packages/oslo_concurrency/lockutils.py:355}}
Aug 27 02:17:49.404113 n-d-806293-1 devstack@n-api.service[109750]: DEBUG oslo_concurrency.lockutils [None req-baf6864c-2406-45fa-920f-688ba69292b7 tempest-AggregatesAdminTestJSON-1761107590 tempest-AggregatesAdminTestJSON-1761107590-project] Lock "ebf52040-e760-4f31-9373-246716a82437" released by "nova.context.set_target_cell..get_or_set_cached_cell_and_set_connections" :: held 0.001s {{(pid=109750) inner /usr/local/lib/python3.8/dist-packages/oslo_concurrency/lockutils.py:367}}
Aug 27 02:17:49.501569 n-d-806293-1 devstack@n-api.service[109751]: DEBUG nova.quota [None req-9c490148-97ee-4c63-8a4d-55b8fe8d04b4 tempest-KeyPairsV210TestJSON-1594597604 tempest-KeyPairsV210TestJSON-1594597604-project-admin] Getting quotas for project 389acbc374004491a7661f94f075d87e. Resources: {'key_pairs'} {{(pid=109751) _get_quotas /opt/stack/nova/nova/quota.py:387}}
Aug 27 02:17:49.507153 n-d-806293-1 devstack@n-api.service[109751]: DEBUG nova.quota [None req-9c490148-97ee-4c63-8a4d-55b8fe8d04b4 tempest-KeyPairsV210TestJSON-1594597604 tempest-KeyPairsV210TestJSON-1594597604-project-admin] Getting quotas for user 3a069c147e7242d99de959af0cf8dcd8 and project 389acbc374004491a7661f94f075d87e. Resources: {'key_pairs'} {{(pid=109751) _get_quotas /opt/stack/nova/nova/quota.py:377}}
Aug 27 02:17:49.534980 n-d-806293-1 devstack@n-api.service[109751]: INFO nova.api.openstack.requestlog [None req-9c490148-97ee-4c63-8a4d-55b8fe8d04b4 tempest-KeyPairsV210TestJSON-1594597604 tempest-KeyPairsV210TestJSON-1594597604-project-admin] 10.222.0.10 "POST /compute/v2.1/os-keypairs" status: 201 len: 2320 microversion: 2.10 time: 0.973739
Aug 27 02:17:49.536167 n-d-806293-1 devstack@n-api.service[109751]: [pid: 109751|app: 0|req: 68/125] 10.222.0.10 () {62 vars in 1200 bytes} [Fri Aug 27 02:17:48 2021] POST /compute/v2.1/os-keypairs => generated 2320 bytes in 975 msecs (HTTP/1.1 201) 9 headers in 365 bytes (1 switches on core 0)
Aug 27 02:17:49.551002 n-d-806293-1 devstack@n-api.service[109751]: DEBUG nova.api.openstack.wsgi [None req-aca5ed03-dd2e-4cfd-9e7f-6959ea65caef tempest-KeyPairsV210TestJSON-1594597604 tempest-KeyPairsV210TestJSON-1594597604-project-admin] Action: 'create', calling method: .version_select at 0x7f4b416d7f70>, body: {"keypair": {"name": "tempest-keypair-1085941879", "type": "ssh", "user_id": "eec5235445564dff92db835bc4f01e31"}} {{(pid=109751) _process_stack /opt/stack/nova/nova/api/openstack/wsgi.py:511}}
Aug 27 02:17:49.574629 n-d-806293-1 devstack@n-api.service[109751]: DEBUG nova.quota [None req-aca5ed03-dd2e-4cfd-9e7f-6959ea65caef tempest-KeyPairsV210TestJSON-1594597604 tempest-KeyPairsV210TestJSON-1594597604-project-admin] Getting quotas for project 389acbc374004491a7661f94f075d87e. Resources: {'key_pairs'} {{(pid=109751) _get_quotas /opt/stack/nova/nova/quota.py:387}}
Aug 27 02:17:49.579183 n-d-806293-1 devstack@n-api.service[109751]: DEBUG nova.quota [None req-aca5ed03-dd2e-4cfd-9e7f-6959ea65caef tempest-KeyPairsV210TestJSON-1594597604 tempest-KeyPairsV210TestJSON-1594597604-project-admin] Getting quotas for user 3a069c147e7242d99de959af0cf8dcd8 and project 389acbc374004491a7661f94f075d87e. Resources: {'key_pairs'} {{(pid=109751) _get_quotas /opt/stack/nova/nova/quota.py:377}}
Aug 27 02:17:49.798021 n-d-806293-1 devstack@n-api.service[109750]: DEBUG nova.policy [None req-baf6864c-2406-45fa-920f-688ba69292b7 tempest-AggregatesAdminTestJSON-1761107590 tempest-AggregatesAdminTestJSON-1761107590-project] Policy check for os_compute_api:os-extended-server-attributes failed with credentials {'is_admin': False, 'user_id': 'd64851580c7f4f9a800e24b70725b664', 'user_domain_id': 'default', 'system_scope': None, 'domain_id': None, 'project_id': 'd74430453e4d4477a3fda77e57d2c6aa', 'project_domain_id': 'default', 'roles': ['reader', 'member'], 'is_admin_project': True, 'service_user_id': None, 'service_user_domain_id': None, 'service_project_id': None, 'service_project_domain_id': None, 'service_roles': []} {{(pid=109750) authorize /opt/stack/nova/nova/policy.py:199}}
Aug 27 02:17:49.824234 n-d-806293-1 devstack@n-api.service[109750]: INFO nova.api.openstack.requestlog [None req-baf6864c-2406-45fa-920f-688ba69292b7 tempest-AggregatesAdminTestJSON-1761107590 tempest-AggregatesAdminTestJSON-1761107590-project] 10.222.0.10 "GET /compute/v2.1/servers/f027d3ac-5bfc-4fcd-89f9-4ea1fb427376" status: 200 len: 1338 microversion: 2.1 time: 0.433993
Aug 27 02:17:49.825339 n-d-806293-1 devstack@n-api.service[109750]: [pid: 109750|app: 0|req: 58/126] 10.222.0.10 () {58 vars in 1236 bytes} [Fri Aug 27 02:17:49 2021] GET /compute/v2.1/servers/f027d3ac-5bfc-4fcd-89f9-4ea1fb427376 => generated 1338 bytes in 437 msecs (HTTP/1.1 200) 9 headers in 358 bytes (1 switches on core 0)
Aug 27 02:17:49.839166 n-d-806293-1 devstack@n-api.service[109750]: DEBUG nova.api.openstack.wsgi [None req-7d966b47-f841-463f-ab54-ae88409569d5 tempest-LiveMigrationTest-1536130637 tempest-LiveMigrationTest-1536130637-project] Calling method '>' {{(pid=109750) _process_stack /opt/stack/nova/nova/api/openstack/wsgi.py:513}}
Aug 27 02:17:49.840350 n-d-806293-1 devstack@n-api.service[109750]: DEBUG nova.compute.api [None req-7d966b47-f841-463f-ab54-ae88409569d5 tempest-LiveMigrationTest-1536130637 tempest-LiveMigrationTest-1536130637-project] [instance: b2200d5c-c0c0-4e9a-8538-186443decf1f] Fetching instance by UUID {{(pid=109750) get /opt/stack/nova/nova/compute/api.py:2826}}
Aug 27 02:17:49.860464 n-d-806293-1 devstack@n-api.service[109750]: DEBUG oslo_concurrency.lockutils [None req-7d966b47-f841-463f-ab54-ae88409569d5 tempest-LiveMigrationTest-1536130637 tempest-LiveMigrationTest-1536130637-project] Lock "ebf52040-e760-4f31-9373-246716a82437" acquired by "nova.context.set_target_cell..get_or_set_cached_cell_and_set_connections" :: waited 0.001s {{(pid=109750) inner /usr/local/lib/python3.8/dist-packages/oslo_concurrency/lockutils.py:355}}
Aug 27 02:17:49.864145 n-d-806293-1 devstack@n-api.service[109750]: DEBUG oslo_concurrency.lockutils [None req-7d966b47-f841-463f-ab54-ae88409569d5 tempest-LiveMigrationTest-1536130637 tempest-LiveMigrationTest-1536130637-project] Lock "ebf52040-e760-4f31-9373-246716a82437" released by "nova.context.set_target_cell..get_or_set_cached_cell_and_set_connections" :: held 0.001s {{(pid=109750) inner /usr/local/lib/python3.8/dist-packages/oslo_concurrency/lockutils.py:367}}
Aug 27 02:17:49.866182 n-d-806293-1 devstack@n-api.service[109750]: DEBUG oslo_concurrency.lockutils [None req-7d966b47-f841-463f-ab54-ae88409569d5 tempest-LiveMigrationTest-1536130637 tempest-LiveMigrationTest-1536130637-project] Lock "ebf52040-e760-4f31-9373-246716a82437" acquired by "nova.context.set_target_cell..get_or_set_cached_cell_and_set_connections" :: waited 0.000s {{(pid=109750) inner /usr/local/lib/python3.8/dist-packages/oslo_concurrency/lockutils.py:355}}
Aug 27 02:17:49.867938 n-d-806293-1 devstack@n-api.service[109750]: DEBUG oslo_concurrency.lockutils [None req-7d966b47-f841-463f-ab54-ae88409569d5 tempest-LiveMigrationTest-1536130637 tempest-LiveMigrationTest-1536130637-project] Lock "ebf52040-e760-4f31-9373-246716a82437" released by "nova.context.set_target_cell..get_or_set_cached_cell_and_set_connections" :: held 0.002s {{(pid=109750) inner /usr/local/lib/python3.8/dist-packages/oslo_concurrency/lockutils.py:367}}
Aug 27 02:17:49.890083 n-d-806293-1 devstack@n-api.service[109751]: DEBUG nova.quota [None req-aca5ed03-dd2e-4cfd-9e7f-6959ea65caef tempest-KeyPairsV210TestJSON-1594597604 tempest-KeyPairsV210TestJSON-1594597604-project-admin] Getting quotas for project 389acbc374004491a7661f94f075d87e. Resources: {'key_pairs'} {{(pid=109751) _get_quotas /opt/stack/nova/nova/quota.py:387}}
Aug 27 02:17:49.903486 n-d-806293-1 devstack@n-api.service[109751]: DEBUG nova.quota [None req-aca5ed03-dd2e-4cfd-9e7f-6959ea65caef tempest-KeyPairsV210TestJSON-1594597604 tempest-KeyPairsV210TestJSON-1594597604-project-admin] Getting quotas for user 3a069c147e7242d99de959af0cf8dcd8 and project 389acbc374004491a7661f94f075d87e. Resources: {'key_pairs'} {{(pid=109751) _get_quotas /opt/stack/nova/nova/quota.py:377}}
Aug 27 02:17:49.939478 n-d-806293-1 devstack@n-api.service[109751]: INFO nova.api.openstack.requestlog [None req-aca5ed03-dd2e-4cfd-9e7f-6959ea65caef tempest-KeyPairsV210TestJSON-1594597604 tempest-KeyPairsV210TestJSON-1594597604-project-admin] 10.222.0.10 "POST /compute/v2.1/os-keypairs" status: 201 len: 2320 microversion: 2.10 time: 0.392839
Aug 27 02:17:49.942560 n-d-806293-1 devstack@n-api.service[109751]: [pid: 109751|app: 0|req: 69/127] 10.222.0.10 () {62 vars in 1200 bytes} [Fri Aug 27 02:17:49 2021] POST /compute/v2.1/os-keypairs => generated 2320 bytes in 397 msecs (HTTP/1.1 201) 9 headers in 365 bytes (1 switches on core 0)
Aug 27 02:17:49.950382 n-d-806293-1 devstack@n-api.service[109751]: DEBUG nova.api.openstack.wsgi [None req-ac662647-66f9-441b-83c0-66a3e511d86d tempest-KeyPairsV210TestJSON-1594597604 tempest-KeyPairsV210TestJSON-1594597604-project-admin] Calling method '.version_select at 0x7f4b41685af0>' {{(pid=109751) _process_stack /opt/stack/nova/nova/api/openstack/wsgi.py:513}}
Aug 27 02:17:49.965045 n-d-806293-1 devstack@n-api.service[109751]: INFO nova.api.openstack.requestlog [None req-ac662647-66f9-441b-83c0-66a3e511d86d tempest-KeyPairsV210TestJSON-1594597604 tempest-KeyPairsV210TestJSON-1594597604-project-admin] 10.222.0.10 "GET /compute/v2.1/os-keypairs/tempest-keypair-1311084386?user_id=eec5235445564dff92db835bc4f01e31" status: 200 len: 706 microversion: 2.10 time: 0.018050
Aug 27 02:17:49.972048 n-d-806293-1 devstack@n-api.service[109751]: [pid: 109751|app: 0|req: 70/128] 10.222.0.10 () {60 vars in 1340 bytes} [Fri Aug 27 02:17:49 2021] GET /compute/v2.1/os-keypairs/tempest-keypair-1311084386?user_id=eec5235445564dff92db835bc4f01e31 => generated 706 bytes in 22 msecs (HTTP/1.1 200) 9 headers in 359 bytes (1 switches on core 0)
Aug 27 02:17:49.977422 n-d-806293-1 devstack@n-api.service[109751]: DEBUG nova.api.openstack.wsgi [None req-be9187b2-273e-46bc-b08c-0ff43b8a0c94 tempest-KeyPairsV210TestJSON-1594597604 tempest-KeyPairsV210TestJSON-1594597604-project-admin] Action: 'create', calling method: .version_select at 0x7f4b41685670>, body: {"keypair": {"name": "tempest-KeyPairsV210TestJSON-keypair-1174190956", "type": "ssh"}} {{(pid=109751) _process_stack /opt/stack/nova/nova/api/openstack/wsgi.py:511}}
Aug 27 02:17:50.013701 n-d-806293-1 devstack@n-api.service[109751]: DEBUG nova.quota [None req-be9187b2-273e-46bc-b08c-0ff43b8a0c94 tempest-KeyPairsV210TestJSON-1594597604 tempest-KeyPairsV210TestJSON-1594597604-project-admin] Getting quotas for project 389acbc374004491a7661f94f075d87e. Resources: {'key_pairs'} {{(pid=109751) _get_quotas /opt/stack/nova/nova/quota.py:387}}
Aug 27 02:17:50.018682 n-d-806293-1 devstack@n-api.service[109751]: DEBUG nova.quota [None req-be9187b2-273e-46bc-b08c-0ff43b8a0c94 tempest-KeyPairsV210TestJSON-1594597604 tempest-KeyPairsV210TestJSON-1594597604-project-admin] Getting quotas for user 3a069c147e7242d99de959af0cf8dcd8 and project 389acbc374004491a7661f94f075d87e. Resources: {'key_pairs'} {{(pid=109751) _get_quotas /opt/stack/nova/nova/quota.py:377}}
Aug 27 02:17:50.132406 n-d-806293-1 devstack@n-api.service[109750]: DEBUG nova.policy [None req-7d966b47-f841-463f-ab54-ae88409569d5 tempest-LiveMigrationTest-1536130637 tempest-LiveMigrationTest-1536130637-project] Policy check for os_compute_api:os-extended-server-attributes failed with credentials {'is_admin': False, 'user_id': '98f09911346f459984c48fda89027a3f', 'user_domain_id': 'default', 'system_scope': None, 'domain_id': None, 'project_id': '42add40864b547e3ac14ec3a0f9d75ee', 'project_domain_id': 'default', 'roles': ['reader', 'member'], 'is_admin_project': True, 'service_user_id': None, 'service_user_domain_id': None, 'service_project_id': None, 'service_project_domain_id': None, 'service_roles': []} {{(pid=109750) authorize /opt/stack/nova/nova/policy.py:199}}
Aug 27 02:17:50.141023 n-d-806293-1 devstack@n-api.service[109750]: INFO nova.api.openstack.requestlog [None req-7d966b47-f841-463f-ab54-ae88409569d5 tempest-LiveMigrationTest-1536130637 tempest-LiveMigrationTest-1536130637-project] 10.222.0.10 "GET /compute/v2.1/servers/b2200d5c-c0c0-4e9a-8538-186443decf1f" status: 200 len: 1310 microversion: 2.1 time: 0.314314
Aug 27 02:17:50.145221 n-d-806293-1 devstack@n-api.service[109750]: [pid: 109750|app: 0|req: 59/129] 10.222.0.10 () {58 vars in 1236 bytes} [Fri Aug 27 02:17:49 2021] GET /compute/v2.1/servers/b2200d5c-c0c0-4e9a-8538-186443decf1f => generated 1310 bytes in 319 msecs (HTTP/1.1 200) 9 headers in 358 bytes (1 switches on core 0)
Aug 27 02:17:50.383777 n-d-806293-1 devstack@n-api.service[109751]: DEBUG nova.quota [None req-be9187b2-273e-46bc-b08c-0ff43b8a0c94 tempest-KeyPairsV210TestJSON-1594597604 tempest-KeyPairsV210TestJSON-1594597604-project-admin] Getting quotas for project 389acbc374004491a7661f94f075d87e. Resources: {'key_pairs'} {{(pid=109751) _get_quotas /opt/stack/nova/nova/quota.py:387}}
Aug 27 02:17:50.396962 n-d-806293-1 devstack@n-api.service[109751]: DEBUG nova.quota [None req-be9187b2-273e-46bc-b08c-0ff43b8a0c94 tempest-KeyPairsV210TestJSON-1594597604 tempest-KeyPairsV210TestJSON-1594597604-project-admin] Getting quotas for user 3a069c147e7242d99de959af0cf8dcd8 and project 389acbc374004491a7661f94f075d87e. Resources: {'key_pairs'} {{(pid=109751) _get_quotas /opt/stack/nova/nova/quota.py:377}}
Aug 27 02:17:50.417615 n-d-806293-1 devstack@n-api.service[109751]: INFO nova.api.openstack.requestlog [None req-be9187b2-273e-46bc-b08c-0ff43b8a0c94 tempest-KeyPairsV210TestJSON-1594597604 tempest-KeyPairsV210TestJSON-1594597604-project-admin] 10.222.0.10 "POST /compute/v2.1/os-keypairs" status: 201 len: 2341 microversion: 2.10 time: 0.444175
Aug 27 02:17:50.429248 n-d-806293-1 devstack@n-api.service[109750]: DEBUG nova.api.openstack.wsgi [None req-f3b2e9dd-fd70-433a-abc2-04253bf238ac tempest-KeyPairsV210TestJSON-1594597604 tempest-KeyPairsV210TestJSON-1594597604-project-admin] Calling method '.version_select at 0x7f4b4175b040>' {{(pid=109750) _process_stack /opt/stack/nova/nova/api/openstack/wsgi.py:513}}
Aug 27 02:17:50.433307 n-d-806293-1 devstack@n-api.service[109750]: WARNING oslo_db.sqlalchemy.utils [None req-f3b2e9dd-fd70-433a-abc2-04253bf238ac tempest-KeyPairsV210TestJSON-1594597604 tempest-KeyPairsV210TestJSON-1594597604-project-admin] Unique keys not in sort_keys. The sorting order may be unstable.
Aug 27 02:17:50.435301 n-d-806293-1 devstack@n-api.service[109751]: [pid: 109751|app: 0|req: 71/130] 10.222.0.10 () {62 vars in 1199 bytes} [Fri Aug 27 02:17:49 2021] POST /compute/v2.1/os-keypairs => generated 2341 bytes in 462 msecs (HTTP/1.1 201) 9 headers in 365 bytes (1 switches on core 0)
Aug 27 02:17:50.450943 n-d-806293-1 devstack@n-api.service[109750]: WARNING oslo_db.sqlalchemy.utils [None req-f3b2e9dd-fd70-433a-abc2-04253bf238ac tempest-KeyPairsV210TestJSON-1594597604 tempest-KeyPairsV210TestJSON-1594597604-project-admin] Unique keys not in sort_keys. The sorting order may be unstable.
Aug 27 02:17:50.462579 n-d-806293-1 devstack@n-api.service[109750]: INFO nova.api.openstack.requestlog [None req-f3b2e9dd-fd70-433a-abc2-04253bf238ac tempest-KeyPairsV210TestJSON-1594597604 tempest-KeyPairsV210TestJSON-1594597604-project-admin] 10.222.0.10 "GET /compute/v2.1/os-keypairs?user_id=eec5235445564dff92db835bc4f01e31" status: 200 len: 1114 microversion: 2.10 time: 0.038420
Aug 27 02:17:50.474063 n-d-806293-1 devstack@n-api.service[109751]: DEBUG nova.api.openstack.wsgi [None req-46d5ae70-b1dd-47dc-b62c-b79877c68c1c tempest-KeyPairsV210TestJSON-1594597604 tempest-KeyPairsV210TestJSON-1594597604-project-admin] Calling method '.version_select at 0x7f4b416e3a60>' {{(pid=109751) _process_stack /opt/stack/nova/nova/api/openstack/wsgi.py:513}}
Aug 27 02:17:50.481311 n-d-806293-1 devstack@n-api.service[109750]: [pid: 109750|app: 0|req: 60/131] 10.222.0.10 () {60 vars in 1259 bytes} [Fri Aug 27 02:17:50 2021] GET /compute/v2.1/os-keypairs?user_id=eec5235445564dff92db835bc4f01e31 => generated 1114 bytes in 58 msecs (HTTP/1.1 200) 9 headers in 360 bytes (1 switches on core 0)
Aug 27 02:17:50.510450 n-d-806293-1 devstack@n-api.service[109751]: INFO nova.api.openstack.requestlog [None req-46d5ae70-b1dd-47dc-b62c-b79877c68c1c tempest-KeyPairsV210TestJSON-1594597604 tempest-KeyPairsV210TestJSON-1594597604-project-admin] 10.222.0.10 "DELETE /compute/v2.1/os-keypairs/tempest-KeyPairsV210TestJSON-keypair-1174190956" status: 204 len: 0 microversion: 2.10 time: 0.037064
Aug 27 02:17:50.511020 n-d-806293-1 devstack@n-api.service[109751]: [pid: 109751|app: 0|req: 72/132] 10.222.0.10 () {60 vars in 1325 bytes} [Fri Aug 27 02:17:50 2021] DELETE /compute/v2.1/os-keypairs/tempest-KeyPairsV210TestJSON-keypair-1174190956 => generated 0 bytes in 41 msecs (HTTP/1.1 204) 9 headers in 365 bytes (1 switches on core 0)
Aug 27 02:17:50.519312 n-d-806293-1 devstack@n-api.service[109750]: DEBUG nova.api.openstack.wsgi [None req-268de76e-49e6-4749-a27b-274d78d2d5d5 tempest-KeyPairsV210TestJSON-1594597604 tempest-KeyPairsV210TestJSON-1594597604-project-admin] Calling method '.version_select at 0x7f4b417521f0>' {{(pid=109750) _process_stack /opt/stack/nova/nova/api/openstack/wsgi.py:513}}
Aug 27 02:17:50.555055 n-d-806293-1 devstack@n-api.service[109750]: INFO nova.api.openstack.requestlog [None req-268de76e-49e6-4749-a27b-274d78d2d5d5 tempest-KeyPairsV210TestJSON-1594597604 tempest-KeyPairsV210TestJSON-1594597604-project-admin] 10.222.0.10 "DELETE /compute/v2.1/os-keypairs/tempest-keypair-1085941879?user_id=eec5235445564dff92db835bc4f01e31" status: 204 len: 0 microversion: 2.10 time: 0.039337
Aug 27 02:17:50.555578 n-d-806293-1 devstack@n-api.service[109750]: [pid: 109750|app: 0|req: 61/133] 10.222.0.10 () {60 vars in 1343 bytes} [Fri Aug 27 02:17:50 2021] DELETE /compute/v2.1/os-keypairs/tempest-keypair-1085941879?user_id=eec5235445564dff92db835bc4f01e31 => generated 0 bytes in 41 msecs (HTTP/1.1 204) 9 headers in 365 bytes (1 switches on core 0)
Aug 27 02:17:50.564067 n-d-806293-1 devstack@n-api.service[109751]: DEBUG nova.api.openstack.wsgi [None req-f5154c35-c63a-4bb9-a49d-c950a9873eed tempest-KeyPairsV210TestJSON-1594597604 tempest-KeyPairsV210TestJSON-1594597604-project-admin] Calling method '.version_select at 0x7f4b41691790>' {{(pid=109751) _process_stack /opt/stack/nova/nova/api/openstack/wsgi.py:513}}
Aug 27 02:17:50.588846 n-d-806293-1 devstack@n-api.service[109751]: INFO nova.api.openstack.requestlog [None req-f5154c35-c63a-4bb9-a49d-c950a9873eed tempest-KeyPairsV210TestJSON-1594597604 tempest-KeyPairsV210TestJSON-1594597604-project-admin] 10.222.0.10 "DELETE /compute/v2.1/os-keypairs/tempest-keypair-1311084386?user_id=eec5235445564dff92db835bc4f01e31" status: 204 len: 0 microversion: 2.10 time: 0.028404
Aug 27 02:17:50.593531 n-d-806293-1 devstack@n-api.service[109751]: [pid: 109751|app: 0|req: 73/134] 10.222.0.10 () {60 vars in 1343 bytes} [Fri Aug 27 02:17:50 2021] DELETE /compute/v2.1/os-keypairs/tempest-keypair-1311084386?user_id=eec5235445564dff92db835bc4f01e31 => generated 0 bytes in 33 msecs (HTTP/1.1 204) 9 headers in 365 bytes (1 switches on core 0)
Aug 27 02:17:50.842359 n-d-806293-1 devstack@n-api.service[109750]: DEBUG nova.api.openstack.wsgi [None req-a6dd4001-3870-4ec4-a99b-e675b7d57057 tempest-AggregatesAdminTestJSON-1761107590 tempest-AggregatesAdminTestJSON-1761107590-project] Calling method '>' {{(pid=109750) _process_stack /opt/stack/nova/nova/api/openstack/wsgi.py:513}}
Aug 27 02:17:50.843296 n-d-806293-1 devstack@n-api.service[109750]: DEBUG nova.compute.api [None req-a6dd4001-3870-4ec4-a99b-e675b7d57057 tempest-AggregatesAdminTestJSON-1761107590 tempest-AggregatesAdminTestJSON-1761107590-project] [instance: f027d3ac-5bfc-4fcd-89f9-4ea1fb427376] Fetching instance by UUID {{(pid=109750) get /opt/stack/nova/nova/compute/api.py:2826}}
Aug 27 02:17:50.857668 n-d-806293-1 devstack@n-api.service[109750]: DEBUG oslo_concurrency.lockutils [None req-a6dd4001-3870-4ec4-a99b-e675b7d57057 tempest-AggregatesAdminTestJSON-1761107590 tempest-AggregatesAdminTestJSON-1761107590-project] Lock "ebf52040-e760-4f31-9373-246716a82437" acquired by "nova.context.set_target_cell..get_or_set_cached_cell_and_set_connections" :: waited 0.000s {{(pid=109750) inner /usr/local/lib/python3.8/dist-packages/oslo_concurrency/lockutils.py:355}}
Aug 27 02:17:50.858502 n-d-806293-1 devstack@n-api.service[109750]: DEBUG oslo_concurrency.lockutils [None req-a6dd4001-3870-4ec4-a99b-e675b7d57057 tempest-AggregatesAdminTestJSON-1761107590 tempest-AggregatesAdminTestJSON-1761107590-project] Lock "ebf52040-e760-4f31-9373-246716a82437" released by "nova.context.set_target_cell..get_or_set_cached_cell_and_set_connections" :: held 0.001s {{(pid=109750) inner /usr/local/lib/python3.8/dist-packages/oslo_concurrency/lockutils.py:367}}
Aug 27 02:17:50.859487 n-d-806293-1 devstack@n-api.service[109750]: DEBUG oslo_concurrency.lockutils [None req-a6dd4001-3870-4ec4-a99b-e675b7d57057 tempest-AggregatesAdminTestJSON-1761107590 tempest-AggregatesAdminTestJSON-1761107590-project] Lock "ebf52040-e760-4f31-9373-246716a82437" acquired by "nova.context.set_target_cell..get_or_set_cached_cell_and_set_connections" :: waited 0.000s {{(pid=109750) inner /usr/local/lib/python3.8/dist-packages/oslo_concurrency/lockutils.py:355}}
Aug 27 02:17:50.860109 n-d-806293-1 devstack@n-api.service[109750]: DEBUG oslo_concurrency.lockutils [None req-a6dd4001-3870-4ec4-a99b-e675b7d57057 tempest-AggregatesAdminTestJSON-1761107590 tempest-AggregatesAdminTestJSON-1761107590-project] Lock "ebf52040-e760-4f31-9373-246716a82437" released by "nova.context.set_target_cell..get_or_set_cached_cell_and_set_connections" :: held 0.001s {{(pid=109750) inner /usr/local/lib/python3.8/dist-packages/oslo_concurrency/lockutils.py:367}}
Aug 27 02:17:51.159355 n-d-806293-1 devstack@n-api.service[109751]: DEBUG nova.api.openstack.wsgi [None req-ba8515d8-f20d-45aa-9416-5f78442200fb tempest-LiveMigrationTest-1536130637 tempest-LiveMigrationTest-1536130637-project] Calling method '>' {{(pid=109751) _process_stack /opt/stack/nova/nova/api/openstack/wsgi.py:513}}
Aug 27 02:17:51.159535 n-d-806293-1 devstack@n-api.service[109751]: DEBUG nova.compute.api [None req-ba8515d8-f20d-45aa-9416-5f78442200fb tempest-LiveMigrationTest-1536130637 tempest-LiveMigrationTest-1536130637-project] [instance: b2200d5c-c0c0-4e9a-8538-186443decf1f] Fetching instance by UUID {{(pid=109751) get /opt/stack/nova/nova/compute/api.py:2826}}
Aug 27 02:17:51.166113 n-d-806293-1 devstack@n-api.service[109751]: DEBUG oslo_concurrency.lockutils [None req-ba8515d8-f20d-45aa-9416-5f78442200fb tempest-LiveMigrationTest-1536130637 tempest-LiveMigrationTest-1536130637-project] Lock "ebf52040-e760-4f31-9373-246716a82437" acquired by "nova.context.set_target_cell..get_or_set_cached_cell_and_set_connections" :: waited 0.000s {{(pid=109751) inner /usr/local/lib/python3.8/dist-packages/oslo_concurrency/lockutils.py:355}}
Aug 27 02:17:51.166958 n-d-806293-1 devstack@n-api.service[109751]: DEBUG oslo_concurrency.lockutils [None req-ba8515d8-f20d-45aa-9416-5f78442200fb tempest-LiveMigrationTest-1536130637 tempest-LiveMigrationTest-1536130637-project] Lock "ebf52040-e760-4f31-9373-246716a82437" released by "nova.context.set_target_cell..get_or_set_cached_cell_and_set_connections" :: held 0.001s {{(pid=109751) inner /usr/local/lib/python3.8/dist-packages/oslo_concurrency/lockutils.py:367}}
Aug 27 02:17:51.167988 n-d-806293-1 devstack@n-api.service[109751]: DEBUG oslo_concurrency.lockutils [None req-ba8515d8-f20d-45aa-9416-5f78442200fb tempest-LiveMigrationTest-1536130637 tempest-LiveMigrationTest-1536130637-project] Lock "ebf52040-e760-4f31-9373-246716a82437" acquired by "nova.context.set_target_cell..get_or_set_cached_cell_and_set_connections" :: waited 0.000s {{(pid=109751) inner /usr/local/lib/python3.8/dist-packages/oslo_concurrency/lockutils.py:355}}
Aug 27 02:17:51.168613 n-d-806293-1 devstack@n-api.service[109751]: DEBUG oslo_concurrency.lockutils [None req-ba8515d8-f20d-45aa-9416-5f78442200fb tempest-LiveMigrationTest-1536130637 tempest-LiveMigrationTest-1536130637-project] Lock "ebf52040-e760-4f31-9373-246716a82437" released by "nova.context.set_target_cell..get_or_set_cached_cell_and_set_connections" :: held 0.001s {{(pid=109751) inner /usr/local/lib/python3.8/dist-packages/oslo_concurrency/lockutils.py:367}}
Aug 27 02:17:51.202057 n-d-806293-1 devstack@n-api.service[109750]: DEBUG nova.policy [None req-a6dd4001-3870-4ec4-a99b-e675b7d57057 tempest-AggregatesAdminTestJSON-1761107590 tempest-AggregatesAdminTestJSON-1761107590-project] Policy check for os_compute_api:os-extended-server-attributes failed with credentials {'is_admin': False, 'user_id': 'd64851580c7f4f9a800e24b70725b664', 'user_domain_id': 'default', 'system_scope': None, 'domain_id': None, 'project_id': 'd74430453e4d4477a3fda77e57d2c6aa', 'project_domain_id': 'default', 'roles': ['reader', 'member'], 'is_admin_project': True, 'service_user_id': None, 'service_user_domain_id': None, 'service_project_id': None, 'service_project_domain_id': None, 'service_roles': []} {{(pid=109750) authorize /opt/stack/nova/nova/policy.py:199}}
Aug 27 02:17:51.211253 n-d-806293-1 devstack@n-api.service[109750]: INFO nova.api.openstack.requestlog [None req-a6dd4001-3870-4ec4-a99b-e675b7d57057 tempest-AggregatesAdminTestJSON-1761107590 tempest-AggregatesAdminTestJSON-1761107590-project] 10.222.0.10 "GET /compute/v2.1/servers/f027d3ac-5bfc-4fcd-89f9-4ea1fb427376" status: 200 len: 1338 microversion: 2.1 time: 0.372665
Aug 27 02:17:51.211819 n-d-806293-1 devstack@n-api.service[109750]: [pid: 109750|app: 0|req: 62/135] 10.222.0.10 () {58 vars in 1236 bytes} [Fri Aug 27 02:17:50 2021] GET /compute/v2.1/servers/f027d3ac-5bfc-4fcd-89f9-4ea1fb427376 => generated 1338 bytes in 374 msecs (HTTP/1.1 200) 9 headers in 358 bytes (1 switches on core 0)
Aug 27 02:17:51.325688 n-d-806293-1 devstack@n-api.service[109750]: DEBUG nova.api.openstack.wsgi [req-aa6ab21f-e4ec-47f1-a169-b210acde72c4 req-b647303a-1acb-4ff3-b5d1-283d30b4b0ff service nova] Action: 'create', calling method: >, body: {"events": [{"name": "network-changed", "server_uuid": "f027d3ac-5bfc-4fcd-89f9-4ea1fb427376", "tag": "9604081b-52dc-4d73-aee1-eec3a3c8ec86"}]} {{(pid=109750) _process_stack /opt/stack/nova/nova/api/openstack/wsgi.py:511}}
Aug 27 02:17:51.327183 n-d-806293-1 devstack@n-api.service[109750]: /usr/local/lib/python3.8/dist-packages/oslo_policy/policy.py:1064: UserWarning: Policy os_compute_api:os-server-external-events:create failed scope check. The token used to make the request was project scoped but the policy requires ['system'] scope. This behavior may change in the future where using the intended scope is required
Aug 27 02:17:51.327183 n-d-806293-1 devstack@n-api.service[109750]: warnings.warn(msg)
Aug 27 02:17:51.355645 n-d-806293-1 devstack@n-api.service[109750]: DEBUG oslo_concurrency.lockutils [req-aa6ab21f-e4ec-47f1-a169-b210acde72c4 req-b647303a-1acb-4ff3-b5d1-283d30b4b0ff service nova] Lock "ebf52040-e760-4f31-9373-246716a82437" acquired by "nova.context.set_target_cell..get_or_set_cached_cell_and_set_connections" :: waited 0.000s {{(pid=109750) inner /usr/local/lib/python3.8/dist-packages/oslo_concurrency/lockutils.py:355}}
Aug 27 02:17:51.356678 n-d-806293-1 devstack@n-api.service[109750]: DEBUG oslo_concurrency.lockutils [req-aa6ab21f-e4ec-47f1-a169-b210acde72c4 req-b647303a-1acb-4ff3-b5d1-283d30b4b0ff service nova] Lock "ebf52040-e760-4f31-9373-246716a82437" released by "nova.context.set_target_cell..get_or_set_cached_cell_and_set_connections" :: held 0.001s {{(pid=109750) inner /usr/local/lib/python3.8/dist-packages/oslo_concurrency/lockutils.py:367}}
Aug 27 02:17:51.380892 n-d-806293-1 devstack@n-api.service[109750]: INFO nova.api.openstack.compute.server_external_events [req-aa6ab21f-e4ec-47f1-a169-b210acde72c4 req-b647303a-1acb-4ff3-b5d1-283d30b4b0ff service nova] Creating event network-changed:9604081b-52dc-4d73-aee1-eec3a3c8ec86 for instance f027d3ac-5bfc-4fcd-89f9-4ea1fb427376 on n-h1-806293-1
Aug 27 02:17:51.381788 n-d-806293-1 devstack@n-api.service[109750]: DEBUG oslo_concurrency.lockutils [req-aa6ab21f-e4ec-47f1-a169-b210acde72c4 req-b647303a-1acb-4ff3-b5d1-283d30b4b0ff service nova] Acquired lock "compute-rpcapi-router" {{(pid=109750) lock /usr/local/lib/python3.8/dist-packages/oslo_concurrency/lockutils.py:266}}
Aug 27 02:17:51.390337 n-d-806293-1 devstack@n-api.service[109750]: DEBUG oslo_concurrency.lockutils [None req-91cef821-a036-4bca-9747-6d546ffca96d None None] Lock "00000000-0000-0000-0000-000000000000" acquired by "nova.context.set_target_cell..get_or_set_cached_cell_and_set_connections" :: waited 0.000s {{(pid=109750) inner /usr/local/lib/python3.8/dist-packages/oslo_concurrency/lockutils.py:355}}
Aug 27 02:17:51.390996 n-d-806293-1 devstack@n-api.service[109750]: DEBUG oslo_concurrency.lockutils [None req-91cef821-a036-4bca-9747-6d546ffca96d None None] Lock "00000000-0000-0000-0000-000000000000" released by "nova.context.set_target_cell..get_or_set_cached_cell_and_set_connections" :: held 0.001s {{(pid=109750) inner /usr/local/lib/python3.8/dist-packages/oslo_concurrency/lockutils.py:367}}
Aug 27 02:17:51.392050 n-d-806293-1 devstack@n-api.service[109750]: DEBUG oslo_concurrency.lockutils [None req-91cef821-a036-4bca-9747-6d546ffca96d None None] Lock "ebf52040-e760-4f31-9373-246716a82437" acquired by "nova.context.set_target_cell..get_or_set_cached_cell_and_set_connections" :: waited 0.000s {{(pid=109750) inner /usr/local/lib/python3.8/dist-packages/oslo_concurrency/lockutils.py:355}}
Aug 27 02:17:51.392674 n-d-806293-1 devstack@n-api.service[109750]: DEBUG oslo_concurrency.lockutils [None req-91cef821-a036-4bca-9747-6d546ffca96d None None] Lock "ebf52040-e760-4f31-9373-246716a82437" released by "nova.context.set_target_cell..get_or_set_cached_cell_and_set_connections" :: held 0.001s {{(pid=109750) inner /usr/local/lib/python3.8/dist-packages/oslo_concurrency/lockutils.py:367}}
Aug 27 02:17:51.403126 n-d-806293-1 devstack@n-api.service[109750]: INFO nova.compute.rpcapi [None req-91cef821-a036-4bca-9747-6d546ffca96d None None] Automatically selected compute RPC version 6.0 from minimum service version 57
Aug 27 02:17:51.404349 n-d-806293-1 devstack@n-api.service[109750]: DEBUG oslo_concurrency.lockutils [None req-91cef821-a036-4bca-9747-6d546ffca96d None None] Releasing lock "compute-rpcapi-router" {{(pid=109750) lock /usr/local/lib/python3.8/dist-packages/oslo_concurrency/lockutils.py:282}}
Aug 27 02:17:51.438350 n-d-806293-1 devstack@n-api.service[109750]: INFO nova.api.openstack.requestlog [None req-91cef821-a036-4bca-9747-6d546ffca96d None None] 10.222.0.10 "POST /compute/v2.1/os-server-external-events" status: 200 len: 179 microversion: 2.1 time: 0.204090
Aug 27 02:17:51.439329 n-d-806293-1 devstack@n-api.service[109750]: [pid: 109750|app: 0|req: 63/136] 10.222.0.10 () {64 vars in 1318 bytes} [Fri Aug 27 02:17:51 2021] POST /compute/v2.1/os-server-external-events => generated 179 bytes in 206 msecs (HTTP/1.1 200) 9 headers in 357 bytes (2 switches on core 0)
Aug 27 02:17:51.534333 n-d-806293-1 devstack@n-api.service[109751]: DEBUG nova.policy [None req-ba8515d8-f20d-45aa-9416-5f78442200fb tempest-LiveMigrationTest-1536130637 tempest-LiveMigrationTest-1536130637-project] Policy check for os_compute_api:os-extended-server-attributes failed with credentials {'is_admin': False, 'user_id': '98f09911346f459984c48fda89027a3f', 'user_domain_id': 'default', 'system_scope': None, 'domain_id': None, 'project_id': '42add40864b547e3ac14ec3a0f9d75ee', 'project_domain_id': 'default', 'roles': ['reader', 'member'], 'is_admin_project': True, 'service_user_id': None, 'service_user_domain_id': None, 'service_project_id': None, 'service_project_domain_id': None, 'service_roles': []} {{(pid=109751) authorize /opt/stack/nova/nova/policy.py:199}}
Aug 27 02:17:51.546247 n-d-806293-1 devstack@n-api.service[109751]: INFO nova.api.openstack.requestlog [None req-ba8515d8-f20d-45aa-9416-5f78442200fb tempest-LiveMigrationTest-1536130637 tempest-LiveMigrationTest-1536130637-project] 10.222.0.10 "GET /compute/v2.1/servers/b2200d5c-c0c0-4e9a-8538-186443decf1f" status: 200 len: 1310 microversion: 2.1 time: 0.391119
Aug 27 02:17:51.546894 n-d-806293-1 devstack@n-api.service[109751]: [pid: 109751|app: 0|req: 74/137] 10.222.0.10 () {58 vars in 1236 bytes} [Fri Aug 27 02:17:51 2021] GET /compute/v2.1/servers/b2200d5c-c0c0-4e9a-8538-186443decf1f => generated 1310 bytes in 393 msecs (HTTP/1.1 200) 9 headers in 358 bytes (1 switches on core 0)
Aug 27 02:17:52.228416 n-d-806293-1 devstack@n-api.service[109750]: DEBUG nova.api.openstack.wsgi [None req-c2221054-9569-4d97-ad44-d2b7f7559723 tempest-AggregatesAdminTestJSON-1761107590 tempest-AggregatesAdminTestJSON-1761107590-project] Calling method '>' {{(pid=109750) _process_stack /opt/stack/nova/nova/api/openstack/wsgi.py:513}}
Aug 27 02:17:52.231858 n-d-806293-1 devstack@n-api.service[109750]: DEBUG nova.compute.api [None req-c2221054-9569-4d97-ad44-d2b7f7559723 tempest-AggregatesAdminTestJSON-1761107590 tempest-AggregatesAdminTestJSON-1761107590-project] [instance: f027d3ac-5bfc-4fcd-89f9-4ea1fb427376] Fetching instance by UUID {{(pid=109750) get /opt/stack/nova/nova/compute/api.py:2826}}
Aug 27 02:17:52.254485 n-d-806293-1 devstack@n-api.service[109750]: DEBUG oslo_concurrency.lockutils [None req-c2221054-9569-4d97-ad44-d2b7f7559723 tempest-AggregatesAdminTestJSON-1761107590 tempest-AggregatesAdminTestJSON-1761107590-project] Lock "ebf52040-e760-4f31-9373-246716a82437" acquired by "nova.context.set_target_cell..get_or_set_cached_cell_and_set_connections" :: waited 0.000s {{(pid=109750) inner /usr/local/lib/python3.8/dist-packages/oslo_concurrency/lockutils.py:355}}
Aug 27 02:17:52.255034 n-d-806293-1 devstack@n-api.service[109750]: DEBUG oslo_concurrency.lockutils [None req-c2221054-9569-4d97-ad44-d2b7f7559723 tempest-AggregatesAdminTestJSON-1761107590 tempest-AggregatesAdminTestJSON-1761107590-project] Lock "ebf52040-e760-4f31-9373-246716a82437" released by "nova.context.set_target_cell..get_or_set_cached_cell_and_set_connections" :: held 0.009s {{(pid=109750) inner /usr/local/lib/python3.8/dist-packages/oslo_concurrency/lockutils.py:367}}
Aug 27 02:17:52.255907 n-d-806293-1 devstack@n-api.service[109750]: DEBUG oslo_concurrency.lockutils [None req-c2221054-9569-4d97-ad44-d2b7f7559723 tempest-AggregatesAdminTestJSON-1761107590 tempest-AggregatesAdminTestJSON-1761107590-project] Lock "ebf52040-e760-4f31-9373-246716a82437" acquired by "nova.context.set_target_cell..get_or_set_cached_cell_and_set_connections" :: waited 0.000s {{(pid=109750) inner /usr/local/lib/python3.8/dist-packages/oslo_concurrency/lockutils.py:355}}
Aug 27 02:17:52.256343 n-d-806293-1 devstack@n-api.service[109750]: DEBUG oslo_concurrency.lockutils [None req-c2221054-9569-4d97-ad44-d2b7f7559723 tempest-AggregatesAdminTestJSON-1761107590 tempest-AggregatesAdminTestJSON-1761107590-project] Lock "ebf52040-e760-4f31-9373-246716a82437" released by "nova.context.set_target_cell..get_or_set_cached_cell_and_set_connections" :: held 0.000s {{(pid=109750) inner /usr/local/lib/python3.8/dist-packages/oslo_concurrency/lockutils.py:367}}
Aug 27 02:17:52.523635 n-d-806293-1 devstack@n-api.service[109750]: DEBUG nova.policy [None req-c2221054-9569-4d97-ad44-d2b7f7559723 tempest-AggregatesAdminTestJSON-1761107590 tempest-AggregatesAdminTestJSON-1761107590-project] Policy check for os_compute_api:os-extended-server-attributes failed with credentials {'is_admin': False, 'user_id': 'd64851580c7f4f9a800e24b70725b664', 'user_domain_id': 'default', 'system_scope': None, 'domain_id': None, 'project_id': 'd74430453e4d4477a3fda77e57d2c6aa', 'project_domain_id': 'default', 'roles': ['reader', 'member'], 'is_admin_project': True, 'service_user_id': None, 'service_user_domain_id': None, 'service_project_id': None, 'service_project_domain_id': None, 'service_roles': []} {{(pid=109750) authorize /opt/stack/nova/nova/policy.py:199}}
Aug 27 02:17:52.543300 n-d-806293-1 devstack@n-api.service[109750]: INFO nova.api.openstack.requestlog [None req-c2221054-9569-4d97-ad44-d2b7f7559723 tempest-AggregatesAdminTestJSON-1761107590 tempest-AggregatesAdminTestJSON-1761107590-project] 10.222.0.10 "GET /compute/v2.1/servers/f027d3ac-5bfc-4fcd-89f9-4ea1fb427376" status: 200 len: 1338 microversion: 2.1 time: 0.318867
Aug 27 02:17:52.555957 n-d-806293-1 devstack@n-api.service[109750]: [pid: 109750|app: 0|req: 64/138] 10.222.0.10 () {58 vars in 1236 bytes} [Fri Aug 27 02:17:52 2021] GET /compute/v2.1/servers/f027d3ac-5bfc-4fcd-89f9-4ea1fb427376 => generated 1338 bytes in 330 msecs (HTTP/1.1 200) 9 headers in 358 bytes (1 switches on core 0)
Aug 27 02:17:52.580125 n-d-806293-1 devstack@n-api.service[109751]: DEBUG nova.api.openstack.wsgi [None req-9a251cec-d859-4ee3-9adc-29250c2151cf tempest-LiveMigrationTest-1536130637 tempest-LiveMigrationTest-1536130637-project] Calling method '>' {{(pid=109751) _process_stack /opt/stack/nova/nova/api/openstack/wsgi.py:513}}
Aug 27 02:17:52.580886 n-d-806293-1 devstack@n-api.service[109751]: DEBUG nova.compute.api [None req-9a251cec-d859-4ee3-9adc-29250c2151cf tempest-LiveMigrationTest-1536130637 tempest-LiveMigrationTest-1536130637-project] [instance: b2200d5c-c0c0-4e9a-8538-186443decf1f] Fetching instance by UUID {{(pid=109751) get /opt/stack/nova/nova/compute/api.py:2826}}
Aug 27 02:17:52.593721 n-d-806293-1 devstack@n-api.service[109751]: DEBUG oslo_concurrency.lockutils [None req-9a251cec-d859-4ee3-9adc-29250c2151cf tempest-LiveMigrationTest-1536130637 tempest-LiveMigrationTest-1536130637-project] Lock "ebf52040-e760-4f31-9373-246716a82437" acquired by "nova.context.set_target_cell..get_or_set_cached_cell_and_set_connections" :: waited 0.000s {{(pid=109751) inner /usr/local/lib/python3.8/dist-packages/oslo_concurrency/lockutils.py:355}}
