Aug 26 14:23:21.815925 n-d-806182-1 devstack@placement-api.service[95330]: DEBUG placement.requestlog [req-c88fb2aa-1c00-4bcb-a40a-cdbfaafd2ad8 req-86d46058-7b08-49a0-aa24-5d867aaf65dc None None] Starting request: 10.222.0.15 "GET /placement/allocations/58dfcf81-6c3c-472a-8b66-9e2ccadf92be" {{(pid=95330) __call__ /opt/stack/placement/placement/requestlog.py:55}}
Aug 26 14:23:21.856498 n-d-806182-1 devstack@placement-api.service[95330]: INFO placement.requestlog [req-c88fb2aa-1c00-4bcb-a40a-cdbfaafd2ad8 req-86d46058-7b08-49a0-aa24-5d867aaf65dc service placement] 10.222.0.15 "GET /placement/allocations/58dfcf81-6c3c-472a-8b66-9e2ccadf92be" status: 200 len: 245 microversion: 1.28
Aug 26 14:23:21.859841 n-d-806182-1 devstack@placement-api.service[95330]: [pid: 95330|app: 0|req: 138/277] 10.222.0.15 () {60 vars in 1378 bytes} [Thu Aug 26 14:23:21 2021] GET /placement/allocations/58dfcf81-6c3c-472a-8b66-9e2ccadf92be => generated 245 bytes in 44 msecs (HTTP/1.1 200) 8 headers in 296 bytes (1 switches on core 0)
Aug 26 14:23:26.581770 n-d-806182-1 devstack@placement-api.service[95329]: DEBUG placement.requestlog [req-de7e22c4-16a6-44dc-896a-eebcdba83151 req-24f87a7c-c184-4aeb-b939-44c66bbbb1e2 None None] Starting request: 10.222.0.57 "GET /placement/allocation_candidates?limit=1000&resources=DISK_GB%3A1%2CMEMORY_MB%3A1024%2CVCPU%3A1&root_required=%21COMPUTE_STATUS_DISABLED" {{(pid=95329) __call__ /opt/stack/placement/placement/requestlog.py:55}}
Aug 26 14:23:26.721585 n-d-806182-1 devstack@placement-api.service[95329]: DEBUG placement.objects.research_context [req-de7e22c4-16a6-44dc-896a-eebcdba83151 req-24f87a7c-c184-4aeb-b939-44c66bbbb1e2 service placement] getting providers with 1 DISK_GB {{(pid=95329) __init__ /opt/stack/placement/placement/objects/research_context.py:126}}
Aug 26 14:23:26.736808 n-d-806182-1 devstack@placement-api.service[95329]: DEBUG placement.objects.research_context [req-de7e22c4-16a6-44dc-896a-eebcdba83151 req-24f87a7c-c184-4aeb-b939-44c66bbbb1e2 service placement] getting providers with 1024 MEMORY_MB {{(pid=95329) __init__ /opt/stack/placement/placement/objects/research_context.py:126}}
Aug 26 14:23:26.752030 n-d-806182-1 devstack@placement-api.service[95329]: DEBUG placement.objects.research_context [req-de7e22c4-16a6-44dc-896a-eebcdba83151 req-24f87a7c-c184-4aeb-b939-44c66bbbb1e2 service placement] getting providers with 1 VCPU {{(pid=95329) __init__ /opt/stack/placement/placement/objects/research_context.py:126}}
Aug 26 14:23:26.762938 n-d-806182-1 devstack@placement-api.service[95329]: DEBUG placement.objects.research_context [req-de7e22c4-16a6-44dc-896a-eebcdba83151 req-24f87a7c-c184-4aeb-b939-44c66bbbb1e2 service placement] found 2 providers with available 1 DISK_GB {{(pid=95329) get_provider_ids_matching /opt/stack/placement/placement/objects/research_context.py:549}}
Aug 26 14:23:26.763173 n-d-806182-1 devstack@placement-api.service[95329]: DEBUG placement.objects.research_context [req-de7e22c4-16a6-44dc-896a-eebcdba83151 req-24f87a7c-c184-4aeb-b939-44c66bbbb1e2 service placement] found 2 providers with available 1024 MEMORY_MB {{(pid=95329) get_provider_ids_matching /opt/stack/placement/placement/objects/research_context.py:549}}
Aug 26 14:23:26.763456 n-d-806182-1 devstack@placement-api.service[95329]: DEBUG placement.objects.research_context [req-de7e22c4-16a6-44dc-896a-eebcdba83151 req-24f87a7c-c184-4aeb-b939-44c66bbbb1e2 service placement] found 2 providers after filtering by previous result {{(pid=95329) get_provider_ids_matching /opt/stack/placement/placement/objects/research_context.py:580}}
Aug 26 14:23:26.763710 n-d-806182-1 devstack@placement-api.service[95329]: DEBUG placement.objects.research_context [req-de7e22c4-16a6-44dc-896a-eebcdba83151 req-24f87a7c-c184-4aeb-b939-44c66bbbb1e2 service placement] found 2 providers with available 1 VCPU {{(pid=95329) get_provider_ids_matching /opt/stack/placement/placement/objects/research_context.py:549}}
Aug 26 14:23:26.763974 n-d-806182-1 devstack@placement-api.service[95329]: DEBUG placement.objects.research_context [req-de7e22c4-16a6-44dc-896a-eebcdba83151 req-24f87a7c-c184-4aeb-b939-44c66bbbb1e2 service placement] found 2 providers after filtering by previous result {{(pid=95329) get_provider_ids_matching /opt/stack/placement/placement/objects/research_context.py:580}}
Aug 26 14:23:26.816594 n-d-806182-1 devstack@placement-api.service[95329]: DEBUG placement.objects.allocation_candidate [req-de7e22c4-16a6-44dc-896a-eebcdba83151 req-24f87a7c-c184-4aeb-b939-44c66bbbb1e2 service placement] RequestGroup(use_same_provider=False, resources={DISK_GB:1, MEMORY_MB:1024, VCPU:1}, traits=[], aggregates=[]) (suffix '') returned 2 matches {{(pid=95329) _get_by_requests /opt/stack/placement/placement/objects/allocation_candidate.py:145}}
Aug 26 14:23:26.823422 n-d-806182-1 devstack@placement-api.service[95329]: DEBUG placement.objects.allocation_candidate [req-de7e22c4-16a6-44dc-896a-eebcdba83151 req-24f87a7c-c184-4aeb-b939-44c66bbbb1e2 service placement] Merging candidates yields 2 allocation requests and 2 provider summaries {{(pid=95329) _merge_candidates /opt/stack/placement/placement/objects/allocation_candidate.py:783}}
Aug 26 14:23:26.826545 n-d-806182-1 devstack@placement-api.service[95329]: INFO placement.requestlog [req-de7e22c4-16a6-44dc-896a-eebcdba83151 req-24f87a7c-c184-4aeb-b939-44c66bbbb1e2 service placement] 10.222.0.57 "GET /placement/allocation_candidates?limit=1000&resources=DISK_GB%3A1%2CMEMORY_MB%3A1024%2CVCPU%3A1&root_required=%21COMPUTE_STATUS_DISABLED" status: 200 len: 1309 microversion: 1.35
Aug 26 14:23:26.827344 n-d-806182-1 devstack@placement-api.service[95329]: [pid: 95329|app: 0|req: 140/278] 10.222.0.57 () {60 vars in 1507 bytes} [Thu Aug 26 14:23:26 2021] GET /placement/allocation_candidates?limit=1000&resources=DISK_GB%3A1%2CMEMORY_MB%3A1024%2CVCPU%3A1&root_required=%21COMPUTE_STATUS_DISABLED => generated 1309 bytes in 246 msecs (HTTP/1.1 200) 8 headers in 297 bytes (1 switches on core 0)
Aug 26 14:23:26.926488 n-d-806182-1 devstack@placement-api.service[95330]: DEBUG placement.requestlog [req-de7e22c4-16a6-44dc-896a-eebcdba83151 req-9b38615e-8113-4fe5-a8d9-c7399b9ffebe None None] Starting request: 10.222.0.57 "GET /placement/allocations/f19d2c07-737d-4b7e-861a-ccc378b9d430" {{(pid=95330) __call__ /opt/stack/placement/placement/requestlog.py:55}}
Aug 26 14:23:26.961077 n-d-806182-1 devstack@placement-api.service[95330]: INFO placement.requestlog [req-de7e22c4-16a6-44dc-896a-eebcdba83151 req-9b38615e-8113-4fe5-a8d9-c7399b9ffebe service placement] 10.222.0.57 "GET /placement/allocations/f19d2c07-737d-4b7e-861a-ccc378b9d430" status: 200 len: 19 microversion: 1.28
Aug 26 14:23:26.961660 n-d-806182-1 devstack@placement-api.service[95330]: [pid: 95330|app: 0|req: 139/279] 10.222.0.57 () {60 vars in 1381 bytes} [Thu Aug 26 14:23:26 2021] GET /placement/allocations/f19d2c07-737d-4b7e-861a-ccc378b9d430 => generated 19 bytes in 37 msecs (HTTP/1.1 200) 8 headers in 295 bytes (1 switches on core 0)
Aug 26 14:23:26.970395 n-d-806182-1 devstack@placement-api.service[95329]: DEBUG placement.requestlog [req-de7e22c4-16a6-44dc-896a-eebcdba83151 req-05a885cb-88c1-43eb-a1cf-65c533ec2e5c None None] Starting request: 10.222.0.57 "PUT /placement/allocations/f19d2c07-737d-4b7e-861a-ccc378b9d430" {{(pid=95329) __call__ /opt/stack/placement/placement/requestlog.py:55}}
Aug 26 14:23:27.052764 n-d-806182-1 devstack@placement-api.service[95329]: DEBUG placement.handlers.allocation [req-de7e22c4-16a6-44dc-896a-eebcdba83151 req-05a885cb-88c1-43eb-a1cf-65c533ec2e5c service placement] Successfully wrote allocations [, , ] {{(pid=95329) _create_allocations /opt/stack/placement/placement/handlers/allocation.py:461}}
Aug 26 14:23:27.060981 n-d-806182-1 devstack@placement-api.service[95329]: INFO placement.requestlog [req-de7e22c4-16a6-44dc-896a-eebcdba83151 req-05a885cb-88c1-43eb-a1cf-65c533ec2e5c service placement] 10.222.0.57 "PUT /placement/allocations/f19d2c07-737d-4b7e-861a-ccc378b9d430" status: 204 len: 0 microversion: 1.35
Aug 26 14:23:27.061744 n-d-806182-1 devstack@placement-api.service[95329]: [pid: 95329|app: 0|req: 141/280] 10.222.0.57 () {64 vars in 1434 bytes} [Thu Aug 26 14:23:26 2021] PUT /placement/allocations/f19d2c07-737d-4b7e-861a-ccc378b9d430 => generated 0 bytes in 92 msecs (HTTP/1.1 204) 5 headers in 199 bytes (1 switches on core 0)
Aug 26 14:23:27.151974 n-d-806182-1 devstack@placement-api.service[95330]: DEBUG placement.requestlog [req-8046d7cc-f8b9-4316-99f5-18d947b9c8c7 req-eef78a1c-4f4e-4331-b33c-f00de1422d73 None None] Starting request: 10.222.0.54 "GET /placement/allocations/0098d157-af26-49b9-84f6-2941d2ba1e64" {{(pid=95330) __call__ /opt/stack/placement/placement/requestlog.py:55}}
Aug 26 14:23:27.190322 n-d-806182-1 devstack@placement-api.service[95330]: INFO placement.requestlog [req-8046d7cc-f8b9-4316-99f5-18d947b9c8c7 req-eef78a1c-4f4e-4331-b33c-f00de1422d73 service placement] 10.222.0.54 "GET /placement/allocations/0098d157-af26-49b9-84f6-2941d2ba1e64" status: 200 len: 259 microversion: 1.28
Aug 26 14:23:27.190878 n-d-806182-1 devstack@placement-api.service[95330]: [pid: 95330|app: 0|req: 140/281] 10.222.0.54 () {60 vars in 1378 bytes} [Thu Aug 26 14:23:27 2021] GET /placement/allocations/0098d157-af26-49b9-84f6-2941d2ba1e64 => generated 259 bytes in 39 msecs (HTTP/1.1 200) 8 headers in 296 bytes (1 switches on core 0)
Aug 26 14:23:27.199610 n-d-806182-1 devstack@placement-api.service[95329]: DEBUG placement.requestlog [req-8046d7cc-f8b9-4316-99f5-18d947b9c8c7 req-90930eb7-2231-44be-b2e9-9acecc50e09e None None] Starting request: 10.222.0.54 "PUT /placement/allocations/0098d157-af26-49b9-84f6-2941d2ba1e64" {{(pid=95329) __call__ /opt/stack/placement/placement/requestlog.py:55}}
Aug 26 14:23:27.287024 n-d-806182-1 devstack@placement-api.service[95329]: DEBUG placement.handlers.allocation [req-8046d7cc-f8b9-4316-99f5-18d947b9c8c7 req-90930eb7-2231-44be-b2e9-9acecc50e09e service placement] Successfully wrote allocations [, , ] {{(pid=95329) _create_allocations /opt/stack/placement/placement/handlers/allocation.py:461}}
Aug 26 14:23:27.294105 n-d-806182-1 devstack@placement-api.service[95329]: INFO placement.requestlog [req-8046d7cc-f8b9-4316-99f5-18d947b9c8c7 req-90930eb7-2231-44be-b2e9-9acecc50e09e service placement] 10.222.0.54 "PUT /placement/allocations/0098d157-af26-49b9-84f6-2941d2ba1e64" status: 204 len: 0 microversion: 1.28
Aug 26 14:23:27.294968 n-d-806182-1 devstack@placement-api.service[95329]: [pid: 95329|app: 0|req: 142/282] 10.222.0.54 () {64 vars in 1431 bytes} [Thu Aug 26 14:23:27 2021] PUT /placement/allocations/0098d157-af26-49b9-84f6-2941d2ba1e64 => generated 0 bytes in 96 msecs (HTTP/1.1 204) 5 headers in 199 bytes (1 switches on core 0)
Aug 26 14:23:27.499337 n-d-806182-1 devstack@placement-api.service[95330]: DEBUG placement.requestlog [req-de7e22c4-16a6-44dc-896a-eebcdba83151 req-d534f068-fbe2-4b6f-bc20-f9a8135379de None None] Starting request: 10.222.0.54 "GET /placement/allocations/f19d2c07-737d-4b7e-861a-ccc378b9d430" {{(pid=95330) __call__ /opt/stack/placement/placement/requestlog.py:55}}
Aug 26 14:23:27.516087 n-d-806182-1 devstack@placement-api.service[95330]: INFO placement.requestlog [req-de7e22c4-16a6-44dc-896a-eebcdba83151 req-d534f068-fbe2-4b6f-bc20-f9a8135379de service placement] 10.222.0.54 "GET /placement/allocations/f19d2c07-737d-4b7e-861a-ccc378b9d430" status: 200 len: 259 microversion: 1.28
Aug 26 14:23:27.516963 n-d-806182-1 devstack@placement-api.service[95330]: [pid: 95330|app: 0|req: 141/283] 10.222.0.54 () {60 vars in 1378 bytes} [Thu Aug 26 14:23:27 2021] GET /placement/allocations/f19d2c07-737d-4b7e-861a-ccc378b9d430 => generated 259 bytes in 18 msecs (HTTP/1.1 200) 8 headers in 296 bytes (2 switches on core 0)
Aug 26 14:23:33.526353 n-d-806182-1 devstack@placement-api.service[95329]: DEBUG placement.requestlog [req-937b20c3-1df9-4362-afcd-2560b39a0cfb req-af129d50-4b40-4796-8e42-9078fc28faa1 None None] Starting request: 10.222.0.15 "GET /placement/allocations/3dcce907-5cc4-4b66-a513-8d12d405711b" {{(pid=95329) __call__ /opt/stack/placement/placement/requestlog.py:55}}
Aug 26 14:23:33.559518 n-d-806182-1 devstack@placement-api.service[95329]: INFO placement.requestlog [req-937b20c3-1df9-4362-afcd-2560b39a0cfb req-af129d50-4b40-4796-8e42-9078fc28faa1 service placement] 10.222.0.15 "GET /placement/allocations/3dcce907-5cc4-4b66-a513-8d12d405711b" status: 200 len: 259 microversion: 1.28
Aug 26 14:23:33.559814 n-d-806182-1 devstack@placement-api.service[95329]: [pid: 95329|app: 0|req: 143/284] 10.222.0.15 () {60 vars in 1378 bytes} [Thu Aug 26 14:23:33 2021] GET /placement/allocations/3dcce907-5cc4-4b66-a513-8d12d405711b => generated 259 bytes in 35 msecs (HTTP/1.1 200) 8 headers in 296 bytes (1 switches on core 0)
Aug 26 14:23:33.581822 n-d-806182-1 devstack@placement-api.service[95330]: DEBUG placement.requestlog [req-937b20c3-1df9-4362-afcd-2560b39a0cfb req-feb0211e-7cbe-48d6-b2b9-092965132872 None None] Starting request: 10.222.0.15 "PUT /placement/allocations/3dcce907-5cc4-4b66-a513-8d12d405711b" {{(pid=95330) __call__ /opt/stack/placement/placement/requestlog.py:55}}
Aug 26 14:23:33.636225 n-d-806182-1 devstack@placement-api.service[95329]: DEBUG placement.requestlog [req-5676fd83-5320-44f1-9472-7ec9d00a6a80 req-26a47112-dc53-41dd-8900-085536b8766c None None] Starting request: 10.222.0.15 "GET /placement/resource_providers/e393c42a-08c2-451f-90d2-82aab75b9a80/allocations" {{(pid=95329) __call__ /opt/stack/placement/placement/requestlog.py:55}}
Aug 26 14:23:33.655865 n-d-806182-1 devstack@placement-api.service[95330]: DEBUG placement.handlers.allocation [req-937b20c3-1df9-4362-afcd-2560b39a0cfb req-feb0211e-7cbe-48d6-b2b9-092965132872 service placement] Successfully wrote allocations [, , ] {{(pid=95330) _create_allocations /opt/stack/placement/placement/handlers/allocation.py:461}}
Aug 26 14:23:33.664833 n-d-806182-1 devstack@placement-api.service[95330]: INFO placement.requestlog [req-937b20c3-1df9-4362-afcd-2560b39a0cfb req-feb0211e-7cbe-48d6-b2b9-092965132872 service placement] 10.222.0.15 "PUT /placement/allocations/3dcce907-5cc4-4b66-a513-8d12d405711b" status: 204 len: 0 microversion: 1.28
Aug 26 14:23:33.665698 n-d-806182-1 devstack@placement-api.service[95330]: [pid: 95330|app: 0|req: 142/285] 10.222.0.15 () {64 vars in 1431 bytes} [Thu Aug 26 14:23:33 2021] PUT /placement/allocations/3dcce907-5cc4-4b66-a513-8d12d405711b => generated 0 bytes in 84 msecs (HTTP/1.1 204) 5 headers in 199 bytes (1 switches on core 0)
Aug 26 14:23:33.686346 n-d-806182-1 devstack@placement-api.service[95329]: INFO placement.requestlog [req-5676fd83-5320-44f1-9472-7ec9d00a6a80 req-26a47112-dc53-41dd-8900-085536b8766c service placement] 10.222.0.15 "GET /placement/resource_providers/e393c42a-08c2-451f-90d2-82aab75b9a80/allocations" status: 200 len: 847 microversion: 1.0
Aug 26 14:23:33.686788 n-d-806182-1 devstack@placement-api.service[95329]: [pid: 95329|app: 0|req: 144/286] 10.222.0.15 () {58 vars in 1391 bytes} [Thu Aug 26 14:23:33 2021] GET /placement/resource_providers/e393c42a-08c2-451f-90d2-82aab75b9a80/allocations => generated 847 bytes in 51 msecs (HTTP/1.1 200) 6 headers in 224 bytes (2 switches on core 0)
Aug 26 14:23:37.061271 n-d-806182-1 devstack@placement-api.service[95330]: DEBUG placement.requestlog [req-a9cac019-f373-4e98-a1c2-e06264cbb90a req-57b658a6-079c-402b-b471-326fb04c4626 None None] Starting request: 10.222.0.54 "GET /placement/resource_providers/ff1223bd-f9f4-4d62-8604-98648cf7d780/allocations" {{(pid=95330) __call__ /opt/stack/placement/placement/requestlog.py:55}}
Aug 26 14:23:37.084338 n-d-806182-1 devstack@placement-api.service[95330]: INFO placement.requestlog [req-a9cac019-f373-4e98-a1c2-e06264cbb90a req-57b658a6-079c-402b-b471-326fb04c4626 service placement] 10.222.0.54 "GET /placement/resource_providers/ff1223bd-f9f4-4d62-8604-98648cf7d780/allocations" status: 200 len: 543 microversion: 1.0
Aug 26 14:23:37.084722 n-d-806182-1 devstack@placement-api.service[95330]: [pid: 95330|app: 0|req: 143/287] 10.222.0.54 () {58 vars in 1391 bytes} [Thu Aug 26 14:23:37 2021] GET /placement/resource_providers/ff1223bd-f9f4-4d62-8604-98648cf7d780/allocations => generated 543 bytes in 24 msecs (HTTP/1.1 200) 6 headers in 224 bytes (1 switches on core 0)
Aug 26 14:23:38.465363 n-d-806182-1 devstack@placement-api.service[95329]: DEBUG placement.requestlog [req-cebd07e5-35fa-4547-ae3f-87684b1c7ae6 req-cb30b037-91cc-49f2-b76f-6d9412545c53 None None] Starting request: 10.222.0.15 "GET /placement/allocations/2ca2d9e8-9a6b-4814-b763-096c3f051090" {{(pid=95329) __call__ /opt/stack/placement/placement/requestlog.py:55}}
Aug 26 14:23:38.485458 n-d-806182-1 devstack@placement-api.service[95329]: INFO placement.requestlog [req-cebd07e5-35fa-4547-ae3f-87684b1c7ae6 req-cb30b037-91cc-49f2-b76f-6d9412545c53 service placement] 10.222.0.15 "GET /placement/allocations/2ca2d9e8-9a6b-4814-b763-096c3f051090" status: 200 len: 259 microversion: 1.28
Aug 26 14:23:38.487773 n-d-806182-1 devstack@placement-api.service[95329]: [pid: 95329|app: 0|req: 145/288] 10.222.0.15 () {60 vars in 1378 bytes} [Thu Aug 26 14:23:38 2021] GET /placement/allocations/2ca2d9e8-9a6b-4814-b763-096c3f051090 => generated 259 bytes in 23 msecs (HTTP/1.1 200) 8 headers in 296 bytes (1 switches on core 0)
Aug 26 14:23:38.495823 n-d-806182-1 devstack@placement-api.service[95330]: DEBUG placement.requestlog [req-cebd07e5-35fa-4547-ae3f-87684b1c7ae6 req-c3856f0c-3c34-4a45-8379-35ec3daaa3a9 None None] Starting request: 10.222.0.15 "PUT /placement/allocations/2ca2d9e8-9a6b-4814-b763-096c3f051090" {{(pid=95330) __call__ /opt/stack/placement/placement/requestlog.py:55}}
Aug 26 14:23:38.536521 n-d-806182-1 devstack@placement-api.service[95330]: DEBUG placement.handlers.allocation [req-cebd07e5-35fa-4547-ae3f-87684b1c7ae6 req-c3856f0c-3c34-4a45-8379-35ec3daaa3a9 service placement] Successfully wrote allocations [, , ] {{(pid=95330) _create_allocations /opt/stack/placement/placement/handlers/allocation.py:461}}
Aug 26 14:23:38.540337 n-d-806182-1 devstack@placement-api.service[95330]: INFO placement.requestlog [req-cebd07e5-35fa-4547-ae3f-87684b1c7ae6 req-c3856f0c-3c34-4a45-8379-35ec3daaa3a9 service placement] 10.222.0.15 "PUT /placement/allocations/2ca2d9e8-9a6b-4814-b763-096c3f051090" status: 204 len: 0 microversion: 1.28
Aug 26 14:23:38.540662 n-d-806182-1 devstack@placement-api.service[95330]: [pid: 95330|app: 0|req: 144/289] 10.222.0.15 () {64 vars in 1431 bytes} [Thu Aug 26 14:23:38 2021] PUT /placement/allocations/2ca2d9e8-9a6b-4814-b763-096c3f051090 => generated 0 bytes in 45 msecs (HTTP/1.1 204) 5 headers in 199 bytes (1 switches on core 0)
Aug 26 14:23:39.132625 n-d-806182-1 devstack@placement-api.service[95329]: DEBUG placement.requestlog [req-e1ffc4c6-a96f-4b5b-865b-e31e585a3a34 req-f92c9170-e9c0-4adb-b743-cfbe5d1b9490 None None] Starting request: 10.222.0.57 "GET /placement/allocation_candidates?limit=1000&resources=DISK_GB%3A1%2CMEMORY_MB%3A1024%2CVCPU%3A1&root_required=%21COMPUTE_STATUS_DISABLED" {{(pid=95329) __call__ /opt/stack/placement/placement/requestlog.py:55}}
Aug 26 14:23:39.166725 n-d-806182-1 devstack@placement-api.service[95329]: DEBUG placement.objects.research_context [req-e1ffc4c6-a96f-4b5b-865b-e31e585a3a34 req-f92c9170-e9c0-4adb-b743-cfbe5d1b9490 service placement] getting providers with 1 DISK_GB {{(pid=95329) __init__ /opt/stack/placement/placement/objects/research_context.py:126}}
Aug 26 14:23:39.176138 n-d-806182-1 devstack@placement-api.service[95329]: DEBUG placement.objects.research_context [req-e1ffc4c6-a96f-4b5b-865b-e31e585a3a34 req-f92c9170-e9c0-4adb-b743-cfbe5d1b9490 service placement] getting providers with 1024 MEMORY_MB {{(pid=95329) __init__ /opt/stack/placement/placement/objects/research_context.py:126}}
Aug 26 14:23:39.181759 n-d-806182-1 devstack@placement-api.service[95329]: DEBUG placement.objects.research_context [req-e1ffc4c6-a96f-4b5b-865b-e31e585a3a34 req-f92c9170-e9c0-4adb-b743-cfbe5d1b9490 service placement] getting providers with 1 VCPU {{(pid=95329) __init__ /opt/stack/placement/placement/objects/research_context.py:126}}
Aug 26 14:23:39.189810 n-d-806182-1 devstack@placement-api.service[95329]: DEBUG placement.objects.research_context [req-e1ffc4c6-a96f-4b5b-865b-e31e585a3a34 req-f92c9170-e9c0-4adb-b743-cfbe5d1b9490 service placement] found 2 providers with available 1 DISK_GB {{(pid=95329) get_provider_ids_matching /opt/stack/placement/placement/objects/research_context.py:549}}
Aug 26 14:23:39.189810 n-d-806182-1 devstack@placement-api.service[95329]: DEBUG placement.objects.research_context [req-e1ffc4c6-a96f-4b5b-865b-e31e585a3a34 req-f92c9170-e9c0-4adb-b743-cfbe5d1b9490 service placement] found 2 providers with available 1024 MEMORY_MB {{(pid=95329) get_provider_ids_matching /opt/stack/placement/placement/objects/research_context.py:549}}
Aug 26 14:23:39.189810 n-d-806182-1 devstack@placement-api.service[95329]: DEBUG placement.objects.research_context [req-e1ffc4c6-a96f-4b5b-865b-e31e585a3a34 req-f92c9170-e9c0-4adb-b743-cfbe5d1b9490 service placement] found 2 providers after filtering by previous result {{(pid=95329) get_provider_ids_matching /opt/stack/placement/placement/objects/research_context.py:580}}
Aug 26 14:23:39.189810 n-d-806182-1 devstack@placement-api.service[95329]: DEBUG placement.objects.research_context [req-e1ffc4c6-a96f-4b5b-865b-e31e585a3a34 req-f92c9170-e9c0-4adb-b743-cfbe5d1b9490 service placement] found 2 providers with available 1 VCPU {{(pid=95329) get_provider_ids_matching /opt/stack/placement/placement/objects/research_context.py:549}}
Aug 26 14:23:39.190328 n-d-806182-1 devstack@placement-api.service[95329]: DEBUG placement.objects.research_context [req-e1ffc4c6-a96f-4b5b-865b-e31e585a3a34 req-f92c9170-e9c0-4adb-b743-cfbe5d1b9490 service placement] found 2 providers after filtering by previous result {{(pid=95329) get_provider_ids_matching /opt/stack/placement/placement/objects/research_context.py:580}}
Aug 26 14:23:39.203020 n-d-806182-1 devstack@placement-api.service[95329]: DEBUG placement.objects.allocation_candidate [req-e1ffc4c6-a96f-4b5b-865b-e31e585a3a34 req-f92c9170-e9c0-4adb-b743-cfbe5d1b9490 service placement] RequestGroup(use_same_provider=False, resources={DISK_GB:1, MEMORY_MB:1024, VCPU:1}, traits=[], aggregates=[]) (suffix '') returned 2 matches {{(pid=95329) _get_by_requests /opt/stack/placement/placement/objects/allocation_candidate.py:145}}
Aug 26 14:23:39.203629 n-d-806182-1 devstack@placement-api.service[95329]: DEBUG placement.objects.allocation_candidate [req-e1ffc4c6-a96f-4b5b-865b-e31e585a3a34 req-f92c9170-e9c0-4adb-b743-cfbe5d1b9490 service placement] Merging candidates yields 2 allocation requests and 2 provider summaries {{(pid=95329) _merge_candidates /opt/stack/placement/placement/objects/allocation_candidate.py:783}}
Aug 26 14:23:39.205198 n-d-806182-1 devstack@placement-api.service[95329]: INFO placement.requestlog [req-e1ffc4c6-a96f-4b5b-865b-e31e585a3a34 req-f92c9170-e9c0-4adb-b743-cfbe5d1b9490 service placement] 10.222.0.57 "GET /placement/allocation_candidates?limit=1000&resources=DISK_GB%3A1%2CMEMORY_MB%3A1024%2CVCPU%3A1&root_required=%21COMPUTE_STATUS_DISABLED" status: 200 len: 1309 microversion: 1.35
Aug 26 14:23:39.205802 n-d-806182-1 devstack@placement-api.service[95329]: [pid: 95329|app: 0|req: 146/290] 10.222.0.57 () {60 vars in 1507 bytes} [Thu Aug 26 14:23:39 2021] GET /placement/allocation_candidates?limit=1000&resources=DISK_GB%3A1%2CMEMORY_MB%3A1024%2CVCPU%3A1&root_required=%21COMPUTE_STATUS_DISABLED => generated 1309 bytes in 73 msecs (HTTP/1.1 200) 8 headers in 297 bytes (1 switches on core 0)
Aug 26 14:23:39.281694 n-d-806182-1 devstack@placement-api.service[95330]: DEBUG placement.requestlog [req-c6f52684-b0e1-481b-bb2a-9504ee853c6e req-e39a51e5-5694-4db4-89cf-031d14ac0d86 None None] Starting request: 10.222.0.54 "GET /placement/allocations/8bfcd3f7-5974-4851-8254-afc42470856c" {{(pid=95330) __call__ /opt/stack/placement/placement/requestlog.py:55}}
Aug 26 14:23:39.282952 n-d-806182-1 devstack@placement-api.service[95329]: DEBUG placement.requestlog [req-e1ffc4c6-a96f-4b5b-865b-e31e585a3a34 req-7bae1b7a-7fd1-4783-9a64-cf384ec2bc18 None None] Starting request: 10.222.0.57 "GET /placement/allocations/7788accb-7521-4dff-8ef4-e185044a1473" {{(pid=95329) __call__ /opt/stack/placement/placement/requestlog.py:55}}
Aug 26 14:23:39.298941 n-d-806182-1 devstack@placement-api.service[95330]: INFO placement.requestlog [req-c6f52684-b0e1-481b-bb2a-9504ee853c6e req-e39a51e5-5694-4db4-89cf-031d14ac0d86 service placement] 10.222.0.54 "GET /placement/allocations/8bfcd3f7-5974-4851-8254-afc42470856c" status: 200 len: 259 microversion: 1.28
Aug 26 14:23:39.300033 n-d-806182-1 devstack@placement-api.service[95330]: [pid: 95330|app: 0|req: 145/291] 10.222.0.54 () {60 vars in 1378 bytes} [Thu Aug 26 14:23:39 2021] GET /placement/allocations/8bfcd3f7-5974-4851-8254-afc42470856c => generated 259 bytes in 18 msecs (HTTP/1.1 200) 8 headers in 296 bytes (1 switches on core 0)
Aug 26 14:23:39.303593 n-d-806182-1 devstack@placement-api.service[95329]: INFO placement.requestlog [req-e1ffc4c6-a96f-4b5b-865b-e31e585a3a34 req-7bae1b7a-7fd1-4783-9a64-cf384ec2bc18 service placement] 10.222.0.57 "GET /placement/allocations/7788accb-7521-4dff-8ef4-e185044a1473" status: 200 len: 19 microversion: 1.28
Aug 26 14:23:39.304101 n-d-806182-1 devstack@placement-api.service[95329]: [pid: 95329|app: 0|req: 147/292] 10.222.0.57 () {60 vars in 1381 bytes} [Thu Aug 26 14:23:39 2021] GET /placement/allocations/7788accb-7521-4dff-8ef4-e185044a1473 => generated 19 bytes in 21 msecs (HTTP/1.1 200) 8 headers in 295 bytes (1 switches on core 0)
Aug 26 14:23:39.310758 n-d-806182-1 devstack@placement-api.service[95330]: DEBUG placement.requestlog [req-c6f52684-b0e1-481b-bb2a-9504ee853c6e req-3eafd062-136b-48b8-b149-b4b8750653c2 None None] Starting request: 10.222.0.54 "PUT /placement/allocations/8bfcd3f7-5974-4851-8254-afc42470856c" {{(pid=95330) __call__ /opt/stack/placement/placement/requestlog.py:55}}
Aug 26 14:23:39.311112 n-d-806182-1 devstack@placement-api.service[95329]: DEBUG placement.requestlog [req-e1ffc4c6-a96f-4b5b-865b-e31e585a3a34 req-257be9c9-5d55-4fc2-829f-90d9ab41b941 None None] Starting request: 10.222.0.57 "PUT /placement/allocations/7788accb-7521-4dff-8ef4-e185044a1473" {{(pid=95329) __call__ /opt/stack/placement/placement/requestlog.py:55}}
Aug 26 14:23:39.384175 n-d-806182-1 devstack@placement-api.service[95330]: DEBUG placement.handlers.allocation [req-c6f52684-b0e1-481b-bb2a-9504ee853c6e req-3eafd062-136b-48b8-b149-b4b8750653c2 service placement] Successfully wrote allocations [, , ] {{(pid=95330) _create_allocations /opt/stack/placement/placement/handlers/allocation.py:461}}
Aug 26 14:23:39.391179 n-d-806182-1 devstack@placement-api.service[95330]: INFO placement.requestlog [req-c6f52684-b0e1-481b-bb2a-9504ee853c6e req-3eafd062-136b-48b8-b149-b4b8750653c2 service placement] 10.222.0.54 "PUT /placement/allocations/8bfcd3f7-5974-4851-8254-afc42470856c" status: 204 len: 0 microversion: 1.28
Aug 26 14:23:39.391957 n-d-806182-1 devstack@placement-api.service[95330]: [pid: 95330|app: 0|req: 146/293] 10.222.0.54 () {64 vars in 1431 bytes} [Thu Aug 26 14:23:39 2021] PUT /placement/allocations/8bfcd3f7-5974-4851-8254-afc42470856c => generated 0 bytes in 82 msecs (HTTP/1.1 204) 5 headers in 199 bytes (1 switches on core 0)
Aug 26 14:23:39.399657 n-d-806182-1 devstack@placement-api.service[95329]: DEBUG placement.handlers.allocation [req-e1ffc4c6-a96f-4b5b-865b-e31e585a3a34 req-257be9c9-5d55-4fc2-829f-90d9ab41b941 service placement] Successfully wrote allocations [, , ] {{(pid=95329) _create_allocations /opt/stack/placement/placement/handlers/allocation.py:461}}
Aug 26 14:23:39.410758 n-d-806182-1 devstack@placement-api.service[95329]: INFO placement.requestlog [req-e1ffc4c6-a96f-4b5b-865b-e31e585a3a34 req-257be9c9-5d55-4fc2-829f-90d9ab41b941 service placement] 10.222.0.57 "PUT /placement/allocations/7788accb-7521-4dff-8ef4-e185044a1473" status: 204 len: 0 microversion: 1.35
Aug 26 14:23:39.411339 n-d-806182-1 devstack@placement-api.service[95329]: [pid: 95329|app: 0|req: 148/294] 10.222.0.57 () {64 vars in 1434 bytes} [Thu Aug 26 14:23:39 2021] PUT /placement/allocations/7788accb-7521-4dff-8ef4-e185044a1473 => generated 0 bytes in 100 msecs (HTTP/1.1 204) 5 headers in 199 bytes (2 switches on core 0)
Aug 26 14:23:39.860392 n-d-806182-1 devstack@placement-api.service[95330]: DEBUG placement.requestlog [req-e1ffc4c6-a96f-4b5b-865b-e31e585a3a34 req-adfeaa13-7890-4321-8be7-d7855b5d0d4d None None] Starting request: 10.222.0.15 "GET /placement/allocations/7788accb-7521-4dff-8ef4-e185044a1473" {{(pid=95330) __call__ /opt/stack/placement/placement/requestlog.py:55}}
Aug 26 14:23:39.886261 n-d-806182-1 devstack@placement-api.service[95330]: INFO placement.requestlog [req-e1ffc4c6-a96f-4b5b-865b-e31e585a3a34 req-adfeaa13-7890-4321-8be7-d7855b5d0d4d service placement] 10.222.0.15 "GET /placement/allocations/7788accb-7521-4dff-8ef4-e185044a1473" status: 200 len: 259 microversion: 1.28
Aug 26 14:23:39.887939 n-d-806182-1 devstack@placement-api.service[95330]: [pid: 95330|app: 0|req: 147/295] 10.222.0.15 () {60 vars in 1378 bytes} [Thu Aug 26 14:23:39 2021] GET /placement/allocations/7788accb-7521-4dff-8ef4-e185044a1473 => generated 259 bytes in 28 msecs (HTTP/1.1 200) 8 headers in 296 bytes (1 switches on core 0)
Aug 26 14:23:40.107999 n-d-806182-1 devstack@placement-api.service[95329]: DEBUG placement.requestlog [req-67635cdf-245e-4146-be65-adf681209634 req-d73c611f-291e-4df8-9e56-6a687d00b62e None None] Starting request: 10.222.0.15 "GET /placement/allocations/653870ad-f38d-4271-8e7a-c3ee21f8f983" {{(pid=95329) __call__ /opt/stack/placement/placement/requestlog.py:55}}
Aug 26 14:23:40.167771 n-d-806182-1 devstack@placement-api.service[95329]: INFO placement.requestlog [req-67635cdf-245e-4146-be65-adf681209634 req-d73c611f-291e-4df8-9e56-6a687d00b62e service placement] 10.222.0.15 "GET /placement/allocations/653870ad-f38d-4271-8e7a-c3ee21f8f983" status: 200 len: 259 microversion: 1.28
Aug 26 14:23:40.172419 n-d-806182-1 devstack@placement-api.service[95329]: [pid: 95329|app: 0|req: 149/296] 10.222.0.15 () {60 vars in 1378 bytes} [Thu Aug 26 14:23:40 2021] GET /placement/allocations/653870ad-f38d-4271-8e7a-c3ee21f8f983 => generated 259 bytes in 64 msecs (HTTP/1.1 200) 8 headers in 296 bytes (1 switches on core 0)
Aug 26 14:23:40.180309 n-d-806182-1 devstack@placement-api.service[95330]: DEBUG placement.requestlog [req-67635cdf-245e-4146-be65-adf681209634 req-9ad42c44-427c-4f3d-bad9-7b9ae6d36299 None None] Starting request: 10.222.0.15 "PUT /placement/allocations/653870ad-f38d-4271-8e7a-c3ee21f8f983" {{(pid=95330) __call__ /opt/stack/placement/placement/requestlog.py:55}}
Aug 26 14:23:40.263749 n-d-806182-1 devstack@placement-api.service[95330]: DEBUG placement.handlers.allocation [req-67635cdf-245e-4146-be65-adf681209634 req-9ad42c44-427c-4f3d-bad9-7b9ae6d36299 service placement] Successfully wrote allocations [, , ] {{(pid=95330) _create_allocations /opt/stack/placement/placement/handlers/allocation.py:461}}
Aug 26 14:23:40.271384 n-d-806182-1 devstack@placement-api.service[95330]: INFO placement.requestlog [req-67635cdf-245e-4146-be65-adf681209634 req-9ad42c44-427c-4f3d-bad9-7b9ae6d36299 service placement] 10.222.0.15 "PUT /placement/allocations/653870ad-f38d-4271-8e7a-c3ee21f8f983" status: 204 len: 0 microversion: 1.28
Aug 26 14:23:40.272893 n-d-806182-1 devstack@placement-api.service[95330]: [pid: 95330|app: 0|req: 148/297] 10.222.0.15 () {64 vars in 1431 bytes} [Thu Aug 26 14:23:40 2021] PUT /placement/allocations/653870ad-f38d-4271-8e7a-c3ee21f8f983 => generated 0 bytes in 93 msecs (HTTP/1.1 204) 5 headers in 199 bytes (2 switches on core 0)
Aug 26 14:23:44.177663 n-d-806182-1 devstack@placement-api.service[95329]: DEBUG placement.requestlog [req-9d938242-2199-4be2-837b-f062a186ac28 req-32546197-36e4-4e5c-9934-de358e13af97 None None] Starting request: 10.222.0.54 "GET /placement/allocations/6440ded7-cb45-46f9-9689-b2797f692df2" {{(pid=95329) __call__ /opt/stack/placement/placement/requestlog.py:55}}
Aug 26 14:23:44.194000 n-d-806182-1 devstack@placement-api.service[95329]: INFO placement.requestlog [req-9d938242-2199-4be2-837b-f062a186ac28 req-32546197-36e4-4e5c-9934-de358e13af97 service placement] 10.222.0.54 "GET /placement/allocations/6440ded7-cb45-46f9-9689-b2797f692df2" status: 200 len: 258 microversion: 1.28
Aug 26 14:23:44.194548 n-d-806182-1 devstack@placement-api.service[95329]: [pid: 95329|app: 0|req: 150/298] 10.222.0.54 () {60 vars in 1378 bytes} [Thu Aug 26 14:23:44 2021] GET /placement/allocations/6440ded7-cb45-46f9-9689-b2797f692df2 => generated 258 bytes in 17 msecs (HTTP/1.1 200) 8 headers in 296 bytes (1 switches on core 0)
Aug 26 14:23:44.204198 n-d-806182-1 devstack@placement-api.service[95330]: DEBUG placement.requestlog [req-9d938242-2199-4be2-837b-f062a186ac28 req-f73c488b-4893-45d8-9116-776fc2eb2fba None None] Starting request: 10.222.0.54 "PUT /placement/allocations/6440ded7-cb45-46f9-9689-b2797f692df2" {{(pid=95330) __call__ /opt/stack/placement/placement/requestlog.py:55}}
Aug 26 14:23:44.244341 n-d-806182-1 devstack@placement-api.service[95330]: DEBUG placement.handlers.allocation [req-9d938242-2199-4be2-837b-f062a186ac28 req-f73c488b-4893-45d8-9116-776fc2eb2fba service placement] Successfully wrote allocations [, , ] {{(pid=95330) _create_allocations /opt/stack/placement/placement/handlers/allocation.py:461}}
Aug 26 14:23:44.248601 n-d-806182-1 devstack@placement-api.service[95330]: INFO placement.requestlog [req-9d938242-2199-4be2-837b-f062a186ac28 req-f73c488b-4893-45d8-9116-776fc2eb2fba service placement] 10.222.0.54 "PUT /placement/allocations/6440ded7-cb45-46f9-9689-b2797f692df2" status: 204 len: 0 microversion: 1.28
Aug 26 14:23:44.249694 n-d-806182-1 devstack@placement-api.service[95330]: [pid: 95330|app: 0|req: 149/299] 10.222.0.54 () {64 vars in 1431 bytes} [Thu Aug 26 14:23:44 2021] PUT /placement/allocations/6440ded7-cb45-46f9-9689-b2797f692df2 => generated 0 bytes in 46 msecs (HTTP/1.1 204) 5 headers in 199 bytes (1 switches on core 0)
Aug 26 14:23:51.773842 n-d-806182-1 devstack@placement-api.service[95329]: DEBUG placement.requestlog [req-12a1ce3f-c6c3-4b9a-ad76-45c46f98de77 req-2b757327-da24-404b-a456-0e35abdc7cc1 None None] Starting request: 10.222.0.15 "GET /placement/allocations/b53ee89f-9159-4b73-87a7-289c2de51ba9" {{(pid=95329) __call__ /opt/stack/placement/placement/requestlog.py:55}}
Aug 26 14:23:51.797033 n-d-806182-1 devstack@placement-api.service[95329]: INFO placement.requestlog [req-12a1ce3f-c6c3-4b9a-ad76-45c46f98de77 req-2b757327-da24-404b-a456-0e35abdc7cc1 service placement] 10.222.0.15 "GET /placement/allocations/b53ee89f-9159-4b73-87a7-289c2de51ba9" status: 200 len: 259 microversion: 1.28
Aug 26 14:23:51.797955 n-d-806182-1 devstack@placement-api.service[95329]: [pid: 95329|app: 0|req: 151/300] 10.222.0.15 () {60 vars in 1378 bytes} [Thu Aug 26 14:23:51 2021] GET /placement/allocations/b53ee89f-9159-4b73-87a7-289c2de51ba9 => generated 259 bytes in 24 msecs (HTTP/1.1 200) 8 headers in 296 bytes (1 switches on core 0)
Aug 26 14:23:51.805502 n-d-806182-1 devstack@placement-api.service[95330]: DEBUG placement.requestlog [req-12a1ce3f-c6c3-4b9a-ad76-45c46f98de77 req-480765f0-d7c1-4892-bf7f-cb2c060f3200 None None] Starting request: 10.222.0.15 "PUT /placement/allocations/b53ee89f-9159-4b73-87a7-289c2de51ba9" {{(pid=95330) __call__ /opt/stack/placement/placement/requestlog.py:55}}
Aug 26 14:23:51.858451 n-d-806182-1 devstack@placement-api.service[95330]: DEBUG placement.handlers.allocation [req-12a1ce3f-c6c3-4b9a-ad76-45c46f98de77 req-480765f0-d7c1-4892-bf7f-cb2c060f3200 service placement] Successfully wrote allocations [, , ] {{(pid=95330) _create_allocations /opt/stack/placement/placement/handlers/allocation.py:461}}
Aug 26 14:23:51.868044 n-d-806182-1 devstack@placement-api.service[95330]: INFO placement.requestlog [req-12a1ce3f-c6c3-4b9a-ad76-45c46f98de77 req-480765f0-d7c1-4892-bf7f-cb2c060f3200 service placement] 10.222.0.15 "PUT /placement/allocations/b53ee89f-9159-4b73-87a7-289c2de51ba9" status: 204 len: 0 microversion: 1.28
Aug 26 14:23:51.868601 n-d-806182-1 devstack@placement-api.service[95330]: [pid: 95330|app: 0|req: 150/301] 10.222.0.15 () {64 vars in 1431 bytes} [Thu Aug 26 14:23:51 2021] PUT /placement/allocations/b53ee89f-9159-4b73-87a7-289c2de51ba9 => generated 0 bytes in 63 msecs (HTTP/1.1 204) 5 headers in 199 bytes (1 switches on core 0)
Aug 26 14:23:52.653132 n-d-806182-1 devstack@placement-api.service[95329]: DEBUG placement.requestlog [None req-77298ccc-fa31-49e3-a872-2e0268170b51 None None] Starting request: 10.222.0.57 "GET /placement/" {{(pid=95329) __call__ /opt/stack/placement/placement/requestlog.py:55}}
Aug 26 14:23:52.654642 n-d-806182-1 devstack@placement-api.service[95329]: INFO placement.requestlog [None req-77298ccc-fa31-49e3-a872-2e0268170b51 None None] 10.222.0.57 "GET /placement/" status: 200 len: 136 microversion: 1.0
Aug 26 14:23:52.656640 n-d-806182-1 devstack@placement-api.service[95329]: [pid: 95329|app: 0|req: 152/302] 10.222.0.57 () {54 vars in 916 bytes} [Thu Aug 26 14:23:52 2021] GET /placement => generated 136 bytes in 6 msecs (HTTP/1.1 200) 6 headers in 224 bytes (1 switches on core 0)
Aug 26 14:23:52.665058 n-d-806182-1 devstack@placement-api.service[95330]: DEBUG placement.requestlog [req-7249e569-8501-40d5-a808-61c7b3a3ad77 req-078c2473-18d9-4f2c-98ee-c5e8ceca6430 None None] Starting request: 10.222.0.57 "GET /placement/allocations/58dfcf81-6c3c-472a-8b66-9e2ccadf92be" {{(pid=95330) __call__ /opt/stack/placement/placement/requestlog.py:55}}
Aug 26 14:23:52.780093 n-d-806182-1 devstack@placement-api.service[95330]: INFO placement.requestlog [req-7249e569-8501-40d5-a808-61c7b3a3ad77 req-078c2473-18d9-4f2c-98ee-c5e8ceca6430 service placement] 10.222.0.57 "GET /placement/allocations/58dfcf81-6c3c-472a-8b66-9e2ccadf92be" status: 200 len: 245 microversion: 1.28
Aug 26 14:23:52.780915 n-d-806182-1 devstack@placement-api.service[95330]: [pid: 95330|app: 0|req: 151/303] 10.222.0.57 () {60 vars in 1381 bytes} [Thu Aug 26 14:23:52 2021] GET /placement/allocations/58dfcf81-6c3c-472a-8b66-9e2ccadf92be => generated 245 bytes in 116 msecs (HTTP/1.1 200) 8 headers in 296 bytes (1 switches on core 0)
Aug 26 14:23:52.786633 n-d-806182-1 devstack@placement-api.service[95329]: DEBUG placement.requestlog [req-7249e569-8501-40d5-a808-61c7b3a3ad77 req-1ba445ec-fc36-4dda-972d-f634f32e34d4 None None] Starting request: 10.222.0.57 "GET /placement/allocations/58dfcf81-6c3c-472a-8b66-9e2ccadf92be" {{(pid=95329) __call__ /opt/stack/placement/placement/requestlog.py:55}}
Aug 26 14:23:52.802994 n-d-806182-1 devstack@placement-api.service[95329]: INFO placement.requestlog [req-7249e569-8501-40d5-a808-61c7b3a3ad77 req-1ba445ec-fc36-4dda-972d-f634f32e34d4 service placement] 10.222.0.57 "GET /placement/allocations/58dfcf81-6c3c-472a-8b66-9e2ccadf92be" status: 200 len: 245 microversion: 1.28
Aug 26 14:23:52.809797 n-d-806182-1 devstack@placement-api.service[95330]: DEBUG placement.requestlog [req-7249e569-8501-40d5-a808-61c7b3a3ad77 req-6521337e-f8ba-48bc-9a4b-bf82de891990 None None] Starting request: 10.222.0.57 "GET /placement/allocations/fdc418a4-c014-450f-a863-34339659142f" {{(pid=95330) __call__ /opt/stack/placement/placement/requestlog.py:55}}
Aug 26 14:23:52.817728 n-d-806182-1 devstack@placement-api.service[95329]: [pid: 95329|app: 0|req: 153/304] 10.222.0.57 () {60 vars in 1381 bytes} [Thu Aug 26 14:23:52 2021] GET /placement/allocations/58dfcf81-6c3c-472a-8b66-9e2ccadf92be => generated 245 bytes in 31 msecs (HTTP/1.1 200) 8 headers in 296 bytes (1 switches on core 0)
Aug 26 14:23:52.821575 n-d-806182-1 devstack@placement-api.service[95330]: INFO placement.requestlog [req-7249e569-8501-40d5-a808-61c7b3a3ad77 req-6521337e-f8ba-48bc-9a4b-bf82de891990 service placement] 10.222.0.57 "GET /placement/allocations/fdc418a4-c014-450f-a863-34339659142f" status: 200 len: 19 microversion: 1.28
Aug 26 14:23:52.822529 n-d-806182-1 devstack@placement-api.service[95330]: [pid: 95330|app: 0|req: 152/305] 10.222.0.57 () {60 vars in 1381 bytes} [Thu Aug 26 14:23:52 2021] GET /placement/allocations/fdc418a4-c014-450f-a863-34339659142f => generated 19 bytes in 13 msecs (HTTP/1.1 200) 8 headers in 295 bytes (2 switches on core 0)
Aug 26 14:23:52.828263 n-d-806182-1 devstack@placement-api.service[95329]: DEBUG placement.requestlog [req-7249e569-8501-40d5-a808-61c7b3a3ad77 req-528d4b09-aa44-4b68-9187-bb13e1bbae5d None None] Starting request: 10.222.0.57 "POST /placement/allocations" {{(pid=95329) __call__ /opt/stack/placement/placement/requestlog.py:55}}
Aug 26 14:23:53.046216 n-d-806182-1 devstack@placement-api.service[95329]: DEBUG placement.handlers.allocation [req-7249e569-8501-40d5-a808-61c7b3a3ad77 req-528d4b09-aa44-4b68-9187-bb13e1bbae5d service placement] Successfully wrote allocations [, , , ] {{(pid=95329) _create_allocations /opt/stack/placement/placement/handlers/allocation.py:555}}
Aug 26 14:23:53.047165 n-d-806182-1 devstack@placement-api.service[95329]: INFO placement.requestlog [req-7249e569-8501-40d5-a808-61c7b3a3ad77 req-528d4b09-aa44-4b68-9187-bb13e1bbae5d service placement] 10.222.0.57 "POST /placement/allocations" status: 204 len: 0 microversion: 1.28
Aug 26 14:23:53.047427 n-d-806182-1 devstack@placement-api.service[95329]: [pid: 95329|app: 0|req: 154/306] 10.222.0.57 () {64 vars in 1324 bytes} [Thu Aug 26 14:23:52 2021] POST /placement/allocations => generated 0 bytes in 219 msecs (HTTP/1.1 204) 5 headers in 199 bytes (1 switches on core 0)
Aug 26 14:23:53.097504 n-d-806182-1 devstack@placement-api.service[95330]: DEBUG placement.requestlog [req-7249e569-8501-40d5-a808-61c7b3a3ad77 req-9f8f3074-bcd6-46b9-b6d1-2f1c963c285d None None] Starting request: 10.222.0.57 "GET /placement/allocations/58dfcf81-6c3c-472a-8b66-9e2ccadf92be" {{(pid=95330) __call__ /opt/stack/placement/placement/requestlog.py:55}}
Aug 26 14:23:53.110091 n-d-806182-1 devstack@placement-api.service[95330]: INFO placement.requestlog [req-7249e569-8501-40d5-a808-61c7b3a3ad77 req-9f8f3074-bcd6-46b9-b6d1-2f1c963c285d service placement] 10.222.0.57 "GET /placement/allocations/58dfcf81-6c3c-472a-8b66-9e2ccadf92be" status: 200 len: 19 microversion: 1.28
Aug 26 14:23:53.116022 n-d-806182-1 devstack@placement-api.service[95330]: [pid: 95330|app: 0|req: 153/307] 10.222.0.57 () {60 vars in 1381 bytes} [Thu Aug 26 14:23:53 2021] GET /placement/allocations/58dfcf81-6c3c-472a-8b66-9e2ccadf92be => generated 19 bytes in 18 msecs (HTTP/1.1 200) 8 headers in 295 bytes (1 switches on core 0)
Aug 26 14:23:53.118372 n-d-806182-1 devstack@placement-api.service[95329]: DEBUG placement.requestlog [req-7249e569-8501-40d5-a808-61c7b3a3ad77 req-c6cba986-0148-4a58-9fe1-9455182864a4 None None] Starting request: 10.222.0.57 "PUT /placement/allocations/58dfcf81-6c3c-472a-8b66-9e2ccadf92be" {{(pid=95329) __call__ /opt/stack/placement/placement/requestlog.py:55}}
Aug 26 14:23:53.167266 n-d-806182-1 devstack@placement-api.service[95329]: DEBUG placement.handlers.allocation [req-7249e569-8501-40d5-a808-61c7b3a3ad77 req-c6cba986-0148-4a58-9fe1-9455182864a4 service placement] Successfully wrote allocations [, ] {{(pid=95329) _create_allocations /opt/stack/placement/placement/handlers/allocation.py:461}}
Aug 26 14:23:53.171972 n-d-806182-1 devstack@placement-api.service[95329]: INFO placement.requestlog [req-7249e569-8501-40d5-a808-61c7b3a3ad77 req-c6cba986-0148-4a58-9fe1-9455182864a4 service placement] 10.222.0.57 "PUT /placement/allocations/58dfcf81-6c3c-472a-8b66-9e2ccadf92be" status: 204 len: 0 microversion: 1.28
Aug 26 14:23:53.184002 n-d-806182-1 devstack@placement-api.service[95329]: [pid: 95329|app: 0|req: 155/308] 10.222.0.57 () {64 vars in 1434 bytes} [Thu Aug 26 14:23:53 2021] PUT /placement/allocations/58dfcf81-6c3c-472a-8b66-9e2ccadf92be => generated 0 bytes in 55 msecs (HTTP/1.1 204) 5 headers in 199 bytes (1 switches on core 0)
Aug 26 14:23:53.320372 n-d-806182-1 devstack@placement-api.service[95330]: DEBUG placement.requestlog [req-7249e569-8501-40d5-a808-61c7b3a3ad77 req-ad823d4a-7ef1-414e-a7ab-55f42f021946 None None] Starting request: 10.222.0.54 "GET /placement/allocations/58dfcf81-6c3c-472a-8b66-9e2ccadf92be" {{(pid=95330) __call__ /opt/stack/placement/placement/requestlog.py:55}}
Aug 26 14:23:53.352202 n-d-806182-1 devstack@placement-api.service[95330]: INFO placement.requestlog [req-7249e569-8501-40d5-a808-61c7b3a3ad77 req-ad823d4a-7ef1-414e-a7ab-55f42f021946 service placement] 10.222.0.54 "GET /placement/allocations/58dfcf81-6c3c-472a-8b66-9e2ccadf92be" status: 200 len: 245 microversion: 1.28
Aug 26 14:23:53.352443 n-d-806182-1 devstack@placement-api.service[95330]: [pid: 95330|app: 0|req: 154/309] 10.222.0.54 () {60 vars in 1378 bytes} [Thu Aug 26 14:23:53 2021] GET /placement/allocations/58dfcf81-6c3c-472a-8b66-9e2ccadf92be => generated 245 bytes in 32 msecs (HTTP/1.1 200) 8 headers in 296 bytes (1 switches on core 0)
Aug 26 14:23:59.378361 n-d-806182-1 devstack@placement-api.service[95329]: DEBUG placement.requestlog [req-8a5fca56-e262-413e-a544-779d38068dd2 req-66e9ee31-0857-4ea6-91d1-305f4967e7ca None None] Starting request: 10.222.0.54 "GET /placement/allocations/2c914b23-6f3b-4a93-a964-00f495d8bfc6" {{(pid=95329) __call__ /opt/stack/placement/placement/requestlog.py:55}}
Aug 26 14:23:59.423409 n-d-806182-1 devstack@placement-api.service[95329]: INFO placement.requestlog [req-8a5fca56-e262-413e-a544-779d38068dd2 req-66e9ee31-0857-4ea6-91d1-305f4967e7ca service placement] 10.222.0.54 "GET /placement/allocations/2c914b23-6f3b-4a93-a964-00f495d8bfc6" status: 200 len: 259 microversion: 1.28
Aug 26 14:23:59.424236 n-d-806182-1 devstack@placement-api.service[95329]: [pid: 95329|app: 0|req: 156/310] 10.222.0.54 () {60 vars in 1378 bytes} [Thu Aug 26 14:23:59 2021] GET /placement/allocations/2c914b23-6f3b-4a93-a964-00f495d8bfc6 => generated 259 bytes in 46 msecs (HTTP/1.1 200) 8 headers in 296 bytes (2 switches on core 0)
Aug 26 14:23:59.443118 n-d-806182-1 devstack@placement-api.service[95330]: DEBUG placement.requestlog [req-8a5fca56-e262-413e-a544-779d38068dd2 req-fc7be4ce-89eb-4aad-8a65-33e36f1d5445 None None] Starting request: 10.222.0.54 "PUT /placement/allocations/2c914b23-6f3b-4a93-a964-00f495d8bfc6" {{(pid=95330) __call__ /opt/stack/placement/placement/requestlog.py:55}}
Aug 26 14:23:59.502834 n-d-806182-1 devstack@placement-api.service[95330]: DEBUG placement.handlers.allocation [req-8a5fca56-e262-413e-a544-779d38068dd2 req-fc7be4ce-89eb-4aad-8a65-33e36f1d5445 service placement] Successfully wrote allocations [, , ] {{(pid=95330) _create_allocations /opt/stack/placement/placement/handlers/allocation.py:461}}
Aug 26 14:23:59.512160 n-d-806182-1 devstack@placement-api.service[95330]: INFO placement.requestlog [req-8a5fca56-e262-413e-a544-779d38068dd2 req-fc7be4ce-89eb-4aad-8a65-33e36f1d5445 service placement] 10.222.0.54 "PUT /placement/allocations/2c914b23-6f3b-4a93-a964-00f495d8bfc6" status: 204 len: 0 microversion: 1.28
Aug 26 14:23:59.512908 n-d-806182-1 devstack@placement-api.service[95330]: [pid: 95330|app: 0|req: 155/311] 10.222.0.54 () {64 vars in 1431 bytes} [Thu Aug 26 14:23:59 2021] PUT /placement/allocations/2c914b23-6f3b-4a93-a964-00f495d8bfc6 => generated 0 bytes in 70 msecs (HTTP/1.1 204) 5 headers in 199 bytes (2 switches on core 0)
Aug 26 14:24:00.936464 n-d-806182-1 devstack@placement-api.service[95329]: DEBUG placement.requestlog [req-84993de7-5efa-446b-ad6a-f23941047be2 req-c218e83f-8f18-40a8-9bbb-7103823257ed None None] Starting request: 10.222.0.57 "GET /placement/allocation_candidates?resources=DISK_GB%3A1%2CMEMORY_MB%3A1024%2CVCPU%3A1&root_required=%21COMPUTE_STATUS_DISABLED" {{(pid=95329) __call__ /opt/stack/placement/placement/requestlog.py:55}}
Aug 26 14:24:01.062682 n-d-806182-1 devstack@placement-api.service[95329]: DEBUG placement.objects.research_context [req-84993de7-5efa-446b-ad6a-f23941047be2 req-c218e83f-8f18-40a8-9bbb-7103823257ed service placement] getting providers with 1 DISK_GB {{(pid=95329) __init__ /opt/stack/placement/placement/objects/research_context.py:126}}
Aug 26 14:24:01.075442 n-d-806182-1 devstack@placement-api.service[95329]: DEBUG placement.objects.research_context [req-84993de7-5efa-446b-ad6a-f23941047be2 req-c218e83f-8f18-40a8-9bbb-7103823257ed service placement] getting providers with 1024 MEMORY_MB {{(pid=95329) __init__ /opt/stack/placement/placement/objects/research_context.py:126}}
Aug 26 14:24:01.083834 n-d-806182-1 devstack@placement-api.service[95329]: DEBUG placement.objects.research_context [req-84993de7-5efa-446b-ad6a-f23941047be2 req-c218e83f-8f18-40a8-9bbb-7103823257ed service placement] getting providers with 1 VCPU {{(pid=95329) __init__ /opt/stack/placement/placement/objects/research_context.py:126}}
Aug 26 14:24:01.094534 n-d-806182-1 devstack@placement-api.service[95329]: DEBUG placement.objects.research_context [req-84993de7-5efa-446b-ad6a-f23941047be2 req-c218e83f-8f18-40a8-9bbb-7103823257ed service placement] found 2 providers with available 1 DISK_GB {{(pid=95329) get_provider_ids_matching /opt/stack/placement/placement/objects/research_context.py:549}}
Aug 26 14:24:01.095061 n-d-806182-1 devstack@placement-api.service[95329]: DEBUG placement.objects.research_context [req-84993de7-5efa-446b-ad6a-f23941047be2 req-c218e83f-8f18-40a8-9bbb-7103823257ed service placement] found 2 providers with available 1024 MEMORY_MB {{(pid=95329) get_provider_ids_matching /opt/stack/placement/placement/objects/research_context.py:549}}
