Aug 26 17:10:35.305290 n-d-806131-1 neutron-server[94792]: DEBUG neutron.db.l3_hamode_db [None req-494750b3-e6fb-402b-88a0-9c1f0ae4d33d None None] neutron.services.l3_router.l3_router_plugin.L3RouterPlugin method _process_sync_ha_data called with arguments (, [{'id': '568c89bd-d3d8-4e4b-9c79-41294054c2eb', 'name': 'tempest-ServersWithSpecificFlavorTestJSON-1613926339-router', 'tenant_id': '42fc34085ca14595b999c1fad592b221', 'admin_state_up': True, 'status': 'ACTIVE', 'external_gateway_info': {'network_id': 'ed2fa408-1e65-46eb-9c31-c155edf3d767', 'external_fixed_ips': [{'subnet_id': '2dc3bdaa-70d9-4631-a281-3a682a30bb15', 'ip_address': '172.25.8.67'}], 'enable_snat': True}, 'gw_port_id': '5525a619-823a-46e7-8162-1f3147a7f125', 'description': '', 'availability_zones': ['nova'], 'distributed': False, 'ha': False, 'ha_vr_id': 0, 'availability_zone_hints': [], 'routes': [], 'flavor_id': None, 'tags': [], 'created_at': '2021-08-26T17:10:25Z', 'updated_at': '2021-08-26T17:10:31Z', 'revision_number': 4, 'project_id': '42fc34085ca14595b999c1fad592b221', 'gw_port': {'id': '5525a619-823a-46e7-8162-1f3147a7f125', 'name': '', 'network_id': 'ed2fa408-1e65-46eb-9c31-c155edf3d767', 'tenant_id': '', 'mac_address': 'fa:16:3e:90:c3:d2', 'admin_state_up': True, 'status': 'ACTIVE', 'device_id': '568c89bd-d3d8-4e4b-9c79-41294054c2eb', 'device_owner': 'network:router_gateway', 'standard_attr_id': 68, 'fixed_ips': [{'subnet_id': '2dc3bdaa-70d9-4631-a281-3a682a30bb15', 'ip_address': '172.25.8.67', 'prefixlen': 24}], 'allowed_address_pairs': [], 'extra_dhcp_opts': [], 'security_groups': [], 'description': '', 'binding:vnic_type': 'normal', 'binding:profile': {}, 'binding:host_id': 'n-d-806131-1', 'binding:vif_type': 'ovs', 'binding:vif_details': {'connectivity': 'l2', 'port_filter': True, 'ovs_hybrid_plug': False, 'datapath_type': 'system', 'bridge_name': 'br-int'}, 'port_security_enabled': False, 'tags': [], 'created_at': '2021-08-26T17:10:26Z', 'updated_at': '2021-08-26T17:10:32Z', 'revision_number': 4, 'project_id': '', 'subnets': [{'id': '2dc3bdaa-70d9-4631-a281-3a682a30bb15', 'cidr': '172.25.8.0/24', 'gateway_ip': '172.25.8.1', 'dns_nameservers': [], 'ipv6_ra_mode': None, 'subnetpool_id': None}], 'extra_subnets': [], 'address_scopes': {4: None, 6: None}, 'mtu': 1500}, 'enable_snat': True, 'gw_port_host': 'n-d-806131-1', '_interfaces': [{'id': 'a1b97b66-813c-42a0-b515-b3beb6a1154f', 'name': '', 'network_id': '80711e31-fdc0-4f20-b81c-74031627fd78', 'tenant_id': '42fc34085ca14595b999c1fad592b221', 'mac_address': 'fa:16:3e:f8:92:c0', 'admin_state_up': True, 'status': 'DOWN', 'device_id': '568c89bd-d3d8-4e4b-9c79-41294054c2eb', 'device_owner': 'network:router_interface', 'standard_attr_id': 99, 'fixed_ips': [{'subnet_id': '8830cb75-01b9-48ab-98d3-c320950393d3', 'ip_address': '172.20.0.1', 'prefixlen': 28}], 'allowed_address_pairs': [], 'extra_dhcp_opts': [], 'security_groups': [], 'description': '', 'binding:vnic_type': 'normal', 'binding:profile': {}, 'binding:host_id': 'n-d-806131-1', 'binding:vif_type': 'ovs', 'binding:vif_details': {'connectivity': 'l2', 'port_filter': True, 'ovs_hybrid_plug': False, 'datapath_type': 'system', 'bridge_name': 'br-int'}, 'port_security_enabled': False, 'tags': [], 'created_at': '2021-08-26T17:10:29Z', 'updated_at': '2021-08-26T17:10:34Z', 'revision_number': 4, 'project_id': '42fc34085ca14595b999c1fad592b221', 'subnets': [{'id': '8830cb75-01b9-48ab-98d3-c320950393d3', 'cidr': '172.20.0.0/28', 'gateway_ip': '172.20.0.1', 'dns_nameservers': [], 'ipv6_ra_mode': None, 'subnetpool_id': None}], 'extra_subnets': [], 'address_scopes': {4: None, 6: None}, 'mtu': 1500}]}], 'n-d-806131-1', False) {} {{(pid=94792) wrapper /usr/local/lib/python3.8/dist-packages/oslo_log/helpers.py:65}}
Aug 26 17:10:35.378694 n-d-806131-1 neutron-server[94790]: DEBUG neutron.api.rpc.handlers.resources_rpc [None req-cbf37f21-cf68-431b-b28c-7db6f8ed6973 admin admin] Pushing event updated for resources: {'Network': ['ID=beef803a-bbaa-431f-be9f-5bb00681b799,revision_number=1']} {{(pid=94790) push /opt/stack/neutron/neutron/api/rpc/handlers/resources_rpc.py:237}}
Aug 26 17:10:35.391524 n-d-806131-1 neutron-server[94792]: DEBUG neutron.api.rpc.handlers.l3_rpc [None req-494750b3-e6fb-402b-88a0-9c1f0ae4d33d None None] The sync data for ids ['568c89bd-d3d8-4e4b-9c79-41294054c2eb'] in n-d-806131-1 is: [{'id': '568c89bd-d3d8-4e4b-9c79-41294054c2eb', 'name': 'tempest-ServersWithSpecificFlavorTestJSON-1613926339-router', 'tenant_id': '42fc34085ca14595b999c1fad592b221', 'admin_state_up': True, 'status': 'ACTIVE', 'external_gateway_info': {'network_id': 'ed2fa408-1e65-46eb-9c31-c155edf3d767', 'external_fixed_ips': [{'subnet_id': '2dc3bdaa-70d9-4631-a281-3a682a30bb15', 'ip_address': '172.25.8.67'}], 'enable_snat': True}, 'gw_port_id': '5525a619-823a-46e7-8162-1f3147a7f125', 'description': '', 'availability_zones': ['nova'], 'distributed': False, 'ha': False, 'ha_vr_id': 0, 'availability_zone_hints': [], 'routes': [], 'flavor_id': None, 'tags': [], 'created_at': '2021-08-26T17:10:25Z', 'updated_at': '2021-08-26T17:10:31Z', 'revision_number': 4, 'project_id': '42fc34085ca14595b999c1fad592b221', 'gw_port': {'id': '5525a619-823a-46e7-8162-1f3147a7f125', 'name': '', 'network_id': 'ed2fa408-1e65-46eb-9c31-c155edf3d767', 'tenant_id': '', 'mac_address': 'fa:16:3e:90:c3:d2', 'admin_state_up': True, 'status': 'ACTIVE', 'device_id': '568c89bd-d3d8-4e4b-9c79-41294054c2eb', 'device_owner': 'network:router_gateway', 'standard_attr_id': 68, 'fixed_ips': [{'subnet_id': '2dc3bdaa-70d9-4631-a281-3a682a30bb15', 'ip_address': '172.25.8.67', 'prefixlen': 24}], 'allowed_address_pairs': [], 'extra_dhcp_opts': [], 'security_groups': [], 'description': '', 'binding:vnic_type': 'normal', 'binding:profile': {}, 'binding:host_id': 'n-d-806131-1', 'binding:vif_type': 'ovs', 'binding:vif_details': {'connectivity': 'l2', 'port_filter': True, 'ovs_hybrid_plug': False, 'datapath_type': 'system', 'bridge_name': 'br-int'}, 'port_security_enabled': False, 'tags': [], 'created_at': '2021-08-26T17:10:26Z', 'updated_at': '2021-08-26T17:10:32Z', 'revision_number': 4, 'project_id': '', 'subnets': [{'id': '2dc3bdaa-70d9-4631-a281-3a682a30bb15', 'cidr': '172.25.8.0/24', 'gateway_ip': '172.25.8.1', 'dns_nameservers': [], 'ipv6_ra_mode': None, 'subnetpool_id': None}], 'extra_subnets': [], 'address_scopes': {4: None, 6: None}, 'mtu': 1500}, 'enable_snat': True, 'gw_port_host': 'n-d-806131-1', '_interfaces': [{'id': 'a1b97b66-813c-42a0-b515-b3beb6a1154f', 'name': '', 'network_id': '80711e31-fdc0-4f20-b81c-74031627fd78', 'tenant_id': '42fc34085ca14595b999c1fad592b221', 'mac_address': 'fa:16:3e:f8:92:c0', 'admin_state_up': True, 'status': 'DOWN', 'device_id': '568c89bd-d3d8-4e4b-9c79-41294054c2eb', 'device_owner': 'network:router_interface', 'standard_attr_id': 99, 'fixed_ips': [{'subnet_id': '8830cb75-01b9-48ab-98d3-c320950393d3', 'ip_address': '172.20.0.1', 'prefixlen': 28}], 'allowed_address_pairs': [], 'extra_dhcp_opts': [], 'security_groups': [], 'description': '', 'binding:vnic_type': 'normal', 'binding:profile': {}, 'binding:host_id': 'n-d-806131-1', 'binding:vif_type': 'ovs', 'binding:vif_details': {'connectivity': 'l2', 'port_filter': True, 'ovs_hybrid_plug': False, 'datapath_type': 'system', 'bridge_name': 'br-int'}, 'port_security_enabled': False, 'tags': [], 'created_at': '2021-08-26T17:10:29Z', 'updated_at': '2021-08-26T17:10:34Z', 'revision_number': 4, 'project_id': '42fc34085ca14595b999c1fad592b221', 'subnets': [{'id': '8830cb75-01b9-48ab-98d3-c320950393d3', 'cidr': '172.20.0.0/28', 'gateway_ip': '172.20.0.1', 'dns_nameservers': [], 'ipv6_ra_mode': None, 'subnetpool_id': None}], 'extra_subnets': [], 'address_scopes': {4: None, 6: None}, 'mtu': 1500}]}] {{(pid=94792) sync_routers /opt/stack/neutron/neutron/api/rpc/handlers/l3_rpc.py:137}}
Aug 26 17:10:35.396732 n-d-806131-1 neutron-server[94791]: DEBUG neutron_lib.callbacks.manager [None req-8f79905b-ea3b-48de-bdb5-aaa2fb2cc61b tempest-ServersWithSpecificFlavorTestJSON-916583283 tempest-ServersWithSpecificFlavorTestJSON-916583283-project] Notify callbacks [] for security_group, precommit_create {{(pid=94791) _notify_loop /usr/local/lib/python3.8/dist-packages/neutron_lib/callbacks/manager.py:192}}
Aug 26 17:10:35.407813 n-d-806131-1 neutron-server[94791]: DEBUG neutron_lib.callbacks.manager [None req-8f79905b-ea3b-48de-bdb5-aaa2fb2cc61b tempest-ServersWithSpecificFlavorTestJSON-916583283 tempest-ServersWithSpecificFlavorTestJSON-916583283-project] Notify callbacks ['neutron.plugins.ml2.ovo_rpc._ObjectChangeHandler.handle_event-567583'] for security_group, after_create {{(pid=94791) _notify_loop /usr/local/lib/python3.8/dist-packages/neutron_lib/callbacks/manager.py:192}}
Aug 26 17:10:35.415830 n-d-806131-1 neutron-server[94792]: DEBUG neutron.plugins.ml2.rpc [None req-c02b9175-dc94-4bd3-b951-b6ac77079317 None None] Network beef803a-bbaa-431f-be9f-5bb00681b799 details requested by agent ovs-agent-n-d-806131-1 with host n-d-806131-1 {{(pid=94792) get_network_details /opt/stack/neutron/neutron/plugins/ml2/rpc.py:248}}
Aug 26 17:10:35.546722 n-d-806131-1 neutron-server[94791]: DEBUG neutron.api.rpc.handlers.resources_rpc [None req-8f79905b-ea3b-48de-bdb5-aaa2fb2cc61b tempest-ServersWithSpecificFlavorTestJSON-916583283 tempest-ServersWithSpecificFlavorTestJSON-916583283-project] Pushing event updated for resources: {'SecurityGroup': ['ID=f6dd7cd6-456f-4261-837e-5c682d996f87,revision_number=1']} {{(pid=94791) push /opt/stack/neutron/neutron/api/rpc/handlers/resources_rpc.py:237}}
Aug 26 17:10:35.641703 n-d-806131-1 neutron-server[94790]: INFO neutron.wsgi [req-50a4d612-2ad6-4292-b6b3-1dd4f5d41b8a req-7235bf24-f855-4a75-a930-eab986397d75 tempest-AggregatesAdminTestJSON-2015020441 tempest-AggregatesAdminTestJSON-2015020441-project] 10.222.0.48 "GET /v2.0/ports?device_id=0a8fc9c6-fdc8-47dd-9a73-85ac4d09ac50 HTTP/1.1" status: 200 len: 210 time: 0.0449927
Aug 26 17:10:35.665694 n-d-806131-1 neutron-server[94790]: DEBUG neutron_lib.callbacks.manager [req-82fda5ee-5008-49df-b9a5-13d7c56ea73b req-59828c6d-86a7-417b-9cad-2cf275dcea76 tempest-AggregatesAdminTestJSON-2015020441 tempest-AggregatesAdminTestJSON-2015020441-project] Notify callbacks [] for security_group, precommit_create {{(pid=94790) _notify_loop /usr/local/lib/python3.8/dist-packages/neutron_lib/callbacks/manager.py:192}}
Aug 26 17:10:35.683223 n-d-806131-1 neutron-server[94791]: DEBUG neutron_lib.callbacks.manager [None req-8f79905b-ea3b-48de-bdb5-aaa2fb2cc61b tempest-ServersWithSpecificFlavorTestJSON-916583283 tempest-ServersWithSpecificFlavorTestJSON-916583283-project] Notify callbacks [] for security_group, before_response {{(pid=94791) _notify_loop /usr/local/lib/python3.8/dist-packages/neutron_lib/callbacks/manager.py:192}}
Aug 26 17:10:35.686109 n-d-806131-1 neutron-server[94791]: INFO neutron.wsgi [None req-8f79905b-ea3b-48de-bdb5-aaa2fb2cc61b tempest-ServersWithSpecificFlavorTestJSON-916583283 tempest-ServersWithSpecificFlavorTestJSON-916583283-project] 10.222.0.48 "POST /v2.0/security-groups HTTP/1.1" status: 201 len: 1778 time: 0.6829207
Aug 26 17:10:35.690486 n-d-806131-1 neutron-server[94791]: DEBUG neutron.wsgi [-] (94791) accepted ('10.222.0.48', 51338) {{(pid=94791) server /usr/local/lib/python3.8/dist-packages/eventlet/wsgi.py:982}}
Aug 26 17:10:35.696546 n-d-806131-1 neutron-server[94790]: DEBUG neutron_lib.callbacks.manager [req-82fda5ee-5008-49df-b9a5-13d7c56ea73b req-59828c6d-86a7-417b-9cad-2cf275dcea76 tempest-AggregatesAdminTestJSON-2015020441 tempest-AggregatesAdminTestJSON-2015020441-project] Notify callbacks ['neutron.plugins.ml2.ovo_rpc._ObjectChangeHandler.handle_event-567583'] for security_group, after_create {{(pid=94790) _notify_loop /usr/local/lib/python3.8/dist-packages/neutron_lib/callbacks/manager.py:192}}
Aug 26 17:10:35.724031 n-d-806131-1 neutron-server[94791]: DEBUG neutron.api.v2.base [None req-9abba7bf-121c-4e11-a593-d9faa2dcbeb7 tempest-ServersWithSpecificFlavorTestJSON-916583283 tempest-ServersWithSpecificFlavorTestJSON-916583283-project] Request body: {'security_group_rule': {'security_group_id': 'f6dd7cd6-456f-4261-837e-5c682d996f87', 'protocol': 'tcp', 'ethertype': 'IPv4', 'port_range_min': 22, 'port_range_max': 22, 'direction': 'ingress'}} {{(pid=94791) prepare_request_body /opt/stack/neutron/neutron/api/v2/base.py:730}}
Aug 26 17:10:35.784378 n-d-806131-1 neutron-server[94791]: DEBUG neutron.wsgi [-] (94791) accepted ('10.222.0.48', 51344) {{(pid=94791) server /usr/local/lib/python3.8/dist-packages/eventlet/wsgi.py:982}}
Aug 26 17:10:35.793148 n-d-806131-1 neutron-server[94790]: INFO neutron.wsgi [None req-cbf37f21-cf68-431b-b28c-7db6f8ed6973 admin admin] 10.222.0.48 "POST /v2.0/networks HTTP/1.1" status: 201 len: 893 time: 1.8966119
Aug 26 17:10:35.805974 n-d-806131-1 neutron-server[94791]: DEBUG neutron.api.v2.base [None req-460eecf8-ddfe-4f98-96f4-8034632735d4 admin admin] Request body: {'subnet': {'network_id': 'beef803a-bbaa-431f-be9f-5bb00681b799', 'cidr': '172.20.0.0/28', 'name': 'tempest-LiveAutoBlockMigrationV225Test-1562535731-subnet', 'tenant_id': 'b5a8b8f164134c53a4b9529ae3b6a140', 'enable_dhcp': False, 'ip_version': 4}} {{(pid=94791) prepare_request_body /opt/stack/neutron/neutron/api/v2/base.py:730}}
Aug 26 17:10:35.936238 n-d-806131-1 neutron-server[94791]: DEBUG neutron.pecan_wsgi.hooks.quota_enforcement [None req-460eecf8-ddfe-4f98-96f4-8034632735d4 admin admin] Made reservation on behalf of b5a8b8f164134c53a4b9529ae3b6a140 for: {'subnet': 1} {{(pid=94791) before /opt/stack/neutron/neutron/pecan_wsgi/hooks/quota_enforcement.py:53}}
Aug 26 17:10:35.944121 n-d-806131-1 neutron-server[94791]: DEBUG neutron_lib.callbacks.manager [None req-460eecf8-ddfe-4f98-96f4-8034632735d4 admin admin] Notify callbacks [] for subnet, before_create {{(pid=94791) _notify_loop /usr/local/lib/python3.8/dist-packages/neutron_lib/callbacks/manager.py:192}}
Aug 26 17:10:36.096844 n-d-806131-1 neutron-server[94791]: DEBUG neutron_lib.callbacks.manager [None req-9abba7bf-121c-4e11-a593-d9faa2dcbeb7 tempest-ServersWithSpecificFlavorTestJSON-916583283 tempest-ServersWithSpecificFlavorTestJSON-916583283-project] Notify callbacks [] for security_group_rule, before_create {{(pid=94791) _notify_loop /usr/local/lib/python3.8/dist-packages/neutron_lib/callbacks/manager.py:192}}
Aug 26 17:10:36.283918 n-d-806131-1 neutron-server[94790]: DEBUG neutron.api.rpc.handlers.resources_rpc [None req-59828c6d-86a7-417b-9cad-2cf275dcea76 tempest-AggregatesAdminTestJSON-2015020441 tempest-AggregatesAdminTestJSON-2015020441-project] Pushing event updated for resources: {'SecurityGroup': ['ID=88e75336-5979-473e-9047-98948445a6eb,revision_number=1']} {{(pid=94790) push /opt/stack/neutron/neutron/api/rpc/handlers/resources_rpc.py:237}}
Aug 26 17:10:36.460305 n-d-806131-1 neutron-server[94791]: DEBUG neutron_lib.callbacks.manager [None req-9abba7bf-121c-4e11-a593-d9faa2dcbeb7 tempest-ServersWithSpecificFlavorTestJSON-916583283 tempest-ServersWithSpecificFlavorTestJSON-916583283-project] Notify callbacks [] for security_group_rule, precommit_create {{(pid=94791) _notify_loop /usr/local/lib/python3.8/dist-packages/neutron_lib/callbacks/manager.py:192}}
Aug 26 17:10:36.471493 n-d-806131-1 neutron-server[94791]: DEBUG neutron_lib.callbacks.manager [None req-9abba7bf-121c-4e11-a593-d9faa2dcbeb7 tempest-ServersWithSpecificFlavorTestJSON-916583283 tempest-ServersWithSpecificFlavorTestJSON-916583283-project] Notify callbacks ['neutron.plugins.ml2.ovo_rpc._ObjectChangeHandler.handle_event-37137'] for security_group_rule, after_create {{(pid=94791) _notify_loop /usr/local/lib/python3.8/dist-packages/neutron_lib/callbacks/manager.py:192}}
Aug 26 17:10:36.585158 n-d-806131-1 neutron-server[94790]: DEBUG neutron.db.db_base_plugin_common [req-82fda5ee-5008-49df-b9a5-13d7c56ea73b req-59828c6d-86a7-417b-9cad-2cf275dcea76 tempest-AggregatesAdminTestJSON-2015020441 tempest-AggregatesAdminTestJSON-2015020441-project] Allocated IP 192.168.233.77 (e351b74d-0b1c-47c3-8f02-c1d1e832c7c4/3fcab836-0372-4f69-892a-f6533e3957df/fbafff30-71c0-4487-bfe1-472ba73f9243) {{(pid=94790) _store_ip_allocation /opt/stack/neutron/neutron/db/db_base_plugin_common.py:131}}
Aug 26 17:10:36.601554 n-d-806131-1 neutron-server[94792]: DEBUG neutron_lib.callbacks.manager [None req-9d4c0c7e-af75-49b2-ae5a-2665d2dab1d4 None None] Notify callbacks ['neutron.services.segments.db._update_segment_host_mapping_for_agent-8777342141404', 'neutron.plugins.ml2.plugin.Ml2Plugin._retry_binding_revived_agents-4068213'] for agent, after_update {{(pid=94792) _notify_loop /usr/local/lib/python3.8/dist-packages/neutron_lib/callbacks/manager.py:192}}
Aug 26 17:10:36.638049 n-d-806131-1 neutron-server[94791]: DEBUG neutron.api.rpc.handlers.resources_rpc [None req-9abba7bf-121c-4e11-a593-d9faa2dcbeb7 tempest-ServersWithSpecificFlavorTestJSON-916583283 tempest-ServersWithSpecificFlavorTestJSON-916583283-project] Pushing event updated for resources: {'SecurityGroupRule': ['ID=3838847e-27e7-45a6-a15f-ef85e4488059,revision_number=0']} {{(pid=94791) push /opt/stack/neutron/neutron/api/rpc/handlers/resources_rpc.py:237}}
Aug 26 17:10:36.667181 n-d-806131-1 neutron-server[94791]: DEBUG neutron_lib.callbacks.manager [None req-9abba7bf-121c-4e11-a593-d9faa2dcbeb7 tempest-ServersWithSpecificFlavorTestJSON-916583283 tempest-ServersWithSpecificFlavorTestJSON-916583283-project] Notify callbacks [] for security_group_rule, before_response {{(pid=94791) _notify_loop /usr/local/lib/python3.8/dist-packages/neutron_lib/callbacks/manager.py:192}}
Aug 26 17:10:36.670849 n-d-806131-1 neutron-server[94791]: INFO neutron.wsgi [None req-9abba7bf-121c-4e11-a593-d9faa2dcbeb7 tempest-ServersWithSpecificFlavorTestJSON-916583283 tempest-ServersWithSpecificFlavorTestJSON-916583283-project] 10.222.0.48 "POST /v2.0/security-group-rules HTTP/1.1" status: 201 len: 764 time: 0.9762685
Aug 26 17:10:36.678382 n-d-806131-1 neutron-server[94791]: DEBUG neutron.wsgi [-] (94791) accepted ('10.222.0.48', 51376) {{(pid=94791) server /usr/local/lib/python3.8/dist-packages/eventlet/wsgi.py:982}}
Aug 26 17:10:36.697875 n-d-806131-1 neutron-server[94791]: DEBUG neutron.api.v2.base [None req-fb8737be-2b28-4c3b-90ca-fdbb3e80ee2e tempest-ServersWithSpecificFlavorTestJSON-916583283 tempest-ServersWithSpecificFlavorTestJSON-916583283-project] Request body: {'security_group_rule': {'security_group_id': 'f6dd7cd6-456f-4261-837e-5c682d996f87', 'protocol': 'icmp', 'ethertype': 'IPv4', 'direction': 'ingress'}} {{(pid=94791) prepare_request_body /opt/stack/neutron/neutron/api/v2/base.py:730}}
Aug 26 17:10:36.839613 n-d-806131-1 neutron-server[94792]: DEBUG neutron_lib.callbacks.manager [None req-c02b9175-dc94-4bd3-b951-b6ac77079317 None None] Notify callbacks ['neutron.services.segments.db._update_segment_host_mapping_for_agent-8777342141404', 'neutron.plugins.ml2.plugin.Ml2Plugin._retry_binding_revived_agents-4068213'] for agent, after_update {{(pid=94792) _notify_loop /usr/local/lib/python3.8/dist-packages/neutron_lib/callbacks/manager.py:192}}
Aug 26 17:10:36.848867 n-d-806131-1 neutron-server[94791]: DEBUG neutron_lib.callbacks.manager [None req-fb8737be-2b28-4c3b-90ca-fdbb3e80ee2e tempest-ServersWithSpecificFlavorTestJSON-916583283 tempest-ServersWithSpecificFlavorTestJSON-916583283-project] Notify callbacks [] for security_group_rule, before_create {{(pid=94791) _notify_loop /usr/local/lib/python3.8/dist-packages/neutron_lib/callbacks/manager.py:192}}
Aug 26 17:10:36.852199 n-d-806131-1 neutron-server[94791]: DEBUG neutron_lib.callbacks.manager [None req-460eecf8-ddfe-4f98-96f4-8034632735d4 admin admin] Notify callbacks ['neutron.plugins.ml2.ovo_rpc._ObjectChangeHandler.handle_event-567735', 'neutron.api.rpc.agentnotifiers.dhcp_rpc_agent_api.DhcpAgentNotifyAPI._native_event_send_dhcp_notification-586887'] for subnet, after_create {{(pid=94791) _notify_loop /usr/local/lib/python3.8/dist-packages/neutron_lib/callbacks/manager.py:192}}
Aug 26 17:10:36.988143 n-d-806131-1 neutron-server[94792]: DEBUG neutron_lib.callbacks.manager [None req-8a6372aa-83e3-4c85-a9fc-17e99ccfd4bb None None] Notify callbacks ['neutron.services.segments.db._update_segment_host_mapping_for_agent-8777342141404', 'neutron.plugins.ml2.plugin.Ml2Plugin._retry_binding_revived_agents-4068213'] for agent, after_update {{(pid=94792) _notify_loop /usr/local/lib/python3.8/dist-packages/neutron_lib/callbacks/manager.py:192}}
Aug 26 17:10:37.013714 n-d-806131-1 neutron-server[94791]: DEBUG neutron.plugins.ml2.drivers.mech_agent [None req-460eecf8-ddfe-4f98-96f4-8034632735d4 admin admin] Checking segment: {'id': '2330d1a0-3a05-4a15-8913-b3772a71be06', 'network_type': 'vlan', 'physical_network': 'physnet1', 'segmentation_id': 98, 'network_id': 'beef803a-bbaa-431f-be9f-5bb00681b799'} for mappings: {'physnet1': 'br-data'} with network types: ['local', 'flat', 'vlan'] {{(pid=94791) check_segment_for_agent /opt/stack/neutron/neutron/plugins/ml2/drivers/mech_agent.py:352}}
Aug 26 17:10:37.014158 n-d-806131-1 neutron-server[94791]: DEBUG neutron.scheduler.dhcp_agent_scheduler [None req-460eecf8-ddfe-4f98-96f4-8034632735d4 admin admin] Network hostable DHCP agents. Network: beef803a-bbaa-431f-be9f-5bb00681b799, hostable agents: ['7d1e1f38-41ac-40b5-bec0-7013be4658fb'], hosted agents: [] {{(pid=94791) _get_network_hostable_dhcp_agents /opt/stack/neutron/neutron/scheduler/dhcp_agent_scheduler.py:329}}
Aug 26 17:10:37.036894 n-d-806131-1 neutron-server[94791]: DEBUG neutron.api.rpc.handlers.resources_rpc [None req-460eecf8-ddfe-4f98-96f4-8034632735d4 admin admin] Pushing event updated for resources: {'Subnet': ['ID=acd358ba-72eb-4c3f-828f-448bd0ada541,revision_number=0']} {{(pid=94791) push /opt/stack/neutron/neutron/api/rpc/handlers/resources_rpc.py:237}}
Aug 26 17:10:37.045335 n-d-806131-1 neutron-server[94791]: DEBUG neutron.scheduler.dhcp_agent_scheduler [None req-460eecf8-ddfe-4f98-96f4-8034632735d4 admin admin] Network beef803a-bbaa-431f-be9f-5bb00681b799 is scheduled to be hosted by DHCP agent 7d1e1f38-41ac-40b5-bec0-7013be4658fb with binding_index 1 {{(pid=94791) bind /opt/stack/neutron/neutron/scheduler/dhcp_agent_scheduler.py:227}}
Aug 26 17:10:37.063241 n-d-806131-1 neutron-server[94791]: DEBUG neutron.scheduler.base_scheduler [None req-460eecf8-ddfe-4f98-96f4-8034632735d4 admin admin] Resources bound (agent type, host, resource id): (DHCP agent, n-d-806131-1, beef803a-bbaa-431f-be9f-5bb00681b799) {{(pid=94791) schedule /opt/stack/neutron/neutron/scheduler/base_scheduler.py:57}}
Aug 26 17:10:37.079129 n-d-806131-1 neutron-server[94791]: DEBUG neutron.pecan_wsgi.hooks.policy_enforcement [None req-460eecf8-ddfe-4f98-96f4-8034632735d4 admin admin] Attributes excluded by policy engine: ['standard_attr_id', 'shared', 'network'] {{(pid=94791) _exclude_attributes_by_policy /opt/stack/neutron/neutron/pecan_wsgi/hooks/policy_enforcement.py:255}}
Aug 26 17:10:37.079995 n-d-806131-1 neutron-server[94791]: DEBUG neutron_lib.callbacks.manager [None req-460eecf8-ddfe-4f98-96f4-8034632735d4 admin admin] Notify callbacks ['neutron.api.rpc.agentnotifiers.dhcp_rpc_agent_api.DhcpAgentNotifyAPI._send_dhcp_notification-586869'] for subnet, before_response {{(pid=94791) _notify_loop /usr/local/lib/python3.8/dist-packages/neutron_lib/callbacks/manager.py:192}}
Aug 26 17:10:37.081574 n-d-806131-1 neutron-server[94792]: DEBUG neutron.api.rpc.handlers.dhcp_rpc [None req-c14b2a63-f92d-4788-9bcb-d0926675078c None None] Network beef803a-bbaa-431f-be9f-5bb00681b799 requested from n-d-806131-1 {{(pid=94792) get_network_info /opt/stack/neutron/neutron/api/rpc/handlers/dhcp_rpc.py:218}}
Aug 26 17:10:37.121281 n-d-806131-1 neutron-server[94791]: INFO neutron.wsgi [None req-460eecf8-ddfe-4f98-96f4-8034632735d4 admin admin] 10.222.0.48 "POST /v2.0/subnets HTTP/1.1" status: 201 len: 858 time: 1.3270087
Aug 26 17:10:37.145133 n-d-806131-1 neutron-server[94791]: DEBUG neutron_lib.callbacks.manager [None req-fb8737be-2b28-4c3b-90ca-fdbb3e80ee2e tempest-ServersWithSpecificFlavorTestJSON-916583283 tempest-ServersWithSpecificFlavorTestJSON-916583283-project] Notify callbacks [] for security_group_rule, precommit_create {{(pid=94791) _notify_loop /usr/local/lib/python3.8/dist-packages/neutron_lib/callbacks/manager.py:192}}
Aug 26 17:10:37.155578 n-d-806131-1 neutron-server[94791]: DEBUG neutron_lib.callbacks.manager [None req-fb8737be-2b28-4c3b-90ca-fdbb3e80ee2e tempest-ServersWithSpecificFlavorTestJSON-916583283 tempest-ServersWithSpecificFlavorTestJSON-916583283-project] Notify callbacks ['neutron.plugins.ml2.ovo_rpc._ObjectChangeHandler.handle_event-37137'] for security_group_rule, after_create {{(pid=94791) _notify_loop /usr/local/lib/python3.8/dist-packages/neutron_lib/callbacks/manager.py:192}}
Aug 26 17:10:37.199454 n-d-806131-1 neutron-server[94791]: DEBUG neutron_lib.callbacks.manager [None req-fb8737be-2b28-4c3b-90ca-fdbb3e80ee2e tempest-ServersWithSpecificFlavorTestJSON-916583283 tempest-ServersWithSpecificFlavorTestJSON-916583283-project] Notify callbacks [] for security_group_rule, before_response {{(pid=94791) _notify_loop /usr/local/lib/python3.8/dist-packages/neutron_lib/callbacks/manager.py:192}}
Aug 26 17:10:37.201058 n-d-806131-1 neutron-server[94791]: INFO neutron.wsgi [None req-fb8737be-2b28-4c3b-90ca-fdbb3e80ee2e tempest-ServersWithSpecificFlavorTestJSON-916583283 tempest-ServersWithSpecificFlavorTestJSON-916583283-project] 10.222.0.48 "POST /v2.0/security-group-rules HTTP/1.1" status: 201 len: 769 time: 0.5103176
Aug 26 17:10:37.202195 n-d-806131-1 neutron-server[94791]: DEBUG neutron.api.rpc.handlers.resources_rpc [None req-fb8737be-2b28-4c3b-90ca-fdbb3e80ee2e tempest-ServersWithSpecificFlavorTestJSON-916583283 tempest-ServersWithSpecificFlavorTestJSON-916583283-project] Pushing event updated for resources: {'SecurityGroupRule': ['ID=368b03f4-8eb2-4d2d-ac9d-32e8735e42ad,revision_number=0']} {{(pid=94791) push /opt/stack/neutron/neutron/api/rpc/handlers/resources_rpc.py:237}}
Aug 26 17:10:37.204541 n-d-806131-1 neutron-server[94791]: DEBUG neutron.wsgi [-] (94791) accepted ('10.222.0.48', 51390) {{(pid=94791) server /usr/local/lib/python3.8/dist-packages/eventlet/wsgi.py:982}}
Aug 26 17:10:37.209822 n-d-806131-1 neutron-server[94791]: DEBUG neutron.api.v2.base [None req-5d7010f6-4eae-4151-bbfa-147bc5a5882a tempest-ServersWithSpecificFlavorTestJSON-916583283 tempest-ServersWithSpecificFlavorTestJSON-916583283-project] Request body: {'floatingip': {'floating_network_id': 'ed2fa408-1e65-46eb-9c31-c155edf3d767'}} {{(pid=94791) prepare_request_body /opt/stack/neutron/neutron/api/v2/base.py:730}}
Aug 26 17:10:37.248842 n-d-806131-1 neutron-server[94791]: DEBUG neutron_lib.callbacks.manager [None req-5d7010f6-4eae-4151-bbfa-147bc5a5882a tempest-ServersWithSpecificFlavorTestJSON-916583283 tempest-ServersWithSpecificFlavorTestJSON-916583283-project] Notify callbacks [] for floatingip, before_create {{(pid=94791) _notify_loop /usr/local/lib/python3.8/dist-packages/neutron_lib/callbacks/manager.py:192}}
Aug 26 17:10:37.262446 n-d-806131-1 neutron-server[94790]: DEBUG neutron_lib.callbacks.manager [req-82fda5ee-5008-49df-b9a5-13d7c56ea73b req-59828c6d-86a7-417b-9cad-2cf275dcea76 tempest-AggregatesAdminTestJSON-2015020441 tempest-AggregatesAdminTestJSON-2015020441-project] Notify callbacks [] for port, precommit_create {{(pid=94790) _notify_loop /usr/local/lib/python3.8/dist-packages/neutron_lib/callbacks/manager.py:192}}
Aug 26 17:10:37.297300 n-d-806131-1 neutron-server[94792]: DEBUG neutron.plugins.ml2.rpc [None req-c02b9175-dc94-4bd3-b951-b6ac77079317 None None] Device a1b97b66-813c-42a0-b515-b3beb6a1154f up at agent ovs-agent-n-d-806131-1 {{(pid=94792) update_device_up /opt/stack/neutron/neutron/plugins/ml2/rpc.py:296}}
Aug 26 17:10:37.335600 n-d-806131-1 neutron-server[94790]: DEBUG neutron.db.provisioning_blocks [req-82fda5ee-5008-49df-b9a5-13d7c56ea73b req-59828c6d-86a7-417b-9cad-2cf275dcea76 tempest-AggregatesAdminTestJSON-2015020441 tempest-AggregatesAdminTestJSON-2015020441-project] Transition to ACTIVE for port object fbafff30-71c0-4487-bfe1-472ba73f9243 will not be triggered until provisioned by entity DHCP. {{(pid=94790) add_provisioning_component /opt/stack/neutron/neutron/db/provisioning_blocks.py:73}}
Aug 26 17:10:37.373864 n-d-806131-1 neutron-server[94792]: DEBUG neutron.db.provisioning_blocks [None req-c02b9175-dc94-4bd3-b951-b6ac77079317 None None] Provisioning for port a1b97b66-813c-42a0-b515-b3beb6a1154f completed by entity L2. {{(pid=94792) provisioning_complete /opt/stack/neutron/neutron/db/provisioning_blocks.py:133}}
Aug 26 17:10:37.381860 n-d-806131-1 neutron-server[94792]: DEBUG neutron.db.provisioning_blocks [None req-c02b9175-dc94-4bd3-b951-b6ac77079317 None None] Provisioning complete for port a1b97b66-813c-42a0-b515-b3beb6a1154f triggered by entity L2. {{(pid=94792) provisioning_complete /opt/stack/neutron/neutron/db/provisioning_blocks.py:139}}
Aug 26 17:10:37.382235 n-d-806131-1 neutron-server[94792]: DEBUG neutron_lib.callbacks.manager [None req-c02b9175-dc94-4bd3-b951-b6ac77079317 None None] Notify callbacks ['neutron.plugins.ml2.plugin.Ml2Plugin._port_provisioned-4068294'] for port, provisioning_complete {{(pid=94792) _notify_loop /usr/local/lib/python3.8/dist-packages/neutron_lib/callbacks/manager.py:192}}
Aug 26 17:10:37.479434 n-d-806131-1 neutron-server[94790]: INFO neutron.wsgi [req-70011074-9c1d-41ce-991d-1271e9f3d88d req-2491ec6c-8272-4de1-a5dd-f195121289fe tempest-AggregatesAdminTestJSON-2015020441 tempest-AggregatesAdminTestJSON-2015020441-project] 10.222.0.48 "GET /v2.0/ports?device_id=0a8fc9c6-fdc8-47dd-9a73-85ac4d09ac50 HTTP/1.1" status: 200 len: 210 time: 0.5311136
Aug 26 17:10:37.482777 n-d-806131-1 neutron-server[94790]: DEBUG neutron_lib.callbacks.manager [req-82fda5ee-5008-49df-b9a5-13d7c56ea73b req-59828c6d-86a7-417b-9cad-2cf275dcea76 tempest-AggregatesAdminTestJSON-2015020441 tempest-AggregatesAdminTestJSON-2015020441-project] Notify callbacks ['neutron.plugins.ml2.plugin.SecurityGroupServerNotifierRpcMixin._notify_sg_on_port_change-3738880', 'neutron.plugins.ml2.ovo_rpc._ObjectChangeHandler.handle_event-520481', 'neutron.api.rpc.agentnotifiers.dhcp_rpc_agent_api.DhcpAgentNotifyAPI._native_event_send_dhcp_notification-586887', 'neutron.db.l3_dvrscheduler_db._notify_l3_agent_new_port-8777341643524'] for port, after_create {{(pid=94790) _notify_loop /usr/local/lib/python3.8/dist-packages/neutron_lib/callbacks/manager.py:192}}
Aug 26 17:10:37.841090 n-d-806131-1 neutron-server[94791]: DEBUG neutron_lib.callbacks.manager [None req-5d7010f6-4eae-4151-bbfa-147bc5a5882a tempest-ServersWithSpecificFlavorTestJSON-916583283 tempest-ServersWithSpecificFlavorTestJSON-916583283-project] Notify callbacks ['neutron.plugins.ml2.plugin.SecurityGroupDbMixin._ensure_default_security_group_handler-3738959'] for port, before_create {{(pid=94791) _notify_loop /usr/local/lib/python3.8/dist-packages/neutron_lib/callbacks/manager.py:192}}
Aug 26 17:10:37.862357 n-d-806131-1 neutron-server[94790]: DEBUG neutron.scheduler.dhcp_agent_scheduler [req-82fda5ee-5008-49df-b9a5-13d7c56ea73b req-59828c6d-86a7-417b-9cad-2cf275dcea76 tempest-AggregatesAdminTestJSON-2015020441 tempest-AggregatesAdminTestJSON-2015020441-project] Network e351b74d-0b1c-47c3-8f02-c1d1e832c7c4 is already hosted by enough agents. {{(pid=94790) _get_dhcp_agents_hosting_network /opt/stack/neutron/neutron/scheduler/dhcp_agent_scheduler.py:275}}
Aug 26 17:10:37.866093 n-d-806131-1 neutron-server[94790]: DEBUG neutron.api.rpc.handlers.resources_rpc [None req-59828c6d-86a7-417b-9cad-2cf275dcea76 tempest-AggregatesAdminTestJSON-2015020441 tempest-AggregatesAdminTestJSON-2015020441-project] Pushing event updated for resources: {'Port': ['ID=fbafff30-71c0-4487-bfe1-472ba73f9243,revision_number=1']} {{(pid=94790) push /opt/stack/neutron/neutron/api/rpc/handlers/resources_rpc.py:237}}
Aug 26 17:10:37.890817 n-d-806131-1 neutron-server[94790]: DEBUG neutron.scheduler.base_scheduler [req-82fda5ee-5008-49df-b9a5-13d7c56ea73b req-59828c6d-86a7-417b-9cad-2cf275dcea76 tempest-AggregatesAdminTestJSON-2015020441 tempest-AggregatesAdminTestJSON-2015020441-project] Resources bound (agent type, host, resource id): {{(pid=94790) schedule /opt/stack/neutron/neutron/scheduler/base_scheduler.py:57}}
Aug 26 17:10:37.895489 n-d-806131-1 neutron-server[94790]: DEBUG neutron.db.l3_dvrscheduler_db [req-82fda5ee-5008-49df-b9a5-13d7c56ea73b req-59828c6d-86a7-417b-9cad-2cf275dcea76 tempest-AggregatesAdminTestJSON-2015020441 tempest-AggregatesAdminTestJSON-2015020441-project] Received port after_create {{(pid=94790) _notify_l3_agent_new_port /opt/stack/neutron/neutron/db/l3_dvrscheduler_db.py:535}}
Aug 26 17:10:37.925829 n-d-806131-1 neutron-server[94790]: DEBUG neutron.pecan_wsgi.hooks.policy_enforcement [req-82fda5ee-5008-49df-b9a5-13d7c56ea73b req-59828c6d-86a7-417b-9cad-2cf275dcea76 tempest-AggregatesAdminTestJSON-2015020441 tempest-AggregatesAdminTestJSON-2015020441-project] Attributes excluded by policy engine: ['standard_attr_id', 'binding:profile', 'binding:host_id', 'binding:vif_type', 'binding:vif_details', 'network'] {{(pid=94790) _exclude_attributes_by_policy /opt/stack/neutron/neutron/pecan_wsgi/hooks/policy_enforcement.py:255}}
Aug 26 17:10:37.928454 n-d-806131-1 neutron-server[94790]: DEBUG neutron_lib.callbacks.manager [req-82fda5ee-5008-49df-b9a5-13d7c56ea73b req-59828c6d-86a7-417b-9cad-2cf275dcea76 tempest-AggregatesAdminTestJSON-2015020441 tempest-AggregatesAdminTestJSON-2015020441-project] Notify callbacks ['neutron.notifiers.nova.Notifier._send_nova_notification-158690', 'neutron.api.rpc.agentnotifiers.dhcp_rpc_agent_api.DhcpAgentNotifyAPI._send_dhcp_notification-586869'] for port, before_response {{(pid=94790) _notify_loop /usr/local/lib/python3.8/dist-packages/neutron_lib/callbacks/manager.py:192}}
Aug 26 17:10:37.953169 n-d-806131-1 neutron-server[94792]: DEBUG neutron.api.rpc.handlers.dhcp_rpc [None req-aeaf2880-93b7-41d3-b28f-a5ffe6a1c97c None None] Network beef803a-bbaa-431f-be9f-5bb00681b799 requested from n-d-806131-1 {{(pid=94792) get_network_info /opt/stack/neutron/neutron/api/rpc/handlers/dhcp_rpc.py:218}}
Aug 26 17:10:37.997659 n-d-806131-1 neutron-server[94790]: INFO neutron.wsgi [req-82fda5ee-5008-49df-b9a5-13d7c56ea73b req-59828c6d-86a7-417b-9cad-2cf275dcea76 tempest-AggregatesAdminTestJSON-2015020441 tempest-AggregatesAdminTestJSON-2015020441-project] 10.222.0.53 "POST /v2.0/ports HTTP/1.1" status: 201 len: 937 time: 3.2935750
Aug 26 17:10:38.021779 n-d-806131-1 neutron-server[94790]: DEBUG neutron.wsgi [req-82fda5ee-5008-49df-b9a5-13d7c56ea73b req-8a39baa9-2801-4a7d-b58f-06d7c92c3f1a tempest-AggregatesAdminTestJSON-2015020441 tempest-AggregatesAdminTestJSON-2015020441-project] http://10.222.0.48:9696/v2.0/extensions returned with HTTP 200 {{(pid=94790) __call__ /opt/stack/neutron/neutron/wsgi.py:729}}
Aug 26 17:10:38.036275 n-d-806131-1 neutron-server[94790]: INFO neutron.wsgi [req-82fda5ee-5008-49df-b9a5-13d7c56ea73b req-8a39baa9-2801-4a7d-b58f-06d7c92c3f1a tempest-AggregatesAdminTestJSON-2015020441 tempest-AggregatesAdminTestJSON-2015020441-project] 10.222.0.53 "GET /v2.0/extensions HTTP/1.1" status: 200 len: 13640 time: 0.0098619
Aug 26 17:10:38.185744 n-d-806131-1 neutron-server[94792]: DEBUG neutron_lib.callbacks.manager [None req-02227cf8-c8dc-494a-93c7-f348e4a69b9d None None] Notify callbacks ['neutron.services.segments.db._update_segment_host_mapping_for_agent-8777342141404', 'neutron.plugins.ml2.plugin.Ml2Plugin._retry_binding_revived_agents-4068213'] for agent, after_update {{(pid=94792) _notify_loop /usr/local/lib/python3.8/dist-packages/neutron_lib/callbacks/manager.py:192}}
Aug 26 17:10:38.186262 n-d-806131-1 neutron-server[94791]: DEBUG neutron.db.db_base_plugin_common [None req-5d7010f6-4eae-4151-bbfa-147bc5a5882a tempest-ServersWithSpecificFlavorTestJSON-916583283 tempest-ServersWithSpecificFlavorTestJSON-916583283-project] Allocated IP 172.25.8.251 (ed2fa408-1e65-46eb-9c31-c155edf3d767/2dc3bdaa-70d9-4631-a281-3a682a30bb15/86df4962-7fb2-4ba0-aab5-b8597e26ccd2) {{(pid=94791) _store_ip_allocation /opt/stack/neutron/neutron/db/db_base_plugin_common.py:131}}
Aug 26 17:10:38.294176 n-d-806131-1 neutron-server[94792]: DEBUG neutron_lib.callbacks.manager [None req-df344ecd-296d-418d-97d0-a0766b62a259 None None] Notify callbacks ['neutron.services.segments.db._update_segment_host_mapping_for_agent-8777342141404', 'neutron.plugins.ml2.plugin.Ml2Plugin._retry_binding_revived_agents-4068213'] for agent, after_update {{(pid=94792) _notify_loop /usr/local/lib/python3.8/dist-packages/neutron_lib/callbacks/manager.py:192}}
Aug 26 17:10:38.402315 n-d-806131-1 neutron-server[94791]: DEBUG neutron_lib.callbacks.manager [None req-5d7010f6-4eae-4151-bbfa-147bc5a5882a tempest-ServersWithSpecificFlavorTestJSON-916583283 tempest-ServersWithSpecificFlavorTestJSON-916583283-project] Notify callbacks [] for port, precommit_create {{(pid=94791) _notify_loop /usr/local/lib/python3.8/dist-packages/neutron_lib/callbacks/manager.py:192}}
Aug 26 17:10:38.425659 n-d-806131-1 neutron-server[94792]: DEBUG neutron_lib.callbacks.manager [None req-c02b9175-dc94-4bd3-b951-b6ac77079317 None None] Notify callbacks ['neutron.plugins.ml2.plugin.SecurityGroupDbMixin._ensure_default_security_group_handler-3738959'] for port, before_update {{(pid=94792) _notify_loop /usr/local/lib/python3.8/dist-packages/neutron_lib/callbacks/manager.py:192}}
Aug 26 17:10:38.483909 n-d-806131-1 neutron-server[94791]: DEBUG neutron_lib.callbacks.manager [None req-5d7010f6-4eae-4151-bbfa-147bc5a5882a tempest-ServersWithSpecificFlavorTestJSON-916583283 tempest-ServersWithSpecificFlavorTestJSON-916583283-project] Notify callbacks ['neutron.plugins.ml2.plugin.SecurityGroupServerNotifierRpcMixin._notify_sg_on_port_change-3738880', 'neutron.plugins.ml2.ovo_rpc._ObjectChangeHandler.handle_event-520481', 'neutron.api.rpc.agentnotifiers.dhcp_rpc_agent_api.DhcpAgentNotifyAPI._native_event_send_dhcp_notification-586887', 'neutron.db.l3_dvrscheduler_db._notify_l3_agent_new_port-8777341643524'] for port, after_create {{(pid=94791) _notify_loop /usr/local/lib/python3.8/dist-packages/neutron_lib/callbacks/manager.py:192}}
Aug 26 17:10:38.568423 n-d-806131-1 neutron-server[94792]: DEBUG neutron.db.provisioning_blocks [None req-fd76fded-516d-4d32-91a2-cc53420d446a None None] Provisioning for port fbafff30-71c0-4487-bfe1-472ba73f9243 completed by entity DHCP. {{(pid=94792) provisioning_complete /opt/stack/neutron/neutron/db/provisioning_blocks.py:133}}
Aug 26 17:10:38.591154 n-d-806131-1 neutron-server[94792]: DEBUG neutron.db.provisioning_blocks [None req-fd76fded-516d-4d32-91a2-cc53420d446a None None] Provisioning complete for port fbafff30-71c0-4487-bfe1-472ba73f9243 triggered by entity DHCP. {{(pid=94792) provisioning_complete /opt/stack/neutron/neutron/db/provisioning_blocks.py:139}}
Aug 26 17:10:38.592234 n-d-806131-1 neutron-server[94792]: DEBUG neutron_lib.callbacks.manager [None req-fd76fded-516d-4d32-91a2-cc53420d446a None None] Notify callbacks ['neutron.plugins.ml2.plugin.Ml2Plugin._port_provisioned-4068294'] for port, provisioning_complete {{(pid=94792) _notify_loop /usr/local/lib/python3.8/dist-packages/neutron_lib/callbacks/manager.py:192}}
Aug 26 17:10:38.650815 n-d-806131-1 neutron-server[94791]: DEBUG neutron.scheduler.dhcp_agent_scheduler [None req-5d7010f6-4eae-4151-bbfa-147bc5a5882a tempest-ServersWithSpecificFlavorTestJSON-916583283 tempest-ServersWithSpecificFlavorTestJSON-916583283-project] Network ed2fa408-1e65-46eb-9c31-c155edf3d767 is already hosted by enough agents. {{(pid=94791) _get_dhcp_agents_hosting_network /opt/stack/neutron/neutron/scheduler/dhcp_agent_scheduler.py:275}}
Aug 26 17:10:38.651245 n-d-806131-1 neutron-server[94791]: DEBUG neutron.scheduler.base_scheduler [None req-5d7010f6-4eae-4151-bbfa-147bc5a5882a tempest-ServersWithSpecificFlavorTestJSON-916583283 tempest-ServersWithSpecificFlavorTestJSON-916583283-project] Resources bound (agent type, host, resource id): {{(pid=94791) schedule /opt/stack/neutron/neutron/scheduler/base_scheduler.py:57}}
Aug 26 17:10:38.658967 n-d-806131-1 neutron-server[94791]: DEBUG neutron.db.l3_dvrscheduler_db [None req-5d7010f6-4eae-4151-bbfa-147bc5a5882a tempest-ServersWithSpecificFlavorTestJSON-916583283 tempest-ServersWithSpecificFlavorTestJSON-916583283-project] Received port after_create {{(pid=94791) _notify_l3_agent_new_port /opt/stack/neutron/neutron/db/l3_dvrscheduler_db.py:535}}
Aug 26 17:10:38.679258 n-d-806131-1 neutron-server[94792]: DEBUG neutron.plugins.ml2.db [None req-c02b9175-dc94-4bd3-b951-b6ac77079317 None None] For port a1b97b66-813c-42a0-b515-b3beb6a1154f, host n-d-806131-1, got binding levels [PortBindingLevel(driver='openvswitch',host='n-d-806131-1',level=0,port_id=a1b97b66-813c-42a0-b515-b3beb6a1154f,segment=NetworkSegment(f427b945-a95f-48ea-9eb5-ee2da95474c9),segment_id=f427b945-a95f-48ea-9eb5-ee2da95474c9)] {{(pid=94792) get_binding_level_objs /opt/stack/neutron/neutron/plugins/ml2/db.py:74}}
Aug 26 17:10:38.704408 n-d-806131-1 neutron-server[94792]: DEBUG neutron_lib.callbacks.manager [None req-c02b9175-dc94-4bd3-b951-b6ac77079317 None None] Notify callbacks ['neutron.plugins.ml2.plugin.SecurityGroupServerNotifierRpcMixin._notify_sg_on_port_change-3738880', 'neutron.plugins.ml2.ovo_rpc._ObjectChangeHandler.handle_event-520481', 'neutron.api.rpc.agentnotifiers.dhcp_rpc_agent_api.DhcpAgentNotifyAPI._native_event_send_dhcp_notification-586887', 'neutron.db.l3_db.L3RpcNotifierMixin._notify_gateway_port_ip_changed-8777342116913', 'neutron.db.l3_dvrscheduler_db._notify_l3_agent_port_update-8777341643542', 'neutron.db.l3_hascheduler_db._notify_l3_agent_ha_port_update-8777341643560'] for port, after_update {{(pid=94792) _notify_loop /usr/local/lib/python3.8/dist-packages/neutron_lib/callbacks/manager.py:192}}
Aug 26 17:10:38.748859 n-d-806131-1 neutron-server[94790]: DEBUG neutron.pecan_wsgi.hooks.policy_enforcement [req-fb69dfd6-d49b-436a-8853-65a38e05178e req-1347b77f-86bb-45e4-b22a-a3ca1a5f7a90 tempest-AggregatesAdminTestJSON-2015020441 tempest-AggregatesAdminTestJSON-2015020441-project] Attributes excluded by policy engine: ['standard_attr_id', 'binding:profile', 'binding:host_id', 'binding:vif_type', 'binding:vif_details'] {{(pid=94790) _exclude_attributes_by_policy /opt/stack/neutron/neutron/pecan_wsgi/hooks/policy_enforcement.py:255}}
Aug 26 17:10:38.763337 n-d-806131-1 neutron-server[94790]: INFO neutron.wsgi [req-fb69dfd6-d49b-436a-8853-65a38e05178e req-1347b77f-86bb-45e4-b22a-a3ca1a5f7a90 tempest-AggregatesAdminTestJSON-2015020441 tempest-AggregatesAdminTestJSON-2015020441-project] 10.222.0.48 "GET /v2.0/ports?device_id=0a8fc9c6-fdc8-47dd-9a73-85ac4d09ac50 HTTP/1.1" status: 200 len: 935 time: 0.1504810
Aug 26 17:10:38.783658 n-d-806131-1 neutron-server[94792]: DEBUG neutron.api.rpc.handlers.resources_rpc [None req-c02b9175-dc94-4bd3-b951-b6ac77079317 None None] Pushing event updated for resources: {'Port': ['ID=a1b97b66-813c-42a0-b515-b3beb6a1154f,revision_number=5']} {{(pid=94792) push /opt/stack/neutron/neutron/api/rpc/handlers/resources_rpc.py:237}}
Aug 26 17:10:38.843160 n-d-806131-1 neutron-server[94792]: DEBUG neutron.plugins.ml2.plugin [None req-fd76fded-516d-4d32-91a2-cc53420d446a None None] Port fbafff30-71c0-4487-bfe1-472ba73f9243 cannot update to ACTIVE because it is not bound. {{(pid=94792) _port_provisioned /opt/stack/neutron/neutron/plugins/ml2/plugin.py:337}}
Aug 26 17:10:38.884441 n-d-806131-1 neutron-server[94790]: INFO neutron.wsgi [req-fb69dfd6-d49b-436a-8853-65a38e05178e req-20b6ebd9-a6fe-40f9-873e-f9756317e128 tempest-AggregatesAdminTestJSON-2015020441 tempest-AggregatesAdminTestJSON-2015020441-project] 10.222.0.48 "GET /v2.0/security-groups?id=88e75336-5979-473e-9047-98948445a6eb&fields=id&fields=name HTTP/1.1" status: 200 len: 286 time: 0.1117191
Aug 26 17:10:38.898998 n-d-806131-1 neutron-server[94791]: DEBUG neutron_lib.callbacks.manager [None req-5d7010f6-4eae-4151-bbfa-147bc5a5882a tempest-ServersWithSpecificFlavorTestJSON-916583283 tempest-ServersWithSpecificFlavorTestJSON-916583283-project] Notify callbacks [] for floatingip, precommit_create {{(pid=94791) _notify_loop /usr/local/lib/python3.8/dist-packages/neutron_lib/callbacks/manager.py:192}}
Aug 26 17:10:38.903976 n-d-806131-1 neutron-server[94791]: DEBUG neutron.api.rpc.handlers.resources_rpc [None req-5d7010f6-4eae-4151-bbfa-147bc5a5882a tempest-ServersWithSpecificFlavorTestJSON-916583283 tempest-ServersWithSpecificFlavorTestJSON-916583283-project] Pushing event updated for resources: {'Port': ['ID=86df4962-7fb2-4ba0-aab5-b8597e26ccd2,revision_number=1']} {{(pid=94791) push /opt/stack/neutron/neutron/api/rpc/handlers/resources_rpc.py:237}}
Aug 26 17:10:38.973753 n-d-806131-1 neutron-server[94791]: DEBUG neutron_lib.callbacks.manager [None req-5d7010f6-4eae-4151-bbfa-147bc5a5882a tempest-ServersWithSpecificFlavorTestJSON-916583283 tempest-ServersWithSpecificFlavorTestJSON-916583283-project] Notify callbacks ['neutron.plugins.ml2.plugin.SecurityGroupDbMixin._ensure_default_security_group_handler-3738959'] for port, before_update {{(pid=94791) _notify_loop /usr/local/lib/python3.8/dist-packages/neutron_lib/callbacks/manager.py:192}}
Aug 26 17:10:39.186076 n-d-806131-1 neutron-server[94792]: DEBUG neutron.plugins.ml2.rpc [None req-c02b9175-dc94-4bd3-b951-b6ac77079317 None None] Device a1b97b66-813c-42a0-b515-b3beb6a1154f up at agent ovs-agent-n-d-806131-1 {{(pid=94792) update_device_up /opt/stack/neutron/neutron/plugins/ml2/rpc.py:296}}
Aug 26 17:10:39.317765 n-d-806131-1 neutron-server[94790]: DEBUG neutron.api.v2.base [req-82fda5ee-5008-49df-b9a5-13d7c56ea73b req-7ec580ea-5db9-407a-a130-214e8d29d910 service neutron] Request body: {'port': {'device_id': '0a8fc9c6-fdc8-47dd-9a73-85ac4d09ac50', 'device_owner': 'compute:tempest-test_az-1528981118', 'binding:host_id': 'n-h2-806131-1'}} {{(pid=94790) prepare_request_body /opt/stack/neutron/neutron/api/v2/base.py:730}}
Aug 26 17:10:39.364969 n-d-806131-1 neutron-server[94792]: DEBUG neutron.db.provisioning_blocks [None req-c02b9175-dc94-4bd3-b951-b6ac77079317 None None] Provisioning complete for port a1b97b66-813c-42a0-b515-b3beb6a1154f triggered by entity L2. {{(pid=94792) provisioning_complete /opt/stack/neutron/neutron/db/provisioning_blocks.py:139}}
Aug 26 17:10:39.365351 n-d-806131-1 neutron-server[94792]: DEBUG neutron_lib.callbacks.manager [None req-c02b9175-dc94-4bd3-b951-b6ac77079317 None None] Notify callbacks ['neutron.plugins.ml2.plugin.Ml2Plugin._port_provisioned-4068294'] for port, provisioning_complete {{(pid=94792) _notify_loop /usr/local/lib/python3.8/dist-packages/neutron_lib/callbacks/manager.py:192}}
Aug 26 17:10:39.377550 n-d-806131-1 neutron-server[94792]: DEBUG neutron_lib.callbacks.manager [None req-57d630d5-3582-4919-883b-9af63ca9d84d None None] Notify callbacks ['neutron.services.segments.db._update_segment_host_mapping_for_agent-8777342141404', 'neutron.plugins.ml2.plugin.Ml2Plugin._retry_binding_revived_agents-4068213'] for agent, after_update {{(pid=94792) _notify_loop /usr/local/lib/python3.8/dist-packages/neutron_lib/callbacks/manager.py:192}}
Aug 26 17:10:39.498977 n-d-806131-1 neutron-server[94791]: DEBUG neutron_lib.callbacks.manager [None req-5d7010f6-4eae-4151-bbfa-147bc5a5882a tempest-ServersWithSpecificFlavorTestJSON-916583283 tempest-ServersWithSpecificFlavorTestJSON-916583283-project] Notify callbacks [] for port, precommit_update {{(pid=94791) _notify_loop /usr/local/lib/python3.8/dist-packages/neutron_lib/callbacks/manager.py:192}}
Aug 26 17:10:39.511142 n-d-806131-1 neutron-server[94791]: DEBUG neutron_lib.callbacks.manager [None req-5d7010f6-4eae-4151-bbfa-147bc5a5882a tempest-ServersWithSpecificFlavorTestJSON-916583283 tempest-ServersWithSpecificFlavorTestJSON-916583283-project] Notify callbacks ['neutron.plugins.ml2.plugin.SecurityGroupServerNotifierRpcMixin._notify_sg_on_port_change-3738880', 'neutron.plugins.ml2.ovo_rpc._ObjectChangeHandler.handle_event-520481', 'neutron.api.rpc.agentnotifiers.dhcp_rpc_agent_api.DhcpAgentNotifyAPI._native_event_send_dhcp_notification-586887', 'neutron.db.l3_db.L3RpcNotifierMixin._notify_gateway_port_ip_changed-8777342116913', 'neutron.db.l3_dvrscheduler_db._notify_l3_agent_port_update-8777341643542', 'neutron.db.l3_hascheduler_db._notify_l3_agent_ha_port_update-8777341643560'] for port, after_update {{(pid=94791) _notify_loop /usr/local/lib/python3.8/dist-packages/neutron_lib/callbacks/manager.py:192}}
Aug 26 17:10:39.610372 n-d-806131-1 neutron-server[94791]: DEBUG neutron_lib.callbacks.manager [None req-5d7010f6-4eae-4151-bbfa-147bc5a5882a tempest-ServersWithSpecificFlavorTestJSON-916583283 tempest-ServersWithSpecificFlavorTestJSON-916583283-project] Notify callbacks ['neutron.services.l3_router.l3_router_plugin.DVRResourceOperationHandler._create_dvr_floating_gw_port-973716'] for floatingip, after_create {{(pid=94791) _notify_loop /usr/local/lib/python3.8/dist-packages/neutron_lib/callbacks/manager.py:192}}
Aug 26 17:10:39.678955 n-d-806131-1 neutron-server[94790]: DEBUG neutron_lib.callbacks.manager [req-82fda5ee-5008-49df-b9a5-13d7c56ea73b req-7ec580ea-5db9-407a-a130-214e8d29d910 service neutron] Notify callbacks ['neutron.plugins.ml2.plugin.SecurityGroupDbMixin._ensure_default_security_group_handler-3738959'] for port, before_update {{(pid=94790) _notify_loop /usr/local/lib/python3.8/dist-packages/neutron_lib/callbacks/manager.py:192}}
Aug 26 17:10:39.694037 n-d-806131-1 neutron-server[94791]: DEBUG neutron_lib.callbacks.manager [None req-5d7010f6-4eae-4151-bbfa-147bc5a5882a tempest-ServersWithSpecificFlavorTestJSON-916583283 tempest-ServersWithSpecificFlavorTestJSON-916583283-project] Notify callbacks ['neutron.notifiers.nova.Notifier._send_nova_notification-158690'] for floatingip, before_response {{(pid=94791) _notify_loop /usr/local/lib/python3.8/dist-packages/neutron_lib/callbacks/manager.py:192}}
