Aug 26 17:11:28.702419 n-d-806131-1 devstack@placement-api.service[95272]: INFO placement.requestlog [req-2bfa5017-f409-427d-b158-ad66f1b1ec6f req-2ec38026-5477-4669-ae8b-06d34dc06d3f service placement] 10.222.0.48 "GET /placement/allocations/599b5426-99eb-4d43-b430-0cd0d44c968c" status: 200 len: 19 microversion: 1.28
Aug 26 17:11:28.703046 n-d-806131-1 devstack@placement-api.service[95272]: [pid: 95272|app: 0|req: 65/123] 10.222.0.48 () {60 vars in 1381 bytes} [Thu Aug 26 17:11:28 2021] GET /placement/allocations/599b5426-99eb-4d43-b430-0cd0d44c968c => generated 19 bytes in 17 msecs (HTTP/1.1 200) 8 headers in 295 bytes (1 switches on core 0)
Aug 26 17:11:28.709584 n-d-806131-1 devstack@placement-api.service[95273]: DEBUG placement.requestlog [req-2bfa5017-f409-427d-b158-ad66f1b1ec6f req-e714c5c1-7d07-4808-964e-4b89da90fb49 None None] Starting request: 10.222.0.48 "PUT /placement/allocations/599b5426-99eb-4d43-b430-0cd0d44c968c" {{(pid=95273) __call__ /opt/stack/placement/placement/requestlog.py:55}}
Aug 26 17:11:28.767005 n-d-806131-1 devstack@placement-api.service[95273]: DEBUG placement.handlers.allocation [req-2bfa5017-f409-427d-b158-ad66f1b1ec6f req-e714c5c1-7d07-4808-964e-4b89da90fb49 service placement] Successfully wrote allocations [, , ] {{(pid=95273) _create_allocations /opt/stack/placement/placement/handlers/allocation.py:461}}
Aug 26 17:11:28.771077 n-d-806131-1 devstack@placement-api.service[95273]: INFO placement.requestlog [req-2bfa5017-f409-427d-b158-ad66f1b1ec6f req-e714c5c1-7d07-4808-964e-4b89da90fb49 service placement] 10.222.0.48 "PUT /placement/allocations/599b5426-99eb-4d43-b430-0cd0d44c968c" status: 204 len: 0 microversion: 1.35
Aug 26 17:11:28.772541 n-d-806131-1 devstack@placement-api.service[95273]: [pid: 95273|app: 0|req: 59/124] 10.222.0.48 () {64 vars in 1434 bytes} [Thu Aug 26 17:11:28 2021] PUT /placement/allocations/599b5426-99eb-4d43-b430-0cd0d44c968c => generated 0 bytes in 63 msecs (HTTP/1.1 204) 5 headers in 199 bytes (1 switches on core 0)
Aug 26 17:11:28.875465 n-d-806131-1 devstack@placement-api.service[95272]: DEBUG placement.requestlog [None req-8cee7dc2-6791-4fe6-9149-2d8b36fa6e8e None None] Starting request: 10.222.0.48 "GET /placement/" {{(pid=95272) __call__ /opt/stack/placement/placement/requestlog.py:55}}
Aug 26 17:11:28.876839 n-d-806131-1 devstack@placement-api.service[95272]: INFO placement.requestlog [None req-8cee7dc2-6791-4fe6-9149-2d8b36fa6e8e None None] 10.222.0.48 "GET /placement/" status: 200 len: 136 microversion: 1.0
Aug 26 17:11:28.877535 n-d-806131-1 devstack@placement-api.service[95272]: [pid: 95272|app: 0|req: 66/125] 10.222.0.48 () {54 vars in 907 bytes} [Thu Aug 26 17:11:28 2021] GET /placement => generated 136 bytes in 2 msecs (HTTP/1.1 200) 6 headers in 224 bytes (1 switches on core 0)
Aug 26 17:11:28.893719 n-d-806131-1 devstack@placement-api.service[95273]: DEBUG placement.requestlog [req-ff0107e3-fbe6-4696-a45f-e5763942fa0d req-1b8e9dc9-2848-4d5d-87e1-90aff2da7e11 None None] Starting request: 10.222.0.48 "GET /placement/resource_providers/a2338fcd-bf03-49ab-b08a-02838bdc0614/traits" {{(pid=95273) __call__ /opt/stack/placement/placement/requestlog.py:55}}
Aug 26 17:11:29.206332 n-d-806131-1 devstack@placement-api.service[95272]: DEBUG placement.requestlog [req-2bfa5017-f409-427d-b158-ad66f1b1ec6f req-2f535fe4-4fbc-413d-9542-d81487ac4e2a None None] Starting request: 10.222.0.53 "GET /placement/allocations/599b5426-99eb-4d43-b430-0cd0d44c968c" {{(pid=95272) __call__ /opt/stack/placement/placement/requestlog.py:55}}
Aug 26 17:11:29.217838 n-d-806131-1 devstack@placement-api.service[95273]: INFO placement.requestlog [req-ff0107e3-fbe6-4696-a45f-e5763942fa0d req-1b8e9dc9-2848-4d5d-87e1-90aff2da7e11 service placement] 10.222.0.48 "GET /placement/resource_providers/a2338fcd-bf03-49ab-b08a-02838bdc0614/traits" status: 200 len: 212 microversion: 1.6
Aug 26 17:11:29.218380 n-d-806131-1 devstack@placement-api.service[95273]: [pid: 95273|app: 0|req: 60/126] 10.222.0.48 () {60 vars in 1413 bytes} [Thu Aug 26 17:11:28 2021] GET /placement/resource_providers/a2338fcd-bf03-49ab-b08a-02838bdc0614/traits => generated 212 bytes in 325 msecs (HTTP/1.1 200) 6 headers in 224 bytes (1 switches on core 0)
Aug 26 17:11:29.248122 n-d-806131-1 devstack@placement-api.service[95272]: INFO placement.requestlog [req-2bfa5017-f409-427d-b158-ad66f1b1ec6f req-2f535fe4-4fbc-413d-9542-d81487ac4e2a service placement] 10.222.0.53 "GET /placement/allocations/599b5426-99eb-4d43-b430-0cd0d44c968c" status: 200 len: 259 microversion: 1.28
Aug 26 17:11:29.248697 n-d-806131-1 devstack@placement-api.service[95272]: [pid: 95272|app: 0|req: 67/127] 10.222.0.53 () {60 vars in 1378 bytes} [Thu Aug 26 17:11:29 2021] GET /placement/allocations/599b5426-99eb-4d43-b430-0cd0d44c968c => generated 259 bytes in 42 msecs (HTTP/1.1 200) 8 headers in 296 bytes (2 switches on core 0)
Aug 26 17:11:29.823164 n-d-806131-1 devstack@placement-api.service[95273]: DEBUG placement.requestlog [None req-e0bc0003-1d7b-4478-a1e3-bb279fa0d1a1 None None] Starting request: 10.222.0.48 "GET /placement/" {{(pid=95273) __call__ /opt/stack/placement/placement/requestlog.py:55}}
Aug 26 17:11:29.824331 n-d-806131-1 devstack@placement-api.service[95273]: INFO placement.requestlog [None req-e0bc0003-1d7b-4478-a1e3-bb279fa0d1a1 None None] 10.222.0.48 "GET /placement/" status: 200 len: 136 microversion: 1.0
Aug 26 17:11:29.825175 n-d-806131-1 devstack@placement-api.service[95273]: [pid: 95273|app: 0|req: 61/128] 10.222.0.48 () {54 vars in 916 bytes} [Thu Aug 26 17:11:29 2021] GET /placement => generated 136 bytes in 2 msecs (HTTP/1.1 200) 6 headers in 224 bytes (1 switches on core 0)
Aug 26 17:11:29.833813 n-d-806131-1 devstack@placement-api.service[95272]: DEBUG placement.requestlog [req-ff0107e3-fbe6-4696-a45f-e5763942fa0d req-07e6c550-405d-4979-b437-2d473c7f8cdd None None] Starting request: 10.222.0.48 "GET /placement/allocations/da125d51-44f2-4d0b-be0e-fd8aa581ce99" {{(pid=95272) __call__ /opt/stack/placement/placement/requestlog.py:55}}
Aug 26 17:11:30.017259 n-d-806131-1 devstack@placement-api.service[95272]: INFO placement.requestlog [req-ff0107e3-fbe6-4696-a45f-e5763942fa0d req-07e6c550-405d-4979-b437-2d473c7f8cdd service placement] 10.222.0.48 "GET /placement/allocations/da125d51-44f2-4d0b-be0e-fd8aa581ce99" status: 200 len: 259 microversion: 1.28
Aug 26 17:11:30.026421 n-d-806131-1 devstack@placement-api.service[95273]: DEBUG placement.requestlog [req-ff0107e3-fbe6-4696-a45f-e5763942fa0d req-f471e3e4-1964-4042-8712-f2696d24ef7a None None] Starting request: 10.222.0.48 "GET /placement/allocations/da125d51-44f2-4d0b-be0e-fd8aa581ce99" {{(pid=95273) __call__ /opt/stack/placement/placement/requestlog.py:55}}
Aug 26 17:11:30.034021 n-d-806131-1 devstack@placement-api.service[95272]: [pid: 95272|app: 0|req: 68/129] 10.222.0.48 () {60 vars in 1381 bytes} [Thu Aug 26 17:11:29 2021] GET /placement/allocations/da125d51-44f2-4d0b-be0e-fd8aa581ce99 => generated 259 bytes in 194 msecs (HTTP/1.1 200) 8 headers in 296 bytes (1 switches on core 0)
Aug 26 17:11:30.043978 n-d-806131-1 devstack@placement-api.service[95273]: INFO placement.requestlog [req-ff0107e3-fbe6-4696-a45f-e5763942fa0d req-f471e3e4-1964-4042-8712-f2696d24ef7a service placement] 10.222.0.48 "GET /placement/allocations/da125d51-44f2-4d0b-be0e-fd8aa581ce99" status: 200 len: 259 microversion: 1.28
Aug 26 17:11:30.044633 n-d-806131-1 devstack@placement-api.service[95273]: [pid: 95273|app: 0|req: 62/130] 10.222.0.48 () {60 vars in 1381 bytes} [Thu Aug 26 17:11:30 2021] GET /placement/allocations/da125d51-44f2-4d0b-be0e-fd8aa581ce99 => generated 259 bytes in 18 msecs (HTTP/1.1 200) 8 headers in 296 bytes (2 switches on core 0)
Aug 26 17:11:30.053411 n-d-806131-1 devstack@placement-api.service[95272]: DEBUG placement.requestlog [req-ff0107e3-fbe6-4696-a45f-e5763942fa0d req-84471278-f27a-4c6e-8014-f71b143d3010 None None] Starting request: 10.222.0.48 "GET /placement/allocations/1468dae2-5713-4558-b3aa-8c4994e91e60" {{(pid=95272) __call__ /opt/stack/placement/placement/requestlog.py:55}}
Aug 26 17:11:30.070472 n-d-806131-1 devstack@placement-api.service[95272]: INFO placement.requestlog [req-ff0107e3-fbe6-4696-a45f-e5763942fa0d req-84471278-f27a-4c6e-8014-f71b143d3010 service placement] 10.222.0.48 "GET /placement/allocations/1468dae2-5713-4558-b3aa-8c4994e91e60" status: 200 len: 19 microversion: 1.28
Aug 26 17:11:30.076476 n-d-806131-1 devstack@placement-api.service[95272]: [pid: 95272|app: 0|req: 69/131] 10.222.0.48 () {60 vars in 1381 bytes} [Thu Aug 26 17:11:30 2021] GET /placement/allocations/1468dae2-5713-4558-b3aa-8c4994e91e60 => generated 19 bytes in 24 msecs (HTTP/1.1 200) 8 headers in 295 bytes (1 switches on core 0)
Aug 26 17:11:30.077261 n-d-806131-1 devstack@placement-api.service[95273]: DEBUG placement.requestlog [req-ff0107e3-fbe6-4696-a45f-e5763942fa0d req-70f0e237-6bcf-485f-b037-36f0fb60bfe7 None None] Starting request: 10.222.0.48 "POST /placement/allocations" {{(pid=95273) __call__ /opt/stack/placement/placement/requestlog.py:55}}
Aug 26 17:11:30.150702 n-d-806131-1 devstack@placement-api.service[95273]: DEBUG placement.handlers.allocation [req-ff0107e3-fbe6-4696-a45f-e5763942fa0d req-70f0e237-6bcf-485f-b037-36f0fb60bfe7 service placement] Successfully wrote allocations [, , , , , ] {{(pid=95273) _create_allocations /opt/stack/placement/placement/handlers/allocation.py:555}}
Aug 26 17:11:30.151169 n-d-806131-1 devstack@placement-api.service[95273]: INFO placement.requestlog [req-ff0107e3-fbe6-4696-a45f-e5763942fa0d req-70f0e237-6bcf-485f-b037-36f0fb60bfe7 service placement] 10.222.0.48 "POST /placement/allocations" status: 204 len: 0 microversion: 1.28
Aug 26 17:11:30.151418 n-d-806131-1 devstack@placement-api.service[95273]: [pid: 95273|app: 0|req: 63/132] 10.222.0.48 () {64 vars in 1324 bytes} [Thu Aug 26 17:11:30 2021] POST /placement/allocations => generated 0 bytes in 75 msecs (HTTP/1.1 204) 5 headers in 199 bytes (2 switches on core 0)
Aug 26 17:11:30.175408 n-d-806131-1 devstack@placement-api.service[95272]: DEBUG placement.requestlog [req-ff0107e3-fbe6-4696-a45f-e5763942fa0d req-bb9c79be-9072-4a9f-90d7-c264737282a1 None None] Starting request: 10.222.0.48 "GET /placement/allocation_candidates?limit=1000&resources=DISK_GB%3A1%2CMEMORY_MB%3A1024%2CVCPU%3A1&root_required=%21COMPUTE_STATUS_DISABLED" {{(pid=95272) __call__ /opt/stack/placement/placement/requestlog.py:55}}
Aug 26 17:11:30.208527 n-d-806131-1 devstack@placement-api.service[95272]: DEBUG placement.objects.research_context [req-ff0107e3-fbe6-4696-a45f-e5763942fa0d req-bb9c79be-9072-4a9f-90d7-c264737282a1 service placement] getting providers with 1 DISK_GB {{(pid=95272) __init__ /opt/stack/placement/placement/objects/research_context.py:126}}
Aug 26 17:11:30.214620 n-d-806131-1 devstack@placement-api.service[95272]: DEBUG placement.objects.research_context [req-ff0107e3-fbe6-4696-a45f-e5763942fa0d req-bb9c79be-9072-4a9f-90d7-c264737282a1 service placement] getting providers with 1024 MEMORY_MB {{(pid=95272) __init__ /opt/stack/placement/placement/objects/research_context.py:126}}
Aug 26 17:11:30.220416 n-d-806131-1 devstack@placement-api.service[95272]: DEBUG placement.objects.research_context [req-ff0107e3-fbe6-4696-a45f-e5763942fa0d req-bb9c79be-9072-4a9f-90d7-c264737282a1 service placement] getting providers with 1 VCPU {{(pid=95272) __init__ /opt/stack/placement/placement/objects/research_context.py:126}}
Aug 26 17:11:30.227129 n-d-806131-1 devstack@placement-api.service[95272]: DEBUG placement.objects.research_context [req-ff0107e3-fbe6-4696-a45f-e5763942fa0d req-bb9c79be-9072-4a9f-90d7-c264737282a1 service placement] found 2 providers with available 1 DISK_GB {{(pid=95272) get_provider_ids_matching /opt/stack/placement/placement/objects/research_context.py:549}}
Aug 26 17:11:30.227695 n-d-806131-1 devstack@placement-api.service[95272]: DEBUG placement.objects.research_context [req-ff0107e3-fbe6-4696-a45f-e5763942fa0d req-bb9c79be-9072-4a9f-90d7-c264737282a1 service placement] found 2 providers with available 1024 MEMORY_MB {{(pid=95272) get_provider_ids_matching /opt/stack/placement/placement/objects/research_context.py:549}}
Aug 26 17:11:30.227974 n-d-806131-1 devstack@placement-api.service[95272]: DEBUG placement.objects.research_context [req-ff0107e3-fbe6-4696-a45f-e5763942fa0d req-bb9c79be-9072-4a9f-90d7-c264737282a1 service placement] found 2 providers after filtering by previous result {{(pid=95272) get_provider_ids_matching /opt/stack/placement/placement/objects/research_context.py:580}}
Aug 26 17:11:30.228235 n-d-806131-1 devstack@placement-api.service[95272]: DEBUG placement.objects.research_context [req-ff0107e3-fbe6-4696-a45f-e5763942fa0d req-bb9c79be-9072-4a9f-90d7-c264737282a1 service placement] found 2 providers with available 1 VCPU {{(pid=95272) get_provider_ids_matching /opt/stack/placement/placement/objects/research_context.py:549}}
Aug 26 17:11:30.228545 n-d-806131-1 devstack@placement-api.service[95272]: DEBUG placement.objects.research_context [req-ff0107e3-fbe6-4696-a45f-e5763942fa0d req-bb9c79be-9072-4a9f-90d7-c264737282a1 service placement] found 2 providers after filtering by previous result {{(pid=95272) get_provider_ids_matching /opt/stack/placement/placement/objects/research_context.py:580}}
Aug 26 17:11:30.240764 n-d-806131-1 devstack@placement-api.service[95272]: DEBUG placement.objects.allocation_candidate [req-ff0107e3-fbe6-4696-a45f-e5763942fa0d req-bb9c79be-9072-4a9f-90d7-c264737282a1 service placement] RequestGroup(use_same_provider=False, resources={DISK_GB:1, MEMORY_MB:1024, VCPU:1}, traits=[], aggregates=[]) (suffix '') returned 2 matches {{(pid=95272) _get_by_requests /opt/stack/placement/placement/objects/allocation_candidate.py:145}}
Aug 26 17:11:30.241135 n-d-806131-1 devstack@placement-api.service[95272]: DEBUG placement.objects.allocation_candidate [req-ff0107e3-fbe6-4696-a45f-e5763942fa0d req-bb9c79be-9072-4a9f-90d7-c264737282a1 service placement] Merging candidates yields 2 allocation requests and 2 provider summaries {{(pid=95272) _merge_candidates /opt/stack/placement/placement/objects/allocation_candidate.py:783}}
Aug 26 17:11:30.243434 n-d-806131-1 devstack@placement-api.service[95272]: INFO placement.requestlog [req-ff0107e3-fbe6-4696-a45f-e5763942fa0d req-bb9c79be-9072-4a9f-90d7-c264737282a1 service placement] 10.222.0.48 "GET /placement/allocation_candidates?limit=1000&resources=DISK_GB%3A1%2CMEMORY_MB%3A1024%2CVCPU%3A1&root_required=%21COMPUTE_STATUS_DISABLED" status: 200 len: 1309 microversion: 1.35
Aug 26 17:11:30.244840 n-d-806131-1 devstack@placement-api.service[95272]: [pid: 95272|app: 0|req: 70/133] 10.222.0.48 () {60 vars in 1507 bytes} [Thu Aug 26 17:11:30 2021] GET /placement/allocation_candidates?limit=1000&resources=DISK_GB%3A1%2CMEMORY_MB%3A1024%2CVCPU%3A1&root_required=%21COMPUTE_STATUS_DISABLED => generated 1309 bytes in 70 msecs (HTTP/1.1 200) 8 headers in 297 bytes (2 switches on core 0)
Aug 26 17:11:30.300330 n-d-806131-1 devstack@placement-api.service[95273]: DEBUG placement.requestlog [req-ff0107e3-fbe6-4696-a45f-e5763942fa0d req-5972553c-5d64-4b29-97d2-2e7a2fb0ccdd None None] Starting request: 10.222.0.48 "GET /placement/allocations/da125d51-44f2-4d0b-be0e-fd8aa581ce99" {{(pid=95273) __call__ /opt/stack/placement/placement/requestlog.py:55}}
Aug 26 17:11:30.315104 n-d-806131-1 devstack@placement-api.service[95273]: INFO placement.requestlog [req-ff0107e3-fbe6-4696-a45f-e5763942fa0d req-5972553c-5d64-4b29-97d2-2e7a2fb0ccdd service placement] 10.222.0.48 "GET /placement/allocations/da125d51-44f2-4d0b-be0e-fd8aa581ce99" status: 200 len: 19 microversion: 1.28
Aug 26 17:11:30.315658 n-d-806131-1 devstack@placement-api.service[95273]: [pid: 95273|app: 0|req: 64/134] 10.222.0.48 () {60 vars in 1381 bytes} [Thu Aug 26 17:11:30 2021] GET /placement/allocations/da125d51-44f2-4d0b-be0e-fd8aa581ce99 => generated 19 bytes in 16 msecs (HTTP/1.1 200) 8 headers in 295 bytes (1 switches on core 0)
Aug 26 17:11:30.322989 n-d-806131-1 devstack@placement-api.service[95272]: DEBUG placement.requestlog [req-ff0107e3-fbe6-4696-a45f-e5763942fa0d req-86caee90-c314-4ec5-b3df-fc5da95c5147 None None] Starting request: 10.222.0.48 "PUT /placement/allocations/da125d51-44f2-4d0b-be0e-fd8aa581ce99" {{(pid=95272) __call__ /opt/stack/placement/placement/requestlog.py:55}}
Aug 26 17:11:30.373008 n-d-806131-1 devstack@placement-api.service[95272]: DEBUG placement.handlers.allocation [req-ff0107e3-fbe6-4696-a45f-e5763942fa0d req-86caee90-c314-4ec5-b3df-fc5da95c5147 service placement] Successfully wrote allocations [, , ] {{(pid=95272) _create_allocations /opt/stack/placement/placement/handlers/allocation.py:461}}
Aug 26 17:11:30.379620 n-d-806131-1 devstack@placement-api.service[95272]: INFO placement.requestlog [req-ff0107e3-fbe6-4696-a45f-e5763942fa0d req-86caee90-c314-4ec5-b3df-fc5da95c5147 service placement] 10.222.0.48 "PUT /placement/allocations/da125d51-44f2-4d0b-be0e-fd8aa581ce99" status: 204 len: 0 microversion: 1.35
Aug 26 17:11:30.380137 n-d-806131-1 devstack@placement-api.service[95272]: [pid: 95272|app: 0|req: 71/135] 10.222.0.48 () {64 vars in 1434 bytes} [Thu Aug 26 17:11:30 2021] PUT /placement/allocations/da125d51-44f2-4d0b-be0e-fd8aa581ce99 => generated 0 bytes in 58 msecs (HTTP/1.1 204) 5 headers in 199 bytes (1 switches on core 0)
Aug 26 17:11:30.685636 n-d-806131-1 devstack@placement-api.service[95273]: DEBUG placement.requestlog [req-ff0107e3-fbe6-4696-a45f-e5763942fa0d req-0d4e2779-d14e-4818-83e1-0592aa415463 None None] Starting request: 10.222.0.47 "GET /placement/allocations/da125d51-44f2-4d0b-be0e-fd8aa581ce99" {{(pid=95273) __call__ /opt/stack/placement/placement/requestlog.py:55}}
Aug 26 17:11:30.710805 n-d-806131-1 devstack@placement-api.service[95273]: INFO placement.requestlog [req-ff0107e3-fbe6-4696-a45f-e5763942fa0d req-0d4e2779-d14e-4818-83e1-0592aa415463 service placement] 10.222.0.47 "GET /placement/allocations/da125d51-44f2-4d0b-be0e-fd8aa581ce99" status: 200 len: 258 microversion: 1.28
Aug 26 17:11:30.712363 n-d-806131-1 devstack@placement-api.service[95273]: [pid: 95273|app: 0|req: 65/136] 10.222.0.47 () {60 vars in 1378 bytes} [Thu Aug 26 17:11:30 2021] GET /placement/allocations/da125d51-44f2-4d0b-be0e-fd8aa581ce99 => generated 258 bytes in 29 msecs (HTTP/1.1 200) 8 headers in 296 bytes (1 switches on core 0)
Aug 26 17:11:33.792043 n-d-806131-1 devstack@placement-api.service[95272]: DEBUG placement.requestlog [req-876581c1-2a96-4b56-a7bd-a44bd5ad4901 req-1efe4a9c-3b69-4910-b302-c72d3287c494 None None] Starting request: 10.222.0.48 "GET /placement/allocation_candidates?limit=1000&resources=DISK_GB%3A1%2CMEMORY_MB%3A1024%2CVCPU%3A1&root_required=%21COMPUTE_STATUS_DISABLED" {{(pid=95272) __call__ /opt/stack/placement/placement/requestlog.py:55}}
Aug 26 17:11:33.824097 n-d-806131-1 devstack@placement-api.service[95272]: DEBUG placement.objects.research_context [req-876581c1-2a96-4b56-a7bd-a44bd5ad4901 req-1efe4a9c-3b69-4910-b302-c72d3287c494 service placement] getting providers with 1 DISK_GB {{(pid=95272) __init__ /opt/stack/placement/placement/objects/research_context.py:126}}
Aug 26 17:11:33.834628 n-d-806131-1 devstack@placement-api.service[95272]: DEBUG placement.objects.research_context [req-876581c1-2a96-4b56-a7bd-a44bd5ad4901 req-1efe4a9c-3b69-4910-b302-c72d3287c494 service placement] getting providers with 1024 MEMORY_MB {{(pid=95272) __init__ /opt/stack/placement/placement/objects/research_context.py:126}}
Aug 26 17:11:33.844709 n-d-806131-1 devstack@placement-api.service[95272]: DEBUG placement.objects.research_context [req-876581c1-2a96-4b56-a7bd-a44bd5ad4901 req-1efe4a9c-3b69-4910-b302-c72d3287c494 service placement] getting providers with 1 VCPU {{(pid=95272) __init__ /opt/stack/placement/placement/objects/research_context.py:126}}
Aug 26 17:11:33.852174 n-d-806131-1 devstack@placement-api.service[95272]: DEBUG placement.objects.research_context [req-876581c1-2a96-4b56-a7bd-a44bd5ad4901 req-1efe4a9c-3b69-4910-b302-c72d3287c494 service placement] found 2 providers with available 1 DISK_GB {{(pid=95272) get_provider_ids_matching /opt/stack/placement/placement/objects/research_context.py:549}}
Aug 26 17:11:33.852529 n-d-806131-1 devstack@placement-api.service[95272]: DEBUG placement.objects.research_context [req-876581c1-2a96-4b56-a7bd-a44bd5ad4901 req-1efe4a9c-3b69-4910-b302-c72d3287c494 service placement] found 2 providers with available 1024 MEMORY_MB {{(pid=95272) get_provider_ids_matching /opt/stack/placement/placement/objects/research_context.py:549}}
Aug 26 17:11:33.865074 n-d-806131-1 devstack@placement-api.service[95272]: DEBUG placement.objects.research_context [req-876581c1-2a96-4b56-a7bd-a44bd5ad4901 req-1efe4a9c-3b69-4910-b302-c72d3287c494 service placement] found 2 providers after filtering by previous result {{(pid=95272) get_provider_ids_matching /opt/stack/placement/placement/objects/research_context.py:580}}
Aug 26 17:11:33.867362 n-d-806131-1 devstack@placement-api.service[95272]: DEBUG placement.objects.research_context [req-876581c1-2a96-4b56-a7bd-a44bd5ad4901 req-1efe4a9c-3b69-4910-b302-c72d3287c494 service placement] found 2 providers with available 1 VCPU {{(pid=95272) get_provider_ids_matching /opt/stack/placement/placement/objects/research_context.py:549}}
Aug 26 17:11:33.867645 n-d-806131-1 devstack@placement-api.service[95272]: DEBUG placement.objects.research_context [req-876581c1-2a96-4b56-a7bd-a44bd5ad4901 req-1efe4a9c-3b69-4910-b302-c72d3287c494 service placement] found 2 providers after filtering by previous result {{(pid=95272) get_provider_ids_matching /opt/stack/placement/placement/objects/research_context.py:580}}
Aug 26 17:11:33.896663 n-d-806131-1 devstack@placement-api.service[95272]: DEBUG placement.objects.allocation_candidate [req-876581c1-2a96-4b56-a7bd-a44bd5ad4901 req-1efe4a9c-3b69-4910-b302-c72d3287c494 service placement] RequestGroup(use_same_provider=False, resources={DISK_GB:1, MEMORY_MB:1024, VCPU:1}, traits=[], aggregates=[]) (suffix '') returned 2 matches {{(pid=95272) _get_by_requests /opt/stack/placement/placement/objects/allocation_candidate.py:145}}
Aug 26 17:11:33.897431 n-d-806131-1 devstack@placement-api.service[95272]: DEBUG placement.objects.allocation_candidate [req-876581c1-2a96-4b56-a7bd-a44bd5ad4901 req-1efe4a9c-3b69-4910-b302-c72d3287c494 service placement] Merging candidates yields 2 allocation requests and 2 provider summaries {{(pid=95272) _merge_candidates /opt/stack/placement/placement/objects/allocation_candidate.py:783}}
Aug 26 17:11:33.901408 n-d-806131-1 devstack@placement-api.service[95272]: INFO placement.requestlog [req-876581c1-2a96-4b56-a7bd-a44bd5ad4901 req-1efe4a9c-3b69-4910-b302-c72d3287c494 service placement] 10.222.0.48 "GET /placement/allocation_candidates?limit=1000&resources=DISK_GB%3A1%2CMEMORY_MB%3A1024%2CVCPU%3A1&root_required=%21COMPUTE_STATUS_DISABLED" status: 200 len: 1309 microversion: 1.35
Aug 26 17:11:33.916339 n-d-806131-1 devstack@placement-api.service[95272]: [pid: 95272|app: 0|req: 72/137] 10.222.0.48 () {60 vars in 1507 bytes} [Thu Aug 26 17:11:33 2021] GET /placement/allocation_candidates?limit=1000&resources=DISK_GB%3A1%2CMEMORY_MB%3A1024%2CVCPU%3A1&root_required=%21COMPUTE_STATUS_DISABLED => generated 1309 bytes in 115 msecs (HTTP/1.1 200) 8 headers in 297 bytes (1 switches on core 0)
Aug 26 17:11:33.957722 n-d-806131-1 devstack@placement-api.service[95273]: DEBUG placement.requestlog [req-876581c1-2a96-4b56-a7bd-a44bd5ad4901 req-cf01a3e5-b914-4460-a35a-1271dae058d3 None None] Starting request: 10.222.0.48 "GET /placement/allocations/fd66670c-ac03-4c09-801e-9cf598c69dac" {{(pid=95273) __call__ /opt/stack/placement/placement/requestlog.py:55}}
Aug 26 17:11:33.980282 n-d-806131-1 devstack@placement-api.service[95273]: INFO placement.requestlog [req-876581c1-2a96-4b56-a7bd-a44bd5ad4901 req-cf01a3e5-b914-4460-a35a-1271dae058d3 service placement] 10.222.0.48 "GET /placement/allocations/fd66670c-ac03-4c09-801e-9cf598c69dac" status: 200 len: 19 microversion: 1.28
Aug 26 17:11:33.980538 n-d-806131-1 devstack@placement-api.service[95273]: [pid: 95273|app: 0|req: 66/138] 10.222.0.48 () {60 vars in 1381 bytes} [Thu Aug 26 17:11:33 2021] GET /placement/allocations/fd66670c-ac03-4c09-801e-9cf598c69dac => generated 19 bytes in 23 msecs (HTTP/1.1 200) 8 headers in 295 bytes (1 switches on core 0)
Aug 26 17:11:33.987425 n-d-806131-1 devstack@placement-api.service[95272]: DEBUG placement.requestlog [req-8bc0ee44-5377-402b-a600-677c4a5d6d21 req-4274c710-d016-46ff-9ba2-02b36b132f45 None None] Starting request: 10.222.0.48 "GET /placement/allocation_candidates?limit=1000&resources=DISK_GB%3A1%2CMEMORY_MB%3A1024%2CVCPU%3A1&root_required=%21COMPUTE_STATUS_DISABLED" {{(pid=95272) __call__ /opt/stack/placement/placement/requestlog.py:55}}
Aug 26 17:11:34.001513 n-d-806131-1 devstack@placement-api.service[95273]: DEBUG placement.requestlog [req-876581c1-2a96-4b56-a7bd-a44bd5ad4901 req-9c737b55-9adc-4a76-81b7-1dde2f1283cc None None] Starting request: 10.222.0.48 "PUT /placement/allocations/fd66670c-ac03-4c09-801e-9cf598c69dac" {{(pid=95273) __call__ /opt/stack/placement/placement/requestlog.py:55}}
Aug 26 17:11:34.040290 n-d-806131-1 devstack@placement-api.service[95272]: DEBUG placement.objects.research_context [req-8bc0ee44-5377-402b-a600-677c4a5d6d21 req-4274c710-d016-46ff-9ba2-02b36b132f45 service placement] getting providers with 1 DISK_GB {{(pid=95272) __init__ /opt/stack/placement/placement/objects/research_context.py:126}}
Aug 26 17:11:34.068393 n-d-806131-1 devstack@placement-api.service[95272]: DEBUG placement.objects.research_context [req-8bc0ee44-5377-402b-a600-677c4a5d6d21 req-4274c710-d016-46ff-9ba2-02b36b132f45 service placement] getting providers with 1024 MEMORY_MB {{(pid=95272) __init__ /opt/stack/placement/placement/objects/research_context.py:126}}
Aug 26 17:11:34.076499 n-d-806131-1 devstack@placement-api.service[95272]: DEBUG placement.objects.research_context [req-8bc0ee44-5377-402b-a600-677c4a5d6d21 req-4274c710-d016-46ff-9ba2-02b36b132f45 service placement] getting providers with 1 VCPU {{(pid=95272) __init__ /opt/stack/placement/placement/objects/research_context.py:126}}
Aug 26 17:11:34.083559 n-d-806131-1 devstack@placement-api.service[95272]: DEBUG placement.objects.research_context [req-8bc0ee44-5377-402b-a600-677c4a5d6d21 req-4274c710-d016-46ff-9ba2-02b36b132f45 service placement] found 2 providers with available 1 DISK_GB {{(pid=95272) get_provider_ids_matching /opt/stack/placement/placement/objects/research_context.py:549}}
Aug 26 17:11:34.084038 n-d-806131-1 devstack@placement-api.service[95272]: DEBUG placement.objects.research_context [req-8bc0ee44-5377-402b-a600-677c4a5d6d21 req-4274c710-d016-46ff-9ba2-02b36b132f45 service placement] found 2 providers with available 1024 MEMORY_MB {{(pid=95272) get_provider_ids_matching /opt/stack/placement/placement/objects/research_context.py:549}}
Aug 26 17:11:34.084519 n-d-806131-1 devstack@placement-api.service[95272]: DEBUG placement.objects.research_context [req-8bc0ee44-5377-402b-a600-677c4a5d6d21 req-4274c710-d016-46ff-9ba2-02b36b132f45 service placement] found 2 providers after filtering by previous result {{(pid=95272) get_provider_ids_matching /opt/stack/placement/placement/objects/research_context.py:580}}
Aug 26 17:11:34.085631 n-d-806131-1 devstack@placement-api.service[95272]: DEBUG placement.objects.research_context [req-8bc0ee44-5377-402b-a600-677c4a5d6d21 req-4274c710-d016-46ff-9ba2-02b36b132f45 service placement] found 2 providers with available 1 VCPU {{(pid=95272) get_provider_ids_matching /opt/stack/placement/placement/objects/research_context.py:549}}
Aug 26 17:11:34.086091 n-d-806131-1 devstack@placement-api.service[95272]: DEBUG placement.objects.research_context [req-8bc0ee44-5377-402b-a600-677c4a5d6d21 req-4274c710-d016-46ff-9ba2-02b36b132f45 service placement] found 2 providers after filtering by previous result {{(pid=95272) get_provider_ids_matching /opt/stack/placement/placement/objects/research_context.py:580}}
Aug 26 17:11:34.094255 n-d-806131-1 devstack@placement-api.service[95273]: DEBUG placement.handlers.allocation [req-876581c1-2a96-4b56-a7bd-a44bd5ad4901 req-9c737b55-9adc-4a76-81b7-1dde2f1283cc service placement] Successfully wrote allocations [, , ] {{(pid=95273) _create_allocations /opt/stack/placement/placement/handlers/allocation.py:461}}
Aug 26 17:11:34.099347 n-d-806131-1 devstack@placement-api.service[95273]: INFO placement.requestlog [req-876581c1-2a96-4b56-a7bd-a44bd5ad4901 req-9c737b55-9adc-4a76-81b7-1dde2f1283cc service placement] 10.222.0.48 "PUT /placement/allocations/fd66670c-ac03-4c09-801e-9cf598c69dac" status: 204 len: 0 microversion: 1.35
Aug 26 17:11:34.099808 n-d-806131-1 devstack@placement-api.service[95273]: [pid: 95273|app: 0|req: 67/139] 10.222.0.48 () {64 vars in 1434 bytes} [Thu Aug 26 17:11:34 2021] PUT /placement/allocations/fd66670c-ac03-4c09-801e-9cf598c69dac => generated 0 bytes in 99 msecs (HTTP/1.1 204) 5 headers in 199 bytes (2 switches on core 0)
Aug 26 17:11:34.107605 n-d-806131-1 devstack@placement-api.service[95272]: DEBUG placement.objects.allocation_candidate [req-8bc0ee44-5377-402b-a600-677c4a5d6d21 req-4274c710-d016-46ff-9ba2-02b36b132f45 service placement] RequestGroup(use_same_provider=False, resources={DISK_GB:1, MEMORY_MB:1024, VCPU:1}, traits=[], aggregates=[]) (suffix '') returned 2 matches {{(pid=95272) _get_by_requests /opt/stack/placement/placement/objects/allocation_candidate.py:145}}
Aug 26 17:11:34.112577 n-d-806131-1 devstack@placement-api.service[95272]: DEBUG placement.objects.allocation_candidate [req-8bc0ee44-5377-402b-a600-677c4a5d6d21 req-4274c710-d016-46ff-9ba2-02b36b132f45 service placement] Merging candidates yields 2 allocation requests and 2 provider summaries {{(pid=95272) _merge_candidates /opt/stack/placement/placement/objects/allocation_candidate.py:783}}
Aug 26 17:11:34.118088 n-d-806131-1 devstack@placement-api.service[95272]: INFO placement.requestlog [req-8bc0ee44-5377-402b-a600-677c4a5d6d21 req-4274c710-d016-46ff-9ba2-02b36b132f45 service placement] 10.222.0.48 "GET /placement/allocation_candidates?limit=1000&resources=DISK_GB%3A1%2CMEMORY_MB%3A1024%2CVCPU%3A1&root_required=%21COMPUTE_STATUS_DISABLED" status: 200 len: 1309 microversion: 1.35
Aug 26 17:11:34.118335 n-d-806131-1 devstack@placement-api.service[95272]: [pid: 95272|app: 0|req: 73/140] 10.222.0.48 () {60 vars in 1507 bytes} [Thu Aug 26 17:11:33 2021] GET /placement/allocation_candidates?limit=1000&resources=DISK_GB%3A1%2CMEMORY_MB%3A1024%2CVCPU%3A1&root_required=%21COMPUTE_STATUS_DISABLED => generated 1309 bytes in 131 msecs (HTTP/1.1 200) 8 headers in 297 bytes (2 switches on core 0)
Aug 26 17:11:34.215354 n-d-806131-1 devstack@placement-api.service[95273]: DEBUG placement.requestlog [req-8bc0ee44-5377-402b-a600-677c4a5d6d21 req-40fe5d8d-336c-499e-bf15-aea78c3dc696 None None] Starting request: 10.222.0.48 "GET /placement/allocations/c8958407-5528-4369-8dba-894fb8a154cf" {{(pid=95273) __call__ /opt/stack/placement/placement/requestlog.py:55}}
Aug 26 17:11:34.237585 n-d-806131-1 devstack@placement-api.service[95273]: INFO placement.requestlog [req-8bc0ee44-5377-402b-a600-677c4a5d6d21 req-40fe5d8d-336c-499e-bf15-aea78c3dc696 service placement] 10.222.0.48 "GET /placement/allocations/c8958407-5528-4369-8dba-894fb8a154cf" status: 200 len: 19 microversion: 1.28
Aug 26 17:11:34.238154 n-d-806131-1 devstack@placement-api.service[95273]: [pid: 95273|app: 0|req: 68/141] 10.222.0.48 () {60 vars in 1381 bytes} [Thu Aug 26 17:11:34 2021] GET /placement/allocations/c8958407-5528-4369-8dba-894fb8a154cf => generated 19 bytes in 23 msecs (HTTP/1.1 200) 8 headers in 295 bytes (1 switches on core 0)
Aug 26 17:11:34.246263 n-d-806131-1 devstack@placement-api.service[95272]: DEBUG placement.requestlog [req-8bc0ee44-5377-402b-a600-677c4a5d6d21 req-5410b8af-47bb-43f5-82c2-1796d6bde19d None None] Starting request: 10.222.0.48 "PUT /placement/allocations/c8958407-5528-4369-8dba-894fb8a154cf" {{(pid=95272) __call__ /opt/stack/placement/placement/requestlog.py:55}}
Aug 26 17:11:34.322580 n-d-806131-1 devstack@placement-api.service[95272]: DEBUG placement.handlers.allocation [req-8bc0ee44-5377-402b-a600-677c4a5d6d21 req-5410b8af-47bb-43f5-82c2-1796d6bde19d service placement] Successfully wrote allocations [, , ] {{(pid=95272) _create_allocations /opt/stack/placement/placement/handlers/allocation.py:461}}
Aug 26 17:11:34.327530 n-d-806131-1 devstack@placement-api.service[95272]: INFO placement.requestlog [req-8bc0ee44-5377-402b-a600-677c4a5d6d21 req-5410b8af-47bb-43f5-82c2-1796d6bde19d service placement] 10.222.0.48 "PUT /placement/allocations/c8958407-5528-4369-8dba-894fb8a154cf" status: 204 len: 0 microversion: 1.35
Aug 26 17:11:34.328325 n-d-806131-1 devstack@placement-api.service[95272]: [pid: 95272|app: 0|req: 74/142] 10.222.0.48 () {64 vars in 1434 bytes} [Thu Aug 26 17:11:34 2021] PUT /placement/allocations/c8958407-5528-4369-8dba-894fb8a154cf => generated 0 bytes in 82 msecs (HTTP/1.1 204) 5 headers in 199 bytes (1 switches on core 0)
Aug 26 17:11:34.518591 n-d-806131-1 devstack@placement-api.service[95273]: DEBUG placement.requestlog [req-876581c1-2a96-4b56-a7bd-a44bd5ad4901 req-efe90711-9b17-422c-a575-946b720b352e None None] Starting request: 10.222.0.47 "GET /placement/allocations/fd66670c-ac03-4c09-801e-9cf598c69dac" {{(pid=95273) __call__ /opt/stack/placement/placement/requestlog.py:55}}
Aug 26 17:11:34.544979 n-d-806131-1 devstack@placement-api.service[95273]: INFO placement.requestlog [req-876581c1-2a96-4b56-a7bd-a44bd5ad4901 req-efe90711-9b17-422c-a575-946b720b352e service placement] 10.222.0.47 "GET /placement/allocations/fd66670c-ac03-4c09-801e-9cf598c69dac" status: 200 len: 259 microversion: 1.28
Aug 26 17:11:34.545722 n-d-806131-1 devstack@placement-api.service[95273]: [pid: 95273|app: 0|req: 69/143] 10.222.0.47 () {60 vars in 1378 bytes} [Thu Aug 26 17:11:34 2021] GET /placement/allocations/fd66670c-ac03-4c09-801e-9cf598c69dac => generated 259 bytes in 28 msecs (HTTP/1.1 200) 8 headers in 296 bytes (1 switches on core 0)
Aug 26 17:11:34.772271 n-d-806131-1 devstack@placement-api.service[95272]: DEBUG placement.requestlog [req-8bc0ee44-5377-402b-a600-677c4a5d6d21 req-ca9f78e0-4245-4acd-9c4b-b604a041b55e None None] Starting request: 10.222.0.47 "GET /placement/allocations/c8958407-5528-4369-8dba-894fb8a154cf" {{(pid=95272) __call__ /opt/stack/placement/placement/requestlog.py:55}}
Aug 26 17:11:34.797186 n-d-806131-1 devstack@placement-api.service[95272]: INFO placement.requestlog [req-8bc0ee44-5377-402b-a600-677c4a5d6d21 req-ca9f78e0-4245-4acd-9c4b-b604a041b55e service placement] 10.222.0.47 "GET /placement/allocations/c8958407-5528-4369-8dba-894fb8a154cf" status: 200 len: 259 microversion: 1.28
Aug 26 17:11:34.797921 n-d-806131-1 devstack@placement-api.service[95272]: [pid: 95272|app: 0|req: 75/144] 10.222.0.47 () {60 vars in 1378 bytes} [Thu Aug 26 17:11:34 2021] GET /placement/allocations/c8958407-5528-4369-8dba-894fb8a154cf => generated 259 bytes in 27 msecs (HTTP/1.1 200) 8 headers in 296 bytes (1 switches on core 0)
Aug 26 17:11:38.460842 n-d-806131-1 devstack@placement-api.service[95273]: DEBUG placement.requestlog [req-f76a025e-d2ad-4ee7-890f-45588aa859ed req-9e8c899e-0433-4658-82d9-68085b92c888 None None] Starting request: 10.222.0.53 "GET /placement/allocations/0606a3bf-6495-43d7-84a3-98db5014d1c0" {{(pid=95273) __call__ /opt/stack/placement/placement/requestlog.py:55}}
Aug 26 17:11:38.498258 n-d-806131-1 devstack@placement-api.service[95273]: INFO placement.requestlog [req-f76a025e-d2ad-4ee7-890f-45588aa859ed req-9e8c899e-0433-4658-82d9-68085b92c888 service placement] 10.222.0.53 "GET /placement/allocations/0606a3bf-6495-43d7-84a3-98db5014d1c0" status: 200 len: 259 microversion: 1.28
Aug 26 17:11:38.498473 n-d-806131-1 devstack@placement-api.service[95273]: [pid: 95273|app: 0|req: 70/145] 10.222.0.53 () {60 vars in 1378 bytes} [Thu Aug 26 17:11:38 2021] GET /placement/allocations/0606a3bf-6495-43d7-84a3-98db5014d1c0 => generated 259 bytes in 38 msecs (HTTP/1.1 200) 8 headers in 296 bytes (1 switches on core 0)
Aug 26 17:11:38.506943 n-d-806131-1 devstack@placement-api.service[95272]: DEBUG placement.requestlog [req-f76a025e-d2ad-4ee7-890f-45588aa859ed req-83294191-1581-4c35-8d2d-eb11a25eeb81 None None] Starting request: 10.222.0.53 "PUT /placement/allocations/0606a3bf-6495-43d7-84a3-98db5014d1c0" {{(pid=95272) __call__ /opt/stack/placement/placement/requestlog.py:55}}
Aug 26 17:11:38.581957 n-d-806131-1 devstack@placement-api.service[95272]: DEBUG placement.handlers.allocation [req-f76a025e-d2ad-4ee7-890f-45588aa859ed req-83294191-1581-4c35-8d2d-eb11a25eeb81 service placement] Successfully wrote allocations [, , ] {{(pid=95272) _create_allocations /opt/stack/placement/placement/handlers/allocation.py:461}}
Aug 26 17:11:38.586204 n-d-806131-1 devstack@placement-api.service[95272]: INFO placement.requestlog [req-f76a025e-d2ad-4ee7-890f-45588aa859ed req-83294191-1581-4c35-8d2d-eb11a25eeb81 service placement] 10.222.0.53 "PUT /placement/allocations/0606a3bf-6495-43d7-84a3-98db5014d1c0" status: 204 len: 0 microversion: 1.28
Aug 26 17:11:38.586466 n-d-806131-1 devstack@placement-api.service[95272]: [pid: 95272|app: 0|req: 76/146] 10.222.0.53 () {64 vars in 1431 bytes} [Thu Aug 26 17:11:38 2021] PUT /placement/allocations/0606a3bf-6495-43d7-84a3-98db5014d1c0 => generated 0 bytes in 80 msecs (HTTP/1.1 204) 5 headers in 199 bytes (1 switches on core 0)
Aug 26 17:11:41.130534 n-d-806131-1 devstack@placement-api.service[95273]: DEBUG placement.requestlog [req-a472158d-dbca-4a52-b670-9e92f511a677 req-31718a34-c556-4978-a205-4a0c1c216114 None None] Starting request: 10.222.0.47 "GET /placement/allocations/c4a14890-9e77-45a8-a05f-aac01077b606" {{(pid=95273) __call__ /opt/stack/placement/placement/requestlog.py:55}}
Aug 26 17:11:41.149020 n-d-806131-1 devstack@placement-api.service[95273]: INFO placement.requestlog [req-a472158d-dbca-4a52-b670-9e92f511a677 req-31718a34-c556-4978-a205-4a0c1c216114 service placement] 10.222.0.47 "GET /placement/allocations/c4a14890-9e77-45a8-a05f-aac01077b606" status: 200 len: 259 microversion: 1.28
Aug 26 17:11:41.149391 n-d-806131-1 devstack@placement-api.service[95273]: [pid: 95273|app: 0|req: 71/147] 10.222.0.47 () {60 vars in 1378 bytes} [Thu Aug 26 17:11:41 2021] GET /placement/allocations/c4a14890-9e77-45a8-a05f-aac01077b606 => generated 259 bytes in 19 msecs (HTTP/1.1 200) 8 headers in 296 bytes (1 switches on core 0)
Aug 26 17:11:42.421437 n-d-806131-1 devstack@placement-api.service[95272]: DEBUG placement.requestlog [None req-347e5712-be3e-4a50-ad4c-de167a8bf236 None None] Starting request: 10.222.0.48 "GET /placement/" {{(pid=95272) __call__ /opt/stack/placement/placement/requestlog.py:55}}
Aug 26 17:11:42.422424 n-d-806131-1 devstack@placement-api.service[95272]: INFO placement.requestlog [None req-347e5712-be3e-4a50-ad4c-de167a8bf236 None None] 10.222.0.48 "GET /placement/" status: 200 len: 136 microversion: 1.0
Aug 26 17:11:42.422869 n-d-806131-1 devstack@placement-api.service[95272]: [pid: 95272|app: 0|req: 77/148] 10.222.0.48 () {54 vars in 916 bytes} [Thu Aug 26 17:11:42 2021] GET /placement => generated 136 bytes in 2 msecs (HTTP/1.1 200) 6 headers in 224 bytes (1 switches on core 0)
Aug 26 17:11:42.431787 n-d-806131-1 devstack@placement-api.service[95273]: DEBUG placement.requestlog [req-00bae342-beef-44af-aa6a-5b3689f09d4b req-51edd6da-6687-4f8a-9060-f35e7fb8c326 None None] Starting request: 10.222.0.48 "GET /placement/allocations/d28ff53d-8c87-4bf5-b015-337805561971" {{(pid=95273) __call__ /opt/stack/placement/placement/requestlog.py:55}}
Aug 26 17:11:42.511823 n-d-806131-1 devstack@placement-api.service[95273]: INFO placement.requestlog [req-00bae342-beef-44af-aa6a-5b3689f09d4b req-51edd6da-6687-4f8a-9060-f35e7fb8c326 service placement] 10.222.0.48 "GET /placement/allocations/d28ff53d-8c87-4bf5-b015-337805561971" status: 200 len: 259 microversion: 1.28
Aug 26 17:11:42.512233 n-d-806131-1 devstack@placement-api.service[95273]: [pid: 95273|app: 0|req: 72/149] 10.222.0.48 () {60 vars in 1381 bytes} [Thu Aug 26 17:11:42 2021] GET /placement/allocations/d28ff53d-8c87-4bf5-b015-337805561971 => generated 259 bytes in 81 msecs (HTTP/1.1 200) 8 headers in 296 bytes (1 switches on core 0)
Aug 26 17:11:42.518508 n-d-806131-1 devstack@placement-api.service[95272]: DEBUG placement.requestlog [req-00bae342-beef-44af-aa6a-5b3689f09d4b req-046a93db-5edc-4581-8bc8-a012b7503a85 None None] Starting request: 10.222.0.48 "GET /placement/allocations/d28ff53d-8c87-4bf5-b015-337805561971" {{(pid=95272) __call__ /opt/stack/placement/placement/requestlog.py:55}}
Aug 26 17:11:42.533288 n-d-806131-1 devstack@placement-api.service[95272]: INFO placement.requestlog [req-00bae342-beef-44af-aa6a-5b3689f09d4b req-046a93db-5edc-4581-8bc8-a012b7503a85 service placement] 10.222.0.48 "GET /placement/allocations/d28ff53d-8c87-4bf5-b015-337805561971" status: 200 len: 259 microversion: 1.28
Aug 26 17:11:42.534583 n-d-806131-1 devstack@placement-api.service[95272]: [pid: 95272|app: 0|req: 78/150] 10.222.0.48 () {60 vars in 1381 bytes} [Thu Aug 26 17:11:42 2021] GET /placement/allocations/d28ff53d-8c87-4bf5-b015-337805561971 => generated 259 bytes in 16 msecs (HTTP/1.1 200) 8 headers in 296 bytes (2 switches on core 0)
Aug 26 17:11:42.539595 n-d-806131-1 devstack@placement-api.service[95273]: DEBUG placement.requestlog [req-00bae342-beef-44af-aa6a-5b3689f09d4b req-84c92790-5f9a-4241-9e1b-7a45c066bb6f None None] Starting request: 10.222.0.48 "GET /placement/allocations/d87d4e21-98ce-4437-aca0-7260b608efe4" {{(pid=95273) __call__ /opt/stack/placement/placement/requestlog.py:55}}
Aug 26 17:11:42.555847 n-d-806131-1 devstack@placement-api.service[95273]: INFO placement.requestlog [req-00bae342-beef-44af-aa6a-5b3689f09d4b req-84c92790-5f9a-4241-9e1b-7a45c066bb6f service placement] 10.222.0.48 "GET /placement/allocations/d87d4e21-98ce-4437-aca0-7260b608efe4" status: 200 len: 19 microversion: 1.28
Aug 26 17:11:42.562116 n-d-806131-1 devstack@placement-api.service[95273]: [pid: 95273|app: 0|req: 73/151] 10.222.0.48 () {60 vars in 1381 bytes} [Thu Aug 26 17:11:42 2021] GET /placement/allocations/d87d4e21-98ce-4437-aca0-7260b608efe4 => generated 19 bytes in 23 msecs (HTTP/1.1 200) 8 headers in 295 bytes (2 switches on core 0)
Aug 26 17:11:42.562426 n-d-806131-1 devstack@placement-api.service[95272]: DEBUG placement.requestlog [req-00bae342-beef-44af-aa6a-5b3689f09d4b req-6d00f41e-7669-48f8-8cf7-940edc69d6b9 None None] Starting request: 10.222.0.48 "POST /placement/allocations" {{(pid=95272) __call__ /opt/stack/placement/placement/requestlog.py:55}}
Aug 26 17:11:42.571825 n-d-806131-1 devstack@placement-api.service[95273]: DEBUG placement.requestlog [req-18fcc920-8568-4500-af6f-364da46b61d9 req-d75182bc-5fde-4224-963f-cd6c9e60a44d None None] Starting request: 10.222.0.47 "GET /placement/allocations/15bb8e1c-d2de-4392-b4f7-0f3e19fcb223" {{(pid=95273) __call__ /opt/stack/placement/placement/requestlog.py:55}}
Aug 26 17:11:42.661663 n-d-806131-1 devstack@placement-api.service[95273]: INFO placement.requestlog [req-18fcc920-8568-4500-af6f-364da46b61d9 req-d75182bc-5fde-4224-963f-cd6c9e60a44d service placement] 10.222.0.47 "GET /placement/allocations/15bb8e1c-d2de-4392-b4f7-0f3e19fcb223" status: 200 len: 259 microversion: 1.28
Aug 26 17:11:42.662315 n-d-806131-1 devstack@placement-api.service[95273]: [pid: 95273|app: 0|req: 74/152] 10.222.0.47 () {60 vars in 1378 bytes} [Thu Aug 26 17:11:42 2021] GET /placement/allocations/15bb8e1c-d2de-4392-b4f7-0f3e19fcb223 => generated 259 bytes in 91 msecs (HTTP/1.1 200) 8 headers in 296 bytes (1 switches on core 0)
Aug 26 17:11:42.672439 n-d-806131-1 devstack@placement-api.service[95273]: DEBUG placement.requestlog [req-18fcc920-8568-4500-af6f-364da46b61d9 req-4e16e4e4-5e54-429f-8c83-590655300120 None None] Starting request: 10.222.0.47 "PUT /placement/allocations/15bb8e1c-d2de-4392-b4f7-0f3e19fcb223" {{(pid=95273) __call__ /opt/stack/placement/placement/requestlog.py:55}}
Aug 26 17:11:42.714209 n-d-806131-1 devstack@placement-api.service[95273]: DEBUG placement.handlers.allocation [req-18fcc920-8568-4500-af6f-364da46b61d9 req-4e16e4e4-5e54-429f-8c83-590655300120 service placement] Successfully wrote allocations [, , ] {{(pid=95273) _create_allocations /opt/stack/placement/placement/handlers/allocation.py:461}}
Aug 26 17:11:42.718723 n-d-806131-1 devstack@placement-api.service[95273]: INFO placement.requestlog [req-18fcc920-8568-4500-af6f-364da46b61d9 req-4e16e4e4-5e54-429f-8c83-590655300120 service placement] 10.222.0.47 "PUT /placement/allocations/15bb8e1c-d2de-4392-b4f7-0f3e19fcb223" status: 204 len: 0 microversion: 1.28
Aug 26 17:11:42.719225 n-d-806131-1 devstack@placement-api.service[95273]: [pid: 95273|app: 0|req: 75/153] 10.222.0.47 () {64 vars in 1431 bytes} [Thu Aug 26 17:11:42 2021] PUT /placement/allocations/15bb8e1c-d2de-4392-b4f7-0f3e19fcb223 => generated 0 bytes in 48 msecs (HTTP/1.1 204) 5 headers in 199 bytes (2 switches on core 0)
Aug 26 17:11:42.733481 n-d-806131-1 devstack@placement-api.service[95272]: DEBUG placement.handlers.allocation [req-00bae342-beef-44af-aa6a-5b3689f09d4b req-6d00f41e-7669-48f8-8cf7-940edc69d6b9 service placement] Successfully wrote allocations [, , , , , ] {{(pid=95272) _create_allocations /opt/stack/placement/placement/handlers/allocation.py:555}}
Aug 26 17:11:42.734097 n-d-806131-1 devstack@placement-api.service[95272]: INFO placement.requestlog [req-00bae342-beef-44af-aa6a-5b3689f09d4b req-6d00f41e-7669-48f8-8cf7-940edc69d6b9 service placement] 10.222.0.48 "POST /placement/allocations" status: 204 len: 0 microversion: 1.28
Aug 26 17:11:42.735022 n-d-806131-1 devstack@placement-api.service[95272]: [pid: 95272|app: 0|req: 79/154] 10.222.0.48 () {64 vars in 1324 bytes} [Thu Aug 26 17:11:42 2021] POST /placement/allocations => generated 0 bytes in 172 msecs (HTTP/1.1 204) 5 headers in 199 bytes (2 switches on core 0)
Aug 26 17:11:42.770806 n-d-806131-1 devstack@placement-api.service[95273]: DEBUG placement.requestlog [req-00bae342-beef-44af-aa6a-5b3689f09d4b req-faf30509-a6db-42d1-8e0b-23dfca2e430d None None] Starting request: 10.222.0.48 "GET /placement/allocations/d28ff53d-8c87-4bf5-b015-337805561971" {{(pid=95273) __call__ /opt/stack/placement/placement/requestlog.py:55}}
Aug 26 17:11:42.783743 n-d-806131-1 devstack@placement-api.service[95273]: INFO placement.requestlog [req-00bae342-beef-44af-aa6a-5b3689f09d4b req-faf30509-a6db-42d1-8e0b-23dfca2e430d service placement] 10.222.0.48 "GET /placement/allocations/d28ff53d-8c87-4bf5-b015-337805561971" status: 200 len: 19 microversion: 1.28
Aug 26 17:11:42.786040 n-d-806131-1 devstack@placement-api.service[95273]: [pid: 95273|app: 0|req: 76/155] 10.222.0.48 () {60 vars in 1381 bytes} [Thu Aug 26 17:11:42 2021] GET /placement/allocations/d28ff53d-8c87-4bf5-b015-337805561971 => generated 19 bytes in 15 msecs (HTTP/1.1 200) 8 headers in 295 bytes (1 switches on core 0)
Aug 26 17:11:42.792038 n-d-806131-1 devstack@placement-api.service[95272]: DEBUG placement.requestlog [req-00bae342-beef-44af-aa6a-5b3689f09d4b req-059fc2d6-0460-4d5a-b5b7-bc92387cb961 None None] Starting request: 10.222.0.48 "PUT /placement/allocations/d28ff53d-8c87-4bf5-b015-337805561971" {{(pid=95272) __call__ /opt/stack/placement/placement/requestlog.py:55}}
Aug 26 17:11:42.835258 n-d-806131-1 devstack@placement-api.service[95272]: DEBUG placement.handlers.allocation [req-00bae342-beef-44af-aa6a-5b3689f09d4b req-059fc2d6-0460-4d5a-b5b7-bc92387cb961 service placement] Successfully wrote allocations [, , ] {{(pid=95272) _create_allocations /opt/stack/placement/placement/handlers/allocation.py:461}}
Aug 26 17:11:42.840054 n-d-806131-1 devstack@placement-api.service[95272]: INFO placement.requestlog [req-00bae342-beef-44af-aa6a-5b3689f09d4b req-059fc2d6-0460-4d5a-b5b7-bc92387cb961 service placement] 10.222.0.48 "PUT /placement/allocations/d28ff53d-8c87-4bf5-b015-337805561971" status: 204 len: 0 microversion: 1.28
Aug 26 17:11:42.840551 n-d-806131-1 devstack@placement-api.service[95272]: [pid: 95272|app: 0|req: 80/156] 10.222.0.48 () {64 vars in 1434 bytes} [Thu Aug 26 17:11:42 2021] PUT /placement/allocations/d28ff53d-8c87-4bf5-b015-337805561971 => generated 0 bytes in 49 msecs (HTTP/1.1 204) 5 headers in 199 bytes (1 switches on core 0)
Aug 26 17:11:42.970650 n-d-806131-1 devstack@placement-api.service[95273]: DEBUG placement.requestlog [req-00bae342-beef-44af-aa6a-5b3689f09d4b req-d4312666-50bf-4412-833d-b6b6dd732607 None None] Starting request: 10.222.0.47 "GET /placement/allocations/d28ff53d-8c87-4bf5-b015-337805561971" {{(pid=95273) __call__ /opt/stack/placement/placement/requestlog.py:55}}
Aug 26 17:11:42.987307 n-d-806131-1 devstack@placement-api.service[95273]: INFO placement.requestlog [req-00bae342-beef-44af-aa6a-5b3689f09d4b req-d4312666-50bf-4412-833d-b6b6dd732607 service placement] 10.222.0.47 "GET /placement/allocations/d28ff53d-8c87-4bf5-b015-337805561971" status: 200 len: 259 microversion: 1.28
Aug 26 17:11:42.987307 n-d-806131-1 devstack@placement-api.service[95273]: [pid: 95273|app: 0|req: 77/157] 10.222.0.47 () {60 vars in 1378 bytes} [Thu Aug 26 17:11:42 2021] GET /placement/allocations/d28ff53d-8c87-4bf5-b015-337805561971 => generated 259 bytes in 17 msecs (HTTP/1.1 200) 8 headers in 296 bytes (1 switches on core 0)
Aug 26 17:11:45.109405 n-d-806131-1 devstack@placement-api.service[95272]: DEBUG placement.requestlog [req-3cb14447-120c-4071-a64a-d72073784de6 req-3ac96f50-e348-4334-8c36-d275e29a6bc1 None None] Starting request: 10.222.0.48 "GET /placement/allocation_candidates?resources=DISK_GB%3A1%2CMEMORY_MB%3A1024%2CVCPU%3A1&root_required=%21COMPUTE_STATUS_DISABLED" {{(pid=95272) __call__ /opt/stack/placement/placement/requestlog.py:55}}
