Aug 26 17:22:58.210848 n-d-806131-1 devstack@placement-api.service[95273]: [pid: 95273|app: 0|req: 372/746] 10.222.0.48 () {64 vars in 1434 bytes} [Thu Aug 26 17:22:58 2021] PUT /placement/allocations/809d4987-95f1-4b4c-b9e2-1fcbddbdc60a => generated 0 bytes in 55 msecs (HTTP/1.1 204) 5 headers in 199 bytes (2 switches on core 0)
Aug 26 17:22:58.678436 n-d-806131-1 devstack@placement-api.service[95272]: DEBUG placement.requestlog [req-f1b1a8ec-d844-40a7-af43-4ae2eaed8474 req-9ee5a2e9-00c7-4e31-9c12-2783718f780d None None] Starting request: 10.222.0.53 "GET /placement/allocations/809d4987-95f1-4b4c-b9e2-1fcbddbdc60a" {{(pid=95272) __call__ /opt/stack/placement/placement/requestlog.py:55}}
Aug 26 17:22:58.694774 n-d-806131-1 devstack@placement-api.service[95272]: INFO placement.requestlog [req-f1b1a8ec-d844-40a7-af43-4ae2eaed8474 req-9ee5a2e9-00c7-4e31-9c12-2783718f780d service placement] 10.222.0.53 "GET /placement/allocations/809d4987-95f1-4b4c-b9e2-1fcbddbdc60a" status: 200 len: 260 microversion: 1.28
Aug 26 17:22:58.695713 n-d-806131-1 devstack@placement-api.service[95272]: [pid: 95272|app: 0|req: 375/747] 10.222.0.53 () {60 vars in 1378 bytes} [Thu Aug 26 17:22:58 2021] GET /placement/allocations/809d4987-95f1-4b4c-b9e2-1fcbddbdc60a => generated 260 bytes in 17 msecs (HTTP/1.1 200) 8 headers in 296 bytes (2 switches on core 0)
Aug 26 17:23:04.969178 n-d-806131-1 devstack@placement-api.service[95273]: DEBUG placement.requestlog [req-846f1868-ce70-4d55-a9f6-3009f0cdecf8 req-4d1aab99-65b6-4362-bb0f-2490a268f05f None None] Starting request: 10.222.0.53 "GET /placement/allocations/3c42d530-21ad-450f-bd13-b72b34941585" {{(pid=95273) __call__ /opt/stack/placement/placement/requestlog.py:55}}
Aug 26 17:23:04.989817 n-d-806131-1 devstack@placement-api.service[95273]: INFO placement.requestlog [req-846f1868-ce70-4d55-a9f6-3009f0cdecf8 req-4d1aab99-65b6-4362-bb0f-2490a268f05f service placement] 10.222.0.53 "GET /placement/allocations/3c42d530-21ad-450f-bd13-b72b34941585" status: 200 len: 260 microversion: 1.28
Aug 26 17:23:04.990713 n-d-806131-1 devstack@placement-api.service[95273]: [pid: 95273|app: 0|req: 373/748] 10.222.0.53 () {60 vars in 1378 bytes} [Thu Aug 26 17:23:04 2021] GET /placement/allocations/3c42d530-21ad-450f-bd13-b72b34941585 => generated 260 bytes in 22 msecs (HTTP/1.1 200) 8 headers in 296 bytes (1 switches on core 0)
Aug 26 17:23:05.010543 n-d-806131-1 devstack@placement-api.service[95272]: DEBUG placement.requestlog [req-846f1868-ce70-4d55-a9f6-3009f0cdecf8 req-7d14ad61-ae78-4510-ac8f-c668353a44cd None None] Starting request: 10.222.0.53 "PUT /placement/allocations/3c42d530-21ad-450f-bd13-b72b34941585" {{(pid=95272) __call__ /opt/stack/placement/placement/requestlog.py:55}}
Aug 26 17:23:05.050612 n-d-806131-1 devstack@placement-api.service[95272]: DEBUG placement.handlers.allocation [req-846f1868-ce70-4d55-a9f6-3009f0cdecf8 req-7d14ad61-ae78-4510-ac8f-c668353a44cd service placement] Successfully wrote allocations [, , ] {{(pid=95272) _create_allocations /opt/stack/placement/placement/handlers/allocation.py:461}}
Aug 26 17:23:05.054696 n-d-806131-1 devstack@placement-api.service[95272]: INFO placement.requestlog [req-846f1868-ce70-4d55-a9f6-3009f0cdecf8 req-7d14ad61-ae78-4510-ac8f-c668353a44cd service placement] 10.222.0.53 "PUT /placement/allocations/3c42d530-21ad-450f-bd13-b72b34941585" status: 204 len: 0 microversion: 1.28
Aug 26 17:23:05.055319 n-d-806131-1 devstack@placement-api.service[95272]: [pid: 95272|app: 0|req: 376/749] 10.222.0.53 () {64 vars in 1431 bytes} [Thu Aug 26 17:23:05 2021] PUT /placement/allocations/3c42d530-21ad-450f-bd13-b72b34941585 => generated 0 bytes in 46 msecs (HTTP/1.1 204) 5 headers in 199 bytes (1 switches on core 0)
Aug 26 17:23:10.138358 n-d-806131-1 devstack@placement-api.service[95273]: DEBUG placement.requestlog [req-d6346543-d06c-42dc-824a-39e90fb680bf req-28ea1ef1-9d02-4f47-82b9-30eb92aed412 None None] Starting request: 10.222.0.48 "GET /placement/allocation_candidates?limit=1000&resources=DISK_GB%3A1%2CMEMORY_MB%3A1024%2CVCPU%3A1&root_required=%21COMPUTE_STATUS_DISABLED" {{(pid=95273) __call__ /opt/stack/placement/placement/requestlog.py:55}}
Aug 26 17:23:10.185808 n-d-806131-1 devstack@placement-api.service[95273]: DEBUG placement.objects.research_context [req-d6346543-d06c-42dc-824a-39e90fb680bf req-28ea1ef1-9d02-4f47-82b9-30eb92aed412 service placement] getting providers with 1 DISK_GB {{(pid=95273) __init__ /opt/stack/placement/placement/objects/research_context.py:126}}
Aug 26 17:23:10.192096 n-d-806131-1 devstack@placement-api.service[95273]: DEBUG placement.objects.research_context [req-d6346543-d06c-42dc-824a-39e90fb680bf req-28ea1ef1-9d02-4f47-82b9-30eb92aed412 service placement] getting providers with 1024 MEMORY_MB {{(pid=95273) __init__ /opt/stack/placement/placement/objects/research_context.py:126}}
Aug 26 17:23:10.199460 n-d-806131-1 devstack@placement-api.service[95273]: DEBUG placement.objects.research_context [req-d6346543-d06c-42dc-824a-39e90fb680bf req-28ea1ef1-9d02-4f47-82b9-30eb92aed412 service placement] getting providers with 1 VCPU {{(pid=95273) __init__ /opt/stack/placement/placement/objects/research_context.py:126}}
Aug 26 17:23:10.205463 n-d-806131-1 devstack@placement-api.service[95273]: DEBUG placement.objects.research_context [req-d6346543-d06c-42dc-824a-39e90fb680bf req-28ea1ef1-9d02-4f47-82b9-30eb92aed412 service placement] found 2 providers with available 1 DISK_GB {{(pid=95273) get_provider_ids_matching /opt/stack/placement/placement/objects/research_context.py:549}}
Aug 26 17:23:10.205904 n-d-806131-1 devstack@placement-api.service[95273]: DEBUG placement.objects.research_context [req-d6346543-d06c-42dc-824a-39e90fb680bf req-28ea1ef1-9d02-4f47-82b9-30eb92aed412 service placement] found 2 providers with available 1024 MEMORY_MB {{(pid=95273) get_provider_ids_matching /opt/stack/placement/placement/objects/research_context.py:549}}
Aug 26 17:23:10.206404 n-d-806131-1 devstack@placement-api.service[95273]: DEBUG placement.objects.research_context [req-d6346543-d06c-42dc-824a-39e90fb680bf req-28ea1ef1-9d02-4f47-82b9-30eb92aed412 service placement] found 2 providers after filtering by previous result {{(pid=95273) get_provider_ids_matching /opt/stack/placement/placement/objects/research_context.py:580}}
Aug 26 17:23:10.206926 n-d-806131-1 devstack@placement-api.service[95273]: DEBUG placement.objects.research_context [req-d6346543-d06c-42dc-824a-39e90fb680bf req-28ea1ef1-9d02-4f47-82b9-30eb92aed412 service placement] found 2 providers with available 1 VCPU {{(pid=95273) get_provider_ids_matching /opt/stack/placement/placement/objects/research_context.py:549}}
Aug 26 17:23:10.207663 n-d-806131-1 devstack@placement-api.service[95273]: DEBUG placement.objects.research_context [req-d6346543-d06c-42dc-824a-39e90fb680bf req-28ea1ef1-9d02-4f47-82b9-30eb92aed412 service placement] found 2 providers after filtering by previous result {{(pid=95273) get_provider_ids_matching /opt/stack/placement/placement/objects/research_context.py:580}}
Aug 26 17:23:10.225815 n-d-806131-1 devstack@placement-api.service[95273]: DEBUG placement.objects.allocation_candidate [req-d6346543-d06c-42dc-824a-39e90fb680bf req-28ea1ef1-9d02-4f47-82b9-30eb92aed412 service placement] RequestGroup(use_same_provider=False, resources={DISK_GB:1, MEMORY_MB:1024, VCPU:1}, traits=[], aggregates=[]) (suffix '') returned 2 matches {{(pid=95273) _get_by_requests /opt/stack/placement/placement/objects/allocation_candidate.py:145}}
Aug 26 17:23:10.226247 n-d-806131-1 devstack@placement-api.service[95273]: DEBUG placement.objects.allocation_candidate [req-d6346543-d06c-42dc-824a-39e90fb680bf req-28ea1ef1-9d02-4f47-82b9-30eb92aed412 service placement] Merging candidates yields 2 allocation requests and 2 provider summaries {{(pid=95273) _merge_candidates /opt/stack/placement/placement/objects/allocation_candidate.py:783}}
Aug 26 17:23:10.228596 n-d-806131-1 devstack@placement-api.service[95273]: INFO placement.requestlog [req-d6346543-d06c-42dc-824a-39e90fb680bf req-28ea1ef1-9d02-4f47-82b9-30eb92aed412 service placement] 10.222.0.48 "GET /placement/allocation_candidates?limit=1000&resources=DISK_GB%3A1%2CMEMORY_MB%3A1024%2CVCPU%3A1&root_required=%21COMPUTE_STATUS_DISABLED" status: 200 len: 1309 microversion: 1.35
Aug 26 17:23:10.229508 n-d-806131-1 devstack@placement-api.service[95273]: [pid: 95273|app: 0|req: 374/750] 10.222.0.48 () {60 vars in 1507 bytes} [Thu Aug 26 17:23:10 2021] GET /placement/allocation_candidates?limit=1000&resources=DISK_GB%3A1%2CMEMORY_MB%3A1024%2CVCPU%3A1&root_required=%21COMPUTE_STATUS_DISABLED => generated 1309 bytes in 91 msecs (HTTP/1.1 200) 8 headers in 297 bytes (1 switches on core 0)
Aug 26 17:23:10.312381 n-d-806131-1 devstack@placement-api.service[95272]: DEBUG placement.requestlog [req-d6346543-d06c-42dc-824a-39e90fb680bf req-1d8d1760-09ef-4ae4-95e2-b2cfd326bcd0 None None] Starting request: 10.222.0.48 "GET /placement/allocations/871d250e-f226-456a-84b4-b43833c39e7b" {{(pid=95272) __call__ /opt/stack/placement/placement/requestlog.py:55}}
Aug 26 17:23:10.325414 n-d-806131-1 devstack@placement-api.service[95272]: INFO placement.requestlog [req-d6346543-d06c-42dc-824a-39e90fb680bf req-1d8d1760-09ef-4ae4-95e2-b2cfd326bcd0 service placement] 10.222.0.48 "GET /placement/allocations/871d250e-f226-456a-84b4-b43833c39e7b" status: 200 len: 19 microversion: 1.28
Aug 26 17:23:10.325731 n-d-806131-1 devstack@placement-api.service[95272]: [pid: 95272|app: 0|req: 377/751] 10.222.0.48 () {60 vars in 1381 bytes} [Thu Aug 26 17:23:10 2021] GET /placement/allocations/871d250e-f226-456a-84b4-b43833c39e7b => generated 19 bytes in 14 msecs (HTTP/1.1 200) 8 headers in 295 bytes (1 switches on core 0)
Aug 26 17:23:10.333699 n-d-806131-1 devstack@placement-api.service[95273]: DEBUG placement.requestlog [req-d6346543-d06c-42dc-824a-39e90fb680bf req-88735177-f87a-4b95-954a-ceaacbbecb0d None None] Starting request: 10.222.0.48 "PUT /placement/allocations/871d250e-f226-456a-84b4-b43833c39e7b" {{(pid=95273) __call__ /opt/stack/placement/placement/requestlog.py:55}}
Aug 26 17:23:10.379372 n-d-806131-1 devstack@placement-api.service[95273]: DEBUG placement.handlers.allocation [req-d6346543-d06c-42dc-824a-39e90fb680bf req-88735177-f87a-4b95-954a-ceaacbbecb0d service placement] Successfully wrote allocations [, , ] {{(pid=95273) _create_allocations /opt/stack/placement/placement/handlers/allocation.py:461}}
Aug 26 17:23:10.394536 n-d-806131-1 devstack@placement-api.service[95273]: INFO placement.requestlog [req-d6346543-d06c-42dc-824a-39e90fb680bf req-88735177-f87a-4b95-954a-ceaacbbecb0d service placement] 10.222.0.48 "PUT /placement/allocations/871d250e-f226-456a-84b4-b43833c39e7b" status: 204 len: 0 microversion: 1.35
Aug 26 17:23:10.395278 n-d-806131-1 devstack@placement-api.service[95273]: [pid: 95273|app: 0|req: 375/752] 10.222.0.48 () {64 vars in 1434 bytes} [Thu Aug 26 17:23:10 2021] PUT /placement/allocations/871d250e-f226-456a-84b4-b43833c39e7b => generated 0 bytes in 62 msecs (HTTP/1.1 204) 5 headers in 199 bytes (1 switches on core 0)
Aug 26 17:23:10.868454 n-d-806131-1 devstack@placement-api.service[95272]: DEBUG placement.requestlog [req-d6346543-d06c-42dc-824a-39e90fb680bf req-412bf426-c300-4b25-b246-1f9cebbbc642 None None] Starting request: 10.222.0.47 "GET /placement/allocations/871d250e-f226-456a-84b4-b43833c39e7b" {{(pid=95272) __call__ /opt/stack/placement/placement/requestlog.py:55}}
Aug 26 17:23:10.888243 n-d-806131-1 devstack@placement-api.service[95272]: INFO placement.requestlog [req-d6346543-d06c-42dc-824a-39e90fb680bf req-412bf426-c300-4b25-b246-1f9cebbbc642 service placement] 10.222.0.47 "GET /placement/allocations/871d250e-f226-456a-84b4-b43833c39e7b" status: 200 len: 260 microversion: 1.28
Aug 26 17:23:10.888917 n-d-806131-1 devstack@placement-api.service[95272]: [pid: 95272|app: 0|req: 378/753] 10.222.0.47 () {60 vars in 1378 bytes} [Thu Aug 26 17:23:10 2021] GET /placement/allocations/871d250e-f226-456a-84b4-b43833c39e7b => generated 260 bytes in 21 msecs (HTTP/1.1 200) 8 headers in 296 bytes (1 switches on core 0)
Aug 26 17:23:11.591631 n-d-806131-1 devstack@placement-api.service[95273]: DEBUG placement.requestlog [req-d10907e5-253f-4fc5-bc90-91136a47edff req-e0ab34dd-9e24-4f24-9d61-4dd15c92ef67 None None] Starting request: 10.222.0.47 "GET /placement/allocations/4ac554e1-6170-483c-997c-393a7ff93493" {{(pid=95273) __call__ /opt/stack/placement/placement/requestlog.py:55}}
Aug 26 17:23:11.633931 n-d-806131-1 devstack@placement-api.service[95273]: INFO placement.requestlog [req-d10907e5-253f-4fc5-bc90-91136a47edff req-e0ab34dd-9e24-4f24-9d61-4dd15c92ef67 service placement] 10.222.0.47 "GET /placement/allocations/4ac554e1-6170-483c-997c-393a7ff93493" status: 200 len: 260 microversion: 1.28
Aug 26 17:23:11.639030 n-d-806131-1 devstack@placement-api.service[95273]: [pid: 95273|app: 0|req: 376/754] 10.222.0.47 () {60 vars in 1378 bytes} [Thu Aug 26 17:23:11 2021] GET /placement/allocations/4ac554e1-6170-483c-997c-393a7ff93493 => generated 260 bytes in 47 msecs (HTTP/1.1 200) 8 headers in 296 bytes (1 switches on core 0)
Aug 26 17:23:11.653505 n-d-806131-1 devstack@placement-api.service[95272]: DEBUG placement.requestlog [req-d10907e5-253f-4fc5-bc90-91136a47edff req-36024038-4a99-4962-bfcd-6ec41c944ca8 None None] Starting request: 10.222.0.47 "PUT /placement/allocations/4ac554e1-6170-483c-997c-393a7ff93493" {{(pid=95272) __call__ /opt/stack/placement/placement/requestlog.py:55}}
Aug 26 17:23:11.725408 n-d-806131-1 devstack@placement-api.service[95272]: DEBUG placement.handlers.allocation [req-d10907e5-253f-4fc5-bc90-91136a47edff req-36024038-4a99-4962-bfcd-6ec41c944ca8 service placement] Successfully wrote allocations [, , ] {{(pid=95272) _create_allocations /opt/stack/placement/placement/handlers/allocation.py:461}}
Aug 26 17:23:11.734284 n-d-806131-1 devstack@placement-api.service[95272]: INFO placement.requestlog [req-d10907e5-253f-4fc5-bc90-91136a47edff req-36024038-4a99-4962-bfcd-6ec41c944ca8 service placement] 10.222.0.47 "PUT /placement/allocations/4ac554e1-6170-483c-997c-393a7ff93493" status: 204 len: 0 microversion: 1.28
Aug 26 17:23:11.735000 n-d-806131-1 devstack@placement-api.service[95272]: [pid: 95272|app: 0|req: 379/755] 10.222.0.47 () {64 vars in 1431 bytes} [Thu Aug 26 17:23:11 2021] PUT /placement/allocations/4ac554e1-6170-483c-997c-393a7ff93493 => generated 0 bytes in 87 msecs (HTTP/1.1 204) 5 headers in 199 bytes (1 switches on core 0)
Aug 26 17:23:15.548642 n-d-806131-1 devstack@placement-api.service[95273]: DEBUG placement.requestlog [req-8dc378e9-c3e1-4474-81fb-0d44fa524652 req-ea369487-ac96-43e5-8ae7-132d25cddc61 None None] Starting request: 10.222.0.53 "GET /placement/allocations/809d4987-95f1-4b4c-b9e2-1fcbddbdc60a" {{(pid=95273) __call__ /opt/stack/placement/placement/requestlog.py:55}}
Aug 26 17:23:15.822874 n-d-806131-1 devstack@placement-api.service[95273]: INFO placement.requestlog [req-8dc378e9-c3e1-4474-81fb-0d44fa524652 req-ea369487-ac96-43e5-8ae7-132d25cddc61 service placement] 10.222.0.53 "GET /placement/allocations/809d4987-95f1-4b4c-b9e2-1fcbddbdc60a" status: 200 len: 260 microversion: 1.28
Aug 26 17:23:15.823332 n-d-806131-1 devstack@placement-api.service[95273]: [pid: 95273|app: 0|req: 377/756] 10.222.0.53 () {60 vars in 1378 bytes} [Thu Aug 26 17:23:15 2021] GET /placement/allocations/809d4987-95f1-4b4c-b9e2-1fcbddbdc60a => generated 260 bytes in 275 msecs (HTTP/1.1 200) 8 headers in 296 bytes (1 switches on core 0)
Aug 26 17:23:15.861001 n-d-806131-1 devstack@placement-api.service[95272]: DEBUG placement.requestlog [req-8dc378e9-c3e1-4474-81fb-0d44fa524652 req-8eb2ecf8-d574-4fc1-819d-0e028cd8223c None None] Starting request: 10.222.0.53 "PUT /placement/allocations/809d4987-95f1-4b4c-b9e2-1fcbddbdc60a" {{(pid=95272) __call__ /opt/stack/placement/placement/requestlog.py:55}}
Aug 26 17:23:15.928165 n-d-806131-1 devstack@placement-api.service[95272]: DEBUG placement.handlers.allocation [req-8dc378e9-c3e1-4474-81fb-0d44fa524652 req-8eb2ecf8-d574-4fc1-819d-0e028cd8223c service placement] Successfully wrote allocations [, , ] {{(pid=95272) _create_allocations /opt/stack/placement/placement/handlers/allocation.py:461}}
Aug 26 17:23:15.934956 n-d-806131-1 devstack@placement-api.service[95272]: INFO placement.requestlog [req-8dc378e9-c3e1-4474-81fb-0d44fa524652 req-8eb2ecf8-d574-4fc1-819d-0e028cd8223c service placement] 10.222.0.53 "PUT /placement/allocations/809d4987-95f1-4b4c-b9e2-1fcbddbdc60a" status: 204 len: 0 microversion: 1.28
Aug 26 17:23:15.936474 n-d-806131-1 devstack@placement-api.service[95272]: [pid: 95272|app: 0|req: 380/757] 10.222.0.53 () {64 vars in 1431 bytes} [Thu Aug 26 17:23:15 2021] PUT /placement/allocations/809d4987-95f1-4b4c-b9e2-1fcbddbdc60a => generated 0 bytes in 76 msecs (HTTP/1.1 204) 5 headers in 199 bytes (1 switches on core 0)
Aug 26 17:23:18.547730 n-d-806131-1 devstack@placement-api.service[95273]: DEBUG placement.requestlog [req-74bac000-e6d0-4096-837d-1cafb921e7cb req-82b075e6-4ae2-4a30-a99c-2dbff9ad3b0b None None] Starting request: 10.222.0.53 "GET /placement/resource_providers/a2338fcd-bf03-49ab-b08a-02838bdc0614/allocations" {{(pid=95273) __call__ /opt/stack/placement/placement/requestlog.py:55}}
Aug 26 17:23:18.622304 n-d-806131-1 devstack@placement-api.service[95273]: INFO placement.requestlog [req-74bac000-e6d0-4096-837d-1cafb921e7cb req-82b075e6-4ae2-4a30-a99c-2dbff9ad3b0b service placement] 10.222.0.53 "GET /placement/resource_providers/a2338fcd-bf03-49ab-b08a-02838bdc0614/allocations" status: 200 len: 430 microversion: 1.0
Aug 26 17:23:18.622537 n-d-806131-1 devstack@placement-api.service[95273]: [pid: 95273|app: 0|req: 378/758] 10.222.0.53 () {58 vars in 1391 bytes} [Thu Aug 26 17:23:18 2021] GET /placement/resource_providers/a2338fcd-bf03-49ab-b08a-02838bdc0614/allocations => generated 430 bytes in 75 msecs (HTTP/1.1 200) 6 headers in 224 bytes (1 switches on core 0)
Aug 26 17:23:19.750092 n-d-806131-1 devstack@placement-api.service[95272]: DEBUG placement.requestlog [req-3081933c-241b-4a0c-adcd-c9bc9d6e2a7b req-29a6314e-d0ea-4986-bbcb-99e97ecd62af None None] Starting request: 10.222.0.48 "GET /placement/allocation_candidates?limit=1000&resources=DISK_GB%3A1%2CMEMORY_MB%3A1024%2CVCPU%3A1&root_required=%21COMPUTE_STATUS_DISABLED" {{(pid=95272) __call__ /opt/stack/placement/placement/requestlog.py:55}}
Aug 26 17:23:19.832766 n-d-806131-1 devstack@placement-api.service[95272]: DEBUG placement.objects.research_context [req-3081933c-241b-4a0c-adcd-c9bc9d6e2a7b req-29a6314e-d0ea-4986-bbcb-99e97ecd62af service placement] getting providers with 1 DISK_GB {{(pid=95272) __init__ /opt/stack/placement/placement/objects/research_context.py:126}}
Aug 26 17:23:19.847583 n-d-806131-1 devstack@placement-api.service[95272]: DEBUG placement.objects.research_context [req-3081933c-241b-4a0c-adcd-c9bc9d6e2a7b req-29a6314e-d0ea-4986-bbcb-99e97ecd62af service placement] getting providers with 1024 MEMORY_MB {{(pid=95272) __init__ /opt/stack/placement/placement/objects/research_context.py:126}}
Aug 26 17:23:19.865913 n-d-806131-1 devstack@placement-api.service[95272]: DEBUG placement.objects.research_context [req-3081933c-241b-4a0c-adcd-c9bc9d6e2a7b req-29a6314e-d0ea-4986-bbcb-99e97ecd62af service placement] getting providers with 1 VCPU {{(pid=95272) __init__ /opt/stack/placement/placement/objects/research_context.py:126}}
Aug 26 17:23:19.878835 n-d-806131-1 devstack@placement-api.service[95272]: DEBUG placement.objects.research_context [req-3081933c-241b-4a0c-adcd-c9bc9d6e2a7b req-29a6314e-d0ea-4986-bbcb-99e97ecd62af service placement] found 2 providers with available 1 DISK_GB {{(pid=95272) get_provider_ids_matching /opt/stack/placement/placement/objects/research_context.py:549}}
Aug 26 17:23:19.879639 n-d-806131-1 devstack@placement-api.service[95272]: DEBUG placement.objects.research_context [req-3081933c-241b-4a0c-adcd-c9bc9d6e2a7b req-29a6314e-d0ea-4986-bbcb-99e97ecd62af service placement] found 2 providers with available 1024 MEMORY_MB {{(pid=95272) get_provider_ids_matching /opt/stack/placement/placement/objects/research_context.py:549}}
Aug 26 17:23:19.880188 n-d-806131-1 devstack@placement-api.service[95272]: DEBUG placement.objects.research_context [req-3081933c-241b-4a0c-adcd-c9bc9d6e2a7b req-29a6314e-d0ea-4986-bbcb-99e97ecd62af service placement] found 2 providers after filtering by previous result {{(pid=95272) get_provider_ids_matching /opt/stack/placement/placement/objects/research_context.py:580}}
Aug 26 17:23:19.880928 n-d-806131-1 devstack@placement-api.service[95272]: DEBUG placement.objects.research_context [req-3081933c-241b-4a0c-adcd-c9bc9d6e2a7b req-29a6314e-d0ea-4986-bbcb-99e97ecd62af service placement] found 2 providers with available 1 VCPU {{(pid=95272) get_provider_ids_matching /opt/stack/placement/placement/objects/research_context.py:549}}
Aug 26 17:23:19.881479 n-d-806131-1 devstack@placement-api.service[95272]: DEBUG placement.objects.research_context [req-3081933c-241b-4a0c-adcd-c9bc9d6e2a7b req-29a6314e-d0ea-4986-bbcb-99e97ecd62af service placement] found 2 providers after filtering by previous result {{(pid=95272) get_provider_ids_matching /opt/stack/placement/placement/objects/research_context.py:580}}
Aug 26 17:23:19.930492 n-d-806131-1 devstack@placement-api.service[95272]: DEBUG placement.objects.allocation_candidate [req-3081933c-241b-4a0c-adcd-c9bc9d6e2a7b req-29a6314e-d0ea-4986-bbcb-99e97ecd62af service placement] RequestGroup(use_same_provider=False, resources={DISK_GB:1, MEMORY_MB:1024, VCPU:1}, traits=[], aggregates=[]) (suffix '') returned 2 matches {{(pid=95272) _get_by_requests /opt/stack/placement/placement/objects/allocation_candidate.py:145}}
Aug 26 17:23:19.931693 n-d-806131-1 devstack@placement-api.service[95272]: DEBUG placement.objects.allocation_candidate [req-3081933c-241b-4a0c-adcd-c9bc9d6e2a7b req-29a6314e-d0ea-4986-bbcb-99e97ecd62af service placement] Merging candidates yields 2 allocation requests and 2 provider summaries {{(pid=95272) _merge_candidates /opt/stack/placement/placement/objects/allocation_candidate.py:783}}
Aug 26 17:23:19.937411 n-d-806131-1 devstack@placement-api.service[95272]: INFO placement.requestlog [req-3081933c-241b-4a0c-adcd-c9bc9d6e2a7b req-29a6314e-d0ea-4986-bbcb-99e97ecd62af service placement] 10.222.0.48 "GET /placement/allocation_candidates?limit=1000&resources=DISK_GB%3A1%2CMEMORY_MB%3A1024%2CVCPU%3A1&root_required=%21COMPUTE_STATUS_DISABLED" status: 200 len: 1309 microversion: 1.35
Aug 26 17:23:19.939370 n-d-806131-1 devstack@placement-api.service[95272]: [pid: 95272|app: 0|req: 381/759] 10.222.0.48 () {60 vars in 1507 bytes} [Thu Aug 26 17:23:19 2021] GET /placement/allocation_candidates?limit=1000&resources=DISK_GB%3A1%2CMEMORY_MB%3A1024%2CVCPU%3A1&root_required=%21COMPUTE_STATUS_DISABLED => generated 1309 bytes in 188 msecs (HTTP/1.1 200) 8 headers in 297 bytes (1 switches on core 0)
Aug 26 17:23:20.108163 n-d-806131-1 devstack@placement-api.service[95273]: DEBUG placement.requestlog [req-3081933c-241b-4a0c-adcd-c9bc9d6e2a7b req-a5ee4168-dd46-4917-8751-3690bfa6c56d None None] Starting request: 10.222.0.48 "GET /placement/allocations/27c0efab-ab9b-4e01-b40d-3554505085e6" {{(pid=95273) __call__ /opt/stack/placement/placement/requestlog.py:55}}
Aug 26 17:23:20.124118 n-d-806131-1 devstack@placement-api.service[95273]: INFO placement.requestlog [req-3081933c-241b-4a0c-adcd-c9bc9d6e2a7b req-a5ee4168-dd46-4917-8751-3690bfa6c56d service placement] 10.222.0.48 "GET /placement/allocations/27c0efab-ab9b-4e01-b40d-3554505085e6" status: 200 len: 19 microversion: 1.28
Aug 26 17:23:20.130809 n-d-806131-1 devstack@placement-api.service[95273]: [pid: 95273|app: 0|req: 379/760] 10.222.0.48 () {60 vars in 1381 bytes} [Thu Aug 26 17:23:20 2021] GET /placement/allocations/27c0efab-ab9b-4e01-b40d-3554505085e6 => generated 19 bytes in 23 msecs (HTTP/1.1 200) 8 headers in 295 bytes (2 switches on core 0)
Aug 26 17:23:20.142806 n-d-806131-1 devstack@placement-api.service[95272]: DEBUG placement.requestlog [req-3081933c-241b-4a0c-adcd-c9bc9d6e2a7b req-f9473c28-5d6c-43cd-b26b-ab13b316295a None None] Starting request: 10.222.0.48 "PUT /placement/allocations/27c0efab-ab9b-4e01-b40d-3554505085e6" {{(pid=95272) __call__ /opt/stack/placement/placement/requestlog.py:55}}
Aug 26 17:23:20.244391 n-d-806131-1 devstack@placement-api.service[95272]: DEBUG placement.handlers.allocation [req-3081933c-241b-4a0c-adcd-c9bc9d6e2a7b req-f9473c28-5d6c-43cd-b26b-ab13b316295a service placement] Successfully wrote allocations [, , ] {{(pid=95272) _create_allocations /opt/stack/placement/placement/handlers/allocation.py:461}}
Aug 26 17:23:20.249530 n-d-806131-1 devstack@placement-api.service[95272]: INFO placement.requestlog [req-3081933c-241b-4a0c-adcd-c9bc9d6e2a7b req-f9473c28-5d6c-43cd-b26b-ab13b316295a service placement] 10.222.0.48 "PUT /placement/allocations/27c0efab-ab9b-4e01-b40d-3554505085e6" status: 204 len: 0 microversion: 1.35
Aug 26 17:23:20.250084 n-d-806131-1 devstack@placement-api.service[95272]: [pid: 95272|app: 0|req: 382/761] 10.222.0.48 () {64 vars in 1434 bytes} [Thu Aug 26 17:23:20 2021] PUT /placement/allocations/27c0efab-ab9b-4e01-b40d-3554505085e6 => generated 0 bytes in 107 msecs (HTTP/1.1 204) 5 headers in 199 bytes (1 switches on core 0)
Aug 26 17:23:20.450872 n-d-806131-1 devstack@placement-api.service[95273]: DEBUG placement.requestlog [req-b29d6009-57d2-4880-9fbd-8b799b0c066d req-2e129c5a-13af-4a46-858f-15411e384db1 None None] Starting request: 10.222.0.48 "GET /placement/allocation_candidates?limit=1000&resources=DISK_GB%3A1%2CMEMORY_MB%3A1024%2CVCPU%3A1&root_required=%21COMPUTE_STATUS_DISABLED" {{(pid=95273) __call__ /opt/stack/placement/placement/requestlog.py:55}}
Aug 26 17:23:20.529814 n-d-806131-1 devstack@placement-api.service[95273]: DEBUG placement.objects.research_context [req-b29d6009-57d2-4880-9fbd-8b799b0c066d req-2e129c5a-13af-4a46-858f-15411e384db1 service placement] getting providers with 1 DISK_GB {{(pid=95273) __init__ /opt/stack/placement/placement/objects/research_context.py:126}}
Aug 26 17:23:20.543553 n-d-806131-1 devstack@placement-api.service[95273]: DEBUG placement.objects.research_context [req-b29d6009-57d2-4880-9fbd-8b799b0c066d req-2e129c5a-13af-4a46-858f-15411e384db1 service placement] getting providers with 1024 MEMORY_MB {{(pid=95273) __init__ /opt/stack/placement/placement/objects/research_context.py:126}}
Aug 26 17:23:20.563273 n-d-806131-1 devstack@placement-api.service[95273]: DEBUG placement.objects.research_context [req-b29d6009-57d2-4880-9fbd-8b799b0c066d req-2e129c5a-13af-4a46-858f-15411e384db1 service placement] getting providers with 1 VCPU {{(pid=95273) __init__ /opt/stack/placement/placement/objects/research_context.py:126}}
Aug 26 17:23:20.574022 n-d-806131-1 devstack@placement-api.service[95273]: DEBUG placement.objects.research_context [req-b29d6009-57d2-4880-9fbd-8b799b0c066d req-2e129c5a-13af-4a46-858f-15411e384db1 service placement] found 2 providers with available 1 DISK_GB {{(pid=95273) get_provider_ids_matching /opt/stack/placement/placement/objects/research_context.py:549}}
Aug 26 17:23:20.574579 n-d-806131-1 devstack@placement-api.service[95273]: DEBUG placement.objects.research_context [req-b29d6009-57d2-4880-9fbd-8b799b0c066d req-2e129c5a-13af-4a46-858f-15411e384db1 service placement] found 2 providers with available 1024 MEMORY_MB {{(pid=95273) get_provider_ids_matching /opt/stack/placement/placement/objects/research_context.py:549}}
Aug 26 17:23:20.576242 n-d-806131-1 devstack@placement-api.service[95273]: DEBUG placement.objects.research_context [req-b29d6009-57d2-4880-9fbd-8b799b0c066d req-2e129c5a-13af-4a46-858f-15411e384db1 service placement] found 2 providers after filtering by previous result {{(pid=95273) get_provider_ids_matching /opt/stack/placement/placement/objects/research_context.py:580}}
Aug 26 17:23:20.576672 n-d-806131-1 devstack@placement-api.service[95273]: DEBUG placement.objects.research_context [req-b29d6009-57d2-4880-9fbd-8b799b0c066d req-2e129c5a-13af-4a46-858f-15411e384db1 service placement] found 2 providers with available 1 VCPU {{(pid=95273) get_provider_ids_matching /opt/stack/placement/placement/objects/research_context.py:549}}
Aug 26 17:23:20.579101 n-d-806131-1 devstack@placement-api.service[95273]: DEBUG placement.objects.research_context [req-b29d6009-57d2-4880-9fbd-8b799b0c066d req-2e129c5a-13af-4a46-858f-15411e384db1 service placement] found 2 providers after filtering by previous result {{(pid=95273) get_provider_ids_matching /opt/stack/placement/placement/objects/research_context.py:580}}
Aug 26 17:23:20.596217 n-d-806131-1 devstack@placement-api.service[95273]: DEBUG placement.objects.allocation_candidate [req-b29d6009-57d2-4880-9fbd-8b799b0c066d req-2e129c5a-13af-4a46-858f-15411e384db1 service placement] RequestGroup(use_same_provider=False, resources={DISK_GB:1, MEMORY_MB:1024, VCPU:1}, traits=[], aggregates=[]) (suffix '') returned 2 matches {{(pid=95273) _get_by_requests /opt/stack/placement/placement/objects/allocation_candidate.py:145}}
Aug 26 17:23:20.596910 n-d-806131-1 devstack@placement-api.service[95273]: DEBUG placement.objects.allocation_candidate [req-b29d6009-57d2-4880-9fbd-8b799b0c066d req-2e129c5a-13af-4a46-858f-15411e384db1 service placement] Merging candidates yields 2 allocation requests and 2 provider summaries {{(pid=95273) _merge_candidates /opt/stack/placement/placement/objects/allocation_candidate.py:783}}
Aug 26 17:23:20.599165 n-d-806131-1 devstack@placement-api.service[95273]: INFO placement.requestlog [req-b29d6009-57d2-4880-9fbd-8b799b0c066d req-2e129c5a-13af-4a46-858f-15411e384db1 service placement] 10.222.0.48 "GET /placement/allocation_candidates?limit=1000&resources=DISK_GB%3A1%2CMEMORY_MB%3A1024%2CVCPU%3A1&root_required=%21COMPUTE_STATUS_DISABLED" status: 200 len: 1309 microversion: 1.35
Aug 26 17:23:20.600126 n-d-806131-1 devstack@placement-api.service[95273]: [pid: 95273|app: 0|req: 380/762] 10.222.0.48 () {60 vars in 1507 bytes} [Thu Aug 26 17:23:20 2021] GET /placement/allocation_candidates?limit=1000&resources=DISK_GB%3A1%2CMEMORY_MB%3A1024%2CVCPU%3A1&root_required=%21COMPUTE_STATUS_DISABLED => generated 1309 bytes in 150 msecs (HTTP/1.1 200) 8 headers in 297 bytes (1 switches on core 0)
Aug 26 17:23:20.770953 n-d-806131-1 devstack@placement-api.service[95272]: DEBUG placement.requestlog [req-b29d6009-57d2-4880-9fbd-8b799b0c066d req-33f2a747-3e64-4550-881b-9e3ddd7b2359 None None] Starting request: 10.222.0.48 "GET /placement/allocations/36243614-7e06-480f-81bc-86a98a299657" {{(pid=95272) __call__ /opt/stack/placement/placement/requestlog.py:55}}
Aug 26 17:23:20.790156 n-d-806131-1 devstack@placement-api.service[95272]: INFO placement.requestlog [req-b29d6009-57d2-4880-9fbd-8b799b0c066d req-33f2a747-3e64-4550-881b-9e3ddd7b2359 service placement] 10.222.0.48 "GET /placement/allocations/36243614-7e06-480f-81bc-86a98a299657" status: 200 len: 19 microversion: 1.28
Aug 26 17:23:20.790994 n-d-806131-1 devstack@placement-api.service[95272]: [pid: 95272|app: 0|req: 383/763] 10.222.0.48 () {60 vars in 1381 bytes} [Thu Aug 26 17:23:20 2021] GET /placement/allocations/36243614-7e06-480f-81bc-86a98a299657 => generated 19 bytes in 20 msecs (HTTP/1.1 200) 8 headers in 295 bytes (1 switches on core 0)
Aug 26 17:23:20.797003 n-d-806131-1 devstack@placement-api.service[95273]: DEBUG placement.requestlog [req-b29d6009-57d2-4880-9fbd-8b799b0c066d req-7f2d4fb5-254b-49d9-a53b-94ed442e1339 None None] Starting request: 10.222.0.48 "PUT /placement/allocations/36243614-7e06-480f-81bc-86a98a299657" {{(pid=95273) __call__ /opt/stack/placement/placement/requestlog.py:55}}
Aug 26 17:23:20.844344 n-d-806131-1 devstack@placement-api.service[95272]: DEBUG placement.requestlog [req-3081933c-241b-4a0c-adcd-c9bc9d6e2a7b req-b006a38c-7057-4414-9a94-fe6759ad909d None None] Starting request: 10.222.0.53 "GET /placement/allocations/27c0efab-ab9b-4e01-b40d-3554505085e6" {{(pid=95272) __call__ /opt/stack/placement/placement/requestlog.py:55}}
Aug 26 17:23:20.863119 n-d-806131-1 devstack@placement-api.service[95273]: DEBUG placement.handlers.allocation [req-b29d6009-57d2-4880-9fbd-8b799b0c066d req-7f2d4fb5-254b-49d9-a53b-94ed442e1339 service placement] Successfully wrote allocations [, , ] {{(pid=95273) _create_allocations /opt/stack/placement/placement/handlers/allocation.py:461}}
Aug 26 17:23:20.870478 n-d-806131-1 devstack@placement-api.service[95273]: INFO placement.requestlog [req-b29d6009-57d2-4880-9fbd-8b799b0c066d req-7f2d4fb5-254b-49d9-a53b-94ed442e1339 service placement] 10.222.0.48 "PUT /placement/allocations/36243614-7e06-480f-81bc-86a98a299657" status: 204 len: 0 microversion: 1.35
Aug 26 17:23:20.871737 n-d-806131-1 devstack@placement-api.service[95273]: [pid: 95273|app: 0|req: 381/764] 10.222.0.48 () {64 vars in 1434 bytes} [Thu Aug 26 17:23:20 2021] PUT /placement/allocations/36243614-7e06-480f-81bc-86a98a299657 => generated 0 bytes in 75 msecs (HTTP/1.1 204) 5 headers in 199 bytes (2 switches on core 0)
Aug 26 17:23:20.891258 n-d-806131-1 devstack@placement-api.service[95272]: INFO placement.requestlog [req-3081933c-241b-4a0c-adcd-c9bc9d6e2a7b req-b006a38c-7057-4414-9a94-fe6759ad909d service placement] 10.222.0.53 "GET /placement/allocations/27c0efab-ab9b-4e01-b40d-3554505085e6" status: 200 len: 260 microversion: 1.28
Aug 26 17:23:20.894312 n-d-806131-1 devstack@placement-api.service[95272]: [pid: 95272|app: 0|req: 384/765] 10.222.0.53 () {60 vars in 1378 bytes} [Thu Aug 26 17:23:20 2021] GET /placement/allocations/27c0efab-ab9b-4e01-b40d-3554505085e6 => generated 260 bytes in 50 msecs (HTTP/1.1 200) 8 headers in 296 bytes (1 switches on core 0)
Aug 26 17:23:21.398811 n-d-806131-1 devstack@placement-api.service[95273]: DEBUG placement.requestlog [req-b29d6009-57d2-4880-9fbd-8b799b0c066d req-11c4db1d-980b-4f8e-a085-e65f2a677882 None None] Starting request: 10.222.0.53 "GET /placement/allocations/36243614-7e06-480f-81bc-86a98a299657" {{(pid=95273) __call__ /opt/stack/placement/placement/requestlog.py:55}}
Aug 26 17:23:21.422716 n-d-806131-1 devstack@placement-api.service[95272]: DEBUG placement.requestlog [req-67f4509d-e44f-4d22-8e6d-55ce4b23bdc4 req-bb0700aa-2096-476a-83f1-8559e3ff6fd0 None None] Starting request: 10.222.0.47 "GET /placement/resource_providers/219c63fc-7b41-439c-ba0b-99031cd23b28/allocations" {{(pid=95272) __call__ /opt/stack/placement/placement/requestlog.py:55}}
Aug 26 17:23:21.439078 n-d-806131-1 devstack@placement-api.service[95273]: INFO placement.requestlog [req-b29d6009-57d2-4880-9fbd-8b799b0c066d req-11c4db1d-980b-4f8e-a085-e65f2a677882 service placement] 10.222.0.53 "GET /placement/allocations/36243614-7e06-480f-81bc-86a98a299657" status: 200 len: 260 microversion: 1.28
Aug 26 17:23:21.439371 n-d-806131-1 devstack@placement-api.service[95273]: [pid: 95273|app: 0|req: 382/766] 10.222.0.53 () {60 vars in 1378 bytes} [Thu Aug 26 17:23:21 2021] GET /placement/allocations/36243614-7e06-480f-81bc-86a98a299657 => generated 260 bytes in 41 msecs (HTTP/1.1 200) 8 headers in 296 bytes (1 switches on core 0)
Aug 26 17:23:21.738037 n-d-806131-1 devstack@placement-api.service[95272]: INFO placement.requestlog [req-67f4509d-e44f-4d22-8e6d-55ce4b23bdc4 req-bb0700aa-2096-476a-83f1-8559e3ff6fd0 service placement] 10.222.0.47 "GET /placement/resource_providers/219c63fc-7b41-439c-ba0b-99031cd23b28/allocations" status: 200 len: 343 microversion: 1.0
Aug 26 17:23:21.739326 n-d-806131-1 devstack@placement-api.service[95272]: [pid: 95272|app: 0|req: 385/767] 10.222.0.47 () {58 vars in 1391 bytes} [Thu Aug 26 17:23:21 2021] GET /placement/resource_providers/219c63fc-7b41-439c-ba0b-99031cd23b28/allocations => generated 343 bytes in 317 msecs (HTTP/1.1 200) 6 headers in 224 bytes (2 switches on core 0)
Aug 26 17:23:21.784564 n-d-806131-1 devstack@placement-api.service[95273]: DEBUG placement.requestlog [req-67f4509d-e44f-4d22-8e6d-55ce4b23bdc4 req-96ae30ef-8776-4292-a37e-9813684b465c None None] Starting request: 10.222.0.47 "GET /placement/resource_providers?in_tree=219c63fc-7b41-439c-ba0b-99031cd23b28" {{(pid=95273) __call__ /opt/stack/placement/placement/requestlog.py:55}}
Aug 26 17:23:21.810992 n-d-806131-1 devstack@placement-api.service[95273]: INFO placement.requestlog [req-67f4509d-e44f-4d22-8e6d-55ce4b23bdc4 req-96ae30ef-8776-4292-a37e-9813684b465c service placement] 10.222.0.47 "GET /placement/resource_providers?in_tree=219c63fc-7b41-439c-ba0b-99031cd23b28" status: 200 len: 864 microversion: 1.14
Aug 26 17:23:21.812926 n-d-806131-1 devstack@placement-api.service[95273]: [pid: 95273|app: 0|req: 383/768] 10.222.0.47 () {60 vars in 1377 bytes} [Thu Aug 26 17:23:21 2021] GET /placement/resource_providers?in_tree=219c63fc-7b41-439c-ba0b-99031cd23b28 => generated 864 bytes in 29 msecs (HTTP/1.1 200) 6 headers in 225 bytes (1 switches on core 0)
Aug 26 17:23:21.822099 n-d-806131-1 devstack@placement-api.service[95272]: DEBUG placement.requestlog [req-67f4509d-e44f-4d22-8e6d-55ce4b23bdc4 req-183f69c2-0414-48f2-8203-2661439deced None None] Starting request: 10.222.0.47 "GET /placement/resource_providers/219c63fc-7b41-439c-ba0b-99031cd23b28/inventories" {{(pid=95272) __call__ /opt/stack/placement/placement/requestlog.py:55}}
Aug 26 17:23:21.856978 n-d-806131-1 devstack@placement-api.service[95272]: INFO placement.requestlog [req-67f4509d-e44f-4d22-8e6d-55ce4b23bdc4 req-183f69c2-0414-48f2-8203-2661439deced service placement] 10.222.0.47 "GET /placement/resource_providers/219c63fc-7b41-439c-ba0b-99031cd23b28/inventories" status: 200 len: 399 microversion: 1.0
Aug 26 17:23:21.857853 n-d-806131-1 devstack@placement-api.service[95272]: [pid: 95272|app: 0|req: 386/769] 10.222.0.47 () {58 vars in 1391 bytes} [Thu Aug 26 17:23:21 2021] GET /placement/resource_providers/219c63fc-7b41-439c-ba0b-99031cd23b28/inventories => generated 399 bytes in 36 msecs (HTTP/1.1 200) 6 headers in 224 bytes (1 switches on core 0)
Aug 26 17:23:21.866691 n-d-806131-1 devstack@placement-api.service[95273]: DEBUG placement.requestlog [req-67f4509d-e44f-4d22-8e6d-55ce4b23bdc4 req-6e7e5166-1837-4006-b94c-ffbf7a5c06a0 None None] Starting request: 10.222.0.47 "GET /placement/resource_providers/219c63fc-7b41-439c-ba0b-99031cd23b28/aggregates" {{(pid=95273) __call__ /opt/stack/placement/placement/requestlog.py:55}}
Aug 26 17:23:21.886047 n-d-806131-1 devstack@placement-api.service[95273]: INFO placement.requestlog [req-67f4509d-e44f-4d22-8e6d-55ce4b23bdc4 req-6e7e5166-1837-4006-b94c-ffbf7a5c06a0 service placement] 10.222.0.47 "GET /placement/resource_providers/219c63fc-7b41-439c-ba0b-99031cd23b28/aggregates" status: 200 len: 55 microversion: 1.19
Aug 26 17:23:21.886735 n-d-806131-1 devstack@placement-api.service[95273]: [pid: 95273|app: 0|req: 384/770] 10.222.0.47 () {60 vars in 1432 bytes} [Thu Aug 26 17:23:21 2021] GET /placement/resource_providers/219c63fc-7b41-439c-ba0b-99031cd23b28/aggregates => generated 55 bytes in 20 msecs (HTTP/1.1 200) 8 headers in 295 bytes (2 switches on core 0)
Aug 26 17:23:21.896419 n-d-806131-1 devstack@placement-api.service[95272]: DEBUG placement.requestlog [req-67f4509d-e44f-4d22-8e6d-55ce4b23bdc4 req-b5f3fe99-ebd2-47d5-bf3e-8975e22bd8e2 None None] Starting request: 10.222.0.47 "GET /placement/resource_providers/219c63fc-7b41-439c-ba0b-99031cd23b28/traits" {{(pid=95272) __call__ /opt/stack/placement/placement/requestlog.py:55}}
Aug 26 17:23:21.954308 n-d-806131-1 devstack@placement-api.service[95272]: INFO placement.requestlog [req-67f4509d-e44f-4d22-8e6d-55ce4b23bdc4 req-b5f3fe99-ebd2-47d5-bf3e-8975e22bd8e2 service placement] 10.222.0.47 "GET /placement/resource_providers/219c63fc-7b41-439c-ba0b-99031cd23b28/traits" status: 200 len: 213 microversion: 1.6
Aug 26 17:23:21.955187 n-d-806131-1 devstack@placement-api.service[95272]: [pid: 95272|app: 0|req: 387/771] 10.222.0.47 () {60 vars in 1419 bytes} [Thu Aug 26 17:23:21 2021] GET /placement/resource_providers/219c63fc-7b41-439c-ba0b-99031cd23b28/traits => generated 213 bytes in 59 msecs (HTTP/1.1 200) 6 headers in 224 bytes (1 switches on core 0)
Aug 26 17:23:23.939259 n-d-806131-1 devstack@placement-api.service[95273]: DEBUG placement.requestlog [req-b3e83c51-7986-4237-98c3-c514ea7e9b63 req-22eda7d6-cc32-48bb-a578-5f9a6857e7b8 None None] Starting request: 10.222.0.47 "GET /placement/allocations/871d250e-f226-456a-84b4-b43833c39e7b" {{(pid=95273) __call__ /opt/stack/placement/placement/requestlog.py:55}}
Aug 26 17:23:23.980550 n-d-806131-1 devstack@placement-api.service[95273]: INFO placement.requestlog [req-b3e83c51-7986-4237-98c3-c514ea7e9b63 req-22eda7d6-cc32-48bb-a578-5f9a6857e7b8 service placement] 10.222.0.47 "GET /placement/allocations/871d250e-f226-456a-84b4-b43833c39e7b" status: 200 len: 260 microversion: 1.28
Aug 26 17:23:23.984578 n-d-806131-1 devstack@placement-api.service[95273]: [pid: 95273|app: 0|req: 385/772] 10.222.0.47 () {60 vars in 1378 bytes} [Thu Aug 26 17:23:23 2021] GET /placement/allocations/871d250e-f226-456a-84b4-b43833c39e7b => generated 260 bytes in 45 msecs (HTTP/1.1 200) 8 headers in 296 bytes (1 switches on core 0)
Aug 26 17:23:25.260243 n-d-806131-1 devstack@placement-api.service[95272]: DEBUG placement.requestlog [req-695eaf10-bb56-47e2-aaf3-62b7d8aebb30 req-0c111e79-f71d-4c42-a755-0aeb1b7b736a None None] Starting request: 10.222.0.48 "GET /placement/allocation_candidates?limit=1000&resources=DISK_GB%3A1%2CMEMORY_MB%3A1024%2CVCPU%3A1&root_required=%21COMPUTE_STATUS_DISABLED" {{(pid=95272) __call__ /opt/stack/placement/placement/requestlog.py:55}}
Aug 26 17:23:25.328516 n-d-806131-1 devstack@placement-api.service[95272]: DEBUG placement.objects.research_context [req-695eaf10-bb56-47e2-aaf3-62b7d8aebb30 req-0c111e79-f71d-4c42-a755-0aeb1b7b736a service placement] getting providers with 1 DISK_GB {{(pid=95272) __init__ /opt/stack/placement/placement/objects/research_context.py:126}}
Aug 26 17:23:25.349237 n-d-806131-1 devstack@placement-api.service[95272]: DEBUG placement.objects.research_context [req-695eaf10-bb56-47e2-aaf3-62b7d8aebb30 req-0c111e79-f71d-4c42-a755-0aeb1b7b736a service placement] getting providers with 1024 MEMORY_MB {{(pid=95272) __init__ /opt/stack/placement/placement/objects/research_context.py:126}}
Aug 26 17:23:25.356444 n-d-806131-1 devstack@placement-api.service[95272]: DEBUG placement.objects.research_context [req-695eaf10-bb56-47e2-aaf3-62b7d8aebb30 req-0c111e79-f71d-4c42-a755-0aeb1b7b736a service placement] getting providers with 1 VCPU {{(pid=95272) __init__ /opt/stack/placement/placement/objects/research_context.py:126}}
Aug 26 17:23:25.405247 n-d-806131-1 devstack@placement-api.service[95272]: DEBUG placement.objects.research_context [req-695eaf10-bb56-47e2-aaf3-62b7d8aebb30 req-0c111e79-f71d-4c42-a755-0aeb1b7b736a service placement] found 2 providers with available 1 DISK_GB {{(pid=95272) get_provider_ids_matching /opt/stack/placement/placement/objects/research_context.py:549}}
Aug 26 17:23:25.405697 n-d-806131-1 devstack@placement-api.service[95272]: DEBUG placement.objects.research_context [req-695eaf10-bb56-47e2-aaf3-62b7d8aebb30 req-0c111e79-f71d-4c42-a755-0aeb1b7b736a service placement] found 2 providers with available 1024 MEMORY_MB {{(pid=95272) get_provider_ids_matching /opt/stack/placement/placement/objects/research_context.py:549}}
Aug 26 17:23:25.406761 n-d-806131-1 devstack@placement-api.service[95272]: DEBUG placement.objects.research_context [req-695eaf10-bb56-47e2-aaf3-62b7d8aebb30 req-0c111e79-f71d-4c42-a755-0aeb1b7b736a service placement] found 2 providers after filtering by previous result {{(pid=95272) get_provider_ids_matching /opt/stack/placement/placement/objects/research_context.py:580}}
Aug 26 17:23:25.415063 n-d-806131-1 devstack@placement-api.service[95272]: DEBUG placement.objects.research_context [req-695eaf10-bb56-47e2-aaf3-62b7d8aebb30 req-0c111e79-f71d-4c42-a755-0aeb1b7b736a service placement] found 2 providers with available 1 VCPU {{(pid=95272) get_provider_ids_matching /opt/stack/placement/placement/objects/research_context.py:549}}
Aug 26 17:23:25.415683 n-d-806131-1 devstack@placement-api.service[95272]: DEBUG placement.objects.research_context [req-695eaf10-bb56-47e2-aaf3-62b7d8aebb30 req-0c111e79-f71d-4c42-a755-0aeb1b7b736a service placement] found 2 providers after filtering by previous result {{(pid=95272) get_provider_ids_matching /opt/stack/placement/placement/objects/research_context.py:580}}
Aug 26 17:23:25.452759 n-d-806131-1 devstack@placement-api.service[95272]: DEBUG placement.objects.allocation_candidate [req-695eaf10-bb56-47e2-aaf3-62b7d8aebb30 req-0c111e79-f71d-4c42-a755-0aeb1b7b736a service placement] RequestGroup(use_same_provider=False, resources={DISK_GB:1, MEMORY_MB:1024, VCPU:1}, traits=[], aggregates=[]) (suffix '') returned 2 matches {{(pid=95272) _get_by_requests /opt/stack/placement/placement/objects/allocation_candidate.py:145}}
Aug 26 17:23:25.453423 n-d-806131-1 devstack@placement-api.service[95272]: DEBUG placement.objects.allocation_candidate [req-695eaf10-bb56-47e2-aaf3-62b7d8aebb30 req-0c111e79-f71d-4c42-a755-0aeb1b7b736a service placement] Merging candidates yields 2 allocation requests and 2 provider summaries {{(pid=95272) _merge_candidates /opt/stack/placement/placement/objects/allocation_candidate.py:783}}
Aug 26 17:23:25.464454 n-d-806131-1 devstack@placement-api.service[95272]: INFO placement.requestlog [req-695eaf10-bb56-47e2-aaf3-62b7d8aebb30 req-0c111e79-f71d-4c42-a755-0aeb1b7b736a service placement] 10.222.0.48 "GET /placement/allocation_candidates?limit=1000&resources=DISK_GB%3A1%2CMEMORY_MB%3A1024%2CVCPU%3A1&root_required=%21COMPUTE_STATUS_DISABLED" status: 200 len: 1309 microversion: 1.35
Aug 26 17:23:25.465298 n-d-806131-1 devstack@placement-api.service[95272]: [pid: 95272|app: 0|req: 388/773] 10.222.0.48 () {60 vars in 1507 bytes} [Thu Aug 26 17:23:25 2021] GET /placement/allocation_candidates?limit=1000&resources=DISK_GB%3A1%2CMEMORY_MB%3A1024%2CVCPU%3A1&root_required=%21COMPUTE_STATUS_DISABLED => generated 1309 bytes in 205 msecs (HTTP/1.1 200) 8 headers in 297 bytes (1 switches on core 0)
Aug 26 17:23:25.536014 n-d-806131-1 devstack@placement-api.service[95273]: DEBUG placement.requestlog [req-695eaf10-bb56-47e2-aaf3-62b7d8aebb30 req-2049916c-9d12-43d0-ac70-27f52cb0f79d None None] Starting request: 10.222.0.48 "GET /placement/allocations/aecf0a51-6871-4743-a703-c23aad4e23d2" {{(pid=95273) __call__ /opt/stack/placement/placement/requestlog.py:55}}
Aug 26 17:23:25.563227 n-d-806131-1 devstack@placement-api.service[95273]: INFO placement.requestlog [req-695eaf10-bb56-47e2-aaf3-62b7d8aebb30 req-2049916c-9d12-43d0-ac70-27f52cb0f79d service placement] 10.222.0.48 "GET /placement/allocations/aecf0a51-6871-4743-a703-c23aad4e23d2" status: 200 len: 19 microversion: 1.28
Aug 26 17:23:25.567601 n-d-806131-1 devstack@placement-api.service[95273]: [pid: 95273|app: 0|req: 386/774] 10.222.0.48 () {60 vars in 1381 bytes} [Thu Aug 26 17:23:25 2021] GET /placement/allocations/aecf0a51-6871-4743-a703-c23aad4e23d2 => generated 19 bytes in 32 msecs (HTTP/1.1 200) 8 headers in 295 bytes (1 switches on core 0)
Aug 26 17:23:25.572682 n-d-806131-1 devstack@placement-api.service[95272]: DEBUG placement.requestlog [req-695eaf10-bb56-47e2-aaf3-62b7d8aebb30 req-679fde8d-80f8-4eaf-bbd1-ea93e1710ef7 None None] Starting request: 10.222.0.48 "PUT /placement/allocations/aecf0a51-6871-4743-a703-c23aad4e23d2" {{(pid=95272) __call__ /opt/stack/placement/placement/requestlog.py:55}}
Aug 26 17:23:25.627104 n-d-806131-1 devstack@placement-api.service[95272]: DEBUG placement.handlers.allocation [req-695eaf10-bb56-47e2-aaf3-62b7d8aebb30 req-679fde8d-80f8-4eaf-bbd1-ea93e1710ef7 service placement] Successfully wrote allocations [, , ] {{(pid=95272) _create_allocations /opt/stack/placement/placement/handlers/allocation.py:461}}
Aug 26 17:23:25.634214 n-d-806131-1 devstack@placement-api.service[95272]: INFO placement.requestlog [req-695eaf10-bb56-47e2-aaf3-62b7d8aebb30 req-679fde8d-80f8-4eaf-bbd1-ea93e1710ef7 service placement] 10.222.0.48 "PUT /placement/allocations/aecf0a51-6871-4743-a703-c23aad4e23d2" status: 204 len: 0 microversion: 1.35
Aug 26 17:23:25.647404 n-d-806131-1 devstack@placement-api.service[95272]: [pid: 95272|app: 0|req: 389/775] 10.222.0.48 () {64 vars in 1434 bytes} [Thu Aug 26 17:23:25 2021] PUT /placement/allocations/aecf0a51-6871-4743-a703-c23aad4e23d2 => generated 0 bytes in 63 msecs (HTTP/1.1 204) 5 headers in 199 bytes (2 switches on core 0)
Aug 26 17:23:26.279406 n-d-806131-1 devstack@placement-api.service[95273]: DEBUG placement.requestlog [req-695eaf10-bb56-47e2-aaf3-62b7d8aebb30 req-96776165-1f32-47ad-8cde-94aea3fb904c None None] Starting request: 10.222.0.47 "GET /placement/allocations/aecf0a51-6871-4743-a703-c23aad4e23d2" {{(pid=95273) __call__ /opt/stack/placement/placement/requestlog.py:55}}
Aug 26 17:23:26.312698 n-d-806131-1 devstack@placement-api.service[95273]: INFO placement.requestlog [req-695eaf10-bb56-47e2-aaf3-62b7d8aebb30 req-96776165-1f32-47ad-8cde-94aea3fb904c service placement] 10.222.0.47 "GET /placement/allocations/aecf0a51-6871-4743-a703-c23aad4e23d2" status: 200 len: 260 microversion: 1.28
Aug 26 17:23:26.317763 n-d-806131-1 devstack@placement-api.service[95273]: [pid: 95273|app: 0|req: 387/776] 10.222.0.47 () {60 vars in 1378 bytes} [Thu Aug 26 17:23:26 2021] GET /placement/allocations/aecf0a51-6871-4743-a703-c23aad4e23d2 => generated 260 bytes in 38 msecs (HTTP/1.1 200) 8 headers in 296 bytes (1 switches on core 0)
Aug 26 17:23:26.763317 n-d-806131-1 devstack@placement-api.service[95272]: DEBUG placement.requestlog [req-989b9cea-619e-4258-83a5-896f19e5b071 req-ad287e72-c959-46e2-ac32-afd5be5b45c6 None None] Starting request: 10.222.0.53 "GET /placement/allocations/36243614-7e06-480f-81bc-86a98a299657" {{(pid=95272) __call__ /opt/stack/placement/placement/requestlog.py:55}}
