Aug 26 17:10:35.527971 n-d-806131-1 devstack@n-api.service[109763]: DEBUG oslo_concurrency.lockutils [None req-50a4d612-2ad6-4292-b6b3-1dd4f5d41b8a tempest-AggregatesAdminTestJSON-2015020441 tempest-AggregatesAdminTestJSON-2015020441-project] Lock "502c4e0e-cae3-4d33-8af2-2c75f3deaef1" released by "nova.context.set_target_cell..get_or_set_cached_cell_and_set_connections" :: held 0.001s {{(pid=109763) inner /usr/local/lib/python3.8/dist-packages/oslo_concurrency/lockutils.py:367}}
Aug 26 17:10:35.529116 n-d-806131-1 devstack@n-api.service[109763]: DEBUG oslo_concurrency.lockutils [None req-50a4d612-2ad6-4292-b6b3-1dd4f5d41b8a tempest-AggregatesAdminTestJSON-2015020441 tempest-AggregatesAdminTestJSON-2015020441-project] Lock "502c4e0e-cae3-4d33-8af2-2c75f3deaef1" acquired by "nova.context.set_target_cell..get_or_set_cached_cell_and_set_connections" :: waited 0.000s {{(pid=109763) inner /usr/local/lib/python3.8/dist-packages/oslo_concurrency/lockutils.py:355}}
Aug 26 17:10:35.529715 n-d-806131-1 devstack@n-api.service[109763]: DEBUG oslo_concurrency.lockutils [None req-50a4d612-2ad6-4292-b6b3-1dd4f5d41b8a tempest-AggregatesAdminTestJSON-2015020441 tempest-AggregatesAdminTestJSON-2015020441-project] Lock "502c4e0e-cae3-4d33-8af2-2c75f3deaef1" released by "nova.context.set_target_cell..get_or_set_cached_cell_and_set_connections" :: held 0.001s {{(pid=109763) inner /usr/local/lib/python3.8/dist-packages/oslo_concurrency/lockutils.py:367}}
Aug 26 17:10:35.561250 n-d-806131-1 devstack@n-api.service[109764]: INFO nova.api.openstack.requestlog [None req-0baa3361-5e0c-46c4-a13c-f59bbe91e871 tempest-FlavorsAdminTestJSON-643602766 tempest-FlavorsAdminTestJSON-643602766-project-admin] 10.222.0.48 "GET /compute/v2.1/flavors/detail" status: 200 len: 5819 microversion: 2.1 time: 0.061039
Aug 26 17:10:35.575060 n-d-806131-1 devstack@n-api.service[109764]: [pid: 109764|app: 0|req: 32/62] 10.222.0.48 () {58 vars in 1146 bytes} [Thu Aug 26 17:10:35 2021] GET /compute/v2.1/flavors/detail => generated 5819 bytes in 75 msecs (HTTP/1.1 200) 9 headers in 358 bytes (1 switches on core 0)
Aug 26 17:10:35.591530 n-d-806131-1 devstack@n-api.service[109764]: DEBUG nova.api.openstack.wsgi [None req-14f095b9-4b53-46c3-99e8-c86a9eca39b7 tempest-FlavorsAdminTestJSON-643602766 tempest-FlavorsAdminTestJSON-643602766-project-admin] Action: 'create', calling method: >, body: {"flavor": {"ram": 512, "vcpus": 1, "disk": 10, "name": "tempest-FlavorsAdminTestJSON-flavor-1495308725", "id": 229391194, "os-flavor-access:is_public": "True"}} {{(pid=109764) _process_stack /opt/stack/nova/nova/api/openstack/wsgi.py:511}}
Aug 26 17:10:35.628822 n-d-806131-1 devstack@n-api.service[109764]: INFO nova.api.openstack.requestlog [None req-14f095b9-4b53-46c3-99e8-c86a9eca39b7 tempest-FlavorsAdminTestJSON-643602766 tempest-FlavorsAdminTestJSON-643602766-project-admin] 10.222.0.48 "POST /compute/v2.1/flavors" status: 200 len: 426 microversion: 2.1 time: 0.050668
Aug 26 17:10:35.630891 n-d-806131-1 devstack@n-api.service[109764]: [pid: 109764|app: 0|req: 33/63] 10.222.0.48 () {60 vars in 1147 bytes} [Thu Aug 26 17:10:35 2021] POST /compute/v2.1/flavors => generated 426 bytes in 55 msecs (HTTP/1.1 200) 9 headers in 357 bytes (1 switches on core 0)
Aug 26 17:10:35.644029 n-d-806131-1 devstack@n-api.service[109763]: DEBUG nova.policy [None req-50a4d612-2ad6-4292-b6b3-1dd4f5d41b8a tempest-AggregatesAdminTestJSON-2015020441 tempest-AggregatesAdminTestJSON-2015020441-project] Policy check for os_compute_api:os-extended-server-attributes failed with credentials {'is_admin': False, 'user_id': 'e684a00875a349c095fce601a8e0f951', 'user_domain_id': 'default', 'system_scope': None, 'domain_id': None, 'project_id': 'a81000a0cfa442ce8d1e9c8fb7368b88', 'project_domain_id': 'default', 'roles': ['member', 'reader'], 'is_admin_project': True, 'service_user_id': None, 'service_user_domain_id': None, 'service_project_id': None, 'service_project_domain_id': None, 'service_roles': []} {{(pid=109763) authorize /opt/stack/nova/nova/policy.py:199}}
Aug 26 17:10:35.653654 n-d-806131-1 devstack@n-api.service[109764]: DEBUG nova.api.openstack.wsgi [None req-37aef457-3567-4499-9c67-8bf366e7cbcf tempest-FlavorsAdminTestJSON-643602766 tempest-FlavorsAdminTestJSON-643602766-project-admin] Calling method '>' {{(pid=109764) _process_stack /opt/stack/nova/nova/api/openstack/wsgi.py:513}}
Aug 26 17:10:35.659378 n-d-806131-1 devstack@n-api.service[109764]: /usr/local/lib/python3.8/dist-packages/oslo_policy/policy.py:1064: UserWarning: Policy os_compute_api:os-flavor-manage:delete failed scope check. The token used to make the request was project scoped but the policy requires ['system'] scope. This behavior may change in the future where using the intended scope is required
Aug 26 17:10:35.659378 n-d-806131-1 devstack@n-api.service[109764]: warnings.warn(msg)
Aug 26 17:10:35.660559 n-d-806131-1 devstack@n-api.service[109763]: INFO nova.api.openstack.requestlog [None req-50a4d612-2ad6-4292-b6b3-1dd4f5d41b8a tempest-AggregatesAdminTestJSON-2015020441 tempest-AggregatesAdminTestJSON-2015020441-project] 10.222.0.48 "GET /compute/v2.1/servers/0a8fc9c6-fdc8-47dd-9a73-85ac4d09ac50" status: 200 len: 1297 microversion: 2.1 time: 0.150178
Aug 26 17:10:35.664524 n-d-806131-1 devstack@n-api.service[109763]: [pid: 109763|app: 0|req: 31/64] 10.222.0.48 () {58 vars in 1236 bytes} [Thu Aug 26 17:10:35 2021] GET /compute/v2.1/servers/0a8fc9c6-fdc8-47dd-9a73-85ac4d09ac50 => generated 1297 bytes in 156 msecs (HTTP/1.1 200) 9 headers in 358 bytes (2 switches on core 0)
Aug 26 17:10:35.700924 n-d-806131-1 devstack@n-api.service[109764]: INFO nova.api.openstack.requestlog [None req-37aef457-3567-4499-9c67-8bf366e7cbcf tempest-FlavorsAdminTestJSON-643602766 tempest-FlavorsAdminTestJSON-643602766-project-admin] 10.222.0.48 "DELETE /compute/v2.1/flavors/229391194" status: 202 len: 0 microversion: 2.1 time: 0.060370
Aug 26 17:10:35.704410 n-d-806131-1 devstack@n-api.service[109764]: [pid: 109764|app: 0|req: 34/65] 10.222.0.48 () {58 vars in 1158 bytes} [Thu Aug 26 17:10:35 2021] DELETE /compute/v2.1/flavors/229391194 => generated 0 bytes in 67 msecs (HTTP/1.1 202) 9 headers in 361 bytes (1 switches on core 0)
Aug 26 17:10:35.717550 n-d-806131-1 devstack@n-api.service[109763]: DEBUG nova.api.openstack.wsgi [None req-620deadf-96eb-4d1d-b5ef-f41666560cd9 tempest-FlavorsAdminTestJSON-643602766 tempest-FlavorsAdminTestJSON-643602766-project-admin] Calling method '>' {{(pid=109763) _process_stack /opt/stack/nova/nova/api/openstack/wsgi.py:513}}
Aug 26 17:10:35.775110 n-d-806131-1 devstack@n-api.service[109763]: INFO nova.api.openstack.requestlog [None req-620deadf-96eb-4d1d-b5ef-f41666560cd9 tempest-FlavorsAdminTestJSON-643602766 tempest-FlavorsAdminTestJSON-643602766-project-admin] 10.222.0.48 "GET /compute/v2.1/flavors/detail" status: 200 len: 5819 microversion: 2.1 time: 0.062536
Aug 26 17:10:35.776914 n-d-806131-1 devstack@n-api.service[109763]: [pid: 109763|app: 0|req: 32/66] 10.222.0.48 () {58 vars in 1146 bytes} [Thu Aug 26 17:10:35 2021] GET /compute/v2.1/flavors/detail => generated 5819 bytes in 65 msecs (HTTP/1.1 200) 9 headers in 358 bytes (1 switches on core 0)
Aug 26 17:10:35.824143 n-d-806131-1 devstack@n-api.service[109764]: DEBUG nova.api.openstack.wsgi [None req-74413215-4e55-4ce3-b83c-b2cf08b1631a tempest-FlavorsAdminTestJSON-643602766 tempest-FlavorsAdminTestJSON-643602766-project-admin] Action: 'create', calling method: >, body: {"flavor": {"ram": 512, "vcpus": 1, "disk": 10, "name": "tempest-FlavorsAdminTestJSON-flavor-1515864137", "id": null, "os-flavor-access:is_public": "True"}} {{(pid=109764) _process_stack /opt/stack/nova/nova/api/openstack/wsgi.py:511}}
Aug 26 17:10:35.859392 n-d-806131-1 devstack@n-api.service[109764]: INFO nova.api.openstack.requestlog [None req-74413215-4e55-4ce3-b83c-b2cf08b1631a tempest-FlavorsAdminTestJSON-643602766 tempest-FlavorsAdminTestJSON-643602766-project-admin] 10.222.0.48 "POST /compute/v2.1/flavors" status: 200 len: 507 microversion: 2.1 time: 0.049442
Aug 26 17:10:35.860616 n-d-806131-1 devstack@n-api.service[109764]: [pid: 109764|app: 0|req: 35/67] 10.222.0.48 () {60 vars in 1147 bytes} [Thu Aug 26 17:10:35 2021] POST /compute/v2.1/flavors => generated 507 bytes in 51 msecs (HTTP/1.1 200) 9 headers in 357 bytes (1 switches on core 0)
Aug 26 17:10:35.872663 n-d-806131-1 devstack@n-api.service[109763]: DEBUG nova.api.openstack.wsgi [None req-5b40eb8b-5b79-4026-9c89-4fd2c5aa1a88 tempest-FlavorsAdminTestJSON-643602766 tempest-FlavorsAdminTestJSON-643602766-project-admin] Calling method '>' {{(pid=109763) _process_stack /opt/stack/nova/nova/api/openstack/wsgi.py:513}}
Aug 26 17:10:35.873863 n-d-806131-1 devstack@n-api.service[109763]: /usr/local/lib/python3.8/dist-packages/oslo_policy/policy.py:1064: UserWarning: Policy os_compute_api:os-flavor-manage:delete failed scope check. The token used to make the request was project scoped but the policy requires ['system'] scope. This behavior may change in the future where using the intended scope is required
Aug 26 17:10:35.873863 n-d-806131-1 devstack@n-api.service[109763]: warnings.warn(msg)
Aug 26 17:10:35.910427 n-d-806131-1 devstack@n-api.service[109763]: INFO nova.api.openstack.requestlog [None req-5b40eb8b-5b79-4026-9c89-4fd2c5aa1a88 tempest-FlavorsAdminTestJSON-643602766 tempest-FlavorsAdminTestJSON-643602766-project-admin] 10.222.0.48 "DELETE /compute/v2.1/flavors/48b88242-be18-4543-8ec4-8ea2431073f3" status: 202 len: 0 microversion: 2.1 time: 0.042183
Aug 26 17:10:35.911700 n-d-806131-1 devstack@n-api.service[109763]: [pid: 109763|app: 0|req: 33/68] 10.222.0.48 () {58 vars in 1239 bytes} [Thu Aug 26 17:10:35 2021] DELETE /compute/v2.1/flavors/48b88242-be18-4543-8ec4-8ea2431073f3 => generated 0 bytes in 44 msecs (HTTP/1.1 202) 9 headers in 361 bytes (1 switches on core 0)
Aug 26 17:10:35.919783 n-d-806131-1 devstack@n-api.service[109764]: DEBUG nova.api.openstack.wsgi [None req-3b575760-c39e-4219-9b33-447f62c8a701 tempest-FlavorsAdminTestJSON-643602766 tempest-FlavorsAdminTestJSON-643602766-project-admin] Calling method '>' {{(pid=109764) _process_stack /opt/stack/nova/nova/api/openstack/wsgi.py:513}}
Aug 26 17:10:35.948573 n-d-806131-1 devstack@n-api.service[109764]: INFO nova.api.openstack.requestlog [None req-3b575760-c39e-4219-9b33-447f62c8a701 tempest-FlavorsAdminTestJSON-643602766 tempest-FlavorsAdminTestJSON-643602766-project-admin] 10.222.0.48 "GET /compute/v2.1/flavors/detail" status: 200 len: 5819 microversion: 2.1 time: 0.032521
Aug 26 17:10:35.949909 n-d-806131-1 devstack@n-api.service[109764]: [pid: 109764|app: 0|req: 36/69] 10.222.0.48 () {58 vars in 1146 bytes} [Thu Aug 26 17:10:35 2021] GET /compute/v2.1/flavors/detail => generated 5819 bytes in 35 msecs (HTTP/1.1 200) 9 headers in 358 bytes (1 switches on core 0)
Aug 26 17:10:35.967440 n-d-806131-1 devstack@n-api.service[109763]: DEBUG nova.api.openstack.wsgi [None req-9ae10b1b-76ad-4e37-97a7-bec3a533475c tempest-FlavorsAdminTestJSON-643602766 tempest-FlavorsAdminTestJSON-643602766-project-admin] Action: 'create', calling method: >, body: {"flavor": {"ram": 512, "vcpus": 1, "disk": 10, "name": "tempest-FlavorsAdminTestJSON-flavor-689140980", "id": "122c2eec-a88b-4d75-bff6-0c2768f420dd", "os-flavor-access:is_public": "True"}} {{(pid=109763) _process_stack /opt/stack/nova/nova/api/openstack/wsgi.py:511}}
Aug 26 17:10:35.970020 n-d-806131-1 devstack@n-api.service[109763]: /usr/local/lib/python3.8/dist-packages/oslo_policy/policy.py:1064: UserWarning: Policy os_compute_api:os-flavor-manage:create failed scope check. The token used to make the request was project scoped but the policy requires ['system'] scope. This behavior may change in the future where using the intended scope is required
Aug 26 17:10:35.970020 n-d-806131-1 devstack@n-api.service[109763]: warnings.warn(msg)
Aug 26 17:10:36.018187 n-d-806131-1 devstack@n-api.service[109763]: INFO nova.api.openstack.requestlog [None req-9ae10b1b-76ad-4e37-97a7-bec3a533475c tempest-FlavorsAdminTestJSON-643602766 tempest-FlavorsAdminTestJSON-643602766-project-admin] 10.222.0.48 "POST /compute/v2.1/flavors" status: 200 len: 506 microversion: 2.1 time: 0.054492
Aug 26 17:10:36.047359 n-d-806131-1 devstack@n-api.service[109763]: [pid: 109763|app: 0|req: 34/70] 10.222.0.48 () {60 vars in 1147 bytes} [Thu Aug 26 17:10:35 2021] POST /compute/v2.1/flavors => generated 506 bytes in 84 msecs (HTTP/1.1 200) 9 headers in 357 bytes (1 switches on core 0)
Aug 26 17:10:36.052014 n-d-806131-1 devstack@n-api.service[109764]: DEBUG nova.api.openstack.wsgi [None req-963c66ce-5f0a-4aac-87b8-d90d05341ca2 tempest-FlavorsAdminTestJSON-643602766 tempest-FlavorsAdminTestJSON-643602766-project-admin] Calling method '>' {{(pid=109764) _process_stack /opt/stack/nova/nova/api/openstack/wsgi.py:513}}
Aug 26 17:10:36.101381 n-d-806131-1 devstack@n-api.service[109764]: INFO nova.api.openstack.requestlog [None req-963c66ce-5f0a-4aac-87b8-d90d05341ca2 tempest-FlavorsAdminTestJSON-643602766 tempest-FlavorsAdminTestJSON-643602766-project-admin] 10.222.0.48 "DELETE /compute/v2.1/flavors/122c2eec-a88b-4d75-bff6-0c2768f420dd" status: 202 len: 0 microversion: 2.1 time: 0.051675
Aug 26 17:10:36.108433 n-d-806131-1 devstack@n-api.service[109764]: [pid: 109764|app: 0|req: 37/71] 10.222.0.48 () {58 vars in 1239 bytes} [Thu Aug 26 17:10:36 2021] DELETE /compute/v2.1/flavors/122c2eec-a88b-4d75-bff6-0c2768f420dd => generated 0 bytes in 58 msecs (HTTP/1.1 202) 9 headers in 361 bytes (1 switches on core 0)
Aug 26 17:10:36.112938 n-d-806131-1 devstack@n-api.service[109763]: DEBUG nova.api.openstack.wsgi [None req-23c14d32-8963-4e97-85b3-82c7715df40f tempest-FlavorsAdminTestJSON-643602766 tempest-FlavorsAdminTestJSON-643602766-project-admin] Calling method '>' {{(pid=109763) _process_stack /opt/stack/nova/nova/api/openstack/wsgi.py:513}}
Aug 26 17:10:36.156942 n-d-806131-1 devstack@n-api.service[109763]: INFO nova.api.openstack.requestlog [None req-23c14d32-8963-4e97-85b3-82c7715df40f tempest-FlavorsAdminTestJSON-643602766 tempest-FlavorsAdminTestJSON-643602766-project-admin] 10.222.0.48 "GET /compute/v2.1/flavors/detail" status: 200 len: 5819 microversion: 2.1 time: 0.047877
Aug 26 17:10:36.188077 n-d-806131-1 devstack@n-api.service[109763]: [pid: 109763|app: 0|req: 35/72] 10.222.0.48 () {58 vars in 1146 bytes} [Thu Aug 26 17:10:36 2021] GET /compute/v2.1/flavors/detail => generated 5819 bytes in 79 msecs (HTTP/1.1 200) 9 headers in 358 bytes (2 switches on core 0)
Aug 26 17:10:36.208281 n-d-806131-1 devstack@n-api.service[109764]: DEBUG nova.api.openstack.wsgi [None req-6e3f8fc7-3a6e-4431-bed2-97458e0dec58 tempest-FlavorsAdminTestJSON-643602766 tempest-FlavorsAdminTestJSON-643602766-project-admin] Action: 'create', calling method: >, body: {"flavor": {"ram": 512, "vcpus": 1, "disk": 10, "name": "tempest-test_flavor_-1878019392", "id": 1027008954, "os-flavor-access:is_public": "True"}} {{(pid=109764) _process_stack /opt/stack/nova/nova/api/openstack/wsgi.py:511}}
Aug 26 17:10:36.240840 n-d-806131-1 devstack@n-api.service[109764]: INFO nova.api.openstack.requestlog [None req-6e3f8fc7-3a6e-4431-bed2-97458e0dec58 tempest-FlavorsAdminTestJSON-643602766 tempest-FlavorsAdminTestJSON-643602766-project-admin] 10.222.0.48 "POST /compute/v2.1/flavors" status: 200 len: 414 microversion: 2.1 time: 0.037256
Aug 26 17:10:36.252760 n-d-806131-1 devstack@n-api.service[109764]: [pid: 109764|app: 0|req: 38/73] 10.222.0.48 () {60 vars in 1147 bytes} [Thu Aug 26 17:10:36 2021] POST /compute/v2.1/flavors => generated 414 bytes in 50 msecs (HTTP/1.1 200) 9 headers in 357 bytes (1 switches on core 0)
Aug 26 17:10:36.256198 n-d-806131-1 devstack@n-api.service[109763]: DEBUG nova.api.openstack.wsgi [None req-9cf335ce-df8a-4d18-97b4-5cd9bbbb8fa5 tempest-FlavorsAdminTestJSON-643602766 tempest-FlavorsAdminTestJSON-643602766-project-admin] Calling method '>' {{(pid=109763) _process_stack /opt/stack/nova/nova/api/openstack/wsgi.py:513}}
Aug 26 17:10:36.272077 n-d-806131-1 devstack@n-api.service[109763]: INFO nova.api.openstack.requestlog [None req-9cf335ce-df8a-4d18-97b4-5cd9bbbb8fa5 tempest-FlavorsAdminTestJSON-643602766 tempest-FlavorsAdminTestJSON-643602766-project-admin] 10.222.0.48 "GET /compute/v2.1/flavors/1027008954" status: 200 len: 414 microversion: 2.1 time: 0.019590
Aug 26 17:10:36.283513 n-d-806131-1 devstack@n-api.service[109763]: [pid: 109763|app: 0|req: 36/74] 10.222.0.48 () {58 vars in 1158 bytes} [Thu Aug 26 17:10:36 2021] GET /compute/v2.1/flavors/1027008954 => generated 414 bytes in 27 msecs (HTTP/1.1 200) 9 headers in 357 bytes (1 switches on core 0)
Aug 26 17:10:36.678643 n-d-806131-1 devstack@n-api.service[109763]: DEBUG nova.api.openstack.wsgi [None req-70011074-9c1d-41ce-991d-1271e9f3d88d tempest-AggregatesAdminTestJSON-2015020441 tempest-AggregatesAdminTestJSON-2015020441-project] Calling method '>' {{(pid=109763) _process_stack /opt/stack/nova/nova/api/openstack/wsgi.py:513}}
Aug 26 17:10:36.680104 n-d-806131-1 devstack@n-api.service[109763]: DEBUG nova.compute.api [None req-70011074-9c1d-41ce-991d-1271e9f3d88d tempest-AggregatesAdminTestJSON-2015020441 tempest-AggregatesAdminTestJSON-2015020441-project] [instance: 0a8fc9c6-fdc8-47dd-9a73-85ac4d09ac50] Fetching instance by UUID {{(pid=109763) get /opt/stack/nova/nova/compute/api.py:2828}}
Aug 26 17:10:36.699006 n-d-806131-1 devstack@n-api.service[109763]: DEBUG oslo_concurrency.lockutils [None req-70011074-9c1d-41ce-991d-1271e9f3d88d tempest-AggregatesAdminTestJSON-2015020441 tempest-AggregatesAdminTestJSON-2015020441-project] Lock "502c4e0e-cae3-4d33-8af2-2c75f3deaef1" acquired by "nova.context.set_target_cell..get_or_set_cached_cell_and_set_connections" :: waited 0.000s {{(pid=109763) inner /usr/local/lib/python3.8/dist-packages/oslo_concurrency/lockutils.py:355}}
Aug 26 17:10:36.699633 n-d-806131-1 devstack@n-api.service[109763]: DEBUG oslo_concurrency.lockutils [None req-70011074-9c1d-41ce-991d-1271e9f3d88d tempest-AggregatesAdminTestJSON-2015020441 tempest-AggregatesAdminTestJSON-2015020441-project] Lock "502c4e0e-cae3-4d33-8af2-2c75f3deaef1" released by "nova.context.set_target_cell..get_or_set_cached_cell_and_set_connections" :: held 0.001s {{(pid=109763) inner /usr/local/lib/python3.8/dist-packages/oslo_concurrency/lockutils.py:367}}
Aug 26 17:10:36.700829 n-d-806131-1 devstack@n-api.service[109763]: DEBUG oslo_concurrency.lockutils [None req-70011074-9c1d-41ce-991d-1271e9f3d88d tempest-AggregatesAdminTestJSON-2015020441 tempest-AggregatesAdminTestJSON-2015020441-project] Lock "502c4e0e-cae3-4d33-8af2-2c75f3deaef1" acquired by "nova.context.set_target_cell..get_or_set_cached_cell_and_set_connections" :: waited 0.000s {{(pid=109763) inner /usr/local/lib/python3.8/dist-packages/oslo_concurrency/lockutils.py:355}}
Aug 26 17:10:36.705246 n-d-806131-1 devstack@n-api.service[109763]: DEBUG oslo_concurrency.lockutils [None req-70011074-9c1d-41ce-991d-1271e9f3d88d tempest-AggregatesAdminTestJSON-2015020441 tempest-AggregatesAdminTestJSON-2015020441-project] Lock "502c4e0e-cae3-4d33-8af2-2c75f3deaef1" released by "nova.context.set_target_cell..get_or_set_cached_cell_and_set_connections" :: held 0.003s {{(pid=109763) inner /usr/local/lib/python3.8/dist-packages/oslo_concurrency/lockutils.py:367}}
Aug 26 17:10:37.301088 n-d-806131-1 devstack@n-api.service[109764]: DEBUG nova.api.openstack.wsgi [None req-39c82b49-23c5-4b58-bee6-a6c69539f59b tempest-FlavorsAdminTestJSON-1172734055 tempest-FlavorsAdminTestJSON-1172734055-project] Calling method '>' {{(pid=109764) _process_stack /opt/stack/nova/nova/api/openstack/wsgi.py:513}}
Aug 26 17:10:37.390093 n-d-806131-1 devstack@n-api.service[109764]: INFO nova.api.openstack.requestlog [None req-39c82b49-23c5-4b58-bee6-a6c69539f59b tempest-FlavorsAdminTestJSON-1172734055 tempest-FlavorsAdminTestJSON-1172734055-project] 10.222.0.48 "GET /compute/v2.1/flavors/detail" status: 200 len: 6223 microversion: 2.1 time: 1.099733
Aug 26 17:10:37.392426 n-d-806131-1 devstack@n-api.service[109764]: [pid: 109764|app: 0|req: 39/75] 10.222.0.48 () {58 vars in 1146 bytes} [Thu Aug 26 17:10:36 2021] GET /compute/v2.1/flavors/detail => generated 6223 bytes in 1105 msecs (HTTP/1.1 200) 9 headers in 358 bytes (1 switches on core 0)
Aug 26 17:10:37.406916 n-d-806131-1 devstack@n-api.service[109764]: DEBUG nova.api.openstack.wsgi [None req-d8bae730-4dfa-4eb9-9f96-812c6a759432 tempest-FlavorsAdminTestJSON-643602766 tempest-FlavorsAdminTestJSON-643602766-project-admin] Calling method '>' {{(pid=109764) _process_stack /opt/stack/nova/nova/api/openstack/wsgi.py:513}}
Aug 26 17:10:37.466063 n-d-806131-1 devstack@n-api.service[109764]: INFO nova.api.openstack.requestlog [None req-d8bae730-4dfa-4eb9-9f96-812c6a759432 tempest-FlavorsAdminTestJSON-643602766 tempest-FlavorsAdminTestJSON-643602766-project-admin] 10.222.0.48 "DELETE /compute/v2.1/flavors/1027008954" status: 202 len: 0 microversion: 2.1 time: 0.062733
Aug 26 17:10:37.469499 n-d-806131-1 devstack@n-api.service[109764]: [pid: 109764|app: 0|req: 40/76] 10.222.0.48 () {58 vars in 1161 bytes} [Thu Aug 26 17:10:37 2021] DELETE /compute/v2.1/flavors/1027008954 => generated 0 bytes in 66 msecs (HTTP/1.1 202) 9 headers in 361 bytes (1 switches on core 0)
Aug 26 17:10:37.478217 n-d-806131-1 devstack@n-api.service[109763]: DEBUG nova.policy [None req-70011074-9c1d-41ce-991d-1271e9f3d88d tempest-AggregatesAdminTestJSON-2015020441 tempest-AggregatesAdminTestJSON-2015020441-project] Policy check for os_compute_api:os-extended-server-attributes failed with credentials {'is_admin': False, 'user_id': 'e684a00875a349c095fce601a8e0f951', 'user_domain_id': 'default', 'system_scope': None, 'domain_id': None, 'project_id': 'a81000a0cfa442ce8d1e9c8fb7368b88', 'project_domain_id': 'default', 'roles': ['member', 'reader'], 'is_admin_project': True, 'service_user_id': None, 'service_user_domain_id': None, 'service_project_id': None, 'service_project_domain_id': None, 'service_roles': []} {{(pid=109763) authorize /opt/stack/nova/nova/policy.py:199}}
Aug 26 17:10:37.487771 n-d-806131-1 devstack@n-api.service[109764]: DEBUG nova.api.openstack.wsgi [None req-b5727a29-e2b4-4724-855a-8f377a427ff1 tempest-FlavorsAdminTestJSON-643602766 tempest-FlavorsAdminTestJSON-643602766-project-admin] Calling method '>' {{(pid=109764) _process_stack /opt/stack/nova/nova/api/openstack/wsgi.py:513}}
Aug 26 17:10:37.493836 n-d-806131-1 devstack@n-api.service[109763]: INFO nova.api.openstack.requestlog [None req-70011074-9c1d-41ce-991d-1271e9f3d88d tempest-AggregatesAdminTestJSON-2015020441 tempest-AggregatesAdminTestJSON-2015020441-project] 10.222.0.48 "GET /compute/v2.1/servers/0a8fc9c6-fdc8-47dd-9a73-85ac4d09ac50" status: 200 len: 1297 microversion: 2.1 time: 0.817681
Aug 26 17:10:37.496588 n-d-806131-1 devstack@n-api.service[109763]: [pid: 109763|app: 0|req: 37/77] 10.222.0.48 () {58 vars in 1236 bytes} [Thu Aug 26 17:10:36 2021] GET /compute/v2.1/servers/0a8fc9c6-fdc8-47dd-9a73-85ac4d09ac50 => generated 1297 bytes in 824 msecs (HTTP/1.1 200) 9 headers in 358 bytes (1 switches on core 0)
Aug 26 17:10:37.577235 n-d-806131-1 devstack@n-api.service[109764]: INFO nova.api.openstack.requestlog [None req-b5727a29-e2b4-4724-855a-8f377a427ff1 tempest-FlavorsAdminTestJSON-643602766 tempest-FlavorsAdminTestJSON-643602766-project-admin] 10.222.0.48 "GET /compute/v2.1/flavors/detail" status: 200 len: 5819 microversion: 2.1 time: 0.104031
Aug 26 17:10:37.583839 n-d-806131-1 devstack@n-api.service[109764]: [pid: 109764|app: 0|req: 41/78] 10.222.0.48 () {58 vars in 1146 bytes} [Thu Aug 26 17:10:37 2021] GET /compute/v2.1/flavors/detail => generated 5819 bytes in 111 msecs (HTTP/1.1 200) 9 headers in 358 bytes (1 switches on core 0)
Aug 26 17:10:37.594422 n-d-806131-1 devstack@n-api.service[109763]: DEBUG nova.api.openstack.wsgi [None req-4dedcbd2-1a4b-4573-afbe-07aa875d8b5a tempest-FlavorsAdminTestJSON-643602766 tempest-FlavorsAdminTestJSON-643602766-project-admin] Action: 'create', calling method: >, body: {"flavor": {"ram": 512, "vcpus": 1, "disk": 10, "name": "tempest-FlavorsAdminTestJSON-flavor-1961859159", "id": 1451171121, "os-flavor-access:is_public": "False"}} {{(pid=109763) _process_stack /opt/stack/nova/nova/api/openstack/wsgi.py:511}}
Aug 26 17:10:37.596110 n-d-806131-1 devstack@n-api.service[109763]: /usr/local/lib/python3.8/dist-packages/oslo_policy/policy.py:1064: UserWarning: Policy os_compute_api:os-flavor-manage:create failed scope check. The token used to make the request was project scoped but the policy requires ['system'] scope. This behavior may change in the future where using the intended scope is required
Aug 26 17:10:37.596110 n-d-806131-1 devstack@n-api.service[109763]: warnings.warn(msg)
Aug 26 17:10:37.631331 n-d-806131-1 devstack@n-api.service[109763]: INFO nova.api.openstack.requestlog [None req-4dedcbd2-1a4b-4573-afbe-07aa875d8b5a tempest-FlavorsAdminTestJSON-643602766 tempest-FlavorsAdminTestJSON-643602766-project-admin] 10.222.0.48 "POST /compute/v2.1/flavors" status: 200 len: 430 microversion: 2.1 time: 0.040511
Aug 26 17:10:37.646464 n-d-806131-1 devstack@n-api.service[109763]: [pid: 109763|app: 0|req: 38/79] 10.222.0.48 () {60 vars in 1147 bytes} [Thu Aug 26 17:10:37 2021] POST /compute/v2.1/flavors => generated 430 bytes in 52 msecs (HTTP/1.1 200) 9 headers in 357 bytes (1 switches on core 0)
Aug 26 17:10:37.647323 n-d-806131-1 devstack@n-api.service[109764]: DEBUG nova.api.openstack.wsgi [None req-6b2683b8-e146-4c72-8cc7-eaf39d5efb96 tempest-FlavorsAdminTestJSON-1172734055 tempest-FlavorsAdminTestJSON-1172734055-project] Action: 'create', calling method: >, body: {"server": {"name": "test", "imageRef": "d795cf06-d26f-4edf-86f6-8649d2ef6ee7", "flavorRef": "1451171121"}} {{(pid=109764) _process_stack /opt/stack/nova/nova/api/openstack/wsgi.py:511}}
Aug 26 17:10:37.670000 n-d-806131-1 devstack@n-api.service[109764]: INFO nova.api.openstack.wsgi [None req-6b2683b8-e146-4c72-8cc7-eaf39d5efb96 tempest-FlavorsAdminTestJSON-1172734055 tempest-FlavorsAdminTestJSON-1172734055-project] HTTP exception thrown: Flavor 1451171121 could not be found.
Aug 26 17:10:37.693429 n-d-806131-1 devstack@n-api.service[109764]: DEBUG nova.api.openstack.wsgi [None req-6b2683b8-e146-4c72-8cc7-eaf39d5efb96 tempest-FlavorsAdminTestJSON-1172734055 tempest-FlavorsAdminTestJSON-1172734055-project] Returning 400 to user: Flavor 1451171121 could not be found. {{(pid=109764) __call__ /opt/stack/nova/nova/api/openstack/wsgi.py:927}}
Aug 26 17:10:37.717501 n-d-806131-1 devstack@n-api.service[109764]: INFO nova.api.openstack.requestlog [None req-6b2683b8-e146-4c72-8cc7-eaf39d5efb96 tempest-FlavorsAdminTestJSON-1172734055 tempest-FlavorsAdminTestJSON-1172734055-project] 10.222.0.48 "POST /compute/v2.1/servers" status: 400 len: 81 microversion: 2.1 time: 0.075103
Aug 26 17:10:37.724702 n-d-806131-1 devstack@n-api.service[109764]: [pid: 109764|app: 0|req: 42/80] 10.222.0.48 () {60 vars in 1147 bytes} [Thu Aug 26 17:10:37 2021] POST /compute/v2.1/servers => generated 81 bytes in 83 msecs (HTTP/1.1 400) 9 headers in 380 bytes (2 switches on core 0)
Aug 26 17:10:37.734452 n-d-806131-1 devstack@n-api.service[109763]: DEBUG nova.api.openstack.wsgi [None req-8c1d5d7c-1ec7-41a7-afa5-f6b084bb0b92 tempest-FlavorsAdminTestJSON-643602766 tempest-FlavorsAdminTestJSON-643602766-project-admin] Calling method '>' {{(pid=109763) _process_stack /opt/stack/nova/nova/api/openstack/wsgi.py:513}}
Aug 26 17:10:37.735278 n-d-806131-1 devstack@n-api.service[109763]: /usr/local/lib/python3.8/dist-packages/oslo_policy/policy.py:1064: UserWarning: Policy os_compute_api:os-flavor-manage:delete failed scope check. The token used to make the request was project scoped but the policy requires ['system'] scope. This behavior may change in the future where using the intended scope is required
Aug 26 17:10:37.735278 n-d-806131-1 devstack@n-api.service[109763]: warnings.warn(msg)
Aug 26 17:10:37.779751 n-d-806131-1 devstack@n-api.service[109763]: INFO nova.api.openstack.requestlog [None req-8c1d5d7c-1ec7-41a7-afa5-f6b084bb0b92 tempest-FlavorsAdminTestJSON-643602766 tempest-FlavorsAdminTestJSON-643602766-project-admin] 10.222.0.48 "DELETE /compute/v2.1/flavors/1451171121" status: 202 len: 0 microversion: 2.1 time: 0.050067
Aug 26 17:10:37.782622 n-d-806131-1 devstack@n-api.service[109763]: [pid: 109763|app: 0|req: 39/81] 10.222.0.48 () {58 vars in 1161 bytes} [Thu Aug 26 17:10:37 2021] DELETE /compute/v2.1/flavors/1451171121 => generated 0 bytes in 54 msecs (HTTP/1.1 202) 9 headers in 361 bytes (1 switches on core 0)
Aug 26 17:10:37.792339 n-d-806131-1 devstack@n-api.service[109764]: DEBUG nova.api.openstack.wsgi [None req-c1ebae3f-c351-4dbe-815d-ad140f9fb65d tempest-FlavorsAdminTestJSON-643602766 tempest-FlavorsAdminTestJSON-643602766-project-admin] Calling method '>' {{(pid=109764) _process_stack /opt/stack/nova/nova/api/openstack/wsgi.py:513}}
Aug 26 17:10:37.853217 n-d-806131-1 devstack@n-api.service[109764]: INFO nova.api.openstack.requestlog [None req-c1ebae3f-c351-4dbe-815d-ad140f9fb65d tempest-FlavorsAdminTestJSON-643602766 tempest-FlavorsAdminTestJSON-643602766-project-admin] 10.222.0.48 "GET /compute/v2.1/flavors/detail" status: 200 len: 5819 microversion: 2.1 time: 0.065393
Aug 26 17:10:37.856625 n-d-806131-1 devstack@n-api.service[109764]: [pid: 109764|app: 0|req: 43/82] 10.222.0.48 () {58 vars in 1146 bytes} [Thu Aug 26 17:10:37 2021] GET /compute/v2.1/flavors/detail => generated 5819 bytes in 71 msecs (HTTP/1.1 200) 9 headers in 358 bytes (1 switches on core 0)
Aug 26 17:10:37.873639 n-d-806131-1 devstack@n-api.service[109763]: DEBUG nova.api.openstack.wsgi [None req-ca99cf11-a58b-482b-a7e4-95cb854c2149 tempest-FlavorsAdminTestJSON-643602766 tempest-FlavorsAdminTestJSON-643602766-project-admin] Action: 'create', calling method: >, body: {"flavor": {"ram": 512, "vcpus": 1, "disk": 10, "name": "tempest-test_flavor_-1223646495", "id": 977103167, "os-flavor-access:is_public": "False"}} {{(pid=109763) _process_stack /opt/stack/nova/nova/api/openstack/wsgi.py:511}}
Aug 26 17:10:37.921612 n-d-806131-1 devstack@n-api.service[109763]: INFO nova.api.openstack.requestlog [None req-ca99cf11-a58b-482b-a7e4-95cb854c2149 tempest-FlavorsAdminTestJSON-643602766 tempest-FlavorsAdminTestJSON-643602766-project-admin] 10.222.0.48 "POST /compute/v2.1/flavors" status: 200 len: 412 microversion: 2.1 time: 0.052986
Aug 26 17:10:37.926803 n-d-806131-1 devstack@n-api.service[109763]: [pid: 109763|app: 0|req: 40/83] 10.222.0.48 () {60 vars in 1147 bytes} [Thu Aug 26 17:10:37 2021] POST /compute/v2.1/flavors => generated 412 bytes in 58 msecs (HTTP/1.1 200) 9 headers in 357 bytes (1 switches on core 0)
Aug 26 17:10:37.937380 n-d-806131-1 devstack@n-api.service[109764]: DEBUG nova.api.openstack.wsgi [None req-6e6cafac-8e40-4531-ab7a-d563981d9614 tempest-FlavorsAdminTestJSON-643602766 tempest-FlavorsAdminTestJSON-643602766-project-admin] Action: 'create', calling method: >, body: {"flavor": {"ram": 512, "vcpus": 1, "disk": 10, "name": "tempest-test_flavor_-1856709385", "id": 1897111821, "os-flavor-access:is_public": "True"}} {{(pid=109764) _process_stack /opt/stack/nova/nova/api/openstack/wsgi.py:511}}
Aug 26 17:10:37.988707 n-d-806131-1 devstack@n-api.service[109764]: INFO nova.api.openstack.requestlog [None req-6e6cafac-8e40-4531-ab7a-d563981d9614 tempest-FlavorsAdminTestJSON-643602766 tempest-FlavorsAdminTestJSON-643602766-project-admin] 10.222.0.48 "POST /compute/v2.1/flavors" status: 200 len: 414 microversion: 2.1 time: 0.056617
Aug 26 17:10:37.996995 n-d-806131-1 devstack@n-api.service[109764]: [pid: 109764|app: 0|req: 44/84] 10.222.0.48 () {60 vars in 1147 bytes} [Thu Aug 26 17:10:37 2021] POST /compute/v2.1/flavors => generated 414 bytes in 66 msecs (HTTP/1.1 200) 9 headers in 357 bytes (1 switches on core 0)
Aug 26 17:10:38.006231 n-d-806131-1 devstack@n-api.service[109763]: DEBUG nova.api.openstack.wsgi [None req-0bcc7dea-cefd-41a5-9f75-2dfd80438d11 tempest-FlavorsAdminTestJSON-643602766 tempest-FlavorsAdminTestJSON-643602766-project-admin] Calling method '>' {{(pid=109763) _process_stack /opt/stack/nova/nova/api/openstack/wsgi.py:513}}
Aug 26 17:10:38.048767 n-d-806131-1 devstack@n-api.service[109763]: INFO nova.api.openstack.requestlog [None req-0bcc7dea-cefd-41a5-9f75-2dfd80438d11 tempest-FlavorsAdminTestJSON-643602766 tempest-FlavorsAdminTestJSON-643602766-project-admin] 10.222.0.48 "GET /compute/v2.1/flavors/detail?is_public=f" status: 200 len: 415 microversion: 2.1 time: 0.046066
Aug 26 17:10:38.060557 n-d-806131-1 devstack@n-api.service[109763]: [pid: 109763|app: 0|req: 41/85] 10.222.0.48 () {58 vars in 1169 bytes} [Thu Aug 26 17:10:38 2021] GET /compute/v2.1/flavors/detail?is_public=f => generated 415 bytes in 58 msecs (HTTP/1.1 200) 9 headers in 357 bytes (1 switches on core 0)
Aug 26 17:10:38.072400 n-d-806131-1 devstack@n-api.service[109764]: DEBUG nova.api.openstack.wsgi [None req-ec5e764b-1a63-4eab-80ec-3cf6c676434f tempest-FlavorsAdminTestJSON-643602766 tempest-FlavorsAdminTestJSON-643602766-project-admin] Calling method '>' {{(pid=109764) _process_stack /opt/stack/nova/nova/api/openstack/wsgi.py:513}}
Aug 26 17:10:38.117245 n-d-806131-1 devstack@n-api.service[109764]: INFO nova.api.openstack.requestlog [None req-ec5e764b-1a63-4eab-80ec-3cf6c676434f tempest-FlavorsAdminTestJSON-643602766 tempest-FlavorsAdminTestJSON-643602766-project-admin] 10.222.0.48 "GET /compute/v2.1/flavors/detail?is_public=false" status: 200 len: 415 microversion: 2.1 time: 0.051686
Aug 26 17:10:38.118836 n-d-806131-1 devstack@n-api.service[109764]: [pid: 109764|app: 0|req: 45/86] 10.222.0.48 () {58 vars in 1177 bytes} [Thu Aug 26 17:10:38 2021] GET /compute/v2.1/flavors/detail?is_public=false => generated 415 bytes in 54 msecs (HTTP/1.1 200) 9 headers in 357 bytes (1 switches on core 0)
Aug 26 17:10:38.133942 n-d-806131-1 devstack@n-api.service[109763]: DEBUG nova.api.openstack.wsgi [None req-8652e8c7-1574-4bd0-943d-d55dd86c65da tempest-FlavorsAdminTestJSON-643602766 tempest-FlavorsAdminTestJSON-643602766-project-admin] Calling method '>' {{(pid=109763) _process_stack /opt/stack/nova/nova/api/openstack/wsgi.py:513}}
Aug 26 17:10:38.148731 n-d-806131-1 devstack@n-api.service[109763]: INFO nova.api.openstack.requestlog [None req-8652e8c7-1574-4bd0-943d-d55dd86c65da tempest-FlavorsAdminTestJSON-643602766 tempest-FlavorsAdminTestJSON-643602766-project-admin] 10.222.0.48 "GET /compute/v2.1/flavors/detail?is_public=no" status: 200 len: 415 microversion: 2.1 time: 0.019181
Aug 26 17:10:38.154117 n-d-806131-1 devstack@n-api.service[109763]: [pid: 109763|app: 0|req: 42/87] 10.222.0.48 () {58 vars in 1171 bytes} [Thu Aug 26 17:10:38 2021] GET /compute/v2.1/flavors/detail?is_public=no => generated 415 bytes in 23 msecs (HTTP/1.1 200) 9 headers in 357 bytes (1 switches on core 0)
Aug 26 17:10:38.162386 n-d-806131-1 devstack@n-api.service[109764]: DEBUG nova.api.openstack.wsgi [None req-5ac89a99-5e68-4d3c-8ad9-cd2e740b8777 tempest-FlavorsAdminTestJSON-643602766 tempest-FlavorsAdminTestJSON-643602766-project-admin] Calling method '>' {{(pid=109764) _process_stack /opt/stack/nova/nova/api/openstack/wsgi.py:513}}
Aug 26 17:10:38.198157 n-d-806131-1 devstack@n-api.service[109764]: INFO nova.api.openstack.requestlog [None req-5ac89a99-5e68-4d3c-8ad9-cd2e740b8777 tempest-FlavorsAdminTestJSON-643602766 tempest-FlavorsAdminTestJSON-643602766-project-admin] 10.222.0.48 "GET /compute/v2.1/flavors/detail?is_public=0" status: 200 len: 415 microversion: 2.1 time: 0.033253
Aug 26 17:10:38.212192 n-d-806131-1 devstack@n-api.service[109764]: [pid: 109764|app: 0|req: 46/88] 10.222.0.48 () {58 vars in 1169 bytes} [Thu Aug 26 17:10:38 2021] GET /compute/v2.1/flavors/detail?is_public=0 => generated 415 bytes in 49 msecs (HTTP/1.1 200) 9 headers in 357 bytes (1 switches on core 0)
Aug 26 17:10:38.220111 n-d-806131-1 devstack@n-api.service[109763]: DEBUG nova.api.openstack.wsgi [None req-6f46a456-644e-4781-9685-c83b36084549 tempest-FlavorsAdminTestJSON-643602766 tempest-FlavorsAdminTestJSON-643602766-project-admin] Calling method '>' {{(pid=109763) _process_stack /opt/stack/nova/nova/api/openstack/wsgi.py:513}}
Aug 26 17:10:38.266754 n-d-806131-1 devstack@n-api.service[109763]: INFO nova.api.openstack.requestlog [None req-6f46a456-644e-4781-9685-c83b36084549 tempest-FlavorsAdminTestJSON-643602766 tempest-FlavorsAdminTestJSON-643602766-project-admin] 10.222.0.48 "GET /compute/v2.1/flavors/detail?is_public=t" status: 200 len: 6223 microversion: 2.1 time: 0.052563
Aug 26 17:10:38.289079 n-d-806131-1 devstack@n-api.service[109763]: [pid: 109763|app: 0|req: 43/89] 10.222.0.48 () {58 vars in 1169 bytes} [Thu Aug 26 17:10:38 2021] GET /compute/v2.1/flavors/detail?is_public=t => generated 6223 bytes in 76 msecs (HTTP/1.1 200) 9 headers in 358 bytes (1 switches on core 0)
Aug 26 17:10:38.304836 n-d-806131-1 devstack@n-api.service[109764]: DEBUG nova.api.openstack.wsgi [None req-9747fac0-c368-4aec-b874-c22c8522fb2b tempest-FlavorsAdminTestJSON-643602766 tempest-FlavorsAdminTestJSON-643602766-project-admin] Calling method '>' {{(pid=109764) _process_stack /opt/stack/nova/nova/api/openstack/wsgi.py:513}}
Aug 26 17:10:38.381286 n-d-806131-1 devstack@n-api.service[109764]: INFO nova.api.openstack.requestlog [None req-9747fac0-c368-4aec-b874-c22c8522fb2b tempest-FlavorsAdminTestJSON-643602766 tempest-FlavorsAdminTestJSON-643602766-project-admin] 10.222.0.48 "GET /compute/v2.1/flavors/detail?is_public=true" status: 200 len: 6223 microversion: 2.1 time: 0.080538
Aug 26 17:10:38.389143 n-d-806131-1 devstack@n-api.service[109764]: [pid: 109764|app: 0|req: 47/90] 10.222.0.48 () {58 vars in 1175 bytes} [Thu Aug 26 17:10:38 2021] GET /compute/v2.1/flavors/detail?is_public=true => generated 6223 bytes in 89 msecs (HTTP/1.1 200) 9 headers in 358 bytes (1 switches on core 0)
Aug 26 17:10:38.406825 n-d-806131-1 devstack@n-api.service[109763]: DEBUG nova.api.openstack.wsgi [None req-542959e5-8073-4370-acb9-ad1f18037b7c tempest-FlavorsAdminTestJSON-643602766 tempest-FlavorsAdminTestJSON-643602766-project-admin] Calling method '>' {{(pid=109763) _process_stack /opt/stack/nova/nova/api/openstack/wsgi.py:513}}
Aug 26 17:10:38.453450 n-d-806131-1 devstack@n-api.service[109763]: INFO nova.api.openstack.requestlog [None req-542959e5-8073-4370-acb9-ad1f18037b7c tempest-FlavorsAdminTestJSON-643602766 tempest-FlavorsAdminTestJSON-643602766-project-admin] 10.222.0.48 "GET /compute/v2.1/flavors/detail?is_public=yes" status: 200 len: 6223 microversion: 2.1 time: 0.050071
Aug 26 17:10:38.473272 n-d-806131-1 devstack@n-api.service[109764]: DEBUG nova.api.openstack.wsgi [None req-9e035771-0db6-4e97-a6dd-872aeba98dcc tempest-FlavorsAdminTestJSON-643602766 tempest-FlavorsAdminTestJSON-643602766-project-admin] Calling method '>' {{(pid=109764) _process_stack /opt/stack/nova/nova/api/openstack/wsgi.py:513}}
Aug 26 17:10:38.480132 n-d-806131-1 devstack@n-api.service[109763]: [pid: 109763|app: 0|req: 44/91] 10.222.0.48 () {58 vars in 1173 bytes} [Thu Aug 26 17:10:38 2021] GET /compute/v2.1/flavors/detail?is_public=yes => generated 6223 bytes in 77 msecs (HTTP/1.1 200) 9 headers in 358 bytes (1 switches on core 0)
Aug 26 17:10:38.513549 n-d-806131-1 devstack@n-api.service[109763]: DEBUG nova.api.openstack.wsgi [None req-fb69dfd6-d49b-436a-8853-65a38e05178e tempest-AggregatesAdminTestJSON-2015020441 tempest-AggregatesAdminTestJSON-2015020441-project] Calling method '>' {{(pid=109763) _process_stack /opt/stack/nova/nova/api/openstack/wsgi.py:513}}
Aug 26 17:10:38.514371 n-d-806131-1 devstack@n-api.service[109763]: DEBUG nova.compute.api [None req-fb69dfd6-d49b-436a-8853-65a38e05178e tempest-AggregatesAdminTestJSON-2015020441 tempest-AggregatesAdminTestJSON-2015020441-project] [instance: 0a8fc9c6-fdc8-47dd-9a73-85ac4d09ac50] Fetching instance by UUID {{(pid=109763) get /opt/stack/nova/nova/compute/api.py:2828}}
Aug 26 17:10:38.530669 n-d-806131-1 devstack@n-api.service[109763]: DEBUG oslo_concurrency.lockutils [None req-fb69dfd6-d49b-436a-8853-65a38e05178e tempest-AggregatesAdminTestJSON-2015020441 tempest-AggregatesAdminTestJSON-2015020441-project] Lock "502c4e0e-cae3-4d33-8af2-2c75f3deaef1" acquired by "nova.context.set_target_cell..get_or_set_cached_cell_and_set_connections" :: waited 0.000s {{(pid=109763) inner /usr/local/lib/python3.8/dist-packages/oslo_concurrency/lockutils.py:355}}
Aug 26 17:10:38.531806 n-d-806131-1 devstack@n-api.service[109763]: DEBUG oslo_concurrency.lockutils [None req-fb69dfd6-d49b-436a-8853-65a38e05178e tempest-AggregatesAdminTestJSON-2015020441 tempest-AggregatesAdminTestJSON-2015020441-project] Lock "502c4e0e-cae3-4d33-8af2-2c75f3deaef1" released by "nova.context.set_target_cell..get_or_set_cached_cell_and_set_connections" :: held 0.003s {{(pid=109763) inner /usr/local/lib/python3.8/dist-packages/oslo_concurrency/lockutils.py:367}}
Aug 26 17:10:38.533404 n-d-806131-1 devstack@n-api.service[109763]: DEBUG oslo_concurrency.lockutils [None req-fb69dfd6-d49b-436a-8853-65a38e05178e tempest-AggregatesAdminTestJSON-2015020441 tempest-AggregatesAdminTestJSON-2015020441-project] Lock "502c4e0e-cae3-4d33-8af2-2c75f3deaef1" acquired by "nova.context.set_target_cell..get_or_set_cached_cell_and_set_connections" :: waited 0.000s {{(pid=109763) inner /usr/local/lib/python3.8/dist-packages/oslo_concurrency/lockutils.py:355}}
Aug 26 17:10:38.535623 n-d-806131-1 devstack@n-api.service[109763]: DEBUG oslo_concurrency.lockutils [None req-fb69dfd6-d49b-436a-8853-65a38e05178e tempest-AggregatesAdminTestJSON-2015020441 tempest-AggregatesAdminTestJSON-2015020441-project] Lock "502c4e0e-cae3-4d33-8af2-2c75f3deaef1" released by "nova.context.set_target_cell..get_or_set_cached_cell_and_set_connections" :: held 0.002s {{(pid=109763) inner /usr/local/lib/python3.8/dist-packages/oslo_concurrency/lockutils.py:367}}
Aug 26 17:10:38.537851 n-d-806131-1 devstack@n-api.service[109764]: INFO nova.api.openstack.requestlog [None req-9e035771-0db6-4e97-a6dd-872aeba98dcc tempest-FlavorsAdminTestJSON-643602766 tempest-FlavorsAdminTestJSON-643602766-project-admin] 10.222.0.48 "GET /compute/v2.1/flavors/detail?is_public=1" status: 200 len: 6223 microversion: 2.1 time: 0.065230
Aug 26 17:10:38.542477 n-d-806131-1 devstack@n-api.service[109764]: [pid: 109764|app: 0|req: 48/92] 10.222.0.48 () {58 vars in 1169 bytes} [Thu Aug 26 17:10:38 2021] GET /compute/v2.1/flavors/detail?is_public=1 => generated 6223 bytes in 72 msecs (HTTP/1.1 200) 9 headers in 358 bytes (2 switches on core 0)
Aug 26 17:10:38.559898 n-d-806131-1 devstack@n-api.service[109764]: DEBUG nova.api.openstack.wsgi [None req-86f8df14-d758-4624-94a9-d40139ed718f tempest-FlavorsAdminTestJSON-643602766 tempest-FlavorsAdminTestJSON-643602766-project-admin] Calling method '>' {{(pid=109764) _process_stack /opt/stack/nova/nova/api/openstack/wsgi.py:513}}
Aug 26 17:10:38.610482 n-d-806131-1 devstack@n-api.service[109764]: INFO nova.api.openstack.requestlog [None req-86f8df14-d758-4624-94a9-d40139ed718f tempest-FlavorsAdminTestJSON-643602766 tempest-FlavorsAdminTestJSON-643602766-project-admin] 10.222.0.48 "DELETE /compute/v2.1/flavors/1897111821" status: 202 len: 0 microversion: 2.1 time: 0.056619
Aug 26 17:10:38.612327 n-d-806131-1 devstack@n-api.service[109764]: [pid: 109764|app: 0|req: 49/93] 10.222.0.48 () {58 vars in 1161 bytes} [Thu Aug 26 17:10:38 2021] DELETE /compute/v2.1/flavors/1897111821 => generated 0 bytes in 60 msecs (HTTP/1.1 202) 9 headers in 361 bytes (1 switches on core 0)
Aug 26 17:10:38.624491 n-d-806131-1 devstack@n-api.service[109764]: DEBUG nova.api.openstack.wsgi [None req-210c7900-3b52-4369-964f-b2b610038dba tempest-FlavorsAdminTestJSON-643602766 tempest-FlavorsAdminTestJSON-643602766-project-admin] Calling method '>' {{(pid=109764) _process_stack /opt/stack/nova/nova/api/openstack/wsgi.py:513}}
Aug 26 17:10:38.702225 n-d-806131-1 devstack@n-api.service[109764]: INFO nova.api.openstack.requestlog [None req-210c7900-3b52-4369-964f-b2b610038dba tempest-FlavorsAdminTestJSON-643602766 tempest-FlavorsAdminTestJSON-643602766-project-admin] 10.222.0.48 "GET /compute/v2.1/flavors/detail" status: 200 len: 5819 microversion: 2.1 time: 0.084407
Aug 26 17:10:38.720393 n-d-806131-1 devstack@n-api.service[109764]: [pid: 109764|app: 0|req: 50/94] 10.222.0.48 () {58 vars in 1146 bytes} [Thu Aug 26 17:10:38 2021] GET /compute/v2.1/flavors/detail => generated 5819 bytes in 105 msecs (HTTP/1.1 200) 9 headers in 358 bytes (1 switches on core 0)
Aug 26 17:10:38.725741 n-d-806131-1 devstack@n-api.service[109764]: DEBUG nova.api.openstack.wsgi [None req-399f8f18-22e8-43fd-9896-f85bcceb6729 tempest-FlavorsAdminTestJSON-643602766 tempest-FlavorsAdminTestJSON-643602766-project-admin] Calling method '>' {{(pid=109764) _process_stack /opt/stack/nova/nova/api/openstack/wsgi.py:513}}
Aug 26 17:10:38.779637 n-d-806131-1 devstack@n-api.service[109764]: INFO nova.api.openstack.requestlog [None req-399f8f18-22e8-43fd-9896-f85bcceb6729 tempest-FlavorsAdminTestJSON-643602766 tempest-FlavorsAdminTestJSON-643602766-project-admin] 10.222.0.48 "DELETE /compute/v2.1/flavors/977103167" status: 202 len: 0 microversion: 2.1 time: 0.057696
Aug 26 17:10:38.784146 n-d-806131-1 devstack@n-api.service[109764]: [pid: 109764|app: 0|req: 51/95] 10.222.0.48 () {58 vars in 1158 bytes} [Thu Aug 26 17:10:38 2021] DELETE /compute/v2.1/flavors/977103167 => generated 0 bytes in 63 msecs (HTTP/1.1 202) 9 headers in 361 bytes (1 switches on core 0)
Aug 26 17:10:38.793412 n-d-806131-1 devstack@n-api.service[109764]: DEBUG nova.api.openstack.wsgi [None req-50f1905c-34d0-4fd5-a03f-ad056a201d87 tempest-FlavorsAdminTestJSON-643602766 tempest-FlavorsAdminTestJSON-643602766-project-admin] Calling method '>' {{(pid=109764) _process_stack /opt/stack/nova/nova/api/openstack/wsgi.py:513}}
Aug 26 17:10:38.850397 n-d-806131-1 devstack@n-api.service[109764]: INFO nova.api.openstack.requestlog [None req-50f1905c-34d0-4fd5-a03f-ad056a201d87 tempest-FlavorsAdminTestJSON-643602766 tempest-FlavorsAdminTestJSON-643602766-project-admin] 10.222.0.48 "GET /compute/v2.1/flavors/detail" status: 200 len: 5819 microversion: 2.1 time: 0.061698
Aug 26 17:10:38.868511 n-d-806131-1 devstack@n-api.service[109764]: [pid: 109764|app: 0|req: 52/96] 10.222.0.48 () {58 vars in 1146 bytes} [Thu Aug 26 17:10:38 2021] GET /compute/v2.1/flavors/detail => generated 5819 bytes in 83 msecs (HTTP/1.1 200) 9 headers in 358 bytes (1 switches on core 0)
Aug 26 17:10:38.873923 n-d-806131-1 devstack@n-api.service[109763]: DEBUG nova.policy [None req-fb69dfd6-d49b-436a-8853-65a38e05178e tempest-AggregatesAdminTestJSON-2015020441 tempest-AggregatesAdminTestJSON-2015020441-project] Policy check for os_compute_api:os-extended-server-attributes failed with credentials {'is_admin': False, 'user_id': 'e684a00875a349c095fce601a8e0f951', 'user_domain_id': 'default', 'system_scope': None, 'domain_id': None, 'project_id': 'a81000a0cfa442ce8d1e9c8fb7368b88', 'project_domain_id': 'default', 'roles': ['member', 'reader'], 'is_admin_project': True, 'service_user_id': None, 'service_user_domain_id': None, 'service_project_id': None, 'service_project_domain_id': None, 'service_roles': []} {{(pid=109763) authorize /opt/stack/nova/nova/policy.py:199}}
Aug 26 17:10:38.880788 n-d-806131-1 devstack@n-api.service[109764]: DEBUG nova.api.openstack.wsgi [None req-4346e142-4368-4649-b99b-c1d99a0f10e5 tempest-FlavorsAdminTestJSON-643602766 tempest-FlavorsAdminTestJSON-643602766-project-admin] Action: 'create', calling method: >, body: {"flavor": {"ram": 512, "vcpus": 1, "disk": 10, "name": "tempest-test_flavor_-1393537212", "id": 1943408167, "os-flavor-access:is_public": "False"}} {{(pid=109764) _process_stack /opt/stack/nova/nova/api/openstack/wsgi.py:511}}
Aug 26 17:10:38.883497 n-d-806131-1 devstack@n-api.service[109763]: INFO nova.api.openstack.requestlog [None req-fb69dfd6-d49b-436a-8853-65a38e05178e tempest-AggregatesAdminTestJSON-2015020441 tempest-AggregatesAdminTestJSON-2015020441-project] 10.222.0.48 "GET /compute/v2.1/servers/0a8fc9c6-fdc8-47dd-9a73-85ac4d09ac50" status: 200 len: 1339 microversion: 2.1 time: 0.373483
Aug 26 17:10:38.885359 n-d-806131-1 devstack@n-api.service[109763]: [pid: 109763|app: 0|req: 45/97] 10.222.0.48 () {58 vars in 1236 bytes} [Thu Aug 26 17:10:38 2021] GET /compute/v2.1/servers/0a8fc9c6-fdc8-47dd-9a73-85ac4d09ac50 => generated 1339 bytes in 376 msecs (HTTP/1.1 200) 9 headers in 358 bytes (1 switches on core 0)
Aug 26 17:10:38.927378 n-d-806131-1 devstack@n-api.service[109764]: INFO nova.api.openstack.requestlog [None req-4346e142-4368-4649-b99b-c1d99a0f10e5 tempest-FlavorsAdminTestJSON-643602766 tempest-FlavorsAdminTestJSON-643602766-project-admin] 10.222.0.48 "POST /compute/v2.1/flavors" status: 200 len: 415 microversion: 2.1 time: 0.056893
Aug 26 17:10:38.938180 n-d-806131-1 devstack@n-api.service[109764]: [pid: 109764|app: 0|req: 53/98] 10.222.0.48 () {60 vars in 1147 bytes} [Thu Aug 26 17:10:38 2021] POST /compute/v2.1/flavors => generated 415 bytes in 68 msecs (HTTP/1.1 200) 9 headers in 357 bytes (1 switches on core 0)
Aug 26 17:10:38.939628 n-d-806131-1 devstack@n-api.service[109763]: DEBUG nova.api.openstack.wsgi [None req-ca869367-221d-4da3-b56a-028cdae774ce tempest-FlavorsAdminTestJSON-643602766 tempest-FlavorsAdminTestJSON-643602766-project-admin] Calling method '>' {{(pid=109763) _process_stack /opt/stack/nova/nova/api/openstack/wsgi.py:513}}
Aug 26 17:10:39.002109 n-d-806131-1 devstack@n-api.service[109763]: INFO nova.api.openstack.requestlog [None req-ca869367-221d-4da3-b56a-028cdae774ce tempest-FlavorsAdminTestJSON-643602766 tempest-FlavorsAdminTestJSON-643602766-project-admin] 10.222.0.48 "GET /compute/v2.1/flavors/detail" status: 200 len: 5819 microversion: 2.1 time: 0.064291
Aug 26 17:10:39.006163 n-d-806131-1 devstack@n-api.service[109763]: [pid: 109763|app: 0|req: 46/99] 10.222.0.48 () {58 vars in 1146 bytes} [Thu Aug 26 17:10:38 2021] GET /compute/v2.1/flavors/detail => generated 5819 bytes in 71 msecs (HTTP/1.1 200) 9 headers in 358 bytes (2 switches on core 0)
