Mar 10 01:34:17.607554 n-d-806049-3 devstack@placement-api.service[104633]: DEBUG placement.objects.resource_provider [req-55468ff7-2926-40cf-8bcf-acc1c9f90592 req-768a9d29-d847-4633-b33f-f1b9ca42445f service placement] _ensure_aggregate() did not find aggregate c507e22e-67fa-4a95-a93e-f8d45930f542. Attempting to create it. {{(pid=104633) _ensure_aggregate /opt/stack/placement/placement/objects/resource_provider.py:320}}
Mar 10 01:34:17.609285 n-d-806049-3 devstack@placement-api.service[104633]: DEBUG placement.objects.resource_provider [req-55468ff7-2926-40cf-8bcf-acc1c9f90592 req-768a9d29-d847-4633-b33f-f1b9ca42445f service placement] _ensure_aggregate() created new aggregate c507e22e-67fa-4a95-a93e-f8d45930f542 (id=1). {{(pid=104633) _ensure_aggregate /opt/stack/placement/placement/objects/resource_provider.py:326}}
Mar 10 01:34:17.610768 n-d-806049-3 devstack@placement-api.service[104633]: DEBUG placement.objects.resource_provider [req-55468ff7-2926-40cf-8bcf-acc1c9f90592 req-768a9d29-d847-4633-b33f-f1b9ca42445f service placement] Setting aggregates for provider 3e6bb527-6f91-42a3-97e5-876a45e7f6c6. Successfully associated aggregate c507e22e-67fa-4a95-a93e-f8d45930f542. {{(pid=104633) _set_aggregates /opt/stack/placement/placement/objects/resource_provider.py:388}}
Mar 10 01:34:17.728552 n-d-806049-3 devstack@placement-api.service[104633]: INFO placement.requestlog [req-55468ff7-2926-40cf-8bcf-acc1c9f90592 req-768a9d29-d847-4633-b33f-f1b9ca42445f service placement] 10.222.0.18 "PUT /placement/resource_providers/3e6bb527-6f91-42a3-97e5-876a45e7f6c6/aggregates" status: 200 len: 91 microversion: 1.19
Mar 10 01:34:17.728957 n-d-806049-3 devstack@placement-api.service[104633]: [pid: 104633|app: 0|req: 14/29] 10.222.0.18 () {64 vars in 1477 bytes} [Thu Mar 10 01:34:17 2022] PUT /placement/resource_providers/3e6bb527-6f91-42a3-97e5-876a45e7f6c6/aggregates => generated 91 bytes in 138 msecs (HTTP/1.1 200) 8 headers in 295 bytes (2 switches on core 0)
Mar 10 01:34:17.904148 n-d-806049-3 devstack@placement-api.service[104634]: DEBUG placement.requestlog [None req-261b8a96-1c64-4475-8097-7f196eb73945 None None] Starting request: 10.222.0.18 "GET /placement/" {{(pid=104634) __call__ /opt/stack/placement/placement/requestlog.py:55}}
Mar 10 01:34:17.905652 n-d-806049-3 devstack@placement-api.service[104634]: INFO placement.requestlog [None req-261b8a96-1c64-4475-8097-7f196eb73945 None None] 10.222.0.18 "GET /placement/" status: 200 len: 136 microversion: 1.0
Mar 10 01:34:17.905965 n-d-806049-3 devstack@placement-api.service[104634]: [pid: 104634|app: 0|req: 16/30] 10.222.0.18 () {54 vars in 907 bytes} [Thu Mar 10 01:34:17 2022] GET /placement => generated 136 bytes in 2 msecs (HTTP/1.1 200) 6 headers in 224 bytes (1 switches on core 0)
Mar 10 01:34:17.919852 n-d-806049-3 devstack@placement-api.service[104633]: DEBUG placement.requestlog [req-a9e13dbc-bbb3-42a2-8991-fd432af3dd8c req-50661fd8-b105-42af-8f0f-d795d4363dfb None None] Starting request: 10.222.0.18 "GET /placement/resource_providers?name=n-h1-806049-3" {{(pid=104633) __call__ /opt/stack/placement/placement/requestlog.py:55}}
Mar 10 01:34:17.998928 n-d-806049-3 devstack@placement-api.service[104633]: INFO placement.requestlog [req-a9e13dbc-bbb3-42a2-8991-fd432af3dd8c req-50661fd8-b105-42af-8f0f-d795d4363dfb service placement] 10.222.0.18 "GET /placement/resource_providers?name=n-h1-806049-3" status: 200 len: 440 microversion: 1.0
Mar 10 01:34:17.999880 n-d-806049-3 devstack@placement-api.service[104633]: [pid: 104633|app: 0|req: 15/31] 10.222.0.18 () {58 vars in 1274 bytes} [Thu Mar 10 01:34:17 2022] GET /placement/resource_providers?name=n-h1-806049-3 => generated 440 bytes in 80 msecs (HTTP/1.1 200) 6 headers in 224 bytes (1 switches on core 0)
Mar 10 01:34:18.006755 n-d-806049-3 devstack@placement-api.service[104634]: DEBUG placement.requestlog [req-a9e13dbc-bbb3-42a2-8991-fd432af3dd8c req-a90a0fd3-71f6-48ca-bdc9-42090bb09d2b None None] Starting request: 10.222.0.18 "GET /placement/resource_providers/3e6bb527-6f91-42a3-97e5-876a45e7f6c6/aggregates" {{(pid=104634) __call__ /opt/stack/placement/placement/requestlog.py:55}}
Mar 10 01:34:18.024600 n-d-806049-3 devstack@placement-api.service[104634]: INFO placement.requestlog [req-a9e13dbc-bbb3-42a2-8991-fd432af3dd8c req-a90a0fd3-71f6-48ca-bdc9-42090bb09d2b service placement] 10.222.0.18 "GET /placement/resource_providers/3e6bb527-6f91-42a3-97e5-876a45e7f6c6/aggregates" status: 200 len: 91 microversion: 1.19
Mar 10 01:34:18.024986 n-d-806049-3 devstack@placement-api.service[104634]: [pid: 104634|app: 0|req: 17/32] 10.222.0.18 () {60 vars in 1425 bytes} [Thu Mar 10 01:34:18 2022] GET /placement/resource_providers/3e6bb527-6f91-42a3-97e5-876a45e7f6c6/aggregates => generated 91 bytes in 19 msecs (HTTP/1.1 200) 8 headers in 295 bytes (1 switches on core 0)
Mar 10 01:34:18.182368 n-d-806049-3 devstack@placement-api.service[104633]: DEBUG placement.requestlog [req-a9e13dbc-bbb3-42a2-8991-fd432af3dd8c req-dec1f1bb-b33b-4c7e-afda-804c1c813a0c None None] Starting request: 10.222.0.18 "PUT /placement/resource_providers/3e6bb527-6f91-42a3-97e5-876a45e7f6c6/aggregates" {{(pid=104633) __call__ /opt/stack/placement/placement/requestlog.py:55}}
Mar 10 01:34:18.209535 n-d-806049-3 devstack@placement-api.service[104633]: DEBUG placement.objects.resource_provider [req-a9e13dbc-bbb3-42a2-8991-fd432af3dd8c req-dec1f1bb-b33b-4c7e-afda-804c1c813a0c service placement] Setting aggregates for provider 3e6bb527-6f91-42a3-97e5-876a45e7f6c6. Successfully disassociated aggregate c507e22e-67fa-4a95-a93e-f8d45930f542. {{(pid=104633) _set_aggregates /opt/stack/placement/placement/objects/resource_provider.py:403}}
Mar 10 01:34:18.278873 n-d-806049-3 devstack@placement-api.service[104633]: INFO placement.requestlog [req-a9e13dbc-bbb3-42a2-8991-fd432af3dd8c req-dec1f1bb-b33b-4c7e-afda-804c1c813a0c service placement] 10.222.0.18 "PUT /placement/resource_providers/3e6bb527-6f91-42a3-97e5-876a45e7f6c6/aggregates" status: 200 len: 53 microversion: 1.19
Mar 10 01:34:18.279391 n-d-806049-3 devstack@placement-api.service[104633]: [pid: 104633|app: 0|req: 16/33] 10.222.0.18 () {64 vars in 1477 bytes} [Thu Mar 10 01:34:18 2022] PUT /placement/resource_providers/3e6bb527-6f91-42a3-97e5-876a45e7f6c6/aggregates => generated 53 bytes in 97 msecs (HTTP/1.1 200) 8 headers in 295 bytes (1 switches on core 0)
Mar 10 01:34:18.759278 n-d-806049-3 devstack@placement-api.service[104634]: DEBUG placement.requestlog [req-db6968be-df31-4e62-bfc5-651d048fd4d1 req-6bdd8696-1f5e-4e01-bdc4-c4167bdf4f4e None None] Starting request: 10.222.0.35 "GET /placement/allocations/f30d3629-3750-4638-a6d9-ab7994b8647d" {{(pid=104634) __call__ /opt/stack/placement/placement/requestlog.py:55}}
Mar 10 01:34:18.775088 n-d-806049-3 devstack@placement-api.service[104634]: INFO placement.requestlog [req-db6968be-df31-4e62-bfc5-651d048fd4d1 req-6bdd8696-1f5e-4e01-bdc4-c4167bdf4f4e service placement] 10.222.0.35 "GET /placement/allocations/f30d3629-3750-4638-a6d9-ab7994b8647d" status: 200 len: 258 microversion: 1.28
Mar 10 01:34:18.776011 n-d-806049-3 devstack@placement-api.service[104634]: [pid: 104634|app: 0|req: 18/34] 10.222.0.35 () {60 vars in 1377 bytes} [Thu Mar 10 01:34:18 2022] GET /placement/allocations/f30d3629-3750-4638-a6d9-ab7994b8647d => generated 258 bytes in 17 msecs (HTTP/1.1 200) 8 headers in 296 bytes (1 switches on core 0)
Mar 10 01:34:18.862641 n-d-806049-3 devstack@placement-api.service[104633]: DEBUG placement.requestlog [req-425b0c51-4053-444b-b4af-9adda0347228 req-9fbeae7e-9869-4370-b37a-099a2c06387f None None] Starting request: 10.222.0.18 "GET /placement/resource_providers?name=n-h1-806049-3" {{(pid=104633) __call__ /opt/stack/placement/placement/requestlog.py:55}}
Mar 10 01:34:18.878542 n-d-806049-3 devstack@placement-api.service[104633]: INFO placement.requestlog [req-425b0c51-4053-444b-b4af-9adda0347228 req-9fbeae7e-9869-4370-b37a-099a2c06387f service placement] 10.222.0.18 "GET /placement/resource_providers?name=n-h1-806049-3" status: 200 len: 440 microversion: 1.0
Mar 10 01:34:18.879642 n-d-806049-3 devstack@placement-api.service[104633]: [pid: 104633|app: 0|req: 17/35] 10.222.0.18 () {58 vars in 1274 bytes} [Thu Mar 10 01:34:18 2022] GET /placement/resource_providers?name=n-h1-806049-3 => generated 440 bytes in 17 msecs (HTTP/1.1 200) 6 headers in 224 bytes (1 switches on core 0)
Mar 10 01:34:18.886180 n-d-806049-3 devstack@placement-api.service[104634]: DEBUG placement.requestlog [req-425b0c51-4053-444b-b4af-9adda0347228 req-51541f50-0053-42a6-9dd3-0186a88e9a60 None None] Starting request: 10.222.0.18 "GET /placement/resource_providers/3e6bb527-6f91-42a3-97e5-876a45e7f6c6/aggregates" {{(pid=104634) __call__ /opt/stack/placement/placement/requestlog.py:55}}
Mar 10 01:34:18.900123 n-d-806049-3 devstack@placement-api.service[104634]: INFO placement.requestlog [req-425b0c51-4053-444b-b4af-9adda0347228 req-51541f50-0053-42a6-9dd3-0186a88e9a60 service placement] 10.222.0.18 "GET /placement/resource_providers/3e6bb527-6f91-42a3-97e5-876a45e7f6c6/aggregates" status: 200 len: 53 microversion: 1.19
Mar 10 01:34:18.900984 n-d-806049-3 devstack@placement-api.service[104634]: [pid: 104634|app: 0|req: 19/36] 10.222.0.18 () {60 vars in 1425 bytes} [Thu Mar 10 01:34:18 2022] GET /placement/resource_providers/3e6bb527-6f91-42a3-97e5-876a45e7f6c6/aggregates => generated 53 bytes in 15 msecs (HTTP/1.1 200) 8 headers in 295 bytes (1 switches on core 0)
Mar 10 01:34:18.907573 n-d-806049-3 devstack@placement-api.service[104633]: DEBUG placement.requestlog [req-425b0c51-4053-444b-b4af-9adda0347228 req-f592cf43-10f9-4a3b-8201-b4b0cd9a7ac2 None None] Starting request: 10.222.0.18 "PUT /placement/resource_providers/3e6bb527-6f91-42a3-97e5-876a45e7f6c6/aggregates" {{(pid=104633) __call__ /opt/stack/placement/placement/requestlog.py:55}}
Mar 10 01:34:18.923287 n-d-806049-3 devstack@placement-api.service[104633]: DEBUG placement.objects.resource_provider [req-425b0c51-4053-444b-b4af-9adda0347228 req-f592cf43-10f9-4a3b-8201-b4b0cd9a7ac2 service placement] _ensure_aggregate() did not find aggregate a5ae9d1f-2897-4138-90ab-9b80b5686928. Attempting to create it. {{(pid=104633) _ensure_aggregate /opt/stack/placement/placement/objects/resource_provider.py:320}}
Mar 10 01:34:18.924681 n-d-806049-3 devstack@placement-api.service[104633]: DEBUG placement.objects.resource_provider [req-425b0c51-4053-444b-b4af-9adda0347228 req-f592cf43-10f9-4a3b-8201-b4b0cd9a7ac2 service placement] _ensure_aggregate() created new aggregate a5ae9d1f-2897-4138-90ab-9b80b5686928 (id=2). {{(pid=104633) _ensure_aggregate /opt/stack/placement/placement/objects/resource_provider.py:326}}
Mar 10 01:34:18.925922 n-d-806049-3 devstack@placement-api.service[104633]: DEBUG placement.objects.resource_provider [req-425b0c51-4053-444b-b4af-9adda0347228 req-f592cf43-10f9-4a3b-8201-b4b0cd9a7ac2 service placement] Setting aggregates for provider 3e6bb527-6f91-42a3-97e5-876a45e7f6c6. Successfully associated aggregate a5ae9d1f-2897-4138-90ab-9b80b5686928. {{(pid=104633) _set_aggregates /opt/stack/placement/placement/objects/resource_provider.py:388}}
Mar 10 01:34:19.025656 n-d-806049-3 devstack@placement-api.service[104633]: INFO placement.requestlog [req-425b0c51-4053-444b-b4af-9adda0347228 req-f592cf43-10f9-4a3b-8201-b4b0cd9a7ac2 service placement] 10.222.0.18 "PUT /placement/resource_providers/3e6bb527-6f91-42a3-97e5-876a45e7f6c6/aggregates" status: 200 len: 91 microversion: 1.19
Mar 10 01:34:19.026021 n-d-806049-3 devstack@placement-api.service[104633]: [pid: 104633|app: 0|req: 18/37] 10.222.0.18 () {64 vars in 1477 bytes} [Thu Mar 10 01:34:18 2022] PUT /placement/resource_providers/3e6bb527-6f91-42a3-97e5-876a45e7f6c6/aggregates => generated 91 bytes in 119 msecs (HTTP/1.1 200) 8 headers in 295 bytes (1 switches on core 0)
Mar 10 01:34:20.737408 n-d-806049-3 devstack@placement-api.service[104634]: DEBUG placement.requestlog [req-0e482773-4dde-40ad-b939-8c1d878f9f42 req-1f7a0c51-77a7-456f-b438-bd8e69336260 None None] Starting request: 10.222.0.18 "GET /placement/allocation_candidates?limit=1000&member_of=in%3Aa5ae9d1f-2897-4138-90ab-9b80b5686928&resources=DISK_GB%3A1%2CMEMORY_MB%3A1024%2CVCPU%3A1&root_required=%21COMPUTE_STATUS_DISABLED" {{(pid=104634) __call__ /opt/stack/placement/placement/requestlog.py:55}}
Mar 10 01:34:20.839830 n-d-806049-3 devstack@placement-api.service[104634]: DEBUG placement.objects.research_context [req-0e482773-4dde-40ad-b939-8c1d878f9f42 req-1f7a0c51-77a7-456f-b438-bd8e69336260 service placement] getting providers with 1 DISK_GB {{(pid=104634) __init__ /opt/stack/placement/placement/objects/research_context.py:136}}
Mar 10 01:34:20.852285 n-d-806049-3 devstack@placement-api.service[104634]: DEBUG placement.objects.research_context [req-0e482773-4dde-40ad-b939-8c1d878f9f42 req-1f7a0c51-77a7-456f-b438-bd8e69336260 service placement] getting providers with 1024 MEMORY_MB {{(pid=104634) __init__ /opt/stack/placement/placement/objects/research_context.py:136}}
Mar 10 01:34:20.865948 n-d-806049-3 devstack@placement-api.service[104634]: DEBUG placement.objects.research_context [req-0e482773-4dde-40ad-b939-8c1d878f9f42 req-1f7a0c51-77a7-456f-b438-bd8e69336260 service placement] getting providers with 1 VCPU {{(pid=104634) __init__ /opt/stack/placement/placement/objects/research_context.py:136}}
Mar 10 01:34:20.868203 n-d-806049-3 devstack@placement-api.service[104634]: DEBUG placement.objects.research_context [req-0e482773-4dde-40ad-b939-8c1d878f9f42 req-1f7a0c51-77a7-456f-b438-bd8e69336260 service placement] found 1 providers after applying required aggregates filter ([{'a5ae9d1f-2897-4138-90ab-9b80b5686928'}]) {{(pid=104634) get_provider_ids_for_traits_and_aggs /opt/stack/placement/placement/objects/research_context.py:1155}}
Mar 10 01:34:20.868500 n-d-806049-3 devstack@placement-api.service[104634]: DEBUG placement.objects.research_context [req-0e482773-4dde-40ad-b939-8c1d878f9f42 req-1f7a0c51-77a7-456f-b438-bd8e69336260 service placement] found 2 providers with available 1 DISK_GB {{(pid=104634) get_provider_ids_matching /opt/stack/placement/placement/objects/research_context.py:559}}
Mar 10 01:34:20.868964 n-d-806049-3 devstack@placement-api.service[104634]: DEBUG placement.objects.research_context [req-0e482773-4dde-40ad-b939-8c1d878f9f42 req-1f7a0c51-77a7-456f-b438-bd8e69336260 service placement] found 1 providers after applying initial aggregate and trait filters {{(pid=104634) get_provider_ids_matching /opt/stack/placement/placement/objects/research_context.py:571}}
Mar 10 01:34:20.869252 n-d-806049-3 devstack@placement-api.service[104634]: DEBUG placement.objects.research_context [req-0e482773-4dde-40ad-b939-8c1d878f9f42 req-1f7a0c51-77a7-456f-b438-bd8e69336260 service placement] found 2 providers with available 1024 MEMORY_MB {{(pid=104634) get_provider_ids_matching /opt/stack/placement/placement/objects/research_context.py:559}}
Mar 10 01:34:20.870913 n-d-806049-3 devstack@placement-api.service[104634]: DEBUG placement.objects.research_context [req-0e482773-4dde-40ad-b939-8c1d878f9f42 req-1f7a0c51-77a7-456f-b438-bd8e69336260 service placement] found 1 providers after filtering by previous result {{(pid=104634) get_provider_ids_matching /opt/stack/placement/placement/objects/research_context.py:590}}
Mar 10 01:34:20.871151 n-d-806049-3 devstack@placement-api.service[104634]: DEBUG placement.objects.research_context [req-0e482773-4dde-40ad-b939-8c1d878f9f42 req-1f7a0c51-77a7-456f-b438-bd8e69336260 service placement] found 2 providers with available 1 VCPU {{(pid=104634) get_provider_ids_matching /opt/stack/placement/placement/objects/research_context.py:559}}
Mar 10 01:34:20.872093 n-d-806049-3 devstack@placement-api.service[104634]: DEBUG placement.objects.research_context [req-0e482773-4dde-40ad-b939-8c1d878f9f42 req-1f7a0c51-77a7-456f-b438-bd8e69336260 service placement] found 1 providers after filtering by previous result {{(pid=104634) get_provider_ids_matching /opt/stack/placement/placement/objects/research_context.py:590}}
Mar 10 01:34:20.912307 n-d-806049-3 devstack@placement-api.service[104634]: DEBUG placement.objects.allocation_candidate [req-0e482773-4dde-40ad-b939-8c1d878f9f42 req-1f7a0c51-77a7-456f-b438-bd8e69336260 service placement] RequestGroup(use_same_provider=False, resources={DISK_GB:1, MEMORY_MB:1024, VCPU:1}, traits=(), aggregates=[[a5ae9d1f-2897-4138-90ab-9b80b5686928]]) (suffix '') returned 1 matches {{(pid=104634) _get_by_requests /opt/stack/placement/placement/objects/allocation_candidate.py:156}}
Mar 10 01:34:20.912307 n-d-806049-3 devstack@placement-api.service[104634]: DEBUG placement.objects.allocation_candidate [req-0e482773-4dde-40ad-b939-8c1d878f9f42 req-1f7a0c51-77a7-456f-b438-bd8e69336260 service placement] Merging candidates yields 1 allocation requests and 1 provider summaries {{(pid=104634) _merge_candidates /opt/stack/placement/placement/objects/allocation_candidate.py:809}}
Mar 10 01:34:20.912307 n-d-806049-3 devstack@placement-api.service[104634]: INFO placement.requestlog [req-0e482773-4dde-40ad-b939-8c1d878f9f42 req-1f7a0c51-77a7-456f-b438-bd8e69336260 service placement] 10.222.0.18 "GET /placement/allocation_candidates?limit=1000&member_of=in%3Aa5ae9d1f-2897-4138-90ab-9b80b5686928&resources=DISK_GB%3A1%2CMEMORY_MB%3A1024%2CVCPU%3A1&root_required=%21COMPUTE_STATUS_DISABLED" status: 200 len: 676 microversion: 1.36
Mar 10 01:34:20.912307 n-d-806049-3 devstack@placement-api.service[104634]: [pid: 104634|app: 0|req: 20/38] 10.222.0.18 () {60 vars in 1610 bytes} [Thu Mar 10 01:34:20 2022] GET /placement/allocation_candidates?limit=1000&member_of=in%3Aa5ae9d1f-2897-4138-90ab-9b80b5686928&resources=DISK_GB%3A1%2CMEMORY_MB%3A1024%2CVCPU%3A1&root_required=%21COMPUTE_STATUS_DISABLED => generated 676 bytes in 174 msecs (HTTP/1.1 200) 8 headers in 296 bytes (1 switches on core 0)
Mar 10 01:34:21.017247 n-d-806049-3 devstack@placement-api.service[104633]: DEBUG placement.requestlog [req-0e482773-4dde-40ad-b939-8c1d878f9f42 req-b5b00a90-1460-49b0-92fc-4ff3843c62a4 None None] Starting request: 10.222.0.18 "GET /placement/allocations/78d95ccc-68df-4bcd-95e1-ea90f84b7518" {{(pid=104633) __call__ /opt/stack/placement/placement/requestlog.py:55}}
Mar 10 01:34:21.030795 n-d-806049-3 devstack@placement-api.service[104633]: INFO placement.requestlog [req-0e482773-4dde-40ad-b939-8c1d878f9f42 req-b5b00a90-1460-49b0-92fc-4ff3843c62a4 service placement] 10.222.0.18 "GET /placement/allocations/78d95ccc-68df-4bcd-95e1-ea90f84b7518" status: 200 len: 19 microversion: 1.28
Mar 10 01:34:21.031225 n-d-806049-3 devstack@placement-api.service[104633]: [pid: 104633|app: 0|req: 19/39] 10.222.0.18 () {60 vars in 1380 bytes} [Thu Mar 10 01:34:21 2022] GET /placement/allocations/78d95ccc-68df-4bcd-95e1-ea90f84b7518 => generated 19 bytes in 14 msecs (HTTP/1.1 200) 8 headers in 295 bytes (1 switches on core 0)
Mar 10 01:34:21.037427 n-d-806049-3 devstack@placement-api.service[104634]: DEBUG placement.requestlog [req-0e482773-4dde-40ad-b939-8c1d878f9f42 req-c7d3db89-b84e-4bb8-9bf7-b7e7968145fd None None] Starting request: 10.222.0.18 "PUT /placement/allocations/78d95ccc-68df-4bcd-95e1-ea90f84b7518" {{(pid=104634) __call__ /opt/stack/placement/placement/requestlog.py:55}}
Mar 10 01:34:21.283484 n-d-806049-3 devstack@placement-api.service[104634]: DEBUG placement.handlers.allocation [req-0e482773-4dde-40ad-b939-8c1d878f9f42 req-c7d3db89-b84e-4bb8-9bf7-b7e7968145fd service placement] Successfully wrote allocations [, , ] {{(pid=104634) _update_consumers_and_create_allocations /opt/stack/placement/placement/handlers/allocation.py:462}}
Mar 10 01:34:21.353665 n-d-806049-3 devstack@placement-api.service[104634]: INFO placement.requestlog [req-0e482773-4dde-40ad-b939-8c1d878f9f42 req-c7d3db89-b84e-4bb8-9bf7-b7e7968145fd service placement] 10.222.0.18 "PUT /placement/allocations/78d95ccc-68df-4bcd-95e1-ea90f84b7518" status: 204 len: 0 microversion: 1.36
Mar 10 01:34:21.355256 n-d-806049-3 devstack@placement-api.service[104634]: [pid: 104634|app: 0|req: 21/40] 10.222.0.18 () {64 vars in 1433 bytes} [Thu Mar 10 01:34:21 2022] PUT /placement/allocations/78d95ccc-68df-4bcd-95e1-ea90f84b7518 => generated 0 bytes in 318 msecs (HTTP/1.1 204) 5 headers in 199 bytes (1 switches on core 0)
Mar 10 01:34:22.753710 n-d-806049-3 devstack@placement-api.service[104633]: DEBUG placement.requestlog [req-0e482773-4dde-40ad-b939-8c1d878f9f42 req-1fc395b4-0bb4-45bc-a245-8028e6992509 None None] Starting request: 10.222.0.21 "GET /placement/allocations/78d95ccc-68df-4bcd-95e1-ea90f84b7518" {{(pid=104633) __call__ /opt/stack/placement/placement/requestlog.py:55}}
Mar 10 01:34:22.783346 n-d-806049-3 devstack@placement-api.service[104633]: INFO placement.requestlog [req-0e482773-4dde-40ad-b939-8c1d878f9f42 req-1fc395b4-0bb4-45bc-a245-8028e6992509 service placement] 10.222.0.21 "GET /placement/allocations/78d95ccc-68df-4bcd-95e1-ea90f84b7518" status: 200 len: 258 microversion: 1.28
Mar 10 01:34:22.786525 n-d-806049-3 devstack@placement-api.service[104633]: [pid: 104633|app: 0|req: 20/41] 10.222.0.21 () {60 vars in 1377 bytes} [Thu Mar 10 01:34:22 2022] GET /placement/allocations/78d95ccc-68df-4bcd-95e1-ea90f84b7518 => generated 258 bytes in 31 msecs (HTTP/1.1 200) 8 headers in 296 bytes (2 switches on core 0)
Mar 10 01:34:34.238116 n-d-806049-3 devstack@placement-api.service[104634]: DEBUG placement.requestlog [req-3a38a958-fd1d-4ba2-a945-7553f8b3aeed req-dd80309a-be3b-460e-9b2e-07b8d4f7ae16 None None] Starting request: 10.222.0.18 "GET /placement/allocation_candidates?limit=1000&resources=DISK_GB%3A1%2CMEMORY_MB%3A1024%2CVCPU%3A1&root_required=%21COMPUTE_STATUS_DISABLED" {{(pid=104634) __call__ /opt/stack/placement/placement/requestlog.py:55}}
Mar 10 01:34:34.287400 n-d-806049-3 devstack@placement-api.service[104634]: DEBUG placement.objects.research_context [req-3a38a958-fd1d-4ba2-a945-7553f8b3aeed req-dd80309a-be3b-460e-9b2e-07b8d4f7ae16 service placement] getting providers with 1 DISK_GB {{(pid=104634) __init__ /opt/stack/placement/placement/objects/research_context.py:136}}
Mar 10 01:34:34.303399 n-d-806049-3 devstack@placement-api.service[104634]: DEBUG placement.objects.research_context [req-3a38a958-fd1d-4ba2-a945-7553f8b3aeed req-dd80309a-be3b-460e-9b2e-07b8d4f7ae16 service placement] getting providers with 1024 MEMORY_MB {{(pid=104634) __init__ /opt/stack/placement/placement/objects/research_context.py:136}}
Mar 10 01:34:34.308179 n-d-806049-3 devstack@placement-api.service[104633]: DEBUG placement.requestlog [req-038e21e5-fc2b-4310-8336-be49f4b67764 req-f4839039-7cf4-4aff-b6ed-852820bea1c1 None None] Starting request: 10.222.0.18 "GET /placement/allocation_candidates?limit=1000&resources=DISK_GB%3A1%2CMEMORY_MB%3A1024%2CVCPU%3A1&root_required=%21COMPUTE_STATUS_DISABLED" {{(pid=104633) __call__ /opt/stack/placement/placement/requestlog.py:55}}
Mar 10 01:34:34.314254 n-d-806049-3 devstack@placement-api.service[104634]: DEBUG placement.objects.research_context [req-3a38a958-fd1d-4ba2-a945-7553f8b3aeed req-dd80309a-be3b-460e-9b2e-07b8d4f7ae16 service placement] getting providers with 1 VCPU {{(pid=104634) __init__ /opt/stack/placement/placement/objects/research_context.py:136}}
Mar 10 01:34:34.324176 n-d-806049-3 devstack@placement-api.service[104634]: DEBUG placement.objects.research_context [req-3a38a958-fd1d-4ba2-a945-7553f8b3aeed req-dd80309a-be3b-460e-9b2e-07b8d4f7ae16 service placement] found 2 providers with available 1 DISK_GB {{(pid=104634) get_provider_ids_matching /opt/stack/placement/placement/objects/research_context.py:559}}
Mar 10 01:34:34.324463 n-d-806049-3 devstack@placement-api.service[104634]: DEBUG placement.objects.research_context [req-3a38a958-fd1d-4ba2-a945-7553f8b3aeed req-dd80309a-be3b-460e-9b2e-07b8d4f7ae16 service placement] found 2 providers with available 1024 MEMORY_MB {{(pid=104634) get_provider_ids_matching /opt/stack/placement/placement/objects/research_context.py:559}}
Mar 10 01:34:34.324741 n-d-806049-3 devstack@placement-api.service[104634]: DEBUG placement.objects.research_context [req-3a38a958-fd1d-4ba2-a945-7553f8b3aeed req-dd80309a-be3b-460e-9b2e-07b8d4f7ae16 service placement] found 2 providers after filtering by previous result {{(pid=104634) get_provider_ids_matching /opt/stack/placement/placement/objects/research_context.py:590}}
Mar 10 01:34:34.325148 n-d-806049-3 devstack@placement-api.service[104634]: DEBUG placement.objects.research_context [req-3a38a958-fd1d-4ba2-a945-7553f8b3aeed req-dd80309a-be3b-460e-9b2e-07b8d4f7ae16 service placement] found 2 providers with available 1 VCPU {{(pid=104634) get_provider_ids_matching /opt/stack/placement/placement/objects/research_context.py:559}}
Mar 10 01:34:34.325421 n-d-806049-3 devstack@placement-api.service[104634]: DEBUG placement.objects.research_context [req-3a38a958-fd1d-4ba2-a945-7553f8b3aeed req-dd80309a-be3b-460e-9b2e-07b8d4f7ae16 service placement] found 2 providers after filtering by previous result {{(pid=104634) get_provider_ids_matching /opt/stack/placement/placement/objects/research_context.py:590}}
Mar 10 01:34:34.339228 n-d-806049-3 devstack@placement-api.service[104634]: DEBUG placement.objects.allocation_candidate [req-3a38a958-fd1d-4ba2-a945-7553f8b3aeed req-dd80309a-be3b-460e-9b2e-07b8d4f7ae16 service placement] RequestGroup(use_same_provider=False, resources={DISK_GB:1, MEMORY_MB:1024, VCPU:1}, traits=(), aggregates=[]) (suffix '') returned 2 matches {{(pid=104634) _get_by_requests /opt/stack/placement/placement/objects/allocation_candidate.py:156}}
Mar 10 01:34:34.340309 n-d-806049-3 devstack@placement-api.service[104634]: DEBUG placement.objects.allocation_candidate [req-3a38a958-fd1d-4ba2-a945-7553f8b3aeed req-dd80309a-be3b-460e-9b2e-07b8d4f7ae16 service placement] Merging candidates yields 2 allocation requests and 2 provider summaries {{(pid=104634) _merge_candidates /opt/stack/placement/placement/objects/allocation_candidate.py:809}}
Mar 10 01:34:34.342187 n-d-806049-3 devstack@placement-api.service[104634]: INFO placement.requestlog [req-3a38a958-fd1d-4ba2-a945-7553f8b3aeed req-dd80309a-be3b-460e-9b2e-07b8d4f7ae16 service placement] 10.222.0.18 "GET /placement/allocation_candidates?limit=1000&resources=DISK_GB%3A1%2CMEMORY_MB%3A1024%2CVCPU%3A1&root_required=%21COMPUTE_STATUS_DISABLED" status: 200 len: 1309 microversion: 1.36
Mar 10 01:34:34.342918 n-d-806049-3 devstack@placement-api.service[104634]: [pid: 104634|app: 0|req: 22/42] 10.222.0.18 () {60 vars in 1506 bytes} [Thu Mar 10 01:34:34 2022] GET /placement/allocation_candidates?limit=1000&resources=DISK_GB%3A1%2CMEMORY_MB%3A1024%2CVCPU%3A1&root_required=%21COMPUTE_STATUS_DISABLED => generated 1309 bytes in 105 msecs (HTTP/1.1 200) 8 headers in 297 bytes (1 switches on core 0)
Mar 10 01:34:34.378279 n-d-806049-3 devstack@placement-api.service[104633]: DEBUG placement.objects.research_context [req-038e21e5-fc2b-4310-8336-be49f4b67764 req-f4839039-7cf4-4aff-b6ed-852820bea1c1 service placement] getting providers with 1 DISK_GB {{(pid=104633) __init__ /opt/stack/placement/placement/objects/research_context.py:136}}
Mar 10 01:34:34.386717 n-d-806049-3 devstack@placement-api.service[104633]: DEBUG placement.objects.research_context [req-038e21e5-fc2b-4310-8336-be49f4b67764 req-f4839039-7cf4-4aff-b6ed-852820bea1c1 service placement] getting providers with 1024 MEMORY_MB {{(pid=104633) __init__ /opt/stack/placement/placement/objects/research_context.py:136}}
Mar 10 01:34:34.393880 n-d-806049-3 devstack@placement-api.service[104633]: DEBUG placement.objects.research_context [req-038e21e5-fc2b-4310-8336-be49f4b67764 req-f4839039-7cf4-4aff-b6ed-852820bea1c1 service placement] getting providers with 1 VCPU {{(pid=104633) __init__ /opt/stack/placement/placement/objects/research_context.py:136}}
Mar 10 01:34:34.404145 n-d-806049-3 devstack@placement-api.service[104633]: DEBUG placement.objects.research_context [req-038e21e5-fc2b-4310-8336-be49f4b67764 req-f4839039-7cf4-4aff-b6ed-852820bea1c1 service placement] found 2 providers with available 1 DISK_GB {{(pid=104633) get_provider_ids_matching /opt/stack/placement/placement/objects/research_context.py:559}}
Mar 10 01:34:34.404145 n-d-806049-3 devstack@placement-api.service[104633]: DEBUG placement.objects.research_context [req-038e21e5-fc2b-4310-8336-be49f4b67764 req-f4839039-7cf4-4aff-b6ed-852820bea1c1 service placement] found 2 providers with available 1024 MEMORY_MB {{(pid=104633) get_provider_ids_matching /opt/stack/placement/placement/objects/research_context.py:559}}
Mar 10 01:34:34.404145 n-d-806049-3 devstack@placement-api.service[104633]: DEBUG placement.objects.research_context [req-038e21e5-fc2b-4310-8336-be49f4b67764 req-f4839039-7cf4-4aff-b6ed-852820bea1c1 service placement] found 2 providers after filtering by previous result {{(pid=104633) get_provider_ids_matching /opt/stack/placement/placement/objects/research_context.py:590}}
Mar 10 01:34:34.404145 n-d-806049-3 devstack@placement-api.service[104633]: DEBUG placement.objects.research_context [req-038e21e5-fc2b-4310-8336-be49f4b67764 req-f4839039-7cf4-4aff-b6ed-852820bea1c1 service placement] found 2 providers with available 1 VCPU {{(pid=104633) get_provider_ids_matching /opt/stack/placement/placement/objects/research_context.py:559}}
Mar 10 01:34:34.404145 n-d-806049-3 devstack@placement-api.service[104633]: DEBUG placement.objects.research_context [req-038e21e5-fc2b-4310-8336-be49f4b67764 req-f4839039-7cf4-4aff-b6ed-852820bea1c1 service placement] found 2 providers after filtering by previous result {{(pid=104633) get_provider_ids_matching /opt/stack/placement/placement/objects/research_context.py:590}}
Mar 10 01:34:34.414807 n-d-806049-3 devstack@placement-api.service[104633]: DEBUG placement.objects.allocation_candidate [req-038e21e5-fc2b-4310-8336-be49f4b67764 req-f4839039-7cf4-4aff-b6ed-852820bea1c1 service placement] RequestGroup(use_same_provider=False, resources={DISK_GB:1, MEMORY_MB:1024, VCPU:1}, traits=(), aggregates=[]) (suffix '') returned 2 matches {{(pid=104633) _get_by_requests /opt/stack/placement/placement/objects/allocation_candidate.py:156}}
Mar 10 01:34:34.415244 n-d-806049-3 devstack@placement-api.service[104633]: DEBUG placement.objects.allocation_candidate [req-038e21e5-fc2b-4310-8336-be49f4b67764 req-f4839039-7cf4-4aff-b6ed-852820bea1c1 service placement] Merging candidates yields 2 allocation requests and 2 provider summaries {{(pid=104633) _merge_candidates /opt/stack/placement/placement/objects/allocation_candidate.py:809}}
Mar 10 01:34:34.416918 n-d-806049-3 devstack@placement-api.service[104633]: INFO placement.requestlog [req-038e21e5-fc2b-4310-8336-be49f4b67764 req-f4839039-7cf4-4aff-b6ed-852820bea1c1 service placement] 10.222.0.18 "GET /placement/allocation_candidates?limit=1000&resources=DISK_GB%3A1%2CMEMORY_MB%3A1024%2CVCPU%3A1&root_required=%21COMPUTE_STATUS_DISABLED" status: 200 len: 1309 microversion: 1.36
Mar 10 01:34:34.417789 n-d-806049-3 devstack@placement-api.service[104633]: [pid: 104633|app: 0|req: 21/43] 10.222.0.18 () {60 vars in 1506 bytes} [Thu Mar 10 01:34:34 2022] GET /placement/allocation_candidates?limit=1000&resources=DISK_GB%3A1%2CMEMORY_MB%3A1024%2CVCPU%3A1&root_required=%21COMPUTE_STATUS_DISABLED => generated 1309 bytes in 110 msecs (HTTP/1.1 200) 8 headers in 297 bytes (2 switches on core 0)
Mar 10 01:34:34.436062 n-d-806049-3 devstack@placement-api.service[104634]: DEBUG placement.requestlog [req-3a38a958-fd1d-4ba2-a945-7553f8b3aeed req-3b9f3264-e190-46d4-8cbd-6588957eb7ab None None] Starting request: 10.222.0.18 "GET /placement/allocations/c4964468-1911-4143-a801-b1998cd506e8" {{(pid=104634) __call__ /opt/stack/placement/placement/requestlog.py:55}}
Mar 10 01:34:34.452133 n-d-806049-3 devstack@placement-api.service[104634]: INFO placement.requestlog [req-3a38a958-fd1d-4ba2-a945-7553f8b3aeed req-3b9f3264-e190-46d4-8cbd-6588957eb7ab service placement] 10.222.0.18 "GET /placement/allocations/c4964468-1911-4143-a801-b1998cd506e8" status: 200 len: 19 microversion: 1.28
Mar 10 01:34:34.452759 n-d-806049-3 devstack@placement-api.service[104634]: [pid: 104634|app: 0|req: 23/44] 10.222.0.18 () {60 vars in 1380 bytes} [Thu Mar 10 01:34:34 2022] GET /placement/allocations/c4964468-1911-4143-a801-b1998cd506e8 => generated 19 bytes in 19 msecs (HTTP/1.1 200) 8 headers in 295 bytes (1 switches on core 0)
Mar 10 01:34:34.459876 n-d-806049-3 devstack@placement-api.service[104633]: DEBUG placement.requestlog [req-3a38a958-fd1d-4ba2-a945-7553f8b3aeed req-6de36fe9-6ac6-423b-85fc-cf4444f57bdc None None] Starting request: 10.222.0.18 "PUT /placement/allocations/c4964468-1911-4143-a801-b1998cd506e8" {{(pid=104633) __call__ /opt/stack/placement/placement/requestlog.py:55}}
Mar 10 01:34:34.485262 n-d-806049-3 devstack@placement-api.service[104634]: DEBUG placement.requestlog [req-038e21e5-fc2b-4310-8336-be49f4b67764 req-8f87407a-6e2b-40c3-aa40-5e425524c428 None None] Starting request: 10.222.0.18 "GET /placement/allocations/34a50adc-5185-4605-b679-d3029d597b5a" {{(pid=104634) __call__ /opt/stack/placement/placement/requestlog.py:55}}
Mar 10 01:34:34.500057 n-d-806049-3 devstack@placement-api.service[104634]: INFO placement.requestlog [req-038e21e5-fc2b-4310-8336-be49f4b67764 req-8f87407a-6e2b-40c3-aa40-5e425524c428 service placement] 10.222.0.18 "GET /placement/allocations/34a50adc-5185-4605-b679-d3029d597b5a" status: 200 len: 19 microversion: 1.28
Mar 10 01:34:34.500782 n-d-806049-3 devstack@placement-api.service[104634]: [pid: 104634|app: 0|req: 24/45] 10.222.0.18 () {60 vars in 1380 bytes} [Thu Mar 10 01:34:34 2022] GET /placement/allocations/34a50adc-5185-4605-b679-d3029d597b5a => generated 19 bytes in 16 msecs (HTTP/1.1 200) 8 headers in 295 bytes (2 switches on core 0)
Mar 10 01:34:34.512525 n-d-806049-3 devstack@placement-api.service[104634]: DEBUG placement.requestlog [req-038e21e5-fc2b-4310-8336-be49f4b67764 req-e4097b70-e0f2-4c08-b637-aa3e9891b6ae None None] Starting request: 10.222.0.18 "PUT /placement/allocations/34a50adc-5185-4605-b679-d3029d597b5a" {{(pid=104634) __call__ /opt/stack/placement/placement/requestlog.py:55}}
Mar 10 01:34:34.843639 n-d-806049-3 devstack@placement-api.service[104633]: DEBUG placement.handlers.allocation [req-3a38a958-fd1d-4ba2-a945-7553f8b3aeed req-6de36fe9-6ac6-423b-85fc-cf4444f57bdc service placement] Successfully wrote allocations [, , ] {{(pid=104633) _update_consumers_and_create_allocations /opt/stack/placement/placement/handlers/allocation.py:462}}
Mar 10 01:34:34.929772 n-d-806049-3 devstack@placement-api.service[104634]: DEBUG placement.objects.allocation [req-038e21e5-fc2b-4310-8336-be49f4b67764 req-e4097b70-e0f2-4c08-b637-aa3e9891b6ae service placement] Retrying allocations write on resource provider generation conflict {{(pid=104634) replace_all /opt/stack/placement/placement/objects/allocation.py:507}}
Mar 10 01:34:34.930214 n-d-806049-3 devstack@placement-api.service[104633]: INFO placement.requestlog [req-3a38a958-fd1d-4ba2-a945-7553f8b3aeed req-6de36fe9-6ac6-423b-85fc-cf4444f57bdc service placement] 10.222.0.18 "PUT /placement/allocations/c4964468-1911-4143-a801-b1998cd506e8" status: 204 len: 0 microversion: 1.36
Mar 10 01:34:34.930845 n-d-806049-3 devstack@placement-api.service[104633]: [pid: 104633|app: 0|req: 22/46] 10.222.0.18 () {64 vars in 1433 bytes} [Thu Mar 10 01:34:34 2022] PUT /placement/allocations/c4964468-1911-4143-a801-b1998cd506e8 => generated 0 bytes in 471 msecs (HTTP/1.1 204) 5 headers in 199 bytes (1 switches on core 0)
Mar 10 01:34:34.955782 n-d-806049-3 devstack@placement-api.service[104634]: DEBUG placement.handlers.allocation [req-038e21e5-fc2b-4310-8336-be49f4b67764 req-e4097b70-e0f2-4c08-b637-aa3e9891b6ae service placement] Successfully wrote allocations [, , ] {{(pid=104634) _update_consumers_and_create_allocations /opt/stack/placement/placement/handlers/allocation.py:462}}
Mar 10 01:34:35.016080 n-d-806049-3 devstack@placement-api.service[104634]: INFO placement.requestlog [req-038e21e5-fc2b-4310-8336-be49f4b67764 req-e4097b70-e0f2-4c08-b637-aa3e9891b6ae service placement] 10.222.0.18 "PUT /placement/allocations/34a50adc-5185-4605-b679-d3029d597b5a" status: 204 len: 0 microversion: 1.36
Mar 10 01:34:35.017482 n-d-806049-3 devstack@placement-api.service[104634]: [pid: 104634|app: 0|req: 25/47] 10.222.0.18 () {64 vars in 1433 bytes} [Thu Mar 10 01:34:34 2022] PUT /placement/allocations/34a50adc-5185-4605-b679-d3029d597b5a => generated 0 bytes in 510 msecs (HTTP/1.1 204) 5 headers in 199 bytes (2 switches on core 0)
Mar 10 01:34:35.919732 n-d-806049-3 devstack@placement-api.service[104633]: DEBUG placement.requestlog [req-3a38a958-fd1d-4ba2-a945-7553f8b3aeed req-7e1d0b93-55c1-4f7b-afef-9af107ebc682 None None] Starting request: 10.222.0.35 "GET /placement/allocations/c4964468-1911-4143-a801-b1998cd506e8" {{(pid=104633) __call__ /opt/stack/placement/placement/requestlog.py:55}}
Mar 10 01:34:35.939619 n-d-806049-3 devstack@placement-api.service[104633]: INFO placement.requestlog [req-3a38a958-fd1d-4ba2-a945-7553f8b3aeed req-7e1d0b93-55c1-4f7b-afef-9af107ebc682 service placement] 10.222.0.35 "GET /placement/allocations/c4964468-1911-4143-a801-b1998cd506e8" status: 200 len: 258 microversion: 1.28
Mar 10 01:34:35.939619 n-d-806049-3 devstack@placement-api.service[104633]: [pid: 104633|app: 0|req: 23/48] 10.222.0.35 () {60 vars in 1377 bytes} [Thu Mar 10 01:34:35 2022] GET /placement/allocations/c4964468-1911-4143-a801-b1998cd506e8 => generated 258 bytes in 19 msecs (HTTP/1.1 200) 8 headers in 296 bytes (2 switches on core 0)
Mar 10 01:34:36.167624 n-d-806049-3 devstack@placement-api.service[104634]: DEBUG placement.requestlog [req-038e21e5-fc2b-4310-8336-be49f4b67764 req-312275bf-e1be-4992-952d-ec31b39a49fb None None] Starting request: 10.222.0.35 "GET /placement/allocations/34a50adc-5185-4605-b679-d3029d597b5a" {{(pid=104634) __call__ /opt/stack/placement/placement/requestlog.py:55}}
Mar 10 01:34:36.186916 n-d-806049-3 devstack@placement-api.service[104634]: INFO placement.requestlog [req-038e21e5-fc2b-4310-8336-be49f4b67764 req-312275bf-e1be-4992-952d-ec31b39a49fb service placement] 10.222.0.35 "GET /placement/allocations/34a50adc-5185-4605-b679-d3029d597b5a" status: 200 len: 258 microversion: 1.28
Mar 10 01:34:36.188956 n-d-806049-3 devstack@placement-api.service[104634]: [pid: 104634|app: 0|req: 26/49] 10.222.0.35 () {60 vars in 1377 bytes} [Thu Mar 10 01:34:36 2022] GET /placement/allocations/34a50adc-5185-4605-b679-d3029d597b5a => generated 258 bytes in 22 msecs (HTTP/1.1 200) 8 headers in 296 bytes (1 switches on core 0)
Mar 10 01:34:51.137925 n-d-806049-3 devstack@placement-api.service[104633]: DEBUG placement.requestlog [req-df29d339-bc6f-46e2-8208-4edcabcc22b2 req-3f7b3220-6ecc-4cfa-a5fd-0632d4b4e794 None None] Starting request: 10.222.0.35 "DELETE /placement/allocations/f30d3629-3750-4638-a6d9-ab7994b8647d" {{(pid=104633) __call__ /opt/stack/placement/placement/requestlog.py:55}}
Mar 10 01:34:51.328821 n-d-806049-3 devstack@placement-api.service[104633]: DEBUG placement.handlers.allocation [req-df29d339-bc6f-46e2-8208-4edcabcc22b2 req-3f7b3220-6ecc-4cfa-a5fd-0632d4b4e794 service placement] Successfully deleted allocations [, , ] {{(pid=104633) delete_allocations /opt/stack/placement/placement/handlers/allocation.py:627}}
Mar 10 01:34:51.329727 n-d-806049-3 devstack@placement-api.service[104633]: INFO placement.requestlog [req-df29d339-bc6f-46e2-8208-4edcabcc22b2 req-3f7b3220-6ecc-4cfa-a5fd-0632d4b4e794 service placement] 10.222.0.35 "DELETE /placement/allocations/f30d3629-3750-4638-a6d9-ab7994b8647d" status: 204 len: 0 microversion: 1.0
Mar 10 01:34:51.330321 n-d-806049-3 devstack@placement-api.service[104633]: [pid: 104633|app: 0|req: 24/50] 10.222.0.35 () {60 vars in 1355 bytes} [Thu Mar 10 01:34:51 2022] DELETE /placement/allocations/f30d3629-3750-4638-a6d9-ab7994b8647d => generated 0 bytes in 193 msecs (HTTP/1.1 204) 5 headers in 198 bytes (1 switches on core 0)
Mar 10 01:34:52.398393 n-d-806049-3 devstack@placement-api.service[104634]: DEBUG placement.requestlog [req-05e11d6d-ccff-43a6-bba3-564480b52089 req-cae230d5-9695-48af-bdf2-313ef5f72656 None None] Starting request: 10.222.0.18 "GET /placement/allocation_candidates?limit=1000&resources=DISK_GB%3A1%2CMEMORY_MB%3A1024%2CVCPU%3A1&root_required=%21COMPUTE_STATUS_DISABLED" {{(pid=104634) __call__ /opt/stack/placement/placement/requestlog.py:55}}
Mar 10 01:34:52.430960 n-d-806049-3 devstack@placement-api.service[104634]: DEBUG placement.objects.research_context [req-05e11d6d-ccff-43a6-bba3-564480b52089 req-cae230d5-9695-48af-bdf2-313ef5f72656 service placement] getting providers with 1 DISK_GB {{(pid=104634) __init__ /opt/stack/placement/placement/objects/research_context.py:136}}
Mar 10 01:34:52.437439 n-d-806049-3 devstack@placement-api.service[104634]: DEBUG placement.objects.research_context [req-05e11d6d-ccff-43a6-bba3-564480b52089 req-cae230d5-9695-48af-bdf2-313ef5f72656 service placement] getting providers with 1024 MEMORY_MB {{(pid=104634) __init__ /opt/stack/placement/placement/objects/research_context.py:136}}
Mar 10 01:34:52.443464 n-d-806049-3 devstack@placement-api.service[104634]: DEBUG placement.objects.research_context [req-05e11d6d-ccff-43a6-bba3-564480b52089 req-cae230d5-9695-48af-bdf2-313ef5f72656 service placement] getting providers with 1 VCPU {{(pid=104634) __init__ /opt/stack/placement/placement/objects/research_context.py:136}}
Mar 10 01:34:52.449470 n-d-806049-3 devstack@placement-api.service[104634]: DEBUG placement.objects.research_context [req-05e11d6d-ccff-43a6-bba3-564480b52089 req-cae230d5-9695-48af-bdf2-313ef5f72656 service placement] found 2 providers with available 1 DISK_GB {{(pid=104634) get_provider_ids_matching /opt/stack/placement/placement/objects/research_context.py:559}}
Mar 10 01:34:52.449908 n-d-806049-3 devstack@placement-api.service[104634]: DEBUG placement.objects.research_context [req-05e11d6d-ccff-43a6-bba3-564480b52089 req-cae230d5-9695-48af-bdf2-313ef5f72656 service placement] found 2 providers with available 1024 MEMORY_MB {{(pid=104634) get_provider_ids_matching /opt/stack/placement/placement/objects/research_context.py:559}}
Mar 10 01:34:52.450324 n-d-806049-3 devstack@placement-api.service[104634]: DEBUG placement.objects.research_context [req-05e11d6d-ccff-43a6-bba3-564480b52089 req-cae230d5-9695-48af-bdf2-313ef5f72656 service placement] found 2 providers after filtering by previous result {{(pid=104634) get_provider_ids_matching /opt/stack/placement/placement/objects/research_context.py:590}}
Mar 10 01:34:52.451540 n-d-806049-3 devstack@placement-api.service[104634]: DEBUG placement.objects.research_context [req-05e11d6d-ccff-43a6-bba3-564480b52089 req-cae230d5-9695-48af-bdf2-313ef5f72656 service placement] found 2 providers with available 1 VCPU {{(pid=104634) get_provider_ids_matching /opt/stack/placement/placement/objects/research_context.py:559}}
Mar 10 01:34:52.451944 n-d-806049-3 devstack@placement-api.service[104634]: DEBUG placement.objects.research_context [req-05e11d6d-ccff-43a6-bba3-564480b52089 req-cae230d5-9695-48af-bdf2-313ef5f72656 service placement] found 2 providers after filtering by previous result {{(pid=104634) get_provider_ids_matching /opt/stack/placement/placement/objects/research_context.py:590}}
Mar 10 01:34:52.466549 n-d-806049-3 devstack@placement-api.service[104634]: DEBUG placement.objects.allocation_candidate [req-05e11d6d-ccff-43a6-bba3-564480b52089 req-cae230d5-9695-48af-bdf2-313ef5f72656 service placement] RequestGroup(use_same_provider=False, resources={DISK_GB:1, MEMORY_MB:1024, VCPU:1}, traits=(), aggregates=[]) (suffix '') returned 2 matches {{(pid=104634) _get_by_requests /opt/stack/placement/placement/objects/allocation_candidate.py:156}}
Mar 10 01:34:52.466963 n-d-806049-3 devstack@placement-api.service[104634]: DEBUG placement.objects.allocation_candidate [req-05e11d6d-ccff-43a6-bba3-564480b52089 req-cae230d5-9695-48af-bdf2-313ef5f72656 service placement] Merging candidates yields 2 allocation requests and 2 provider summaries {{(pid=104634) _merge_candidates /opt/stack/placement/placement/objects/allocation_candidate.py:809}}
Mar 10 01:34:52.468511 n-d-806049-3 devstack@placement-api.service[104634]: INFO placement.requestlog [req-05e11d6d-ccff-43a6-bba3-564480b52089 req-cae230d5-9695-48af-bdf2-313ef5f72656 service placement] 10.222.0.18 "GET /placement/allocation_candidates?limit=1000&resources=DISK_GB%3A1%2CMEMORY_MB%3A1024%2CVCPU%3A1&root_required=%21COMPUTE_STATUS_DISABLED" status: 200 len: 1309 microversion: 1.36
Mar 10 01:34:52.469192 n-d-806049-3 devstack@placement-api.service[104634]: [pid: 104634|app: 0|req: 27/51] 10.222.0.18 () {60 vars in 1506 bytes} [Thu Mar 10 01:34:52 2022] GET /placement/allocation_candidates?limit=1000&resources=DISK_GB%3A1%2CMEMORY_MB%3A1024%2CVCPU%3A1&root_required=%21COMPUTE_STATUS_DISABLED => generated 1309 bytes in 71 msecs (HTTP/1.1 200) 8 headers in 297 bytes (1 switches on core 0)
Mar 10 01:34:52.551478 n-d-806049-3 devstack@placement-api.service[104633]: DEBUG placement.requestlog [req-05e11d6d-ccff-43a6-bba3-564480b52089 req-85c9cc2f-efdf-4908-94c3-d06ca8f9de77 None None] Starting request: 10.222.0.18 "GET /placement/allocations/3a6fe23d-024e-45e9-8c4a-db26272f800d" {{(pid=104633) __call__ /opt/stack/placement/placement/requestlog.py:55}}
Mar 10 01:34:52.577463 n-d-806049-3 devstack@placement-api.service[104633]: INFO placement.requestlog [req-05e11d6d-ccff-43a6-bba3-564480b52089 req-85c9cc2f-efdf-4908-94c3-d06ca8f9de77 service placement] 10.222.0.18 "GET /placement/allocations/3a6fe23d-024e-45e9-8c4a-db26272f800d" status: 200 len: 19 microversion: 1.28
Mar 10 01:34:52.577850 n-d-806049-3 devstack@placement-api.service[104633]: [pid: 104633|app: 0|req: 25/52] 10.222.0.18 () {60 vars in 1380 bytes} [Thu Mar 10 01:34:52 2022] GET /placement/allocations/3a6fe23d-024e-45e9-8c4a-db26272f800d => generated 19 bytes in 27 msecs (HTTP/1.1 200) 8 headers in 295 bytes (1 switches on core 0)
Mar 10 01:34:52.584740 n-d-806049-3 devstack@placement-api.service[104634]: DEBUG placement.requestlog [req-05e11d6d-ccff-43a6-bba3-564480b52089 req-8171f4e1-d93b-4b96-9092-0db452759342 None None] Starting request: 10.222.0.18 "PUT /placement/allocations/3a6fe23d-024e-45e9-8c4a-db26272f800d" {{(pid=104634) __call__ /opt/stack/placement/placement/requestlog.py:55}}
Mar 10 01:34:52.762134 n-d-806049-3 devstack@placement-api.service[104634]: DEBUG placement.handlers.allocation [req-05e11d6d-ccff-43a6-bba3-564480b52089 req-8171f4e1-d93b-4b96-9092-0db452759342 service placement] Successfully wrote allocations [, , ] {{(pid=104634) _update_consumers_and_create_allocations /opt/stack/placement/placement/handlers/allocation.py:462}}
Mar 10 01:34:52.824891 n-d-806049-3 devstack@placement-api.service[104634]: INFO placement.requestlog [req-05e11d6d-ccff-43a6-bba3-564480b52089 req-8171f4e1-d93b-4b96-9092-0db452759342 service placement] 10.222.0.18 "PUT /placement/allocations/3a6fe23d-024e-45e9-8c4a-db26272f800d" status: 204 len: 0 microversion: 1.36
Mar 10 01:34:52.825904 n-d-806049-3 devstack@placement-api.service[104634]: [pid: 104634|app: 0|req: 28/53] 10.222.0.18 () {64 vars in 1433 bytes} [Thu Mar 10 01:34:52 2022] PUT /placement/allocations/3a6fe23d-024e-45e9-8c4a-db26272f800d => generated 0 bytes in 241 msecs (HTTP/1.1 204) 5 headers in 199 bytes (1 switches on core 0)
Mar 10 01:34:53.760731 n-d-806049-3 devstack@placement-api.service[104633]: DEBUG placement.requestlog [req-05e11d6d-ccff-43a6-bba3-564480b52089 req-c40ba69d-7ff7-4a5d-aadc-237832c50acf None None] Starting request: 10.222.0.21 "GET /placement/allocations/3a6fe23d-024e-45e9-8c4a-db26272f800d" {{(pid=104633) __call__ /opt/stack/placement/placement/requestlog.py:55}}
Mar 10 01:34:53.797329 n-d-806049-3 devstack@placement-api.service[104633]: INFO placement.requestlog [req-05e11d6d-ccff-43a6-bba3-564480b52089 req-c40ba69d-7ff7-4a5d-aadc-237832c50acf service placement] 10.222.0.21 "GET /placement/allocations/3a6fe23d-024e-45e9-8c4a-db26272f800d" status: 200 len: 258 microversion: 1.28
Mar 10 01:34:53.797329 n-d-806049-3 devstack@placement-api.service[104633]: [pid: 104633|app: 0|req: 26/54] 10.222.0.21 () {60 vars in 1377 bytes} [Thu Mar 10 01:34:53 2022] GET /placement/allocations/3a6fe23d-024e-45e9-8c4a-db26272f800d => generated 258 bytes in 30 msecs (HTTP/1.1 200) 8 headers in 296 bytes (1 switches on core 0)
Mar 10 01:34:54.324536 n-d-806049-3 devstack@placement-api.service[104634]: DEBUG placement.requestlog [None req-c4b84be6-a27b-4f7c-ace0-b549fb08b0e0 None None] Starting request: 10.222.0.18 "GET /placement/" {{(pid=104634) __call__ /opt/stack/placement/placement/requestlog.py:55}}
Mar 10 01:34:54.326206 n-d-806049-3 devstack@placement-api.service[104634]: INFO placement.requestlog [None req-c4b84be6-a27b-4f7c-ace0-b549fb08b0e0 None None] 10.222.0.18 "GET /placement/" status: 200 len: 136 microversion: 1.0
Mar 10 01:34:54.327034 n-d-806049-3 devstack@placement-api.service[104634]: [pid: 104634|app: 0|req: 29/55] 10.222.0.18 () {54 vars in 907 bytes} [Thu Mar 10 01:34:54 2022] GET /placement => generated 136 bytes in 3 msecs (HTTP/1.1 200) 6 headers in 224 bytes (1 switches on core 0)
Mar 10 01:34:54.344451 n-d-806049-3 devstack@placement-api.service[104633]: DEBUG placement.requestlog [req-fde6e06a-c674-4e78-9be4-ba796a241d8e req-5c2db930-33d1-467d-a252-3b190e3e08f9 None None] Starting request: 10.222.0.18 "GET /placement/resource_providers/78718d5e-2ff5-400a-98e0-f69e684ae7fa/traits" {{(pid=104633) __call__ /opt/stack/placement/placement/requestlog.py:55}}
Mar 10 01:34:54.345159 n-d-806049-3 devstack@placement-api.service[104634]: DEBUG placement.requestlog [req-ee544b6a-02b6-4279-9e4e-977fa441216f req-9e01b505-f5bf-42f7-9b44-34dc447db696 None None] Starting request: 10.222.0.21 "DELETE /placement/allocations/78d95ccc-68df-4bcd-95e1-ea90f84b7518" {{(pid=104634) __call__ /opt/stack/placement/placement/requestlog.py:55}}
