Mar 10 01:41:04.436077 n-d-806049-3 devstack@placement-api.service[104634]: [pid: 104634|app: 0|req: 189/377] 10.222.0.18 () {64 vars in 1433 bytes} [Thu Mar 10 01:41:04 2022] PUT /placement/allocations/dca7fd2c-eac3-47ad-8298-76042e2c13d1 => generated 0 bytes in 229 msecs (HTTP/1.1 204) 5 headers in 199 bytes (1 switches on core 0)
Mar 10 01:41:04.453014 n-d-806049-3 devstack@placement-api.service[104633]: DEBUG placement.requestlog [req-d261477b-bb69-4508-86fb-ca90a7f55d08 req-25b1d55a-780d-4637-a43c-aa6ec52a1ff0 None None] Starting request: 10.222.0.18 "GET /placement/allocations/59840206-4575-4a03-9d05-5f59d6ef2c2a" {{(pid=104633) __call__ /opt/stack/placement/placement/requestlog.py:55}}
Mar 10 01:41:04.469179 n-d-806049-3 devstack@placement-api.service[104633]: INFO placement.requestlog [req-d261477b-bb69-4508-86fb-ca90a7f55d08 req-25b1d55a-780d-4637-a43c-aa6ec52a1ff0 service placement] 10.222.0.18 "GET /placement/allocations/59840206-4575-4a03-9d05-5f59d6ef2c2a" status: 200 len: 19 microversion: 1.28
Mar 10 01:41:04.469646 n-d-806049-3 devstack@placement-api.service[104633]: [pid: 104633|app: 0|req: 189/378] 10.222.0.18 () {60 vars in 1380 bytes} [Thu Mar 10 01:41:04 2022] GET /placement/allocations/59840206-4575-4a03-9d05-5f59d6ef2c2a => generated 19 bytes in 17 msecs (HTTP/1.1 200) 8 headers in 295 bytes (1 switches on core 0)
Mar 10 01:41:04.478140 n-d-806049-3 devstack@placement-api.service[104634]: DEBUG placement.requestlog [req-d261477b-bb69-4508-86fb-ca90a7f55d08 req-ecc02262-f62a-47c5-a315-fd2e2087bab0 None None] Starting request: 10.222.0.18 "PUT /placement/allocations/59840206-4575-4a03-9d05-5f59d6ef2c2a" {{(pid=104634) __call__ /opt/stack/placement/placement/requestlog.py:55}}
Mar 10 01:41:04.628141 n-d-806049-3 devstack@placement-api.service[104634]: DEBUG placement.handlers.allocation [req-d261477b-bb69-4508-86fb-ca90a7f55d08 req-ecc02262-f62a-47c5-a315-fd2e2087bab0 service placement] Successfully wrote allocations [, , ] {{(pid=104634) _update_consumers_and_create_allocations /opt/stack/placement/placement/handlers/allocation.py:462}}
Mar 10 01:41:04.694906 n-d-806049-3 devstack@placement-api.service[104634]: INFO placement.requestlog [req-d261477b-bb69-4508-86fb-ca90a7f55d08 req-ecc02262-f62a-47c5-a315-fd2e2087bab0 service placement] 10.222.0.18 "PUT /placement/allocations/59840206-4575-4a03-9d05-5f59d6ef2c2a" status: 204 len: 0 microversion: 1.36
Mar 10 01:41:04.695554 n-d-806049-3 devstack@placement-api.service[104634]: [pid: 104634|app: 0|req: 190/379] 10.222.0.18 () {64 vars in 1433 bytes} [Thu Mar 10 01:41:04 2022] PUT /placement/allocations/59840206-4575-4a03-9d05-5f59d6ef2c2a => generated 0 bytes in 218 msecs (HTTP/1.1 204) 5 headers in 199 bytes (1 switches on core 0)
Mar 10 01:41:06.192590 n-d-806049-3 devstack@placement-api.service[104633]: DEBUG placement.requestlog [req-d261477b-bb69-4508-86fb-ca90a7f55d08 req-efcdb742-4b7c-448b-8681-52eb887f66d9 None None] Starting request: 10.222.0.21 "GET /placement/allocations/dca7fd2c-eac3-47ad-8298-76042e2c13d1" {{(pid=104633) __call__ /opt/stack/placement/placement/requestlog.py:55}}
Mar 10 01:41:06.220170 n-d-806049-3 devstack@placement-api.service[104633]: INFO placement.requestlog [req-d261477b-bb69-4508-86fb-ca90a7f55d08 req-efcdb742-4b7c-448b-8681-52eb887f66d9 service placement] 10.222.0.21 "GET /placement/allocations/dca7fd2c-eac3-47ad-8298-76042e2c13d1" status: 200 len: 259 microversion: 1.28
Mar 10 01:41:06.221711 n-d-806049-3 devstack@placement-api.service[104633]: [pid: 104633|app: 0|req: 190/380] 10.222.0.21 () {60 vars in 1377 bytes} [Thu Mar 10 01:41:06 2022] GET /placement/allocations/dca7fd2c-eac3-47ad-8298-76042e2c13d1 => generated 259 bytes in 29 msecs (HTTP/1.1 200) 8 headers in 296 bytes (1 switches on core 0)
Mar 10 01:41:06.736028 n-d-806049-3 devstack@placement-api.service[104634]: DEBUG placement.requestlog [req-d261477b-bb69-4508-86fb-ca90a7f55d08 req-4da1ee21-9f60-4993-aa44-4656bdc6937a None None] Starting request: 10.222.0.21 "GET /placement/allocations/59840206-4575-4a03-9d05-5f59d6ef2c2a" {{(pid=104634) __call__ /opt/stack/placement/placement/requestlog.py:55}}
Mar 10 01:41:06.769166 n-d-806049-3 devstack@placement-api.service[104634]: INFO placement.requestlog [req-d261477b-bb69-4508-86fb-ca90a7f55d08 req-4da1ee21-9f60-4993-aa44-4656bdc6937a service placement] 10.222.0.21 "GET /placement/allocations/59840206-4575-4a03-9d05-5f59d6ef2c2a" status: 200 len: 259 microversion: 1.28
Mar 10 01:41:06.773017 n-d-806049-3 devstack@placement-api.service[104634]: [pid: 104634|app: 0|req: 191/381] 10.222.0.21 () {60 vars in 1377 bytes} [Thu Mar 10 01:41:06 2022] GET /placement/allocations/59840206-4575-4a03-9d05-5f59d6ef2c2a => generated 259 bytes in 36 msecs (HTTP/1.1 200) 8 headers in 296 bytes (1 switches on core 0)
Mar 10 01:41:07.325270 n-d-806049-3 devstack@placement-api.service[104633]: DEBUG placement.requestlog [req-349ce97d-9cb6-4e91-a57f-f2d1f763729c req-41a827e9-d0c9-4485-86b0-1fa031907904 None None] Starting request: 10.222.0.21 "GET /placement/resource_providers/3e6bb527-6f91-42a3-97e5-876a45e7f6c6/allocations" {{(pid=104633) __call__ /opt/stack/placement/placement/requestlog.py:55}}
Mar 10 01:41:07.380111 n-d-806049-3 devstack@placement-api.service[104633]: INFO placement.requestlog [req-349ce97d-9cb6-4e91-a57f-f2d1f763729c req-41a827e9-d0c9-4485-86b0-1fa031907904 service placement] 10.222.0.21 "GET /placement/resource_providers/3e6bb527-6f91-42a3-97e5-876a45e7f6c6/allocations" status: 200 len: 659 microversion: 1.0
Mar 10 01:41:07.381023 n-d-806049-3 devstack@placement-api.service[104633]: [pid: 104633|app: 0|req: 191/382] 10.222.0.21 () {58 vars in 1390 bytes} [Thu Mar 10 01:41:07 2022] GET /placement/resource_providers/3e6bb527-6f91-42a3-97e5-876a45e7f6c6/allocations => generated 659 bytes in 56 msecs (HTTP/1.1 200) 6 headers in 224 bytes (2 switches on core 0)
Mar 10 01:41:13.429396 n-d-806049-3 devstack@placement-api.service[104634]: DEBUG placement.requestlog [req-e33a5497-ebf2-4e78-9a67-87a554bc33b9 req-ece29162-3961-4b7e-aea5-9140c4be239b None None] Starting request: 10.222.0.35 "GET /placement/resource_providers/78718d5e-2ff5-400a-98e0-f69e684ae7fa/allocations" {{(pid=104634) __call__ /opt/stack/placement/placement/requestlog.py:55}}
Mar 10 01:41:13.478603 n-d-806049-3 devstack@placement-api.service[104634]: INFO placement.requestlog [req-e33a5497-ebf2-4e78-9a67-87a554bc33b9 req-ece29162-3961-4b7e-aea5-9140c4be239b service placement] 10.222.0.35 "GET /placement/resource_providers/78718d5e-2ff5-400a-98e0-f69e684ae7fa/allocations" status: 200 len: 948 microversion: 1.0
Mar 10 01:41:13.484860 n-d-806049-3 devstack@placement-api.service[104634]: [pid: 104634|app: 0|req: 192/383] 10.222.0.35 () {58 vars in 1390 bytes} [Thu Mar 10 01:41:13 2022] GET /placement/resource_providers/78718d5e-2ff5-400a-98e0-f69e684ae7fa/allocations => generated 948 bytes in 56 msecs (HTTP/1.1 200) 6 headers in 224 bytes (1 switches on core 0)
Mar 10 01:41:17.251412 n-d-806049-3 devstack@placement-api.service[104633]: DEBUG placement.requestlog [req-8b489f86-318c-4c2c-845e-bae04989fa96 req-d17d891c-7806-4b15-a30c-8985d4e75381 None None] Starting request: 10.222.0.18 "GET /placement/allocation_candidates?limit=1000&resources=DISK_GB%3A1%2CMEMORY_MB%3A1024%2CVCPU%3A1&root_required=%21COMPUTE_STATUS_DISABLED" {{(pid=104633) __call__ /opt/stack/placement/placement/requestlog.py:55}}
Mar 10 01:41:17.308277 n-d-806049-3 devstack@placement-api.service[104633]: DEBUG placement.objects.research_context [req-8b489f86-318c-4c2c-845e-bae04989fa96 req-d17d891c-7806-4b15-a30c-8985d4e75381 service placement] getting providers with 1 DISK_GB {{(pid=104633) __init__ /opt/stack/placement/placement/objects/research_context.py:136}}
Mar 10 01:41:17.344030 n-d-806049-3 devstack@placement-api.service[104633]: DEBUG placement.objects.research_context [req-8b489f86-318c-4c2c-845e-bae04989fa96 req-d17d891c-7806-4b15-a30c-8985d4e75381 service placement] getting providers with 1024 MEMORY_MB {{(pid=104633) __init__ /opt/stack/placement/placement/objects/research_context.py:136}}
Mar 10 01:41:17.353777 n-d-806049-3 devstack@placement-api.service[104633]: DEBUG placement.objects.research_context [req-8b489f86-318c-4c2c-845e-bae04989fa96 req-d17d891c-7806-4b15-a30c-8985d4e75381 service placement] getting providers with 1 VCPU {{(pid=104633) __init__ /opt/stack/placement/placement/objects/research_context.py:136}}
Mar 10 01:41:17.380667 n-d-806049-3 devstack@placement-api.service[104633]: DEBUG placement.objects.research_context [req-8b489f86-318c-4c2c-845e-bae04989fa96 req-d17d891c-7806-4b15-a30c-8985d4e75381 service placement] found 2 providers with available 1 DISK_GB {{(pid=104633) get_provider_ids_matching /opt/stack/placement/placement/objects/research_context.py:559}}
Mar 10 01:41:17.382625 n-d-806049-3 devstack@placement-api.service[104633]: DEBUG placement.objects.research_context [req-8b489f86-318c-4c2c-845e-bae04989fa96 req-d17d891c-7806-4b15-a30c-8985d4e75381 service placement] found 2 providers with available 1024 MEMORY_MB {{(pid=104633) get_provider_ids_matching /opt/stack/placement/placement/objects/research_context.py:559}}
Mar 10 01:41:17.384021 n-d-806049-3 devstack@placement-api.service[104633]: DEBUG placement.objects.research_context [req-8b489f86-318c-4c2c-845e-bae04989fa96 req-d17d891c-7806-4b15-a30c-8985d4e75381 service placement] found 2 providers after filtering by previous result {{(pid=104633) get_provider_ids_matching /opt/stack/placement/placement/objects/research_context.py:590}}
Mar 10 01:41:17.384446 n-d-806049-3 devstack@placement-api.service[104633]: DEBUG placement.objects.research_context [req-8b489f86-318c-4c2c-845e-bae04989fa96 req-d17d891c-7806-4b15-a30c-8985d4e75381 service placement] found 2 providers with available 1 VCPU {{(pid=104633) get_provider_ids_matching /opt/stack/placement/placement/objects/research_context.py:559}}
Mar 10 01:41:17.385789 n-d-806049-3 devstack@placement-api.service[104633]: DEBUG placement.objects.research_context [req-8b489f86-318c-4c2c-845e-bae04989fa96 req-d17d891c-7806-4b15-a30c-8985d4e75381 service placement] found 2 providers after filtering by previous result {{(pid=104633) get_provider_ids_matching /opt/stack/placement/placement/objects/research_context.py:590}}
Mar 10 01:41:17.413161 n-d-806049-3 devstack@placement-api.service[104633]: DEBUG placement.objects.allocation_candidate [req-8b489f86-318c-4c2c-845e-bae04989fa96 req-d17d891c-7806-4b15-a30c-8985d4e75381 service placement] RequestGroup(use_same_provider=False, resources={DISK_GB:1, MEMORY_MB:1024, VCPU:1}, traits=(), aggregates=[]) (suffix '') returned 2 matches {{(pid=104633) _get_by_requests /opt/stack/placement/placement/objects/allocation_candidate.py:156}}
Mar 10 01:41:17.413844 n-d-806049-3 devstack@placement-api.service[104633]: DEBUG placement.objects.allocation_candidate [req-8b489f86-318c-4c2c-845e-bae04989fa96 req-d17d891c-7806-4b15-a30c-8985d4e75381 service placement] Merging candidates yields 2 allocation requests and 2 provider summaries {{(pid=104633) _merge_candidates /opt/stack/placement/placement/objects/allocation_candidate.py:809}}
Mar 10 01:41:17.415692 n-d-806049-3 devstack@placement-api.service[104633]: INFO placement.requestlog [req-8b489f86-318c-4c2c-845e-bae04989fa96 req-d17d891c-7806-4b15-a30c-8985d4e75381 service placement] 10.222.0.18 "GET /placement/allocation_candidates?limit=1000&resources=DISK_GB%3A1%2CMEMORY_MB%3A1024%2CVCPU%3A1&root_required=%21COMPUTE_STATUS_DISABLED" status: 200 len: 1309 microversion: 1.36
Mar 10 01:41:17.422491 n-d-806049-3 devstack@placement-api.service[104633]: [pid: 104633|app: 0|req: 192/384] 10.222.0.18 () {60 vars in 1506 bytes} [Thu Mar 10 01:41:17 2022] GET /placement/allocation_candidates?limit=1000&resources=DISK_GB%3A1%2CMEMORY_MB%3A1024%2CVCPU%3A1&root_required=%21COMPUTE_STATUS_DISABLED => generated 1309 bytes in 171 msecs (HTTP/1.1 200) 8 headers in 297 bytes (1 switches on core 0)
Mar 10 01:41:17.570340 n-d-806049-3 devstack@placement-api.service[104634]: DEBUG placement.requestlog [req-8b489f86-318c-4c2c-845e-bae04989fa96 req-3066b73b-dcb0-42b7-bd3b-b6d5051cc541 None None] Starting request: 10.222.0.18 "GET /placement/allocations/78fc4d9e-e1ce-403a-8295-bfce9cc599a5" {{(pid=104634) __call__ /opt/stack/placement/placement/requestlog.py:55}}
Mar 10 01:41:17.587494 n-d-806049-3 devstack@placement-api.service[104634]: INFO placement.requestlog [req-8b489f86-318c-4c2c-845e-bae04989fa96 req-3066b73b-dcb0-42b7-bd3b-b6d5051cc541 service placement] 10.222.0.18 "GET /placement/allocations/78fc4d9e-e1ce-403a-8295-bfce9cc599a5" status: 200 len: 19 microversion: 1.28
Mar 10 01:41:17.591382 n-d-806049-3 devstack@placement-api.service[104634]: [pid: 104634|app: 0|req: 193/385] 10.222.0.18 () {60 vars in 1380 bytes} [Thu Mar 10 01:41:17 2022] GET /placement/allocations/78fc4d9e-e1ce-403a-8295-bfce9cc599a5 => generated 19 bytes in 21 msecs (HTTP/1.1 200) 8 headers in 295 bytes (2 switches on core 0)
Mar 10 01:41:17.598350 n-d-806049-3 devstack@placement-api.service[104633]: DEBUG placement.requestlog [req-8b489f86-318c-4c2c-845e-bae04989fa96 req-4dfe9bd2-a1a8-4e57-87a8-b8dbea59c81b None None] Starting request: 10.222.0.18 "PUT /placement/allocations/78fc4d9e-e1ce-403a-8295-bfce9cc599a5" {{(pid=104633) __call__ /opt/stack/placement/placement/requestlog.py:55}}
Mar 10 01:41:17.895611 n-d-806049-3 devstack@placement-api.service[104633]: DEBUG placement.handlers.allocation [req-8b489f86-318c-4c2c-845e-bae04989fa96 req-4dfe9bd2-a1a8-4e57-87a8-b8dbea59c81b service placement] Successfully wrote allocations [, , ] {{(pid=104633) _update_consumers_and_create_allocations /opt/stack/placement/placement/handlers/allocation.py:462}}
Mar 10 01:41:17.957617 n-d-806049-3 devstack@placement-api.service[104633]: INFO placement.requestlog [req-8b489f86-318c-4c2c-845e-bae04989fa96 req-4dfe9bd2-a1a8-4e57-87a8-b8dbea59c81b service placement] 10.222.0.18 "PUT /placement/allocations/78fc4d9e-e1ce-403a-8295-bfce9cc599a5" status: 204 len: 0 microversion: 1.36
Mar 10 01:41:17.964192 n-d-806049-3 devstack@placement-api.service[104633]: [pid: 104633|app: 0|req: 193/386] 10.222.0.18 () {64 vars in 1433 bytes} [Thu Mar 10 01:41:17 2022] PUT /placement/allocations/78fc4d9e-e1ce-403a-8295-bfce9cc599a5 => generated 0 bytes in 360 msecs (HTTP/1.1 204) 5 headers in 199 bytes (2 switches on core 0)
Mar 10 01:41:19.104591 n-d-806049-3 devstack@placement-api.service[104634]: DEBUG placement.requestlog [req-8b489f86-318c-4c2c-845e-bae04989fa96 req-e4014a7d-70fe-475f-9a18-8bc6ed10b347 None None] Starting request: 10.222.0.35 "GET /placement/allocations/78fc4d9e-e1ce-403a-8295-bfce9cc599a5" {{(pid=104634) __call__ /opt/stack/placement/placement/requestlog.py:55}}
Mar 10 01:41:19.133594 n-d-806049-3 devstack@placement-api.service[104634]: INFO placement.requestlog [req-8b489f86-318c-4c2c-845e-bae04989fa96 req-e4014a7d-70fe-475f-9a18-8bc6ed10b347 service placement] 10.222.0.35 "GET /placement/allocations/78fc4d9e-e1ce-403a-8295-bfce9cc599a5" status: 200 len: 259 microversion: 1.28
Mar 10 01:41:19.134074 n-d-806049-3 devstack@placement-api.service[104634]: [pid: 104634|app: 0|req: 194/387] 10.222.0.35 () {60 vars in 1377 bytes} [Thu Mar 10 01:41:19 2022] GET /placement/allocations/78fc4d9e-e1ce-403a-8295-bfce9cc599a5 => generated 259 bytes in 30 msecs (HTTP/1.1 200) 8 headers in 296 bytes (1 switches on core 0)
Mar 10 01:41:20.336648 n-d-806049-3 devstack@placement-api.service[104633]: DEBUG placement.requestlog [req-56e97af1-f976-4a8b-8364-8959e80328a5 req-8aa7fc30-d827-4ec1-a579-b024e9641a19 None None] Starting request: 10.222.0.35 "DELETE /placement/allocations/c00c112d-1360-461a-9b27-d383336a5db6" {{(pid=104633) __call__ /opt/stack/placement/placement/requestlog.py:55}}
Mar 10 01:41:20.512319 n-d-806049-3 devstack@placement-api.service[104633]: DEBUG placement.handlers.allocation [req-56e97af1-f976-4a8b-8364-8959e80328a5 req-8aa7fc30-d827-4ec1-a579-b024e9641a19 service placement] Successfully deleted allocations [, , ] {{(pid=104633) delete_allocations /opt/stack/placement/placement/handlers/allocation.py:627}}
Mar 10 01:41:20.513088 n-d-806049-3 devstack@placement-api.service[104633]: INFO placement.requestlog [req-56e97af1-f976-4a8b-8364-8959e80328a5 req-8aa7fc30-d827-4ec1-a579-b024e9641a19 service placement] 10.222.0.35 "DELETE /placement/allocations/c00c112d-1360-461a-9b27-d383336a5db6" status: 204 len: 0 microversion: 1.0
Mar 10 01:41:20.513647 n-d-806049-3 devstack@placement-api.service[104633]: [pid: 104633|app: 0|req: 194/388] 10.222.0.35 () {60 vars in 1355 bytes} [Thu Mar 10 01:41:20 2022] DELETE /placement/allocations/c00c112d-1360-461a-9b27-d383336a5db6 => generated 0 bytes in 177 msecs (HTTP/1.1 204) 5 headers in 198 bytes (1 switches on core 0)
Mar 10 01:41:23.072382 n-d-806049-3 devstack@placement-api.service[104634]: DEBUG placement.requestlog [req-24b7e4e8-ff74-469f-a3a3-e0492b5dbb15 req-47cfa087-4ad1-4084-816d-9a241637fabe None None] Starting request: 10.222.0.35 "DELETE /placement/allocations/ccd257a8-90c0-4e08-b46c-a540982063d3" {{(pid=104634) __call__ /opt/stack/placement/placement/requestlog.py:55}}
Mar 10 01:41:23.265928 n-d-806049-3 devstack@placement-api.service[104634]: DEBUG placement.handlers.allocation [req-24b7e4e8-ff74-469f-a3a3-e0492b5dbb15 req-47cfa087-4ad1-4084-816d-9a241637fabe service placement] Successfully deleted allocations [, , ] {{(pid=104634) delete_allocations /opt/stack/placement/placement/handlers/allocation.py:627}}
Mar 10 01:41:23.266585 n-d-806049-3 devstack@placement-api.service[104634]: INFO placement.requestlog [req-24b7e4e8-ff74-469f-a3a3-e0492b5dbb15 req-47cfa087-4ad1-4084-816d-9a241637fabe service placement] 10.222.0.35 "DELETE /placement/allocations/ccd257a8-90c0-4e08-b46c-a540982063d3" status: 204 len: 0 microversion: 1.0
Mar 10 01:41:23.267547 n-d-806049-3 devstack@placement-api.service[104634]: [pid: 104634|app: 0|req: 195/389] 10.222.0.35 () {60 vars in 1355 bytes} [Thu Mar 10 01:41:23 2022] DELETE /placement/allocations/ccd257a8-90c0-4e08-b46c-a540982063d3 => generated 0 bytes in 195 msecs (HTTP/1.1 204) 5 headers in 198 bytes (1 switches on core 0)
Mar 10 01:41:28.250775 n-d-806049-3 devstack@placement-api.service[104633]: DEBUG placement.requestlog [req-7624f7f7-ba19-433f-a767-d8e82e76f9e2 req-3cd0508a-007c-4f67-8988-46e737dcf773 None None] Starting request: 10.222.0.21 "GET /placement/resource_providers/3e6bb527-6f91-42a3-97e5-876a45e7f6c6/allocations" {{(pid=104633) __call__ /opt/stack/placement/placement/requestlog.py:55}}
Mar 10 01:41:28.274078 n-d-806049-3 devstack@placement-api.service[104633]: INFO placement.requestlog [req-7624f7f7-ba19-433f-a767-d8e82e76f9e2 req-3cd0508a-007c-4f67-8988-46e737dcf773 service placement] 10.222.0.21 "GET /placement/resource_providers/3e6bb527-6f91-42a3-97e5-876a45e7f6c6/allocations" status: 200 len: 659 microversion: 1.0
Mar 10 01:41:28.275292 n-d-806049-3 devstack@placement-api.service[104633]: [pid: 104633|app: 0|req: 195/390] 10.222.0.21 () {58 vars in 1390 bytes} [Thu Mar 10 01:41:28 2022] GET /placement/resource_providers/3e6bb527-6f91-42a3-97e5-876a45e7f6c6/allocations => generated 659 bytes in 24 msecs (HTTP/1.1 200) 6 headers in 224 bytes (1 switches on core 0)
Mar 10 01:41:28.868369 n-d-806049-3 devstack@placement-api.service[104634]: DEBUG placement.requestlog [req-7624f7f7-ba19-433f-a767-d8e82e76f9e2 req-06f5e30c-cde0-486d-ac4d-906525511d9f None None] Starting request: 10.222.0.21 "GET /placement/allocations/8c0e1fce-f1e0-45ac-aff0-383fb6290fd8" {{(pid=104634) __call__ /opt/stack/placement/placement/requestlog.py:55}}
Mar 10 01:41:28.902115 n-d-806049-3 devstack@placement-api.service[104634]: INFO placement.requestlog [req-7624f7f7-ba19-433f-a767-d8e82e76f9e2 req-06f5e30c-cde0-486d-ac4d-906525511d9f service placement] 10.222.0.21 "GET /placement/allocations/8c0e1fce-f1e0-45ac-aff0-383fb6290fd8" status: 200 len: 259 microversion: 1.28
Mar 10 01:41:28.916630 n-d-806049-3 devstack@placement-api.service[104634]: [pid: 104634|app: 0|req: 196/391] 10.222.0.21 () {60 vars in 1377 bytes} [Thu Mar 10 01:41:28 2022] GET /placement/allocations/8c0e1fce-f1e0-45ac-aff0-383fb6290fd8 => generated 259 bytes in 49 msecs (HTTP/1.1 200) 8 headers in 296 bytes (2 switches on core 0)
Mar 10 01:41:28.924700 n-d-806049-3 devstack@placement-api.service[104633]: DEBUG placement.requestlog [req-7624f7f7-ba19-433f-a767-d8e82e76f9e2 req-b6eb8e94-1786-45c8-9c2f-c9d19b9f5015 None None] Starting request: 10.222.0.21 "PUT /placement/allocations/8c0e1fce-f1e0-45ac-aff0-383fb6290fd8" {{(pid=104633) __call__ /opt/stack/placement/placement/requestlog.py:55}}
Mar 10 01:41:28.986739 n-d-806049-3 devstack@placement-api.service[104633]: DEBUG placement.handlers.allocation [req-7624f7f7-ba19-433f-a767-d8e82e76f9e2 req-b6eb8e94-1786-45c8-9c2f-c9d19b9f5015 service placement] Successfully wrote allocations [, , ] {{(pid=104633) _update_consumers_and_create_allocations /opt/stack/placement/placement/handlers/allocation.py:462}}
Mar 10 01:41:29.083845 n-d-806049-3 devstack@placement-api.service[104633]: INFO placement.requestlog [req-7624f7f7-ba19-433f-a767-d8e82e76f9e2 req-b6eb8e94-1786-45c8-9c2f-c9d19b9f5015 service placement] 10.222.0.21 "PUT /placement/allocations/8c0e1fce-f1e0-45ac-aff0-383fb6290fd8" status: 204 len: 0 microversion: 1.28
Mar 10 01:41:29.086341 n-d-806049-3 devstack@placement-api.service[104633]: [pid: 104633|app: 0|req: 196/392] 10.222.0.21 () {64 vars in 1430 bytes} [Thu Mar 10 01:41:28 2022] PUT /placement/allocations/8c0e1fce-f1e0-45ac-aff0-383fb6290fd8 => generated 0 bytes in 161 msecs (HTTP/1.1 204) 5 headers in 199 bytes (2 switches on core 0)
Mar 10 01:41:31.760631 n-d-806049-3 devstack@placement-api.service[104634]: DEBUG placement.requestlog [req-c03a7dd6-e1db-4658-a831-22294a8fefcb req-7992fb45-bb0b-4eb5-b552-99a3fe424493 None None] Starting request: 10.222.0.21 "DELETE /placement/allocations/b49122e0-3b12-4314-be8d-54ff7ebeda8e" {{(pid=104634) __call__ /opt/stack/placement/placement/requestlog.py:55}}
Mar 10 01:41:32.032033 n-d-806049-3 devstack@placement-api.service[104634]: DEBUG placement.handlers.allocation [req-c03a7dd6-e1db-4658-a831-22294a8fefcb req-7992fb45-bb0b-4eb5-b552-99a3fe424493 service placement] Successfully deleted allocations [, , ] {{(pid=104634) delete_allocations /opt/stack/placement/placement/handlers/allocation.py:627}}
Mar 10 01:41:32.033170 n-d-806049-3 devstack@placement-api.service[104634]: INFO placement.requestlog [req-c03a7dd6-e1db-4658-a831-22294a8fefcb req-7992fb45-bb0b-4eb5-b552-99a3fe424493 service placement] 10.222.0.21 "DELETE /placement/allocations/b49122e0-3b12-4314-be8d-54ff7ebeda8e" status: 204 len: 0 microversion: 1.0
Mar 10 01:41:32.033550 n-d-806049-3 devstack@placement-api.service[104634]: [pid: 104634|app: 0|req: 197/393] 10.222.0.21 () {60 vars in 1355 bytes} [Thu Mar 10 01:41:31 2022] DELETE /placement/allocations/b49122e0-3b12-4314-be8d-54ff7ebeda8e => generated 0 bytes in 273 msecs (HTTP/1.1 204) 5 headers in 198 bytes (2 switches on core 0)
Mar 10 01:41:33.660571 n-d-806049-3 devstack@placement-api.service[104633]: DEBUG placement.requestlog [req-2ea19aa0-3460-4fc0-a5f6-8b8c0fe4cd0e req-098e24bc-4f17-41ef-890a-0adda4677095 None None] Starting request: 10.222.0.18 "GET /placement/allocation_candidates?resources=DISK_GB%3A1%2CMEMORY_MB%3A1024%2CVCPU%3A1&root_required=%21COMPUTE_STATUS_DISABLED" {{(pid=104633) __call__ /opt/stack/placement/placement/requestlog.py:55}}
Mar 10 01:41:33.697374 n-d-806049-3 devstack@placement-api.service[104633]: DEBUG placement.objects.research_context [req-2ea19aa0-3460-4fc0-a5f6-8b8c0fe4cd0e req-098e24bc-4f17-41ef-890a-0adda4677095 service placement] getting providers with 1 DISK_GB {{(pid=104633) __init__ /opt/stack/placement/placement/objects/research_context.py:136}}
Mar 10 01:41:33.704082 n-d-806049-3 devstack@placement-api.service[104633]: DEBUG placement.objects.research_context [req-2ea19aa0-3460-4fc0-a5f6-8b8c0fe4cd0e req-098e24bc-4f17-41ef-890a-0adda4677095 service placement] getting providers with 1024 MEMORY_MB {{(pid=104633) __init__ /opt/stack/placement/placement/objects/research_context.py:136}}
Mar 10 01:41:33.713689 n-d-806049-3 devstack@placement-api.service[104633]: DEBUG placement.objects.research_context [req-2ea19aa0-3460-4fc0-a5f6-8b8c0fe4cd0e req-098e24bc-4f17-41ef-890a-0adda4677095 service placement] getting providers with 1 VCPU {{(pid=104633) __init__ /opt/stack/placement/placement/objects/research_context.py:136}}
Mar 10 01:41:33.728015 n-d-806049-3 devstack@placement-api.service[104633]: DEBUG placement.objects.research_context [req-2ea19aa0-3460-4fc0-a5f6-8b8c0fe4cd0e req-098e24bc-4f17-41ef-890a-0adda4677095 service placement] found 2 providers with available 1 DISK_GB {{(pid=104633) get_provider_ids_matching /opt/stack/placement/placement/objects/research_context.py:559}}
Mar 10 01:41:33.728015 n-d-806049-3 devstack@placement-api.service[104633]: DEBUG placement.objects.research_context [req-2ea19aa0-3460-4fc0-a5f6-8b8c0fe4cd0e req-098e24bc-4f17-41ef-890a-0adda4677095 service placement] found 2 providers with available 1024 MEMORY_MB {{(pid=104633) get_provider_ids_matching /opt/stack/placement/placement/objects/research_context.py:559}}
Mar 10 01:41:33.728015 n-d-806049-3 devstack@placement-api.service[104633]: DEBUG placement.objects.research_context [req-2ea19aa0-3460-4fc0-a5f6-8b8c0fe4cd0e req-098e24bc-4f17-41ef-890a-0adda4677095 service placement] found 2 providers after filtering by previous result {{(pid=104633) get_provider_ids_matching /opt/stack/placement/placement/objects/research_context.py:590}}
Mar 10 01:41:33.728015 n-d-806049-3 devstack@placement-api.service[104633]: DEBUG placement.objects.research_context [req-2ea19aa0-3460-4fc0-a5f6-8b8c0fe4cd0e req-098e24bc-4f17-41ef-890a-0adda4677095 service placement] found 2 providers with available 1 VCPU {{(pid=104633) get_provider_ids_matching /opt/stack/placement/placement/objects/research_context.py:559}}
Mar 10 01:41:33.728015 n-d-806049-3 devstack@placement-api.service[104633]: DEBUG placement.objects.research_context [req-2ea19aa0-3460-4fc0-a5f6-8b8c0fe4cd0e req-098e24bc-4f17-41ef-890a-0adda4677095 service placement] found 2 providers after filtering by previous result {{(pid=104633) get_provider_ids_matching /opt/stack/placement/placement/objects/research_context.py:590}}
Mar 10 01:41:33.742453 n-d-806049-3 devstack@placement-api.service[104633]: DEBUG placement.objects.allocation_candidate [req-2ea19aa0-3460-4fc0-a5f6-8b8c0fe4cd0e req-098e24bc-4f17-41ef-890a-0adda4677095 service placement] RequestGroup(use_same_provider=False, resources={DISK_GB:1, MEMORY_MB:1024, VCPU:1}, traits=(), aggregates=[]) (suffix '') returned 2 matches {{(pid=104633) _get_by_requests /opt/stack/placement/placement/objects/allocation_candidate.py:156}}
Mar 10 01:41:33.744125 n-d-806049-3 devstack@placement-api.service[104633]: DEBUG placement.objects.allocation_candidate [req-2ea19aa0-3460-4fc0-a5f6-8b8c0fe4cd0e req-098e24bc-4f17-41ef-890a-0adda4677095 service placement] Merging candidates yields 2 allocation requests and 2 provider summaries {{(pid=104633) _merge_candidates /opt/stack/placement/placement/objects/allocation_candidate.py:809}}
Mar 10 01:41:33.745932 n-d-806049-3 devstack@placement-api.service[104633]: INFO placement.requestlog [req-2ea19aa0-3460-4fc0-a5f6-8b8c0fe4cd0e req-098e24bc-4f17-41ef-890a-0adda4677095 service placement] 10.222.0.18 "GET /placement/allocation_candidates?resources=DISK_GB%3A1%2CMEMORY_MB%3A1024%2CVCPU%3A1&root_required=%21COMPUTE_STATUS_DISABLED" status: 200 len: 1309 microversion: 1.36
Mar 10 01:41:33.746755 n-d-806049-3 devstack@placement-api.service[104633]: [pid: 104633|app: 0|req: 197/394] 10.222.0.18 () {60 vars in 1484 bytes} [Thu Mar 10 01:41:33 2022] GET /placement/allocation_candidates?resources=DISK_GB%3A1%2CMEMORY_MB%3A1024%2CVCPU%3A1&root_required=%21COMPUTE_STATUS_DISABLED => generated 1309 bytes in 86 msecs (HTTP/1.1 200) 8 headers in 297 bytes (1 switches on core 0)
Mar 10 01:41:33.847147 n-d-806049-3 devstack@placement-api.service[104634]: DEBUG placement.requestlog [req-2ea19aa0-3460-4fc0-a5f6-8b8c0fe4cd0e req-19e5c2fb-beaf-4b2c-920a-ebb10607fcf8 None None] Starting request: 10.222.0.18 "GET /placement/allocations/2a4dcc10-5f1e-4d0e-86aa-fd1f08678ea8" {{(pid=104634) __call__ /opt/stack/placement/placement/requestlog.py:55}}
Mar 10 01:41:33.860200 n-d-806049-3 devstack@placement-api.service[104634]: INFO placement.requestlog [req-2ea19aa0-3460-4fc0-a5f6-8b8c0fe4cd0e req-19e5c2fb-beaf-4b2c-920a-ebb10607fcf8 service placement] 10.222.0.18 "GET /placement/allocations/2a4dcc10-5f1e-4d0e-86aa-fd1f08678ea8" status: 200 len: 19 microversion: 1.28
Mar 10 01:41:33.862046 n-d-806049-3 devstack@placement-api.service[104634]: [pid: 104634|app: 0|req: 198/395] 10.222.0.18 () {60 vars in 1380 bytes} [Thu Mar 10 01:41:33 2022] GET /placement/allocations/2a4dcc10-5f1e-4d0e-86aa-fd1f08678ea8 => generated 19 bytes in 15 msecs (HTTP/1.1 200) 8 headers in 295 bytes (1 switches on core 0)
Mar 10 01:41:33.868352 n-d-806049-3 devstack@placement-api.service[104633]: DEBUG placement.requestlog [req-2ea19aa0-3460-4fc0-a5f6-8b8c0fe4cd0e req-1e6fce7f-6a8d-42c4-861b-64100f86ce9a None None] Starting request: 10.222.0.18 "PUT /placement/allocations/2a4dcc10-5f1e-4d0e-86aa-fd1f08678ea8" {{(pid=104633) __call__ /opt/stack/placement/placement/requestlog.py:55}}
Mar 10 01:41:34.049909 n-d-806049-3 devstack@placement-api.service[104633]: DEBUG placement.handlers.allocation [req-2ea19aa0-3460-4fc0-a5f6-8b8c0fe4cd0e req-1e6fce7f-6a8d-42c4-861b-64100f86ce9a service placement] Successfully wrote allocations [, , ] {{(pid=104633) _update_consumers_and_create_allocations /opt/stack/placement/placement/handlers/allocation.py:462}}
Mar 10 01:41:34.151155 n-d-806049-3 devstack@placement-api.service[104633]: INFO placement.requestlog [req-2ea19aa0-3460-4fc0-a5f6-8b8c0fe4cd0e req-1e6fce7f-6a8d-42c4-861b-64100f86ce9a service placement] 10.222.0.18 "PUT /placement/allocations/2a4dcc10-5f1e-4d0e-86aa-fd1f08678ea8" status: 204 len: 0 microversion: 1.36
Mar 10 01:41:34.151155 n-d-806049-3 devstack@placement-api.service[104633]: [pid: 104633|app: 0|req: 198/396] 10.222.0.18 () {64 vars in 1433 bytes} [Thu Mar 10 01:41:33 2022] PUT /placement/allocations/2a4dcc10-5f1e-4d0e-86aa-fd1f08678ea8 => generated 0 bytes in 279 msecs (HTTP/1.1 204) 5 headers in 199 bytes (1 switches on core 0)
Mar 10 01:41:34.160602 n-d-806049-3 devstack@placement-api.service[104634]: DEBUG placement.requestlog [req-2ea19aa0-3460-4fc0-a5f6-8b8c0fe4cd0e req-209a0cd5-22b0-4673-81c2-d8e6b93d96fb None None] Starting request: 10.222.0.18 "GET /placement/allocations/78c60d43-349a-41bf-b8d5-9f92db0f989b" {{(pid=104634) __call__ /opt/stack/placement/placement/requestlog.py:55}}
Mar 10 01:41:34.175502 n-d-806049-3 devstack@placement-api.service[104634]: INFO placement.requestlog [req-2ea19aa0-3460-4fc0-a5f6-8b8c0fe4cd0e req-209a0cd5-22b0-4673-81c2-d8e6b93d96fb service placement] 10.222.0.18 "GET /placement/allocations/78c60d43-349a-41bf-b8d5-9f92db0f989b" status: 200 len: 19 microversion: 1.28
Mar 10 01:41:34.178040 n-d-806049-3 devstack@placement-api.service[104634]: [pid: 104634|app: 0|req: 199/397] 10.222.0.18 () {60 vars in 1380 bytes} [Thu Mar 10 01:41:34 2022] GET /placement/allocations/78c60d43-349a-41bf-b8d5-9f92db0f989b => generated 19 bytes in 16 msecs (HTTP/1.1 200) 8 headers in 295 bytes (2 switches on core 0)
Mar 10 01:41:34.183276 n-d-806049-3 devstack@placement-api.service[104633]: DEBUG placement.requestlog [req-2ea19aa0-3460-4fc0-a5f6-8b8c0fe4cd0e req-96df8dbe-12a4-47b4-a9e7-1df16d1f72bc None None] Starting request: 10.222.0.18 "PUT /placement/allocations/78c60d43-349a-41bf-b8d5-9f92db0f989b" {{(pid=104633) __call__ /opt/stack/placement/placement/requestlog.py:55}}
Mar 10 01:41:34.365536 n-d-806049-3 devstack@placement-api.service[104633]: DEBUG placement.handlers.allocation [req-2ea19aa0-3460-4fc0-a5f6-8b8c0fe4cd0e req-96df8dbe-12a4-47b4-a9e7-1df16d1f72bc service placement] Successfully wrote allocations [, , ] {{(pid=104633) _update_consumers_and_create_allocations /opt/stack/placement/placement/handlers/allocation.py:462}}
Mar 10 01:41:34.534595 n-d-806049-3 devstack@placement-api.service[104633]: INFO placement.requestlog [req-2ea19aa0-3460-4fc0-a5f6-8b8c0fe4cd0e req-96df8dbe-12a4-47b4-a9e7-1df16d1f72bc service placement] 10.222.0.18 "PUT /placement/allocations/78c60d43-349a-41bf-b8d5-9f92db0f989b" status: 204 len: 0 microversion: 1.36
Mar 10 01:41:34.536920 n-d-806049-3 devstack@placement-api.service[104633]: [pid: 104633|app: 0|req: 199/398] 10.222.0.18 () {64 vars in 1433 bytes} [Thu Mar 10 01:41:34 2022] PUT /placement/allocations/78c60d43-349a-41bf-b8d5-9f92db0f989b => generated 0 bytes in 352 msecs (HTTP/1.1 204) 5 headers in 199 bytes (1 switches on core 0)
Mar 10 01:41:34.752381 n-d-806049-3 devstack@placement-api.service[104634]: DEBUG placement.requestlog [req-a87f017c-76dc-45a8-a5d6-eb5dde9af539 req-291fff38-a03e-41c9-aad1-7b65317b7279 None None] Starting request: 10.222.0.35 "DELETE /placement/allocations/695be890-14d2-4e1e-9a63-12085aaa40b6" {{(pid=104634) __call__ /opt/stack/placement/placement/requestlog.py:55}}
Mar 10 01:41:35.031441 n-d-806049-3 devstack@placement-api.service[104634]: DEBUG placement.handlers.allocation [req-a87f017c-76dc-45a8-a5d6-eb5dde9af539 req-291fff38-a03e-41c9-aad1-7b65317b7279 service placement] Successfully deleted allocations [, , ] {{(pid=104634) delete_allocations /opt/stack/placement/placement/handlers/allocation.py:627}}
Mar 10 01:41:35.036013 n-d-806049-3 devstack@placement-api.service[104634]: INFO placement.requestlog [req-a87f017c-76dc-45a8-a5d6-eb5dde9af539 req-291fff38-a03e-41c9-aad1-7b65317b7279 service placement] 10.222.0.35 "DELETE /placement/allocations/695be890-14d2-4e1e-9a63-12085aaa40b6" status: 204 len: 0 microversion: 1.0
Mar 10 01:41:35.036013 n-d-806049-3 devstack@placement-api.service[104634]: [pid: 104634|app: 0|req: 200/399] 10.222.0.35 () {60 vars in 1355 bytes} [Thu Mar 10 01:41:34 2022] DELETE /placement/allocations/695be890-14d2-4e1e-9a63-12085aaa40b6 => generated 0 bytes in 282 msecs (HTTP/1.1 204) 5 headers in 198 bytes (1 switches on core 0)
Mar 10 01:41:36.067826 n-d-806049-3 devstack@placement-api.service[104633]: DEBUG placement.requestlog [req-2ea19aa0-3460-4fc0-a5f6-8b8c0fe4cd0e req-017f7162-e56c-40bb-945a-9812996fd6f5 None None] Starting request: 10.222.0.21 "GET /placement/allocations/2a4dcc10-5f1e-4d0e-86aa-fd1f08678ea8" {{(pid=104633) __call__ /opt/stack/placement/placement/requestlog.py:55}}
Mar 10 01:41:36.093420 n-d-806049-3 devstack@placement-api.service[104633]: INFO placement.requestlog [req-2ea19aa0-3460-4fc0-a5f6-8b8c0fe4cd0e req-017f7162-e56c-40bb-945a-9812996fd6f5 service placement] 10.222.0.21 "GET /placement/allocations/2a4dcc10-5f1e-4d0e-86aa-fd1f08678ea8" status: 200 len: 259 microversion: 1.28
Mar 10 01:41:36.093844 n-d-806049-3 devstack@placement-api.service[104633]: [pid: 104633|app: 0|req: 200/400] 10.222.0.21 () {60 vars in 1377 bytes} [Thu Mar 10 01:41:36 2022] GET /placement/allocations/2a4dcc10-5f1e-4d0e-86aa-fd1f08678ea8 => generated 259 bytes in 26 msecs (HTTP/1.1 200) 8 headers in 296 bytes (1 switches on core 0)
Mar 10 01:41:38.150812 n-d-806049-3 devstack@placement-api.service[104634]: DEBUG placement.requestlog [req-2ea19aa0-3460-4fc0-a5f6-8b8c0fe4cd0e req-d74abf70-548b-452c-801b-fc6979a71389 None None] Starting request: 10.222.0.35 "GET /placement/allocations/78c60d43-349a-41bf-b8d5-9f92db0f989b" {{(pid=104634) __call__ /opt/stack/placement/placement/requestlog.py:55}}
Mar 10 01:41:38.185263 n-d-806049-3 devstack@placement-api.service[104634]: INFO placement.requestlog [req-2ea19aa0-3460-4fc0-a5f6-8b8c0fe4cd0e req-d74abf70-548b-452c-801b-fc6979a71389 service placement] 10.222.0.35 "GET /placement/allocations/78c60d43-349a-41bf-b8d5-9f92db0f989b" status: 200 len: 259 microversion: 1.28
Mar 10 01:41:38.186385 n-d-806049-3 devstack@placement-api.service[104634]: [pid: 104634|app: 0|req: 201/401] 10.222.0.35 () {60 vars in 1377 bytes} [Thu Mar 10 01:41:38 2022] GET /placement/allocations/78c60d43-349a-41bf-b8d5-9f92db0f989b => generated 259 bytes in 39 msecs (HTTP/1.1 200) 8 headers in 296 bytes (1 switches on core 0)
Mar 10 01:41:47.909818 n-d-806049-3 devstack@placement-api.service[104633]: DEBUG placement.requestlog [req-4def35d8-6ccd-4b11-a9f3-99bcf483f75a req-95283eee-b883-41ff-9ce0-3889e0d21eb6 None None] Starting request: 10.222.0.18 "GET /placement/allocation_candidates?limit=1000&resources=DISK_GB%3A1%2CMEMORY_MB%3A1024%2CVCPU%3A1&root_required=%21COMPUTE_STATUS_DISABLED" {{(pid=104633) __call__ /opt/stack/placement/placement/requestlog.py:55}}
Mar 10 01:41:47.966659 n-d-806049-3 devstack@placement-api.service[104633]: DEBUG placement.objects.research_context [req-4def35d8-6ccd-4b11-a9f3-99bcf483f75a req-95283eee-b883-41ff-9ce0-3889e0d21eb6 service placement] getting providers with 1 DISK_GB {{(pid=104633) __init__ /opt/stack/placement/placement/objects/research_context.py:136}}
Mar 10 01:41:47.984606 n-d-806049-3 devstack@placement-api.service[104633]: DEBUG placement.objects.research_context [req-4def35d8-6ccd-4b11-a9f3-99bcf483f75a req-95283eee-b883-41ff-9ce0-3889e0d21eb6 service placement] getting providers with 1024 MEMORY_MB {{(pid=104633) __init__ /opt/stack/placement/placement/objects/research_context.py:136}}
Mar 10 01:41:48.004296 n-d-806049-3 devstack@placement-api.service[104633]: DEBUG placement.objects.research_context [req-4def35d8-6ccd-4b11-a9f3-99bcf483f75a req-95283eee-b883-41ff-9ce0-3889e0d21eb6 service placement] getting providers with 1 VCPU {{(pid=104633) __init__ /opt/stack/placement/placement/objects/research_context.py:136}}
Mar 10 01:41:48.018205 n-d-806049-3 devstack@placement-api.service[104633]: DEBUG placement.objects.research_context [req-4def35d8-6ccd-4b11-a9f3-99bcf483f75a req-95283eee-b883-41ff-9ce0-3889e0d21eb6 service placement] found 2 providers with available 1 DISK_GB {{(pid=104633) get_provider_ids_matching /opt/stack/placement/placement/objects/research_context.py:559}}
Mar 10 01:41:48.022943 n-d-806049-3 devstack@placement-api.service[104633]: DEBUG placement.objects.research_context [req-4def35d8-6ccd-4b11-a9f3-99bcf483f75a req-95283eee-b883-41ff-9ce0-3889e0d21eb6 service placement] found 2 providers with available 1024 MEMORY_MB {{(pid=104633) get_provider_ids_matching /opt/stack/placement/placement/objects/research_context.py:559}}
Mar 10 01:41:48.022943 n-d-806049-3 devstack@placement-api.service[104633]: DEBUG placement.objects.research_context [req-4def35d8-6ccd-4b11-a9f3-99bcf483f75a req-95283eee-b883-41ff-9ce0-3889e0d21eb6 service placement] found 2 providers after filtering by previous result {{(pid=104633) get_provider_ids_matching /opt/stack/placement/placement/objects/research_context.py:590}}
Mar 10 01:41:48.022943 n-d-806049-3 devstack@placement-api.service[104633]: DEBUG placement.objects.research_context [req-4def35d8-6ccd-4b11-a9f3-99bcf483f75a req-95283eee-b883-41ff-9ce0-3889e0d21eb6 service placement] found 2 providers with available 1 VCPU {{(pid=104633) get_provider_ids_matching /opt/stack/placement/placement/objects/research_context.py:559}}
Mar 10 01:41:48.022943 n-d-806049-3 devstack@placement-api.service[104633]: DEBUG placement.objects.research_context [req-4def35d8-6ccd-4b11-a9f3-99bcf483f75a req-95283eee-b883-41ff-9ce0-3889e0d21eb6 service placement] found 2 providers after filtering by previous result {{(pid=104633) get_provider_ids_matching /opt/stack/placement/placement/objects/research_context.py:590}}
Mar 10 01:41:48.050535 n-d-806049-3 devstack@placement-api.service[104633]: DEBUG placement.objects.allocation_candidate [req-4def35d8-6ccd-4b11-a9f3-99bcf483f75a req-95283eee-b883-41ff-9ce0-3889e0d21eb6 service placement] RequestGroup(use_same_provider=False, resources={DISK_GB:1, MEMORY_MB:1024, VCPU:1}, traits=(), aggregates=[]) (suffix '') returned 2 matches {{(pid=104633) _get_by_requests /opt/stack/placement/placement/objects/allocation_candidate.py:156}}
Mar 10 01:41:48.052009 n-d-806049-3 devstack@placement-api.service[104633]: DEBUG placement.objects.allocation_candidate [req-4def35d8-6ccd-4b11-a9f3-99bcf483f75a req-95283eee-b883-41ff-9ce0-3889e0d21eb6 service placement] Merging candidates yields 2 allocation requests and 2 provider summaries {{(pid=104633) _merge_candidates /opt/stack/placement/placement/objects/allocation_candidate.py:809}}
Mar 10 01:41:48.057457 n-d-806049-3 devstack@placement-api.service[104633]: INFO placement.requestlog [req-4def35d8-6ccd-4b11-a9f3-99bcf483f75a req-95283eee-b883-41ff-9ce0-3889e0d21eb6 service placement] 10.222.0.18 "GET /placement/allocation_candidates?limit=1000&resources=DISK_GB%3A1%2CMEMORY_MB%3A1024%2CVCPU%3A1&root_required=%21COMPUTE_STATUS_DISABLED" status: 200 len: 1309 microversion: 1.36
Mar 10 01:41:48.059451 n-d-806049-3 devstack@placement-api.service[104633]: [pid: 104633|app: 0|req: 201/402] 10.222.0.18 () {60 vars in 1506 bytes} [Thu Mar 10 01:41:47 2022] GET /placement/allocation_candidates?limit=1000&resources=DISK_GB%3A1%2CMEMORY_MB%3A1024%2CVCPU%3A1&root_required=%21COMPUTE_STATUS_DISABLED => generated 1309 bytes in 149 msecs (HTTP/1.1 200) 8 headers in 297 bytes (1 switches on core 0)
Mar 10 01:41:48.145414 n-d-806049-3 devstack@placement-api.service[104634]: DEBUG placement.requestlog [req-216e5076-f111-4a76-8269-2ef4ac12f3d6 req-5528824a-8d66-4f58-84d2-8e96464805c4 None None] Starting request: 10.222.0.18 "GET /placement/allocation_candidates?limit=1000&resources=MEMORY_MB%3A1024%2CVCPU%3A1&root_required=%21COMPUTE_STATUS_DISABLED" {{(pid=104634) __call__ /opt/stack/placement/placement/requestlog.py:55}}
Mar 10 01:41:48.209511 n-d-806049-3 devstack@placement-api.service[104633]: DEBUG placement.requestlog [req-4def35d8-6ccd-4b11-a9f3-99bcf483f75a req-3df92dd5-1ae0-448e-afdc-faf0dd23df46 None None] Starting request: 10.222.0.18 "GET /placement/allocations/5a5f050b-b725-4dc3-8ee1-5a5ef002bc68" {{(pid=104633) __call__ /opt/stack/placement/placement/requestlog.py:55}}
Mar 10 01:41:48.210615 n-d-806049-3 devstack@placement-api.service[104634]: DEBUG placement.objects.research_context [req-216e5076-f111-4a76-8269-2ef4ac12f3d6 req-5528824a-8d66-4f58-84d2-8e96464805c4 service placement] getting providers with 1024 MEMORY_MB {{(pid=104634) __init__ /opt/stack/placement/placement/objects/research_context.py:136}}
Mar 10 01:41:48.232819 n-d-806049-3 devstack@placement-api.service[104633]: INFO placement.requestlog [req-4def35d8-6ccd-4b11-a9f3-99bcf483f75a req-3df92dd5-1ae0-448e-afdc-faf0dd23df46 service placement] 10.222.0.18 "GET /placement/allocations/5a5f050b-b725-4dc3-8ee1-5a5ef002bc68" status: 200 len: 19 microversion: 1.28
Mar 10 01:41:48.233432 n-d-806049-3 devstack@placement-api.service[104633]: [pid: 104633|app: 0|req: 202/403] 10.222.0.18 () {60 vars in 1380 bytes} [Thu Mar 10 01:41:48 2022] GET /placement/allocations/5a5f050b-b725-4dc3-8ee1-5a5ef002bc68 => generated 19 bytes in 24 msecs (HTTP/1.1 200) 8 headers in 295 bytes (2 switches on core 0)
Mar 10 01:41:48.242634 n-d-806049-3 devstack@placement-api.service[104633]: DEBUG placement.requestlog [req-4def35d8-6ccd-4b11-a9f3-99bcf483f75a req-7a2d3b8c-3e9e-4e5c-a984-b886478c9509 None None] Starting request: 10.222.0.18 "PUT /placement/allocations/5a5f050b-b725-4dc3-8ee1-5a5ef002bc68" {{(pid=104633) __call__ /opt/stack/placement/placement/requestlog.py:55}}
Mar 10 01:41:48.246975 n-d-806049-3 devstack@placement-api.service[104634]: DEBUG placement.objects.research_context [req-216e5076-f111-4a76-8269-2ef4ac12f3d6 req-5528824a-8d66-4f58-84d2-8e96464805c4 service placement] getting providers with 1 VCPU {{(pid=104634) __init__ /opt/stack/placement/placement/objects/research_context.py:136}}
Mar 10 01:41:48.255705 n-d-806049-3 devstack@placement-api.service[104634]: DEBUG placement.objects.research_context [req-216e5076-f111-4a76-8269-2ef4ac12f3d6 req-5528824a-8d66-4f58-84d2-8e96464805c4 service placement] found 2 providers with available 1024 MEMORY_MB {{(pid=104634) get_provider_ids_matching /opt/stack/placement/placement/objects/research_context.py:559}}
Mar 10 01:41:48.256202 n-d-806049-3 devstack@placement-api.service[104634]: DEBUG placement.objects.research_context [req-216e5076-f111-4a76-8269-2ef4ac12f3d6 req-5528824a-8d66-4f58-84d2-8e96464805c4 service placement] found 2 providers with available 1 VCPU {{(pid=104634) get_provider_ids_matching /opt/stack/placement/placement/objects/research_context.py:559}}
Mar 10 01:41:48.256628 n-d-806049-3 devstack@placement-api.service[104634]: DEBUG placement.objects.research_context [req-216e5076-f111-4a76-8269-2ef4ac12f3d6 req-5528824a-8d66-4f58-84d2-8e96464805c4 service placement] found 2 providers after filtering by previous result {{(pid=104634) get_provider_ids_matching /opt/stack/placement/placement/objects/research_context.py:590}}
Mar 10 01:41:48.269825 n-d-806049-3 devstack@placement-api.service[104634]: DEBUG placement.objects.allocation_candidate [req-216e5076-f111-4a76-8269-2ef4ac12f3d6 req-5528824a-8d66-4f58-84d2-8e96464805c4 service placement] RequestGroup(use_same_provider=False, resources={MEMORY_MB:1024, VCPU:1}, traits=(), aggregates=[]) (suffix '') returned 2 matches {{(pid=104634) _get_by_requests /opt/stack/placement/placement/objects/allocation_candidate.py:156}}
Mar 10 01:41:48.270453 n-d-806049-3 devstack@placement-api.service[104634]: DEBUG placement.objects.allocation_candidate [req-216e5076-f111-4a76-8269-2ef4ac12f3d6 req-5528824a-8d66-4f58-84d2-8e96464805c4 service placement] Merging candidates yields 2 allocation requests and 2 provider summaries {{(pid=104634) _merge_candidates /opt/stack/placement/placement/objects/allocation_candidate.py:809}}
Mar 10 01:41:48.272206 n-d-806049-3 devstack@placement-api.service[104634]: INFO placement.requestlog [req-216e5076-f111-4a76-8269-2ef4ac12f3d6 req-5528824a-8d66-4f58-84d2-8e96464805c4 service placement] 10.222.0.18 "GET /placement/allocation_candidates?limit=1000&resources=MEMORY_MB%3A1024%2CVCPU%3A1&root_required=%21COMPUTE_STATUS_DISABLED" status: 200 len: 1281 microversion: 1.36
Mar 10 01:41:48.273095 n-d-806049-3 devstack@placement-api.service[104634]: [pid: 104634|app: 0|req: 202/404] 10.222.0.18 () {60 vars in 1478 bytes} [Thu Mar 10 01:41:48 2022] GET /placement/allocation_candidates?limit=1000&resources=MEMORY_MB%3A1024%2CVCPU%3A1&root_required=%21COMPUTE_STATUS_DISABLED => generated 1281 bytes in 128 msecs (HTTP/1.1 200) 8 headers in 297 bytes (1 switches on core 0)
Mar 10 01:41:48.383060 n-d-806049-3 devstack@placement-api.service[104634]: DEBUG placement.requestlog [req-216e5076-f111-4a76-8269-2ef4ac12f3d6 req-4c505eea-239b-4bca-8c83-69e7ae53f525 None None] Starting request: 10.222.0.18 "GET /placement/allocations/d32473a7-ed06-47e5-9e42-6fc91ea4edde" {{(pid=104634) __call__ /opt/stack/placement/placement/requestlog.py:55}}
Mar 10 01:41:48.400980 n-d-806049-3 devstack@placement-api.service[104634]: INFO placement.requestlog [req-216e5076-f111-4a76-8269-2ef4ac12f3d6 req-4c505eea-239b-4bca-8c83-69e7ae53f525 service placement] 10.222.0.18 "GET /placement/allocations/d32473a7-ed06-47e5-9e42-6fc91ea4edde" status: 200 len: 19 microversion: 1.28
Mar 10 01:41:48.401905 n-d-806049-3 devstack@placement-api.service[104634]: [pid: 104634|app: 0|req: 203/405] 10.222.0.18 () {60 vars in 1380 bytes} [Thu Mar 10 01:41:48 2022] GET /placement/allocations/d32473a7-ed06-47e5-9e42-6fc91ea4edde => generated 19 bytes in 19 msecs (HTTP/1.1 200) 8 headers in 295 bytes (1 switches on core 0)
Mar 10 01:41:48.408632 n-d-806049-3 devstack@placement-api.service[104634]: DEBUG placement.requestlog [req-216e5076-f111-4a76-8269-2ef4ac12f3d6 req-dc127bed-ca42-4596-b5aa-5f01ae966a7e None None] Starting request: 10.222.0.18 "PUT /placement/allocations/d32473a7-ed06-47e5-9e42-6fc91ea4edde" {{(pid=104634) __call__ /opt/stack/placement/placement/requestlog.py:55}}
Mar 10 01:41:48.631870 n-d-806049-3 devstack@placement-api.service[104634]: DEBUG placement.handlers.allocation [req-216e5076-f111-4a76-8269-2ef4ac12f3d6 req-dc127bed-ca42-4596-b5aa-5f01ae966a7e service placement] Successfully wrote allocations [, ] {{(pid=104634) _update_consumers_and_create_allocations /opt/stack/placement/placement/handlers/allocation.py:462}}
Mar 10 01:41:48.728371 n-d-806049-3 devstack@placement-api.service[104633]: DEBUG placement.objects.allocation [req-4def35d8-6ccd-4b11-a9f3-99bcf483f75a req-7a2d3b8c-3e9e-4e5c-a984-b886478c9509 service placement] Retrying allocations write on resource provider generation conflict {{(pid=104633) replace_all /opt/stack/placement/placement/objects/allocation.py:507}}
Mar 10 01:41:48.729765 n-d-806049-3 devstack@placement-api.service[104634]: INFO placement.requestlog [req-216e5076-f111-4a76-8269-2ef4ac12f3d6 req-dc127bed-ca42-4596-b5aa-5f01ae966a7e service placement] 10.222.0.18 "PUT /placement/allocations/d32473a7-ed06-47e5-9e42-6fc91ea4edde" status: 204 len: 0 microversion: 1.36
Mar 10 01:41:48.731453 n-d-806049-3 devstack@placement-api.service[104634]: [pid: 104634|app: 0|req: 204/406] 10.222.0.18 () {64 vars in 1433 bytes} [Thu Mar 10 01:41:48 2022] PUT /placement/allocations/d32473a7-ed06-47e5-9e42-6fc91ea4edde => generated 0 bytes in 323 msecs (HTTP/1.1 204) 5 headers in 199 bytes (2 switches on core 0)
Mar 10 01:41:48.792739 n-d-806049-3 devstack@placement-api.service[104633]: DEBUG placement.handlers.allocation [req-4def35d8-6ccd-4b11-a9f3-99bcf483f75a req-7a2d3b8c-3e9e-4e5c-a984-b886478c9509 service placement] Successfully wrote allocations [, , ] {{(pid=104633) _update_consumers_and_create_allocations /opt/stack/placement/placement/handlers/allocation.py:462}}
