Aug 25 20:54:29.996033 n-d-806049-1 devstack@placement-api.service[106742]: [pid: 106742|app: 0|req: 107/220] 10.222.0.32 () {60 vars in 1381 bytes} [Wed Aug 25 20:54:29 2021] GET /placement/allocations/91e1b031-2c57-4234-ab91-5dc2e747ef2e => generated 259 bytes in 18 msecs (HTTP/1.1 200) 8 headers in 296 bytes (1 switches on core 0)
Aug 25 20:54:30.002131 n-d-806049-1 devstack@placement-api.service[106743]: DEBUG placement.requestlog [req-63583ee7-65d2-4c75-bac2-ae6daa0f2280 req-795916f7-7dfe-4f76-871d-411b8745b9ec None None] Starting request: 10.222.0.32 "GET /placement/allocations/f4c807c9-06e0-4158-803f-b76cea34d0fd" {{(pid=106743) __call__ /opt/stack/placement/placement/requestlog.py:55}}
Aug 25 20:54:30.013577 n-d-806049-1 devstack@placement-api.service[106743]: INFO placement.requestlog [req-63583ee7-65d2-4c75-bac2-ae6daa0f2280 req-795916f7-7dfe-4f76-871d-411b8745b9ec service placement] 10.222.0.32 "GET /placement/allocations/f4c807c9-06e0-4158-803f-b76cea34d0fd" status: 200 len: 19 microversion: 1.28
Aug 25 20:54:30.014399 n-d-806049-1 devstack@placement-api.service[106743]: [pid: 106743|app: 0|req: 114/221] 10.222.0.32 () {60 vars in 1381 bytes} [Wed Aug 25 20:54:30 2021] GET /placement/allocations/f4c807c9-06e0-4158-803f-b76cea34d0fd => generated 19 bytes in 12 msecs (HTTP/1.1 200) 8 headers in 295 bytes (1 switches on core 0)
Aug 25 20:54:30.020174 n-d-806049-1 devstack@placement-api.service[106742]: DEBUG placement.requestlog [req-63583ee7-65d2-4c75-bac2-ae6daa0f2280 req-1fbefbd0-0983-45f8-8f34-563c72cd541a None None] Starting request: 10.222.0.32 "POST /placement/allocations" {{(pid=106742) __call__ /opt/stack/placement/placement/requestlog.py:55}}
Aug 25 20:54:30.105432 n-d-806049-1 devstack@placement-api.service[106742]: DEBUG placement.handlers.allocation [req-63583ee7-65d2-4c75-bac2-ae6daa0f2280 req-1fbefbd0-0983-45f8-8f34-563c72cd541a service placement] Successfully wrote allocations [, , , , , ] {{(pid=106742) _create_allocations /opt/stack/placement/placement/handlers/allocation.py:524}}
Aug 25 20:54:30.106033 n-d-806049-1 devstack@placement-api.service[106742]: INFO placement.requestlog [req-63583ee7-65d2-4c75-bac2-ae6daa0f2280 req-1fbefbd0-0983-45f8-8f34-563c72cd541a service placement] 10.222.0.32 "POST /placement/allocations" status: 204 len: 0 microversion: 1.28
Aug 25 20:54:30.106365 n-d-806049-1 devstack@placement-api.service[106742]: [pid: 106742|app: 0|req: 108/222] 10.222.0.32 () {64 vars in 1324 bytes} [Wed Aug 25 20:54:30 2021] POST /placement/allocations => generated 0 bytes in 86 msecs (HTTP/1.1 204) 5 headers in 199 bytes (2 switches on core 0)
Aug 25 20:54:30.155190 n-d-806049-1 devstack@placement-api.service[106743]: DEBUG placement.requestlog [req-63583ee7-65d2-4c75-bac2-ae6daa0f2280 req-205ac038-00e8-416a-b3cf-6df8dbd996f5 None None] Starting request: 10.222.0.32 "GET /placement/allocations/91e1b031-2c57-4234-ab91-5dc2e747ef2e" {{(pid=106743) __call__ /opt/stack/placement/placement/requestlog.py:55}}
Aug 25 20:54:30.167821 n-d-806049-1 devstack@placement-api.service[106743]: INFO placement.requestlog [req-63583ee7-65d2-4c75-bac2-ae6daa0f2280 req-205ac038-00e8-416a-b3cf-6df8dbd996f5 service placement] 10.222.0.32 "GET /placement/allocations/91e1b031-2c57-4234-ab91-5dc2e747ef2e" status: 200 len: 19 microversion: 1.28
Aug 25 20:54:30.169835 n-d-806049-1 devstack@placement-api.service[106743]: [pid: 106743|app: 0|req: 115/223] 10.222.0.32 () {60 vars in 1381 bytes} [Wed Aug 25 20:54:30 2021] GET /placement/allocations/91e1b031-2c57-4234-ab91-5dc2e747ef2e => generated 19 bytes in 15 msecs (HTTP/1.1 200) 8 headers in 295 bytes (1 switches on core 0)
Aug 25 20:54:30.175556 n-d-806049-1 devstack@placement-api.service[106742]: DEBUG placement.requestlog [req-63583ee7-65d2-4c75-bac2-ae6daa0f2280 req-4efa0baa-2e49-42d7-94ae-f492d4d8643f None None] Starting request: 10.222.0.32 "PUT /placement/allocations/91e1b031-2c57-4234-ab91-5dc2e747ef2e" {{(pid=106742) __call__ /opt/stack/placement/placement/requestlog.py:55}}
Aug 25 20:54:30.235380 n-d-806049-1 devstack@placement-api.service[106742]: DEBUG placement.handlers.allocation [req-63583ee7-65d2-4c75-bac2-ae6daa0f2280 req-4efa0baa-2e49-42d7-94ae-f492d4d8643f service placement] Successfully wrote allocations [, , ] {{(pid=106742) _create_allocations /opt/stack/placement/placement/handlers/allocation.py:435}}
Aug 25 20:54:30.236174 n-d-806049-1 devstack@placement-api.service[106742]: INFO placement.requestlog [req-63583ee7-65d2-4c75-bac2-ae6daa0f2280 req-4efa0baa-2e49-42d7-94ae-f492d4d8643f service placement] 10.222.0.32 "PUT /placement/allocations/91e1b031-2c57-4234-ab91-5dc2e747ef2e" status: 204 len: 0 microversion: 1.28
Aug 25 20:54:30.236728 n-d-806049-1 devstack@placement-api.service[106742]: [pid: 106742|app: 0|req: 109/224] 10.222.0.32 () {64 vars in 1434 bytes} [Wed Aug 25 20:54:30 2021] PUT /placement/allocations/91e1b031-2c57-4234-ab91-5dc2e747ef2e => generated 0 bytes in 61 msecs (HTTP/1.1 204) 5 headers in 199 bytes (2 switches on core 0)
Aug 25 20:54:30.388598 n-d-806049-1 devstack@placement-api.service[106743]: DEBUG placement.requestlog [req-63583ee7-65d2-4c75-bac2-ae6daa0f2280 req-25111d4f-b721-48a7-adbd-a613d2977bf4 None None] Starting request: 10.222.0.36 "GET /placement/allocations/91e1b031-2c57-4234-ab91-5dc2e747ef2e" {{(pid=106743) __call__ /opt/stack/placement/placement/requestlog.py:55}}
Aug 25 20:54:30.403759 n-d-806049-1 devstack@placement-api.service[106743]: INFO placement.requestlog [req-63583ee7-65d2-4c75-bac2-ae6daa0f2280 req-25111d4f-b721-48a7-adbd-a613d2977bf4 service placement] 10.222.0.36 "GET /placement/allocations/91e1b031-2c57-4234-ab91-5dc2e747ef2e" status: 200 len: 259 microversion: 1.28
Aug 25 20:54:30.404348 n-d-806049-1 devstack@placement-api.service[106743]: [pid: 106743|app: 0|req: 116/225] 10.222.0.36 () {60 vars in 1378 bytes} [Wed Aug 25 20:54:30 2021] GET /placement/allocations/91e1b031-2c57-4234-ab91-5dc2e747ef2e => generated 259 bytes in 16 msecs (HTTP/1.1 200) 8 headers in 296 bytes (1 switches on core 0)
Aug 25 20:54:31.839600 n-d-806049-1 devstack@placement-api.service[106742]: DEBUG placement.requestlog [req-40bf5255-9616-4caa-beb0-9436078cf8d6 req-9051b06a-d79d-476e-b5da-3af252df3f34 None None] Starting request: 10.222.0.36 "GET /placement/allocations/db9787a2-3551-4d90-be7d-af67c35d3415" {{(pid=106742) __call__ /opt/stack/placement/placement/requestlog.py:55}}
Aug 25 20:54:31.858516 n-d-806049-1 devstack@placement-api.service[106742]: INFO placement.requestlog [req-40bf5255-9616-4caa-beb0-9436078cf8d6 req-9051b06a-d79d-476e-b5da-3af252df3f34 service placement] 10.222.0.36 "GET /placement/allocations/db9787a2-3551-4d90-be7d-af67c35d3415" status: 200 len: 259 microversion: 1.28
Aug 25 20:54:31.859169 n-d-806049-1 devstack@placement-api.service[106742]: [pid: 106742|app: 0|req: 110/226] 10.222.0.36 () {60 vars in 1378 bytes} [Wed Aug 25 20:54:31 2021] GET /placement/allocations/db9787a2-3551-4d90-be7d-af67c35d3415 => generated 259 bytes in 20 msecs (HTTP/1.1 200) 8 headers in 296 bytes (1 switches on core 0)
Aug 25 20:54:36.675772 n-d-806049-1 devstack@placement-api.service[106743]: DEBUG placement.requestlog [None req-888b612b-583a-4a02-a45a-4d97d538962e None None] Starting request: 10.222.0.32 "GET /placement/" {{(pid=106743) __call__ /opt/stack/placement/placement/requestlog.py:55}}
Aug 25 20:54:36.677416 n-d-806049-1 devstack@placement-api.service[106743]: INFO placement.requestlog [None req-888b612b-583a-4a02-a45a-4d97d538962e None None] 10.222.0.32 "GET /placement/" status: 200 len: 136 microversion: 1.0
Aug 25 20:54:36.678278 n-d-806049-1 devstack@placement-api.service[106743]: [pid: 106743|app: 0|req: 117/227] 10.222.0.32 () {54 vars in 916 bytes} [Wed Aug 25 20:54:36 2021] GET /placement => generated 136 bytes in 3 msecs (HTTP/1.1 200) 6 headers in 224 bytes (1 switches on core 0)
Aug 25 20:54:36.686708 n-d-806049-1 devstack@placement-api.service[106742]: DEBUG placement.requestlog [req-a4578893-d4f4-405e-bbc2-1b6d08e9ea35 req-372cc8a9-e4a2-41ac-b01c-a317e2fab41c None None] Starting request: 10.222.0.32 "GET /placement/allocations/927b322c-9eff-4313-8e3a-d57146863e97" {{(pid=106742) __call__ /opt/stack/placement/placement/requestlog.py:55}}
Aug 25 20:54:36.824236 n-d-806049-1 devstack@placement-api.service[106742]: INFO placement.requestlog [req-a4578893-d4f4-405e-bbc2-1b6d08e9ea35 req-372cc8a9-e4a2-41ac-b01c-a317e2fab41c service placement] 10.222.0.32 "GET /placement/allocations/927b322c-9eff-4313-8e3a-d57146863e97" status: 200 len: 259 microversion: 1.28
Aug 25 20:54:36.824846 n-d-806049-1 devstack@placement-api.service[106742]: [pid: 106742|app: 0|req: 111/228] 10.222.0.32 () {60 vars in 1381 bytes} [Wed Aug 25 20:54:36 2021] GET /placement/allocations/927b322c-9eff-4313-8e3a-d57146863e97 => generated 259 bytes in 138 msecs (HTTP/1.1 200) 8 headers in 296 bytes (1 switches on core 0)
Aug 25 20:54:36.832057 n-d-806049-1 devstack@placement-api.service[106743]: DEBUG placement.requestlog [req-a4578893-d4f4-405e-bbc2-1b6d08e9ea35 req-48d633e1-4384-4e0f-ab8d-ad606ef6e25e None None] Starting request: 10.222.0.32 "GET /placement/allocations/927b322c-9eff-4313-8e3a-d57146863e97" {{(pid=106743) __call__ /opt/stack/placement/placement/requestlog.py:55}}
Aug 25 20:54:36.852189 n-d-806049-1 devstack@placement-api.service[106743]: INFO placement.requestlog [req-a4578893-d4f4-405e-bbc2-1b6d08e9ea35 req-48d633e1-4384-4e0f-ab8d-ad606ef6e25e service placement] 10.222.0.32 "GET /placement/allocations/927b322c-9eff-4313-8e3a-d57146863e97" status: 200 len: 259 microversion: 1.28
Aug 25 20:54:36.857855 n-d-806049-1 devstack@placement-api.service[106743]: [pid: 106743|app: 0|req: 118/229] 10.222.0.32 () {60 vars in 1381 bytes} [Wed Aug 25 20:54:36 2021] GET /placement/allocations/927b322c-9eff-4313-8e3a-d57146863e97 => generated 259 bytes in 26 msecs (HTTP/1.1 200) 8 headers in 296 bytes (1 switches on core 0)
Aug 25 20:54:36.860536 n-d-806049-1 devstack@placement-api.service[106742]: DEBUG placement.requestlog [req-a4578893-d4f4-405e-bbc2-1b6d08e9ea35 req-f12acb19-6216-4a24-a926-287e3d9af33f None None] Starting request: 10.222.0.32 "GET /placement/allocations/01f0f8a4-c8f4-43cf-80cd-5185ea5a0fc1" {{(pid=106742) __call__ /opt/stack/placement/placement/requestlog.py:55}}
Aug 25 20:54:36.877551 n-d-806049-1 devstack@placement-api.service[106742]: INFO placement.requestlog [req-a4578893-d4f4-405e-bbc2-1b6d08e9ea35 req-f12acb19-6216-4a24-a926-287e3d9af33f service placement] 10.222.0.32 "GET /placement/allocations/01f0f8a4-c8f4-43cf-80cd-5185ea5a0fc1" status: 200 len: 19 microversion: 1.28
Aug 25 20:54:36.878251 n-d-806049-1 devstack@placement-api.service[106742]: [pid: 106742|app: 0|req: 112/230] 10.222.0.32 () {60 vars in 1381 bytes} [Wed Aug 25 20:54:36 2021] GET /placement/allocations/01f0f8a4-c8f4-43cf-80cd-5185ea5a0fc1 => generated 19 bytes in 18 msecs (HTTP/1.1 200) 8 headers in 295 bytes (1 switches on core 0)
Aug 25 20:54:36.884866 n-d-806049-1 devstack@placement-api.service[106743]: DEBUG placement.requestlog [req-a4578893-d4f4-405e-bbc2-1b6d08e9ea35 req-035b1c0b-6a99-4682-a3ad-95bd55e7fef8 None None] Starting request: 10.222.0.32 "POST /placement/allocations" {{(pid=106743) __call__ /opt/stack/placement/placement/requestlog.py:55}}
Aug 25 20:54:37.026340 n-d-806049-1 devstack@placement-api.service[106743]: DEBUG placement.handlers.allocation [req-a4578893-d4f4-405e-bbc2-1b6d08e9ea35 req-035b1c0b-6a99-4682-a3ad-95bd55e7fef8 service placement] Successfully wrote allocations [, , , , , ] {{(pid=106743) _create_allocations /opt/stack/placement/placement/handlers/allocation.py:524}}
Aug 25 20:54:37.027147 n-d-806049-1 devstack@placement-api.service[106743]: INFO placement.requestlog [req-a4578893-d4f4-405e-bbc2-1b6d08e9ea35 req-035b1c0b-6a99-4682-a3ad-95bd55e7fef8 service placement] 10.222.0.32 "POST /placement/allocations" status: 204 len: 0 microversion: 1.28
Aug 25 20:54:37.027585 n-d-806049-1 devstack@placement-api.service[106743]: [pid: 106743|app: 0|req: 119/231] 10.222.0.32 () {64 vars in 1324 bytes} [Wed Aug 25 20:54:36 2021] POST /placement/allocations => generated 0 bytes in 143 msecs (HTTP/1.1 204) 5 headers in 199 bytes (1 switches on core 0)
Aug 25 20:54:37.096791 n-d-806049-1 devstack@placement-api.service[106742]: DEBUG placement.requestlog [req-a4578893-d4f4-405e-bbc2-1b6d08e9ea35 req-b1f87105-4245-434b-80cd-9fa2f13c3ebf None None] Starting request: 10.222.0.32 "GET /placement/allocations/927b322c-9eff-4313-8e3a-d57146863e97" {{(pid=106742) __call__ /opt/stack/placement/placement/requestlog.py:55}}
Aug 25 20:54:37.112408 n-d-806049-1 devstack@placement-api.service[106742]: INFO placement.requestlog [req-a4578893-d4f4-405e-bbc2-1b6d08e9ea35 req-b1f87105-4245-434b-80cd-9fa2f13c3ebf service placement] 10.222.0.32 "GET /placement/allocations/927b322c-9eff-4313-8e3a-d57146863e97" status: 200 len: 19 microversion: 1.28
Aug 25 20:54:37.113028 n-d-806049-1 devstack@placement-api.service[106742]: [pid: 106742|app: 0|req: 113/232] 10.222.0.32 () {60 vars in 1381 bytes} [Wed Aug 25 20:54:37 2021] GET /placement/allocations/927b322c-9eff-4313-8e3a-d57146863e97 => generated 19 bytes in 17 msecs (HTTP/1.1 200) 8 headers in 295 bytes (1 switches on core 0)
Aug 25 20:54:37.120698 n-d-806049-1 devstack@placement-api.service[106743]: DEBUG placement.requestlog [req-a4578893-d4f4-405e-bbc2-1b6d08e9ea35 req-3e339c0a-ca03-4b98-97c5-60b05a8c1064 None None] Starting request: 10.222.0.32 "PUT /placement/allocations/927b322c-9eff-4313-8e3a-d57146863e97" {{(pid=106743) __call__ /opt/stack/placement/placement/requestlog.py:55}}
Aug 25 20:54:37.229517 n-d-806049-1 devstack@placement-api.service[106743]: DEBUG placement.handlers.allocation [req-a4578893-d4f4-405e-bbc2-1b6d08e9ea35 req-3e339c0a-ca03-4b98-97c5-60b05a8c1064 service placement] Successfully wrote allocations [, , ] {{(pid=106743) _create_allocations /opt/stack/placement/placement/handlers/allocation.py:435}}
Aug 25 20:54:37.230306 n-d-806049-1 devstack@placement-api.service[106743]: INFO placement.requestlog [req-a4578893-d4f4-405e-bbc2-1b6d08e9ea35 req-3e339c0a-ca03-4b98-97c5-60b05a8c1064 service placement] 10.222.0.32 "PUT /placement/allocations/927b322c-9eff-4313-8e3a-d57146863e97" status: 204 len: 0 microversion: 1.28
Aug 25 20:54:37.231083 n-d-806049-1 devstack@placement-api.service[106743]: [pid: 106743|app: 0|req: 120/233] 10.222.0.32 () {64 vars in 1434 bytes} [Wed Aug 25 20:54:37 2021] PUT /placement/allocations/927b322c-9eff-4313-8e3a-d57146863e97 => generated 0 bytes in 110 msecs (HTTP/1.1 204) 5 headers in 199 bytes (1 switches on core 0)
Aug 25 20:54:37.424036 n-d-806049-1 devstack@placement-api.service[106742]: DEBUG placement.requestlog [req-a4578893-d4f4-405e-bbc2-1b6d08e9ea35 req-10f48510-857c-4b82-8a0c-7ac57f45d378 None None] Starting request: 10.222.0.24 "GET /placement/allocations/927b322c-9eff-4313-8e3a-d57146863e97" {{(pid=106742) __call__ /opt/stack/placement/placement/requestlog.py:55}}
Aug 25 20:54:37.456617 n-d-806049-1 devstack@placement-api.service[106742]: INFO placement.requestlog [req-a4578893-d4f4-405e-bbc2-1b6d08e9ea35 req-10f48510-857c-4b82-8a0c-7ac57f45d378 service placement] 10.222.0.24 "GET /placement/allocations/927b322c-9eff-4313-8e3a-d57146863e97" status: 200 len: 259 microversion: 1.28
Aug 25 20:54:37.457103 n-d-806049-1 devstack@placement-api.service[106742]: [pid: 106742|app: 0|req: 114/234] 10.222.0.24 () {60 vars in 1378 bytes} [Wed Aug 25 20:54:37 2021] GET /placement/allocations/927b322c-9eff-4313-8e3a-d57146863e97 => generated 259 bytes in 34 msecs (HTTP/1.1 200) 8 headers in 296 bytes (1 switches on core 0)
Aug 25 20:54:40.536620 n-d-806049-1 devstack@placement-api.service[106743]: DEBUG placement.requestlog [req-b54faa58-da61-4573-b109-bb128b94c985 req-5c008430-e476-412b-8b75-2cbf2f7a4079 None None] Starting request: 10.222.0.24 "GET /placement/allocations/99e5731a-ca29-4812-9757-ec6366c87418" {{(pid=106743) __call__ /opt/stack/placement/placement/requestlog.py:55}}
Aug 25 20:54:40.553504 n-d-806049-1 devstack@placement-api.service[106743]: INFO placement.requestlog [req-b54faa58-da61-4573-b109-bb128b94c985 req-5c008430-e476-412b-8b75-2cbf2f7a4079 service placement] 10.222.0.24 "GET /placement/allocations/99e5731a-ca29-4812-9757-ec6366c87418" status: 200 len: 259 microversion: 1.28
Aug 25 20:54:40.554251 n-d-806049-1 devstack@placement-api.service[106743]: [pid: 106743|app: 0|req: 121/235] 10.222.0.24 () {60 vars in 1378 bytes} [Wed Aug 25 20:54:40 2021] GET /placement/allocations/99e5731a-ca29-4812-9757-ec6366c87418 => generated 259 bytes in 18 msecs (HTTP/1.1 200) 8 headers in 296 bytes (1 switches on core 0)
Aug 25 20:54:40.566055 n-d-806049-1 devstack@placement-api.service[106742]: DEBUG placement.requestlog [req-b54faa58-da61-4573-b109-bb128b94c985 req-9f9751b5-f05e-4634-8de5-7d477fdcd49d None None] Starting request: 10.222.0.24 "PUT /placement/allocations/99e5731a-ca29-4812-9757-ec6366c87418" {{(pid=106742) __call__ /opt/stack/placement/placement/requestlog.py:55}}
Aug 25 20:54:40.638219 n-d-806049-1 devstack@placement-api.service[106742]: DEBUG placement.handlers.allocation [req-b54faa58-da61-4573-b109-bb128b94c985 req-9f9751b5-f05e-4634-8de5-7d477fdcd49d service placement] Successfully wrote allocations [, , ] {{(pid=106742) _create_allocations /opt/stack/placement/placement/handlers/allocation.py:435}}
Aug 25 20:54:40.638969 n-d-806049-1 devstack@placement-api.service[106742]: INFO placement.requestlog [req-b54faa58-da61-4573-b109-bb128b94c985 req-9f9751b5-f05e-4634-8de5-7d477fdcd49d service placement] 10.222.0.24 "PUT /placement/allocations/99e5731a-ca29-4812-9757-ec6366c87418" status: 204 len: 0 microversion: 1.28
Aug 25 20:54:40.639681 n-d-806049-1 devstack@placement-api.service[106742]: [pid: 106742|app: 0|req: 115/236] 10.222.0.24 () {64 vars in 1431 bytes} [Wed Aug 25 20:54:40 2021] PUT /placement/allocations/99e5731a-ca29-4812-9757-ec6366c87418 => generated 0 bytes in 74 msecs (HTTP/1.1 204) 5 headers in 199 bytes (1 switches on core 0)
Aug 25 20:54:41.924461 n-d-806049-1 devstack@placement-api.service[106743]: DEBUG placement.requestlog [req-63583ee7-65d2-4c75-bac2-ae6daa0f2280 req-45871492-f2a5-4686-ad49-9a6669713707 None None] Starting request: 10.222.0.24 "GET /placement/allocations/f4c807c9-06e0-4158-803f-b76cea34d0fd" {{(pid=106743) __call__ /opt/stack/placement/placement/requestlog.py:55}}
Aug 25 20:54:41.947572 n-d-806049-1 devstack@placement-api.service[106743]: INFO placement.requestlog [req-63583ee7-65d2-4c75-bac2-ae6daa0f2280 req-45871492-f2a5-4686-ad49-9a6669713707 service placement] 10.222.0.24 "GET /placement/allocations/f4c807c9-06e0-4158-803f-b76cea34d0fd" status: 200 len: 259 microversion: 1.28
Aug 25 20:54:41.948323 n-d-806049-1 devstack@placement-api.service[106743]: [pid: 106743|app: 0|req: 122/237] 10.222.0.24 () {60 vars in 1378 bytes} [Wed Aug 25 20:54:41 2021] GET /placement/allocations/f4c807c9-06e0-4158-803f-b76cea34d0fd => generated 259 bytes in 24 msecs (HTTP/1.1 200) 8 headers in 296 bytes (1 switches on core 0)
Aug 25 20:54:41.957007 n-d-806049-1 devstack@placement-api.service[106742]: DEBUG placement.requestlog [req-63583ee7-65d2-4c75-bac2-ae6daa0f2280 req-50c33df8-a078-4d43-bf29-3fa7a5086a22 None None] Starting request: 10.222.0.24 "GET /placement/allocations/f4c807c9-06e0-4158-803f-b76cea34d0fd" {{(pid=106742) __call__ /opt/stack/placement/placement/requestlog.py:55}}
Aug 25 20:54:41.980492 n-d-806049-1 devstack@placement-api.service[106742]: INFO placement.requestlog [req-63583ee7-65d2-4c75-bac2-ae6daa0f2280 req-50c33df8-a078-4d43-bf29-3fa7a5086a22 service placement] 10.222.0.24 "GET /placement/allocations/f4c807c9-06e0-4158-803f-b76cea34d0fd" status: 200 len: 259 microversion: 1.28
Aug 25 20:54:41.983966 n-d-806049-1 devstack@placement-api.service[106742]: [pid: 106742|app: 0|req: 116/238] 10.222.0.24 () {60 vars in 1378 bytes} [Wed Aug 25 20:54:41 2021] GET /placement/allocations/f4c807c9-06e0-4158-803f-b76cea34d0fd => generated 259 bytes in 27 msecs (HTTP/1.1 200) 8 headers in 296 bytes (1 switches on core 0)
Aug 25 20:54:41.990087 n-d-806049-1 devstack@placement-api.service[106743]: DEBUG placement.requestlog [req-63583ee7-65d2-4c75-bac2-ae6daa0f2280 req-09c326d4-6c44-45c3-9009-a62b2cd214a6 None None] Starting request: 10.222.0.24 "GET /placement/allocations/91e1b031-2c57-4234-ab91-5dc2e747ef2e" {{(pid=106743) __call__ /opt/stack/placement/placement/requestlog.py:55}}
Aug 25 20:54:42.018903 n-d-806049-1 devstack@placement-api.service[106743]: INFO placement.requestlog [req-63583ee7-65d2-4c75-bac2-ae6daa0f2280 req-09c326d4-6c44-45c3-9009-a62b2cd214a6 service placement] 10.222.0.24 "GET /placement/allocations/91e1b031-2c57-4234-ab91-5dc2e747ef2e" status: 200 len: 259 microversion: 1.28
Aug 25 20:54:42.018903 n-d-806049-1 devstack@placement-api.service[106743]: [pid: 106743|app: 0|req: 123/239] 10.222.0.24 () {60 vars in 1378 bytes} [Wed Aug 25 20:54:41 2021] GET /placement/allocations/91e1b031-2c57-4234-ab91-5dc2e747ef2e => generated 259 bytes in 28 msecs (HTTP/1.1 200) 8 headers in 296 bytes (1 switches on core 0)
Aug 25 20:54:42.027140 n-d-806049-1 devstack@placement-api.service[106742]: DEBUG placement.requestlog [req-63583ee7-65d2-4c75-bac2-ae6daa0f2280 req-378df882-c5bd-4e6f-aa89-af71fdfb169c None None] Starting request: 10.222.0.24 "POST /placement/allocations" {{(pid=106742) __call__ /opt/stack/placement/placement/requestlog.py:55}}
Aug 25 20:54:42.120682 n-d-806049-1 devstack@placement-api.service[106742]: DEBUG placement.handlers.allocation [req-63583ee7-65d2-4c75-bac2-ae6daa0f2280 req-378df882-c5bd-4e6f-aa89-af71fdfb169c service placement] Successfully wrote allocations [, , , , , ] {{(pid=106742) _create_allocations /opt/stack/placement/placement/handlers/allocation.py:524}}
Aug 25 20:54:42.121263 n-d-806049-1 devstack@placement-api.service[106742]: INFO placement.requestlog [req-63583ee7-65d2-4c75-bac2-ae6daa0f2280 req-378df882-c5bd-4e6f-aa89-af71fdfb169c service placement] 10.222.0.24 "POST /placement/allocations" status: 204 len: 0 microversion: 1.28
Aug 25 20:54:42.121516 n-d-806049-1 devstack@placement-api.service[106742]: [pid: 106742|app: 0|req: 117/240] 10.222.0.24 () {64 vars in 1321 bytes} [Wed Aug 25 20:54:42 2021] POST /placement/allocations => generated 0 bytes in 95 msecs (HTTP/1.1 204) 5 headers in 199 bytes (2 switches on core 0)
Aug 25 20:54:45.110634 n-d-806049-1 devstack@placement-api.service[106743]: DEBUG placement.requestlog [req-e9cd34f0-56d3-4ccb-a8b6-d83e60ddd715 req-21409e46-e08f-41be-b81c-99db3a9ed769 None None] Starting request: 10.222.0.32 "GET /placement/allocation_candidates?limit=1000&resources=DISK_GB%3A2%2CMEMORY_MB%3A1024%2CVCPU%3A1&root_required=%21COMPUTE_STATUS_DISABLED" {{(pid=106743) __call__ /opt/stack/placement/placement/requestlog.py:55}}
Aug 25 20:54:45.123707 n-d-806049-1 devstack@placement-api.service[106742]: DEBUG placement.requestlog [req-c885753a-363d-4234-a752-774e17d77c38 req-bb2e4708-c67e-4a2a-877a-48bd06b87d25 None None] Starting request: 10.222.0.24 "GET /placement/allocations/61d0ef84-fd25-4b9d-8b5b-ada85ee8e229" {{(pid=106742) __call__ /opt/stack/placement/placement/requestlog.py:55}}
Aug 25 20:54:45.153074 n-d-806049-1 devstack@placement-api.service[106742]: INFO placement.requestlog [req-c885753a-363d-4234-a752-774e17d77c38 req-bb2e4708-c67e-4a2a-877a-48bd06b87d25 service placement] 10.222.0.24 "GET /placement/allocations/61d0ef84-fd25-4b9d-8b5b-ada85ee8e229" status: 200 len: 259 microversion: 1.28
Aug 25 20:54:45.154026 n-d-806049-1 devstack@placement-api.service[106742]: [pid: 106742|app: 0|req: 118/241] 10.222.0.24 () {60 vars in 1378 bytes} [Wed Aug 25 20:54:45 2021] GET /placement/allocations/61d0ef84-fd25-4b9d-8b5b-ada85ee8e229 => generated 259 bytes in 30 msecs (HTTP/1.1 200) 8 headers in 296 bytes (2 switches on core 0)
Aug 25 20:54:45.163068 n-d-806049-1 devstack@placement-api.service[106742]: DEBUG placement.requestlog [req-c885753a-363d-4234-a752-774e17d77c38 req-4506820b-6b63-4eb7-9150-3ec9be2d8928 None None] Starting request: 10.222.0.24 "PUT /placement/allocations/61d0ef84-fd25-4b9d-8b5b-ada85ee8e229" {{(pid=106742) __call__ /opt/stack/placement/placement/requestlog.py:55}}
Aug 25 20:54:45.209750 n-d-806049-1 devstack@placement-api.service[106743]: DEBUG placement.objects.research_context [req-e9cd34f0-56d3-4ccb-a8b6-d83e60ddd715 req-21409e46-e08f-41be-b81c-99db3a9ed769 service placement] getting providers with 2 DISK_GB {{(pid=106743) __init__ /opt/stack/placement/placement/objects/research_context.py:126}}
Aug 25 20:54:45.229434 n-d-806049-1 devstack@placement-api.service[106743]: DEBUG placement.objects.research_context [req-e9cd34f0-56d3-4ccb-a8b6-d83e60ddd715 req-21409e46-e08f-41be-b81c-99db3a9ed769 service placement] getting providers with 1024 MEMORY_MB {{(pid=106743) __init__ /opt/stack/placement/placement/objects/research_context.py:126}}
Aug 25 20:54:45.256192 n-d-806049-1 devstack@placement-api.service[106743]: DEBUG placement.objects.research_context [req-e9cd34f0-56d3-4ccb-a8b6-d83e60ddd715 req-21409e46-e08f-41be-b81c-99db3a9ed769 service placement] getting providers with 1 VCPU {{(pid=106743) __init__ /opt/stack/placement/placement/objects/research_context.py:126}}
Aug 25 20:54:45.275794 n-d-806049-1 devstack@placement-api.service[106743]: DEBUG placement.objects.research_context [req-e9cd34f0-56d3-4ccb-a8b6-d83e60ddd715 req-21409e46-e08f-41be-b81c-99db3a9ed769 service placement] found 2 providers with available 2 DISK_GB {{(pid=106743) get_provider_ids_matching /opt/stack/placement/placement/objects/research_context.py:549}}
Aug 25 20:54:45.276261 n-d-806049-1 devstack@placement-api.service[106743]: DEBUG placement.objects.research_context [req-e9cd34f0-56d3-4ccb-a8b6-d83e60ddd715 req-21409e46-e08f-41be-b81c-99db3a9ed769 service placement] found 2 providers with available 1024 MEMORY_MB {{(pid=106743) get_provider_ids_matching /opt/stack/placement/placement/objects/research_context.py:549}}
Aug 25 20:54:45.277901 n-d-806049-1 devstack@placement-api.service[106743]: DEBUG placement.objects.research_context [req-e9cd34f0-56d3-4ccb-a8b6-d83e60ddd715 req-21409e46-e08f-41be-b81c-99db3a9ed769 service placement] found 2 providers after filtering by previous result {{(pid=106743) get_provider_ids_matching /opt/stack/placement/placement/objects/research_context.py:580}}
Aug 25 20:54:45.278921 n-d-806049-1 devstack@placement-api.service[106743]: DEBUG placement.objects.research_context [req-e9cd34f0-56d3-4ccb-a8b6-d83e60ddd715 req-21409e46-e08f-41be-b81c-99db3a9ed769 service placement] found 2 providers with available 1 VCPU {{(pid=106743) get_provider_ids_matching /opt/stack/placement/placement/objects/research_context.py:549}}
Aug 25 20:54:45.279338 n-d-806049-1 devstack@placement-api.service[106743]: DEBUG placement.objects.research_context [req-e9cd34f0-56d3-4ccb-a8b6-d83e60ddd715 req-21409e46-e08f-41be-b81c-99db3a9ed769 service placement] found 2 providers after filtering by previous result {{(pid=106743) get_provider_ids_matching /opt/stack/placement/placement/objects/research_context.py:580}}
Aug 25 20:54:45.305141 n-d-806049-1 devstack@placement-api.service[106742]: DEBUG placement.handlers.allocation [req-c885753a-363d-4234-a752-774e17d77c38 req-4506820b-6b63-4eb7-9150-3ec9be2d8928 service placement] Successfully wrote allocations [, , ] {{(pid=106742) _create_allocations /opt/stack/placement/placement/handlers/allocation.py:435}}
Aug 25 20:54:45.305881 n-d-806049-1 devstack@placement-api.service[106742]: INFO placement.requestlog [req-c885753a-363d-4234-a752-774e17d77c38 req-4506820b-6b63-4eb7-9150-3ec9be2d8928 service placement] 10.222.0.24 "PUT /placement/allocations/61d0ef84-fd25-4b9d-8b5b-ada85ee8e229" status: 204 len: 0 microversion: 1.28
Aug 25 20:54:45.307370 n-d-806049-1 devstack@placement-api.service[106742]: [pid: 106742|app: 0|req: 119/242] 10.222.0.24 () {64 vars in 1431 bytes} [Wed Aug 25 20:54:45 2021] PUT /placement/allocations/61d0ef84-fd25-4b9d-8b5b-ada85ee8e229 => generated 0 bytes in 144 msecs (HTTP/1.1 204) 5 headers in 199 bytes (1 switches on core 0)
Aug 25 20:54:45.308506 n-d-806049-1 devstack@placement-api.service[106743]: DEBUG placement.objects.allocation_candidate [req-e9cd34f0-56d3-4ccb-a8b6-d83e60ddd715 req-21409e46-e08f-41be-b81c-99db3a9ed769 service placement] RequestGroup(use_same_provider=False, resources={DISK_GB:2, MEMORY_MB:1024, VCPU:1}, traits=[], aggregates=[]) (suffix '') returned 2 matches {{(pid=106743) _get_by_requests /opt/stack/placement/placement/objects/allocation_candidate.py:145}}
Aug 25 20:54:45.309169 n-d-806049-1 devstack@placement-api.service[106743]: DEBUG placement.objects.allocation_candidate [req-e9cd34f0-56d3-4ccb-a8b6-d83e60ddd715 req-21409e46-e08f-41be-b81c-99db3a9ed769 service placement] Merging candidates yields 2 allocation requests and 2 provider summaries {{(pid=106743) _merge_candidates /opt/stack/placement/placement/objects/allocation_candidate.py:783}}
Aug 25 20:54:45.311053 n-d-806049-1 devstack@placement-api.service[106743]: INFO placement.requestlog [req-e9cd34f0-56d3-4ccb-a8b6-d83e60ddd715 req-21409e46-e08f-41be-b81c-99db3a9ed769 service placement] 10.222.0.32 "GET /placement/allocation_candidates?limit=1000&resources=DISK_GB%3A2%2CMEMORY_MB%3A1024%2CVCPU%3A1&root_required=%21COMPUTE_STATUS_DISABLED" status: 200 len: 1309 microversion: 1.35
Aug 25 20:54:45.332356 n-d-806049-1 devstack@placement-api.service[106743]: [pid: 106743|app: 0|req: 124/243] 10.222.0.32 () {60 vars in 1507 bytes} [Wed Aug 25 20:54:45 2021] GET /placement/allocation_candidates?limit=1000&resources=DISK_GB%3A2%2CMEMORY_MB%3A1024%2CVCPU%3A1&root_required=%21COMPUTE_STATUS_DISABLED => generated 1309 bytes in 221 msecs (HTTP/1.1 200) 8 headers in 297 bytes (1 switches on core 0)
Aug 25 20:54:45.410206 n-d-806049-1 devstack@placement-api.service[106742]: DEBUG placement.requestlog [req-e9cd34f0-56d3-4ccb-a8b6-d83e60ddd715 req-30df4d54-8979-4f42-8a84-dd78c7940843 None None] Starting request: 10.222.0.32 "GET /placement/allocations/e291fddc-c9b4-48c3-a15b-2b4ba17e4e9d" {{(pid=106742) __call__ /opt/stack/placement/placement/requestlog.py:55}}
Aug 25 20:54:45.431191 n-d-806049-1 devstack@placement-api.service[106742]: INFO placement.requestlog [req-e9cd34f0-56d3-4ccb-a8b6-d83e60ddd715 req-30df4d54-8979-4f42-8a84-dd78c7940843 service placement] 10.222.0.32 "GET /placement/allocations/e291fddc-c9b4-48c3-a15b-2b4ba17e4e9d" status: 200 len: 19 microversion: 1.28
Aug 25 20:54:45.431643 n-d-806049-1 devstack@placement-api.service[106742]: [pid: 106742|app: 0|req: 120/244] 10.222.0.32 () {60 vars in 1381 bytes} [Wed Aug 25 20:54:45 2021] GET /placement/allocations/e291fddc-c9b4-48c3-a15b-2b4ba17e4e9d => generated 19 bytes in 22 msecs (HTTP/1.1 200) 8 headers in 295 bytes (2 switches on core 0)
Aug 25 20:54:45.437969 n-d-806049-1 devstack@placement-api.service[106743]: DEBUG placement.requestlog [req-e9cd34f0-56d3-4ccb-a8b6-d83e60ddd715 req-e5dd426a-77f4-48cd-96d9-a44e576718e0 None None] Starting request: 10.222.0.32 "PUT /placement/allocations/e291fddc-c9b4-48c3-a15b-2b4ba17e4e9d" {{(pid=106743) __call__ /opt/stack/placement/placement/requestlog.py:55}}
Aug 25 20:54:45.539782 n-d-806049-1 devstack@placement-api.service[106743]: DEBUG placement.handlers.allocation [req-e9cd34f0-56d3-4ccb-a8b6-d83e60ddd715 req-e5dd426a-77f4-48cd-96d9-a44e576718e0 service placement] Successfully wrote allocations [, , ] {{(pid=106743) _create_allocations /opt/stack/placement/placement/handlers/allocation.py:435}}
Aug 25 20:54:45.542531 n-d-806049-1 devstack@placement-api.service[106743]: INFO placement.requestlog [req-e9cd34f0-56d3-4ccb-a8b6-d83e60ddd715 req-e5dd426a-77f4-48cd-96d9-a44e576718e0 service placement] 10.222.0.32 "PUT /placement/allocations/e291fddc-c9b4-48c3-a15b-2b4ba17e4e9d" status: 204 len: 0 microversion: 1.35
Aug 25 20:54:45.543297 n-d-806049-1 devstack@placement-api.service[106743]: [pid: 106743|app: 0|req: 125/245] 10.222.0.32 () {64 vars in 1434 bytes} [Wed Aug 25 20:54:45 2021] PUT /placement/allocations/e291fddc-c9b4-48c3-a15b-2b4ba17e4e9d => generated 0 bytes in 105 msecs (HTTP/1.1 204) 5 headers in 199 bytes (2 switches on core 0)
Aug 25 20:54:45.942976 n-d-806049-1 devstack@placement-api.service[106742]: DEBUG placement.requestlog [req-e9cd34f0-56d3-4ccb-a8b6-d83e60ddd715 req-d929a6e9-e8b2-41eb-8697-ef4544f3fcf6 None None] Starting request: 10.222.0.24 "GET /placement/allocations/e291fddc-c9b4-48c3-a15b-2b4ba17e4e9d" {{(pid=106742) __call__ /opt/stack/placement/placement/requestlog.py:55}}
Aug 25 20:54:45.985829 n-d-806049-1 devstack@placement-api.service[106742]: INFO placement.requestlog [req-e9cd34f0-56d3-4ccb-a8b6-d83e60ddd715 req-d929a6e9-e8b2-41eb-8697-ef4544f3fcf6 service placement] 10.222.0.24 "GET /placement/allocations/e291fddc-c9b4-48c3-a15b-2b4ba17e4e9d" status: 200 len: 259 microversion: 1.28
Aug 25 20:54:45.986411 n-d-806049-1 devstack@placement-api.service[106742]: [pid: 106742|app: 0|req: 121/246] 10.222.0.24 () {60 vars in 1378 bytes} [Wed Aug 25 20:54:45 2021] GET /placement/allocations/e291fddc-c9b4-48c3-a15b-2b4ba17e4e9d => generated 259 bytes in 44 msecs (HTTP/1.1 200) 8 headers in 296 bytes (1 switches on core 0)
Aug 25 20:54:48.660006 n-d-806049-1 devstack@placement-api.service[106743]: DEBUG placement.requestlog [req-0639d6da-4125-4477-89cc-66d946639cdf req-55c460f3-91f1-4cf9-8a73-b9377415eeb9 None None] Starting request: 10.222.0.32 "GET /placement/allocation_candidates?limit=1000&resources=DISK_GB%3A1%2CMEMORY_MB%3A1024%2CVCPU%3A1&root_required=%21COMPUTE_STATUS_DISABLED" {{(pid=106743) __call__ /opt/stack/placement/placement/requestlog.py:55}}
Aug 25 20:54:48.706171 n-d-806049-1 devstack@placement-api.service[106743]: DEBUG placement.objects.research_context [req-0639d6da-4125-4477-89cc-66d946639cdf req-55c460f3-91f1-4cf9-8a73-b9377415eeb9 service placement] getting providers with 1 DISK_GB {{(pid=106743) __init__ /opt/stack/placement/placement/objects/research_context.py:126}}
Aug 25 20:54:48.720468 n-d-806049-1 devstack@placement-api.service[106743]: DEBUG placement.objects.research_context [req-0639d6da-4125-4477-89cc-66d946639cdf req-55c460f3-91f1-4cf9-8a73-b9377415eeb9 service placement] getting providers with 1024 MEMORY_MB {{(pid=106743) __init__ /opt/stack/placement/placement/objects/research_context.py:126}}
Aug 25 20:54:48.727507 n-d-806049-1 devstack@placement-api.service[106743]: DEBUG placement.objects.research_context [req-0639d6da-4125-4477-89cc-66d946639cdf req-55c460f3-91f1-4cf9-8a73-b9377415eeb9 service placement] getting providers with 1 VCPU {{(pid=106743) __init__ /opt/stack/placement/placement/objects/research_context.py:126}}
Aug 25 20:54:48.735889 n-d-806049-1 devstack@placement-api.service[106743]: DEBUG placement.objects.research_context [req-0639d6da-4125-4477-89cc-66d946639cdf req-55c460f3-91f1-4cf9-8a73-b9377415eeb9 service placement] found 2 providers with available 1 DISK_GB {{(pid=106743) get_provider_ids_matching /opt/stack/placement/placement/objects/research_context.py:549}}
Aug 25 20:54:48.736167 n-d-806049-1 devstack@placement-api.service[106743]: DEBUG placement.objects.research_context [req-0639d6da-4125-4477-89cc-66d946639cdf req-55c460f3-91f1-4cf9-8a73-b9377415eeb9 service placement] found 2 providers with available 1024 MEMORY_MB {{(pid=106743) get_provider_ids_matching /opt/stack/placement/placement/objects/research_context.py:549}}
Aug 25 20:54:48.736625 n-d-806049-1 devstack@placement-api.service[106743]: DEBUG placement.objects.research_context [req-0639d6da-4125-4477-89cc-66d946639cdf req-55c460f3-91f1-4cf9-8a73-b9377415eeb9 service placement] found 2 providers after filtering by previous result {{(pid=106743) get_provider_ids_matching /opt/stack/placement/placement/objects/research_context.py:580}}
Aug 25 20:54:48.737196 n-d-806049-1 devstack@placement-api.service[106743]: DEBUG placement.objects.research_context [req-0639d6da-4125-4477-89cc-66d946639cdf req-55c460f3-91f1-4cf9-8a73-b9377415eeb9 service placement] found 2 providers with available 1 VCPU {{(pid=106743) get_provider_ids_matching /opt/stack/placement/placement/objects/research_context.py:549}}
Aug 25 20:54:48.737741 n-d-806049-1 devstack@placement-api.service[106743]: DEBUG placement.objects.research_context [req-0639d6da-4125-4477-89cc-66d946639cdf req-55c460f3-91f1-4cf9-8a73-b9377415eeb9 service placement] found 2 providers after filtering by previous result {{(pid=106743) get_provider_ids_matching /opt/stack/placement/placement/objects/research_context.py:580}}
Aug 25 20:54:48.752617 n-d-806049-1 devstack@placement-api.service[106743]: DEBUG placement.objects.allocation_candidate [req-0639d6da-4125-4477-89cc-66d946639cdf req-55c460f3-91f1-4cf9-8a73-b9377415eeb9 service placement] RequestGroup(use_same_provider=False, resources={DISK_GB:1, MEMORY_MB:1024, VCPU:1}, traits=[], aggregates=[]) (suffix '') returned 2 matches {{(pid=106743) _get_by_requests /opt/stack/placement/placement/objects/allocation_candidate.py:145}}
Aug 25 20:54:48.765492 n-d-806049-1 devstack@placement-api.service[106743]: DEBUG placement.objects.allocation_candidate [req-0639d6da-4125-4477-89cc-66d946639cdf req-55c460f3-91f1-4cf9-8a73-b9377415eeb9 service placement] Merging candidates yields 2 allocation requests and 2 provider summaries {{(pid=106743) _merge_candidates /opt/stack/placement/placement/objects/allocation_candidate.py:783}}
Aug 25 20:54:48.771136 n-d-806049-1 devstack@placement-api.service[106743]: INFO placement.requestlog [req-0639d6da-4125-4477-89cc-66d946639cdf req-55c460f3-91f1-4cf9-8a73-b9377415eeb9 service placement] 10.222.0.32 "GET /placement/allocation_candidates?limit=1000&resources=DISK_GB%3A1%2CMEMORY_MB%3A1024%2CVCPU%3A1&root_required=%21COMPUTE_STATUS_DISABLED" status: 200 len: 1309 microversion: 1.35
Aug 25 20:54:48.772522 n-d-806049-1 devstack@placement-api.service[106743]: [pid: 106743|app: 0|req: 126/247] 10.222.0.32 () {60 vars in 1507 bytes} [Wed Aug 25 20:54:48 2021] GET /placement/allocation_candidates?limit=1000&resources=DISK_GB%3A1%2CMEMORY_MB%3A1024%2CVCPU%3A1&root_required=%21COMPUTE_STATUS_DISABLED => generated 1309 bytes in 113 msecs (HTTP/1.1 200) 8 headers in 297 bytes (1 switches on core 0)
Aug 25 20:54:48.835258 n-d-806049-1 devstack@placement-api.service[106742]: DEBUG placement.requestlog [req-0639d6da-4125-4477-89cc-66d946639cdf req-34ad9a83-522d-4147-a2da-49cfd9004bcc None None] Starting request: 10.222.0.32 "GET /placement/allocations/a1fa85c2-e1da-4a65-85a6-89de7fd265a1" {{(pid=106742) __call__ /opt/stack/placement/placement/requestlog.py:55}}
Aug 25 20:54:48.855266 n-d-806049-1 devstack@placement-api.service[106742]: INFO placement.requestlog [req-0639d6da-4125-4477-89cc-66d946639cdf req-34ad9a83-522d-4147-a2da-49cfd9004bcc service placement] 10.222.0.32 "GET /placement/allocations/a1fa85c2-e1da-4a65-85a6-89de7fd265a1" status: 200 len: 19 microversion: 1.28
Aug 25 20:54:48.855822 n-d-806049-1 devstack@placement-api.service[106742]: [pid: 106742|app: 0|req: 122/248] 10.222.0.32 () {60 vars in 1381 bytes} [Wed Aug 25 20:54:48 2021] GET /placement/allocations/a1fa85c2-e1da-4a65-85a6-89de7fd265a1 => generated 19 bytes in 21 msecs (HTTP/1.1 200) 8 headers in 295 bytes (1 switches on core 0)
Aug 25 20:54:48.866689 n-d-806049-1 devstack@placement-api.service[106743]: DEBUG placement.requestlog [req-0639d6da-4125-4477-89cc-66d946639cdf req-a5792715-bcb5-47c0-8028-b35790194568 None None] Starting request: 10.222.0.32 "PUT /placement/allocations/a1fa85c2-e1da-4a65-85a6-89de7fd265a1" {{(pid=106743) __call__ /opt/stack/placement/placement/requestlog.py:55}}
Aug 25 20:54:48.943168 n-d-806049-1 devstack@placement-api.service[106743]: DEBUG placement.handlers.allocation [req-0639d6da-4125-4477-89cc-66d946639cdf req-a5792715-bcb5-47c0-8028-b35790194568 service placement] Successfully wrote allocations [, , ] {{(pid=106743) _create_allocations /opt/stack/placement/placement/handlers/allocation.py:435}}
Aug 25 20:54:48.944026 n-d-806049-1 devstack@placement-api.service[106743]: INFO placement.requestlog [req-0639d6da-4125-4477-89cc-66d946639cdf req-a5792715-bcb5-47c0-8028-b35790194568 service placement] 10.222.0.32 "PUT /placement/allocations/a1fa85c2-e1da-4a65-85a6-89de7fd265a1" status: 204 len: 0 microversion: 1.35
Aug 25 20:54:48.944631 n-d-806049-1 devstack@placement-api.service[106743]: [pid: 106743|app: 0|req: 127/249] 10.222.0.32 () {64 vars in 1434 bytes} [Wed Aug 25 20:54:48 2021] PUT /placement/allocations/a1fa85c2-e1da-4a65-85a6-89de7fd265a1 => generated 0 bytes in 78 msecs (HTTP/1.1 204) 5 headers in 199 bytes (1 switches on core 0)
Aug 25 20:54:49.242996 n-d-806049-1 devstack@placement-api.service[106742]: DEBUG placement.requestlog [req-0639d6da-4125-4477-89cc-66d946639cdf req-52bd7fda-ac92-46d0-a49a-9ede091d8d89 None None] Starting request: 10.222.0.24 "GET /placement/allocations/a1fa85c2-e1da-4a65-85a6-89de7fd265a1" {{(pid=106742) __call__ /opt/stack/placement/placement/requestlog.py:55}}
Aug 25 20:54:49.259855 n-d-806049-1 devstack@placement-api.service[106742]: INFO placement.requestlog [req-0639d6da-4125-4477-89cc-66d946639cdf req-52bd7fda-ac92-46d0-a49a-9ede091d8d89 service placement] 10.222.0.24 "GET /placement/allocations/a1fa85c2-e1da-4a65-85a6-89de7fd265a1" status: 200 len: 259 microversion: 1.28
Aug 25 20:54:49.260313 n-d-806049-1 devstack@placement-api.service[106742]: [pid: 106742|app: 0|req: 123/250] 10.222.0.24 () {60 vars in 1378 bytes} [Wed Aug 25 20:54:49 2021] GET /placement/allocations/a1fa85c2-e1da-4a65-85a6-89de7fd265a1 => generated 259 bytes in 17 msecs (HTTP/1.1 200) 8 headers in 296 bytes (1 switches on core 0)
Aug 25 20:54:50.196558 n-d-806049-1 devstack@placement-api.service[106743]: DEBUG placement.requestlog [req-914c44b3-375b-4489-9953-f0bbd5308f62 req-734e916f-3d8e-4a71-9378-c838aa1f5ab1 None None] Starting request: 10.222.0.32 "GET /placement/allocation_candidates?limit=1000&resources=DISK_GB%3A1%2CMEMORY_MB%3A1024%2CVCPU%3A1&root_required=%21COMPUTE_STATUS_DISABLED" {{(pid=106743) __call__ /opt/stack/placement/placement/requestlog.py:55}}
Aug 25 20:54:50.253747 n-d-806049-1 devstack@placement-api.service[106743]: DEBUG placement.objects.research_context [req-914c44b3-375b-4489-9953-f0bbd5308f62 req-734e916f-3d8e-4a71-9378-c838aa1f5ab1 service placement] getting providers with 1 DISK_GB {{(pid=106743) __init__ /opt/stack/placement/placement/objects/research_context.py:126}}
Aug 25 20:54:50.264504 n-d-806049-1 devstack@placement-api.service[106743]: DEBUG placement.objects.research_context [req-914c44b3-375b-4489-9953-f0bbd5308f62 req-734e916f-3d8e-4a71-9378-c838aa1f5ab1 service placement] getting providers with 1024 MEMORY_MB {{(pid=106743) __init__ /opt/stack/placement/placement/objects/research_context.py:126}}
Aug 25 20:54:50.270508 n-d-806049-1 devstack@placement-api.service[106743]: DEBUG placement.objects.research_context [req-914c44b3-375b-4489-9953-f0bbd5308f62 req-734e916f-3d8e-4a71-9378-c838aa1f5ab1 service placement] getting providers with 1 VCPU {{(pid=106743) __init__ /opt/stack/placement/placement/objects/research_context.py:126}}
Aug 25 20:54:50.277173 n-d-806049-1 devstack@placement-api.service[106743]: DEBUG placement.objects.research_context [req-914c44b3-375b-4489-9953-f0bbd5308f62 req-734e916f-3d8e-4a71-9378-c838aa1f5ab1 service placement] found 2 providers with available 1 DISK_GB {{(pid=106743) get_provider_ids_matching /opt/stack/placement/placement/objects/research_context.py:549}}
Aug 25 20:54:50.277713 n-d-806049-1 devstack@placement-api.service[106743]: DEBUG placement.objects.research_context [req-914c44b3-375b-4489-9953-f0bbd5308f62 req-734e916f-3d8e-4a71-9378-c838aa1f5ab1 service placement] found 2 providers with available 1024 MEMORY_MB {{(pid=106743) get_provider_ids_matching /opt/stack/placement/placement/objects/research_context.py:549}}
Aug 25 20:54:50.278365 n-d-806049-1 devstack@placement-api.service[106743]: DEBUG placement.objects.research_context [req-914c44b3-375b-4489-9953-f0bbd5308f62 req-734e916f-3d8e-4a71-9378-c838aa1f5ab1 service placement] found 2 providers after filtering by previous result {{(pid=106743) get_provider_ids_matching /opt/stack/placement/placement/objects/research_context.py:580}}
Aug 25 20:54:50.278886 n-d-806049-1 devstack@placement-api.service[106743]: DEBUG placement.objects.research_context [req-914c44b3-375b-4489-9953-f0bbd5308f62 req-734e916f-3d8e-4a71-9378-c838aa1f5ab1 service placement] found 2 providers with available 1 VCPU {{(pid=106743) get_provider_ids_matching /opt/stack/placement/placement/objects/research_context.py:549}}
Aug 25 20:54:50.279451 n-d-806049-1 devstack@placement-api.service[106743]: DEBUG placement.objects.research_context [req-914c44b3-375b-4489-9953-f0bbd5308f62 req-734e916f-3d8e-4a71-9378-c838aa1f5ab1 service placement] found 2 providers after filtering by previous result {{(pid=106743) get_provider_ids_matching /opt/stack/placement/placement/objects/research_context.py:580}}
Aug 25 20:54:50.298563 n-d-806049-1 devstack@placement-api.service[106743]: DEBUG placement.objects.allocation_candidate [req-914c44b3-375b-4489-9953-f0bbd5308f62 req-734e916f-3d8e-4a71-9378-c838aa1f5ab1 service placement] RequestGroup(use_same_provider=False, resources={DISK_GB:1, MEMORY_MB:1024, VCPU:1}, traits=[], aggregates=[]) (suffix '') returned 2 matches {{(pid=106743) _get_by_requests /opt/stack/placement/placement/objects/allocation_candidate.py:145}}
Aug 25 20:54:50.301833 n-d-806049-1 devstack@placement-api.service[106743]: DEBUG placement.objects.allocation_candidate [req-914c44b3-375b-4489-9953-f0bbd5308f62 req-734e916f-3d8e-4a71-9378-c838aa1f5ab1 service placement] Merging candidates yields 2 allocation requests and 2 provider summaries {{(pid=106743) _merge_candidates /opt/stack/placement/placement/objects/allocation_candidate.py:783}}
Aug 25 20:54:50.307217 n-d-806049-1 devstack@placement-api.service[106743]: INFO placement.requestlog [req-914c44b3-375b-4489-9953-f0bbd5308f62 req-734e916f-3d8e-4a71-9378-c838aa1f5ab1 service placement] 10.222.0.32 "GET /placement/allocation_candidates?limit=1000&resources=DISK_GB%3A1%2CMEMORY_MB%3A1024%2CVCPU%3A1&root_required=%21COMPUTE_STATUS_DISABLED" status: 200 len: 1309 microversion: 1.35
Aug 25 20:54:50.308268 n-d-806049-1 devstack@placement-api.service[106743]: [pid: 106743|app: 0|req: 128/251] 10.222.0.32 () {60 vars in 1507 bytes} [Wed Aug 25 20:54:50 2021] GET /placement/allocation_candidates?limit=1000&resources=DISK_GB%3A1%2CMEMORY_MB%3A1024%2CVCPU%3A1&root_required=%21COMPUTE_STATUS_DISABLED => generated 1309 bytes in 113 msecs (HTTP/1.1 200) 8 headers in 297 bytes (1 switches on core 0)
Aug 25 20:54:50.392192 n-d-806049-1 devstack@placement-api.service[106742]: DEBUG placement.requestlog [req-914c44b3-375b-4489-9953-f0bbd5308f62 req-5375bac1-c904-4ad2-9f68-6eeb7b22c073 None None] Starting request: 10.222.0.32 "GET /placement/allocations/e621681f-d34a-4edd-acf7-6cc4f8e58968" {{(pid=106742) __call__ /opt/stack/placement/placement/requestlog.py:55}}
Aug 25 20:54:50.407911 n-d-806049-1 devstack@placement-api.service[106742]: INFO placement.requestlog [req-914c44b3-375b-4489-9953-f0bbd5308f62 req-5375bac1-c904-4ad2-9f68-6eeb7b22c073 service placement] 10.222.0.32 "GET /placement/allocations/e621681f-d34a-4edd-acf7-6cc4f8e58968" status: 200 len: 19 microversion: 1.28
Aug 25 20:54:50.413791 n-d-806049-1 devstack@placement-api.service[106742]: [pid: 106742|app: 0|req: 124/252] 10.222.0.32 () {60 vars in 1381 bytes} [Wed Aug 25 20:54:50 2021] GET /placement/allocations/e621681f-d34a-4edd-acf7-6cc4f8e58968 => generated 19 bytes in 22 msecs (HTTP/1.1 200) 8 headers in 295 bytes (1 switches on core 0)
Aug 25 20:54:50.415091 n-d-806049-1 devstack@placement-api.service[106743]: DEBUG placement.requestlog [req-914c44b3-375b-4489-9953-f0bbd5308f62 req-03fd0fa2-fec2-4ba9-b4f7-3ef9fb954ef2 None None] Starting request: 10.222.0.32 "PUT /placement/allocations/e621681f-d34a-4edd-acf7-6cc4f8e58968" {{(pid=106743) __call__ /opt/stack/placement/placement/requestlog.py:55}}
Aug 25 20:54:50.496925 n-d-806049-1 devstack@placement-api.service[106743]: DEBUG placement.handlers.allocation [req-914c44b3-375b-4489-9953-f0bbd5308f62 req-03fd0fa2-fec2-4ba9-b4f7-3ef9fb954ef2 service placement] Successfully wrote allocations [, , ] {{(pid=106743) _create_allocations /opt/stack/placement/placement/handlers/allocation.py:435}}
Aug 25 20:54:50.497546 n-d-806049-1 devstack@placement-api.service[106743]: INFO placement.requestlog [req-914c44b3-375b-4489-9953-f0bbd5308f62 req-03fd0fa2-fec2-4ba9-b4f7-3ef9fb954ef2 service placement] 10.222.0.32 "PUT /placement/allocations/e621681f-d34a-4edd-acf7-6cc4f8e58968" status: 204 len: 0 microversion: 1.35
Aug 25 20:54:50.498163 n-d-806049-1 devstack@placement-api.service[106743]: [pid: 106743|app: 0|req: 129/253] 10.222.0.32 () {64 vars in 1434 bytes} [Wed Aug 25 20:54:50 2021] PUT /placement/allocations/e621681f-d34a-4edd-acf7-6cc4f8e58968 => generated 0 bytes in 84 msecs (HTTP/1.1 204) 5 headers in 199 bytes (2 switches on core 0)
Aug 25 20:54:50.893469 n-d-806049-1 devstack@placement-api.service[106742]: DEBUG placement.requestlog [req-914c44b3-375b-4489-9953-f0bbd5308f62 req-3555a9dd-58ec-41d2-ab81-17918fbbbbee None None] Starting request: 10.222.0.36 "GET /placement/allocations/e621681f-d34a-4edd-acf7-6cc4f8e58968" {{(pid=106742) __call__ /opt/stack/placement/placement/requestlog.py:55}}
Aug 25 20:54:50.944527 n-d-806049-1 devstack@placement-api.service[106742]: INFO placement.requestlog [req-914c44b3-375b-4489-9953-f0bbd5308f62 req-3555a9dd-58ec-41d2-ab81-17918fbbbbee service placement] 10.222.0.36 "GET /placement/allocations/e621681f-d34a-4edd-acf7-6cc4f8e58968" status: 200 len: 259 microversion: 1.28
