Aug 25 09:41:46.952193 n-d-805972-1 neutron-server[94817]: DEBUG neutron_lib.callbacks.manager [None req-4f64e466-9aa3-4f15-a8ef-5804c77fe5c6 admin admin] Notify callbacks [] for security_group, before_delete {{(pid=94817) _notify_loop /usr/local/lib/python3.8/dist-packages/neutron_lib/callbacks/manager.py:192}}
Aug 25 09:41:46.957409 n-d-805972-1 neutron-server[94818]: INFO neutron.wsgi [req-c143e306-ad81-403c-81fe-457fa14a4395 req-f281c74b-7318-4d6e-8f26-c104f09adf0c tempest-LiveAutoBlockMigrationV225Test-1742654999 tempest-LiveAutoBlockMigrationV225Test-1742654999-project] 10.222.0.41 "GET /v2.0/security-groups?id=77efdcfc-d688-4070-b8c5-1123bd086fba&fields=id&fields=name HTTP/1.1" status: 200 len: 286 time: 0.0395563
Aug 25 09:41:46.978430 n-d-805972-1 neutron-server[94817]: INFO neutron.wsgi [req-d3f75fba-d0c6-4fc3-83bf-957da4ad8c76 req-1b9d1d2a-3775-4a83-a8b8-bc97ee13e5ab tempest-SecurityGroupsTestAdminJSON-1553874035 tempest-SecurityGroupsTestAdminJSON-1553874035-project-admin] 10.222.0.41 "GET /v2.0/security-groups/fd3924d7-01ea-4ce0-a7c2-09d74364f8a5 HTTP/1.1" status: 200 len: 2977 time: 0.0612662
Aug 25 09:41:46.989374 n-d-805972-1 neutron-server[94817]: DEBUG neutron_lib.callbacks.manager [None req-4f64e466-9aa3-4f15-a8ef-5804c77fe5c6 admin admin] Notify callbacks [] for security_group, precommit_delete {{(pid=94817) _notify_loop /usr/local/lib/python3.8/dist-packages/neutron_lib/callbacks/manager.py:192}}
Aug 25 09:41:47.015614 n-d-805972-1 neutron-server[94819]: DEBUG neutron.plugins.ml2.rpc [None req-347d6f7e-6e9a-445d-957f-133164b3b548 None None] Device a85ae577-6362-4893-a68e-84270b251bfa details requested by agent hyperv_n-h1-805972-1 with host n-h1-805972-1 {{(pid=94819) get_device_details /opt/stack/neutron/neutron/plugins/ml2/rpc.py:102}}
Aug 25 09:41:47.069050 n-d-805972-1 neutron-server[94817]: INFO neutron.wsgi [req-d3f75fba-d0c6-4fc3-83bf-957da4ad8c76 req-688f4a8e-23ba-4bde-b6c2-641bba21a6ce tempest-SecurityGroupsTestAdminJSON-1553874035 tempest-SecurityGroupsTestAdminJSON-1553874035-project-admin] 10.222.0.41 "GET /v2.0/security-groups/fd3924d7-01ea-4ce0-a7c2-09d74364f8a5 HTTP/1.1" status: 200 len: 2977 time: 0.0774455
Aug 25 09:41:47.089196 n-d-805972-1 neutron-server[94817]: DEBUG neutron_lib.callbacks.manager [None req-4f64e466-9aa3-4f15-a8ef-5804c77fe5c6 admin admin] Notify callbacks ['neutron.plugins.ml2.ovo_rpc._ObjectChangeHandler.handle_event-946484'] for security_group, after_delete {{(pid=94817) _notify_loop /usr/local/lib/python3.8/dist-packages/neutron_lib/callbacks/manager.py:192}}
Aug 25 09:41:47.092091 n-d-805972-1 neutron-server[94817]: DEBUG neutron_lib.callbacks.manager [None req-4f64e466-9aa3-4f15-a8ef-5804c77fe5c6 admin admin] Notify callbacks [] for security_group, before_response {{(pid=94817) _notify_loop /usr/local/lib/python3.8/dist-packages/neutron_lib/callbacks/manager.py:192}}
Aug 25 09:41:47.096067 n-d-805972-1 neutron-server[94817]: INFO neutron.wsgi [None req-4f64e466-9aa3-4f15-a8ef-5804c77fe5c6 admin admin] 10.222.0.41 "DELETE /v2.0/security-groups/c6c0c766-b86c-4d47-b979-41e1a4abbe7c HTTP/1.1" status: 204 len: 168 time: 0.2343793
Aug 25 09:41:47.104917 n-d-805972-1 neutron-server[94817]: DEBUG neutron.api.rpc.handlers.resources_rpc [None req-4f64e466-9aa3-4f15-a8ef-5804c77fe5c6 admin admin] Pushing event deleted for resources: {'SecurityGroup': ['ID=c6c0c766-b86c-4d47-b979-41e1a4abbe7c,revision_number=None']} {{(pid=94817) push /opt/stack/neutron/neutron/api/rpc/handlers/resources_rpc.py:237}}
Aug 25 09:41:47.160869 n-d-805972-1 neutron-server[94819]: DEBUG neutron.plugins.ml2.db [None req-347d6f7e-6e9a-445d-957f-133164b3b548 None None] For port a85ae577-6362-4893-a68e-84270b251bfa, host n-h1-805972-1, got binding levels [PortBindingLevel(driver='hyperv',host='n-h1-805972-1',level=0,port_id=a85ae577-6362-4893-a68e-84270b251bfa,segment=NetworkSegment(67f4fa86-bc83-4994-ab0b-37bdfddd5051),segment_id=67f4fa86-bc83-4994-ab0b-37bdfddd5051)] {{(pid=94819) get_binding_level_objs /opt/stack/neutron/neutron/plugins/ml2/db.py:74}}
Aug 25 09:41:47.182223 n-d-805972-1 neutron-server[94819]: DEBUG neutron.plugins.ml2.rpc [None req-347d6f7e-6e9a-445d-957f-133164b3b548 None None] Returning: {'device': 'a85ae577-6362-4893-a68e-84270b251bfa', 'network_id': '873213f0-bac5-4804-b79d-e34c65bf461b', 'port_id': 'a85ae577-6362-4893-a68e-84270b251bfa', 'mac_address': 'fa:16:3e:7d:40:4b', 'admin_state_up': True, 'network_type': 'vlan', 'segmentation_id': 248, 'physical_network': 'physnet1', 'mtu': 1500, 'fixed_ips': [{'subnet_id': '4aec92ba-3cc9-4743-a56e-912e086f058a', 'ip_address': '172.20.0.3'}], 'device_owner': 'compute:nova', 'allowed_address_pairs': [], 'port_security_enabled': True, 'qos_policy_id': None, 'network_qos_policy_id': None, 'profile': {}, 'propagate_uplink_status': False} {{(pid=94819) _get_device_details /opt/stack/neutron/neutron/plugins/ml2/rpc.py:184}}
Aug 25 09:41:47.202235 n-d-805972-1 neutron-server[94818]: INFO neutron.wsgi [req-2e9e4f6d-c7be-4d7d-b812-ddb9c6c78b57 req-ae5bf114-85c2-45af-b8df-c569b95b2d90 tempest-SecurityGroupsTestAdminJSON-270690972 tempest-SecurityGroupsTestAdminJSON-270690972-project] 10.222.0.41 "GET /v2.0/security-groups?tenant_id=41cd6786c7004af891cf7b477c1b6264 HTTP/1.1" status: 200 len: 6103 time: 0.0949712
Aug 25 09:41:47.247783 n-d-805972-1 neutron-server[94819]: DEBUG neutron_lib.callbacks.manager [None req-347d6f7e-6e9a-445d-957f-133164b3b548 None None] Notify callbacks ['neutron.plugins.ml2.plugin.SecurityGroupDbMixin._ensure_default_security_group_handler-1704443'] for port, before_update {{(pid=94819) _notify_loop /usr/local/lib/python3.8/dist-packages/neutron_lib/callbacks/manager.py:192}}
Aug 25 09:41:47.261874 n-d-805972-1 neutron-server[94819]: DEBUG neutron.notifiers.nova [None req-347d6f7e-6e9a-445d-957f-133164b3b548 None None] Ignoring state change previous_port_status: DOWN current_port_status: BUILD port_id a85ae577-6362-4893-a68e-84270b251bfa {{(pid=94819) record_port_status_changed /opt/stack/neutron/neutron/notifiers/nova.py:224}}
Aug 25 09:41:47.280155 n-d-805972-1 neutron-server[94818]: INFO neutron.wsgi [req-2e9e4f6d-c7be-4d7d-b812-ddb9c6c78b57 req-f3e82c6a-9075-4963-840b-56cc065c48a9 tempest-SecurityGroupsTestAdminJSON-270690972 tempest-SecurityGroupsTestAdminJSON-270690972-project] 10.222.0.41 "GET /v2.0/security-groups/d6125046-2b0e-4c38-96ce-16d861418cdc HTTP/1.1" status: 200 len: 2981 time: 0.0700965
Aug 25 09:41:47.288782 n-d-805972-1 neutron-server[94819]: DEBUG neutron.plugins.ml2.db [None req-347d6f7e-6e9a-445d-957f-133164b3b548 None None] For port a85ae577-6362-4893-a68e-84270b251bfa, host n-h1-805972-1, got binding levels [PortBindingLevel(driver='hyperv',host='n-h1-805972-1',level=0,port_id=a85ae577-6362-4893-a68e-84270b251bfa,segment=NetworkSegment(67f4fa86-bc83-4994-ab0b-37bdfddd5051),segment_id=67f4fa86-bc83-4994-ab0b-37bdfddd5051)] {{(pid=94819) get_binding_level_objs /opt/stack/neutron/neutron/plugins/ml2/db.py:74}}
Aug 25 09:41:47.295639 n-d-805972-1 neutron-server[94819]: DEBUG neutron_lib.callbacks.manager [None req-347d6f7e-6e9a-445d-957f-133164b3b548 None None] Notify callbacks ['neutron.plugins.ml2.plugin.SecurityGroupServerNotifierRpcMixin._notify_sg_on_port_change-1704250', 'neutron.plugins.ml2.ovo_rpc._ObjectChangeHandler.handle_event-56490', 'neutron.api.rpc.agentnotifiers.dhcp_rpc_agent_api.DhcpAgentNotifyAPI._native_event_send_dhcp_notification-753559', 'neutron.db.l3_db.L3RpcNotifierMixin._notify_gateway_port_ip_changed-8765292929509', 'neutron.db.l3_dvrscheduler_db._notify_l3_agent_port_update-8765292522186', 'neutron.db.l3_hascheduler_db._notify_l3_agent_ha_port_update-8765292522204'] for port, after_update {{(pid=94819) _notify_loop /usr/local/lib/python3.8/dist-packages/neutron_lib/callbacks/manager.py:192}}
Aug 25 09:41:47.299313 n-d-805972-1 neutron-server[94819]: DEBUG neutron.plugins.ml2.rpc [None req-347d6f7e-6e9a-445d-957f-133164b3b548 None None] Device f3c3e711-f9db-4510-b9e2-b0e1b938cc4a details requested by agent hyperv_n-h1-805972-1 with host n-h1-805972-1 {{(pid=94819) get_device_details /opt/stack/neutron/neutron/plugins/ml2/rpc.py:102}}
Aug 25 09:41:47.338240 n-d-805972-1 neutron-server[94818]: INFO neutron.wsgi [req-2e9e4f6d-c7be-4d7d-b812-ddb9c6c78b57 req-ee5d9fdd-0dae-4719-a263-6d80c9ba3719 tempest-SecurityGroupsTestAdminJSON-270690972 tempest-SecurityGroupsTestAdminJSON-270690972-project] 10.222.0.41 "GET /v2.0/security-groups/d6125046-2b0e-4c38-96ce-16d861418cdc HTTP/1.1" status: 200 len: 2981 time: 0.0489929
Aug 25 09:41:47.405671 n-d-805972-1 neutron-server[94817]: DEBUG neutron.pecan_wsgi.hooks.policy_enforcement [req-f8382dae-778f-481d-86fb-3ec7ef045d52 req-03331f35-533d-40a4-91e8-f6894e2f407d tempest-LiveMigrationNegativeTest-1486519944 tempest-LiveMigrationNegativeTest-1486519944-project] Attributes excluded by policy engine: ['standard_attr_id', 'binding:profile', 'binding:host_id', 'binding:vif_type', 'binding:vif_details'] {{(pid=94817) _exclude_attributes_by_policy /opt/stack/neutron/neutron/pecan_wsgi/hooks/policy_enforcement.py:255}}
Aug 25 09:41:47.408327 n-d-805972-1 neutron-server[94817]: INFO neutron.wsgi [req-f8382dae-778f-481d-86fb-3ec7ef045d52 req-03331f35-533d-40a4-91e8-f6894e2f407d tempest-LiveMigrationNegativeTest-1486519944 tempest-LiveMigrationNegativeTest-1486519944-project] 10.222.0.41 "GET /v2.0/ports?device_id=68570bcf-45ce-4c1a-9a20-de901b3fd7a5 HTTP/1.1" status: 200 len: 950 time: 0.0885921
Aug 25 09:41:47.430150 n-d-805972-1 neutron-server[94818]: INFO neutron.wsgi [req-63627d8d-414c-4697-9987-b4b546fb8550 req-4f7091dc-ef4a-4eaf-b56a-b1669056d96f tempest-SecurityGroupsTestAdminJSON-1553874035 tempest-SecurityGroupsTestAdminJSON-1553874035-project-admin] 10.222.0.41 "GET /v2.0/security-groups/b1fed0d0-78fe-4bf0-92d7-c1f313a27649 HTTP/1.1" status: 200 len: 1777 time: 0.0669239
Aug 25 09:41:47.449510 n-d-805972-1 neutron-server[94819]: DEBUG neutron.api.rpc.handlers.resources_rpc [None req-347d6f7e-6e9a-445d-957f-133164b3b548 None None] Pushing event updated for resources: {'Port': ['ID=a85ae577-6362-4893-a68e-84270b251bfa,revision_number=4']} {{(pid=94819) push /opt/stack/neutron/neutron/api/rpc/handlers/resources_rpc.py:237}}
Aug 25 09:41:47.483299 n-d-805972-1 neutron-server[94817]: INFO neutron.wsgi [req-f8382dae-778f-481d-86fb-3ec7ef045d52 req-5bceb22b-ebd4-4ec5-9d83-bd91bdba1605 tempest-LiveMigrationNegativeTest-1486519944 tempest-LiveMigrationNegativeTest-1486519944-project] 10.222.0.41 "GET /v2.0/security-groups?id=abed8d2e-f0b1-4e05-b160-61f3b93cf3e4&fields=id&fields=name HTTP/1.1" status: 200 len: 286 time: 0.0684011
Aug 25 09:41:47.518088 n-d-805972-1 neutron-server[94819]: DEBUG neutron.plugins.ml2.db [None req-347d6f7e-6e9a-445d-957f-133164b3b548 None None] For port f3c3e711-f9db-4510-b9e2-b0e1b938cc4a, host n-h1-805972-1, got binding levels [PortBindingLevel(driver='hyperv',host='n-h1-805972-1',level=0,port_id=f3c3e711-f9db-4510-b9e2-b0e1b938cc4a,segment=NetworkSegment(410783e0-1a7e-4ed9-a042-dd444dabd9ab),segment_id=410783e0-1a7e-4ed9-a042-dd444dabd9ab)] {{(pid=94819) get_binding_level_objs /opt/stack/neutron/neutron/plugins/ml2/db.py:74}}
Aug 25 09:41:47.535010 n-d-805972-1 neutron-server[94818]: DEBUG neutron_lib.callbacks.manager [req-63627d8d-414c-4697-9987-b4b546fb8550 req-a04f2ab5-a302-4fcb-835c-a84ef61a6fce tempest-SecurityGroupsTestAdminJSON-1553874035 tempest-SecurityGroupsTestAdminJSON-1553874035-project-admin] Notify callbacks [] for security_group, before_delete {{(pid=94818) _notify_loop /usr/local/lib/python3.8/dist-packages/neutron_lib/callbacks/manager.py:192}}
Aug 25 09:41:47.551499 n-d-805972-1 neutron-server[94819]: DEBUG neutron.plugins.ml2.rpc [None req-347d6f7e-6e9a-445d-957f-133164b3b548 None None] Returning: {'device': 'f3c3e711-f9db-4510-b9e2-b0e1b938cc4a', 'network_id': 'fba0eb51-238c-46ae-a87b-4f0cdb1c266b', 'port_id': 'f3c3e711-f9db-4510-b9e2-b0e1b938cc4a', 'mac_address': 'fa:16:3e:e3:72:19', 'admin_state_up': True, 'network_type': 'vlan', 'segmentation_id': 213, 'physical_network': 'physnet1', 'mtu': 1500, 'fixed_ips': [{'subnet_id': '6a26e7e2-ea4e-4452-9e95-adafeaedf575', 'ip_address': '192.168.233.227'}], 'device_owner': 'compute:nova', 'allowed_address_pairs': [], 'port_security_enabled': True, 'qos_policy_id': None, 'network_qos_policy_id': None, 'profile': {}, 'propagate_uplink_status': False} {{(pid=94819) _get_device_details /opt/stack/neutron/neutron/plugins/ml2/rpc.py:184}}
Aug 25 09:41:47.589275 n-d-805972-1 neutron-server[94818]: DEBUG neutron_lib.callbacks.manager [req-63627d8d-414c-4697-9987-b4b546fb8550 req-a04f2ab5-a302-4fcb-835c-a84ef61a6fce tempest-SecurityGroupsTestAdminJSON-1553874035 tempest-SecurityGroupsTestAdminJSON-1553874035-project-admin] Notify callbacks [] for security_group, precommit_delete {{(pid=94818) _notify_loop /usr/local/lib/python3.8/dist-packages/neutron_lib/callbacks/manager.py:192}}
Aug 25 09:41:47.603076 n-d-805972-1 neutron-server[94819]: DEBUG neutron_lib.callbacks.manager [None req-347d6f7e-6e9a-445d-957f-133164b3b548 None None] Notify callbacks ['neutron.plugins.ml2.plugin.SecurityGroupDbMixin._ensure_default_security_group_handler-1704443'] for port, before_update {{(pid=94819) _notify_loop /usr/local/lib/python3.8/dist-packages/neutron_lib/callbacks/manager.py:192}}
Aug 25 09:41:47.628481 n-d-805972-1 neutron-server[94819]: DEBUG neutron.notifiers.nova [None req-347d6f7e-6e9a-445d-957f-133164b3b548 None None] Ignoring state change previous_port_status: DOWN current_port_status: BUILD port_id f3c3e711-f9db-4510-b9e2-b0e1b938cc4a {{(pid=94819) record_port_status_changed /opt/stack/neutron/neutron/notifiers/nova.py:224}}
Aug 25 09:41:47.658845 n-d-805972-1 neutron-server[94818]: DEBUG neutron_lib.callbacks.manager [req-63627d8d-414c-4697-9987-b4b546fb8550 req-a04f2ab5-a302-4fcb-835c-a84ef61a6fce tempest-SecurityGroupsTestAdminJSON-1553874035 tempest-SecurityGroupsTestAdminJSON-1553874035-project-admin] Notify callbacks ['neutron.plugins.ml2.ovo_rpc._ObjectChangeHandler.handle_event-946484'] for security_group, after_delete {{(pid=94818) _notify_loop /usr/local/lib/python3.8/dist-packages/neutron_lib/callbacks/manager.py:192}}
Aug 25 09:41:47.665083 n-d-805972-1 neutron-server[94818]: DEBUG neutron_lib.callbacks.manager [req-63627d8d-414c-4697-9987-b4b546fb8550 req-a04f2ab5-a302-4fcb-835c-a84ef61a6fce tempest-SecurityGroupsTestAdminJSON-1553874035 tempest-SecurityGroupsTestAdminJSON-1553874035-project-admin] Notify callbacks [] for security_group, before_response {{(pid=94818) _notify_loop /usr/local/lib/python3.8/dist-packages/neutron_lib/callbacks/manager.py:192}}
Aug 25 09:41:47.674288 n-d-805972-1 neutron-server[94818]: INFO neutron.wsgi [req-63627d8d-414c-4697-9987-b4b546fb8550 req-a04f2ab5-a302-4fcb-835c-a84ef61a6fce tempest-SecurityGroupsTestAdminJSON-1553874035 tempest-SecurityGroupsTestAdminJSON-1553874035-project-admin] 10.222.0.41 "DELETE /v2.0/security-groups/b1fed0d0-78fe-4bf0-92d7-c1f313a27649 HTTP/1.1" status: 204 len: 173 time: 0.2400897
Aug 25 09:41:47.677290 n-d-805972-1 neutron-server[94819]: DEBUG neutron.plugins.ml2.db [None req-347d6f7e-6e9a-445d-957f-133164b3b548 None None] For port f3c3e711-f9db-4510-b9e2-b0e1b938cc4a, host n-h1-805972-1, got binding levels [PortBindingLevel(driver='hyperv',host='n-h1-805972-1',level=0,port_id=f3c3e711-f9db-4510-b9e2-b0e1b938cc4a,segment=NetworkSegment(410783e0-1a7e-4ed9-a042-dd444dabd9ab),segment_id=410783e0-1a7e-4ed9-a042-dd444dabd9ab)] {{(pid=94819) get_binding_level_objs /opt/stack/neutron/neutron/plugins/ml2/db.py:74}}
Aug 25 09:41:47.686358 n-d-805972-1 neutron-server[94819]: DEBUG neutron_lib.callbacks.manager [None req-347d6f7e-6e9a-445d-957f-133164b3b548 None None] Notify callbacks ['neutron.plugins.ml2.plugin.SecurityGroupServerNotifierRpcMixin._notify_sg_on_port_change-1704250', 'neutron.plugins.ml2.ovo_rpc._ObjectChangeHandler.handle_event-56490', 'neutron.api.rpc.agentnotifiers.dhcp_rpc_agent_api.DhcpAgentNotifyAPI._native_event_send_dhcp_notification-753559', 'neutron.db.l3_db.L3RpcNotifierMixin._notify_gateway_port_ip_changed-8765292929509', 'neutron.db.l3_dvrscheduler_db._notify_l3_agent_port_update-8765292522186', 'neutron.db.l3_hascheduler_db._notify_l3_agent_ha_port_update-8765292522204'] for port, after_update {{(pid=94819) _notify_loop /usr/local/lib/python3.8/dist-packages/neutron_lib/callbacks/manager.py:192}}
Aug 25 09:41:47.691867 n-d-805972-1 neutron-server[94817]: DEBUG neutron.pecan_wsgi.hooks.policy_enforcement [req-9256199b-620c-43ad-9aee-ad5ef7406ce5 req-7e4781cf-368f-4298-92b7-6905c9c1a1ff tempest-MigrationsAdminTest-290242878 tempest-MigrationsAdminTest-290242878-project] Attributes excluded by policy engine: ['standard_attr_id', 'binding:profile', 'binding:host_id', 'binding:vif_type', 'binding:vif_details'] {{(pid=94817) _exclude_attributes_by_policy /opt/stack/neutron/neutron/pecan_wsgi/hooks/policy_enforcement.py:255}}
Aug 25 09:41:47.699325 n-d-805972-1 neutron-server[94817]: INFO neutron.wsgi [req-9256199b-620c-43ad-9aee-ad5ef7406ce5 req-7e4781cf-368f-4298-92b7-6905c9c1a1ff tempest-MigrationsAdminTest-290242878 tempest-MigrationsAdminTest-290242878-project] 10.222.0.41 "GET /v2.0/ports?device_id=8e05009a-73ce-4e27-a095-fbd3e226ccf8 HTTP/1.1" status: 200 len: 948 time: 0.1232042
Aug 25 09:41:47.701963 n-d-805972-1 neutron-server[94818]: DEBUG neutron.api.rpc.handlers.resources_rpc [None req-a04f2ab5-a302-4fcb-835c-a84ef61a6fce tempest-SecurityGroupsTestAdminJSON-1553874035 tempest-SecurityGroupsTestAdminJSON-1553874035-project-admin] Pushing event deleted for resources: {'SecurityGroup': ['ID=b1fed0d0-78fe-4bf0-92d7-c1f313a27649,revision_number=None']} {{(pid=94818) push /opt/stack/neutron/neutron/api/rpc/handlers/resources_rpc.py:237}}
Aug 25 09:41:47.757044 n-d-805972-1 neutron-server[94817]: INFO neutron.wsgi [req-9256199b-620c-43ad-9aee-ad5ef7406ce5 req-2e22f435-400b-4c3b-a645-72d8f1f29239 tempest-MigrationsAdminTest-290242878 tempest-MigrationsAdminTest-290242878-project] 10.222.0.41 "GET /v2.0/security-groups?id=096606d6-f140-4921-b31d-d1914a8cece8&fields=id&fields=name HTTP/1.1" status: 200 len: 286 time: 0.0567851
Aug 25 09:41:47.762699 n-d-805972-1 neutron-server[94819]: DEBUG neutron.api.rpc.handlers.resources_rpc [None req-347d6f7e-6e9a-445d-957f-133164b3b548 None None] Pushing event updated for resources: {'Port': ['ID=f3c3e711-f9db-4510-b9e2-b0e1b938cc4a,revision_number=4']} {{(pid=94819) push /opt/stack/neutron/neutron/api/rpc/handlers/resources_rpc.py:237}}
Aug 25 09:41:47.769878 n-d-805972-1 neutron-server[94818]: INFO neutron.wsgi [req-d17235c8-6ed0-46b4-86ed-d7fbdb997435 req-a7f1ab87-45e9-4375-905a-edde0056d735 tempest-SecurityGroupsTestAdminJSON-1553874035 tempest-SecurityGroupsTestAdminJSON-1553874035-project-admin] 10.222.0.41 "GET /v2.0/security-groups/d9428a2c-6fd7-41be-8c2b-5635103da0b1 HTTP/1.1" status: 200 len: 1778 time: 0.0701561
Aug 25 09:41:47.832419 n-d-805972-1 neutron-server[94818]: DEBUG neutron_lib.callbacks.manager [req-d17235c8-6ed0-46b4-86ed-d7fbdb997435 req-932b218d-d750-4848-a03f-37360adca77e tempest-SecurityGroupsTestAdminJSON-1553874035 tempest-SecurityGroupsTestAdminJSON-1553874035-project-admin] Notify callbacks [] for security_group, before_delete {{(pid=94818) _notify_loop /usr/local/lib/python3.8/dist-packages/neutron_lib/callbacks/manager.py:192}}
Aug 25 09:41:47.855710 n-d-805972-1 neutron-server[94818]: DEBUG neutron_lib.callbacks.manager [req-d17235c8-6ed0-46b4-86ed-d7fbdb997435 req-932b218d-d750-4848-a03f-37360adca77e tempest-SecurityGroupsTestAdminJSON-1553874035 tempest-SecurityGroupsTestAdminJSON-1553874035-project-admin] Notify callbacks [] for security_group, precommit_delete {{(pid=94818) _notify_loop /usr/local/lib/python3.8/dist-packages/neutron_lib/callbacks/manager.py:192}}
Aug 25 09:41:47.908001 n-d-805972-1 neutron-server[94818]: DEBUG neutron_lib.callbacks.manager [req-d17235c8-6ed0-46b4-86ed-d7fbdb997435 req-932b218d-d750-4848-a03f-37360adca77e tempest-SecurityGroupsTestAdminJSON-1553874035 tempest-SecurityGroupsTestAdminJSON-1553874035-project-admin] Notify callbacks ['neutron.plugins.ml2.ovo_rpc._ObjectChangeHandler.handle_event-946484'] for security_group, after_delete {{(pid=94818) _notify_loop /usr/local/lib/python3.8/dist-packages/neutron_lib/callbacks/manager.py:192}}
Aug 25 09:41:47.912529 n-d-805972-1 neutron-server[94818]: DEBUG neutron_lib.callbacks.manager [req-d17235c8-6ed0-46b4-86ed-d7fbdb997435 req-932b218d-d750-4848-a03f-37360adca77e tempest-SecurityGroupsTestAdminJSON-1553874035 tempest-SecurityGroupsTestAdminJSON-1553874035-project-admin] Notify callbacks [] for security_group, before_response {{(pid=94818) _notify_loop /usr/local/lib/python3.8/dist-packages/neutron_lib/callbacks/manager.py:192}}
Aug 25 09:41:47.927448 n-d-805972-1 neutron-server[94818]: INFO neutron.wsgi [req-d17235c8-6ed0-46b4-86ed-d7fbdb997435 req-932b218d-d750-4848-a03f-37360adca77e tempest-SecurityGroupsTestAdminJSON-1553874035 tempest-SecurityGroupsTestAdminJSON-1553874035-project-admin] 10.222.0.41 "DELETE /v2.0/security-groups/d9428a2c-6fd7-41be-8c2b-5635103da0b1 HTTP/1.1" status: 204 len: 173 time: 0.1545274
Aug 25 09:41:47.936361 n-d-805972-1 neutron-server[94818]: DEBUG neutron.api.rpc.handlers.resources_rpc [None req-932b218d-d750-4848-a03f-37360adca77e tempest-SecurityGroupsTestAdminJSON-1553874035 tempest-SecurityGroupsTestAdminJSON-1553874035-project-admin] Pushing event deleted for resources: {'SecurityGroup': ['ID=d9428a2c-6fd7-41be-8c2b-5635103da0b1,revision_number=None']} {{(pid=94818) push /opt/stack/neutron/neutron/api/rpc/handlers/resources_rpc.py:237}}
Aug 25 09:41:47.988394 n-d-805972-1 neutron-server[94819]: DEBUG neutron.notifiers.nova [-] Sending events: [{'server_uuid': '68570bcf-45ce-4c1a-9a20-de901b3fd7a5', 'name': 'network-vif-plugged', 'status': 'completed', 'tag': '86e39377-538e-4e23-a076-614e70333dff'}] {{(pid=94819) send_events /opt/stack/neutron/neutron/notifiers/nova.py:262}}
Aug 25 09:41:47.991119 n-d-805972-1 neutron-server[94819]: DEBUG novaclient.v2.client [-] REQ: curl -g -i --cacert "/opt/stack/data/ca-bundle.pem" -X POST http://10.222.0.41/compute/v2.1/os-server-external-events -H "Accept: application/json" -H "Content-Type: application/json" -H "User-Agent: python-novaclient" -H "X-Auth-Token: {SHA256}195b2f183ca0deef18cabfc087ab7a41b90482b62032ba86c097655629b31f43" -H "X-OpenStack-Nova-API-Version: 2.1" -H "X-OpenStack-Request-ID: req-be82729c-7afc-4613-90d5-23b4ef152f7d" -d '{"events": [{"server_uuid": "68570bcf-45ce-4c1a-9a20-de901b3fd7a5", "name": "network-vif-plugged", "status": "completed", "tag": "86e39377-538e-4e23-a076-614e70333dff"}]}' {{(pid=94819) _http_log_request /usr/local/lib/python3.8/dist-packages/keystoneauth1/session.py:519}}
Aug 25 09:41:48.044067 n-d-805972-1 neutron-server[94818]: DEBUG neutron.pecan_wsgi.hooks.policy_enforcement [req-6d4d959a-91b3-4ae4-baf9-9104dc1afdca req-f116d7cb-afa7-45dd-a32a-1aec0dcce84a tempest-DeleteServersAdminTestJSON-71164292 tempest-DeleteServersAdminTestJSON-71164292-project] Attributes excluded by policy engine: ['standard_attr_id', 'binding:profile', 'binding:host_id', 'binding:vif_type', 'binding:vif_details'] {{(pid=94818) _exclude_attributes_by_policy /opt/stack/neutron/neutron/pecan_wsgi/hooks/policy_enforcement.py:255}}
Aug 25 09:41:48.046175 n-d-805972-1 neutron-server[94818]: INFO neutron.wsgi [req-6d4d959a-91b3-4ae4-baf9-9104dc1afdca req-f116d7cb-afa7-45dd-a32a-1aec0dcce84a tempest-DeleteServersAdminTestJSON-71164292 tempest-DeleteServersAdminTestJSON-71164292-project] 10.222.0.41 "GET /v2.0/ports?device_id=3ca58e6b-8924-45c6-801b-834fa752693f HTTP/1.1" status: 200 len: 950 time: 0.0595794
Aug 25 09:41:48.055367 n-d-805972-1 neutron-server[94819]: DEBUG neutron.plugins.ml2.db [None req-347d6f7e-6e9a-445d-957f-133164b3b548 None None] get_ports_and_sgs() called for port_ids ['f3c3e711-f9db-4510-b9e2-b0e1b938cc4a'] {{(pid=94819) get_ports_and_sgs /opt/stack/neutron/neutron/plugins/ml2/db.py:156}}
Aug 25 09:41:48.081909 n-d-805972-1 neutron-server[94819]: DEBUG neutron.plugins.ml2.db [None req-347d6f7e-6e9a-445d-957f-133164b3b548 None None] get_ports_and_sgs() called for port_ids ['a85ae577-6362-4893-a68e-84270b251bfa'] {{(pid=94819) get_ports_and_sgs /opt/stack/neutron/neutron/plugins/ml2/db.py:156}}
Aug 25 09:41:48.110854 n-d-805972-1 neutron-server[94818]: INFO neutron.wsgi [req-6d4d959a-91b3-4ae4-baf9-9104dc1afdca req-9f3bb16b-438f-4de2-ab6f-6ea4c868bbff tempest-DeleteServersAdminTestJSON-71164292 tempest-DeleteServersAdminTestJSON-71164292-project] 10.222.0.41 "GET /v2.0/security-groups?id=f48755f4-993b-452e-b0b7-0d89162224f4&fields=id&fields=name HTTP/1.1" status: 200 len: 286 time: 0.0459249
Aug 25 09:41:48.186783 n-d-805972-1 neutron-server[94817]: INFO neutron.wsgi [req-3f64639e-1d4b-435f-a535-10165de87629 req-cb15ba84-ba12-4a77-b2d4-51bea635710f tempest-SecurityGroupsTestAdminJSON-270690972 tempest-SecurityGroupsTestAdminJSON-270690972-project] 10.222.0.41 "GET /v2.0/security-groups/90cc0d05-3cbf-4726-8613-3a796a23b5c7 HTTP/1.1" status: 200 len: 1778 time: 0.0668542
Aug 25 09:41:48.203201 n-d-805972-1 neutron-server[94817]: DEBUG neutron.wsgi [-] (94817) accepted ('10.222.0.41', 51104) {{(pid=94817) server /usr/local/lib/python3.8/dist-packages/eventlet/wsgi.py:982}}
Aug 25 09:41:48.266495 n-d-805972-1 neutron-server[94818]: DEBUG neutron.pecan_wsgi.hooks.policy_enforcement [req-7517a86f-0593-4a96-a68b-c79d377f04b2 req-93ee66d6-4647-4fd5-8631-a315d490e7e8 tempest-LiveAutoBlockMigrationV225Test-1742654999 tempest-LiveAutoBlockMigrationV225Test-1742654999-project] Attributes excluded by policy engine: ['standard_attr_id', 'binding:profile', 'binding:host_id', 'binding:vif_type', 'binding:vif_details'] {{(pid=94818) _exclude_attributes_by_policy /opt/stack/neutron/neutron/pecan_wsgi/hooks/policy_enforcement.py:255}}
Aug 25 09:41:48.270148 n-d-805972-1 neutron-server[94818]: INFO neutron.wsgi [req-7517a86f-0593-4a96-a68b-c79d377f04b2 req-93ee66d6-4647-4fd5-8631-a315d490e7e8 tempest-LiveAutoBlockMigrationV225Test-1742654999 tempest-LiveAutoBlockMigrationV225Test-1742654999-project] 10.222.0.41 "GET /v2.0/ports?device_id=181c8191-4c3f-4854-9dec-dafaa1457d2e HTTP/1.1" status: 200 len: 944 time: 0.0790081
Aug 25 09:41:48.274898 n-d-805972-1 neutron-server[94817]: DEBUG neutron_lib.callbacks.manager [req-3f64639e-1d4b-435f-a535-10165de87629 req-c2469470-271b-4e4e-9e95-399dc59548de tempest-SecurityGroupsTestAdminJSON-270690972 tempest-SecurityGroupsTestAdminJSON-270690972-project] Notify callbacks [] for security_group, before_delete {{(pid=94817) _notify_loop /usr/local/lib/python3.8/dist-packages/neutron_lib/callbacks/manager.py:192}}
Aug 25 09:41:48.311072 n-d-805972-1 neutron-server[94817]: DEBUG neutron_lib.callbacks.manager [req-3f64639e-1d4b-435f-a535-10165de87629 req-c2469470-271b-4e4e-9e95-399dc59548de tempest-SecurityGroupsTestAdminJSON-270690972 tempest-SecurityGroupsTestAdminJSON-270690972-project] Notify callbacks [] for security_group, precommit_delete {{(pid=94817) _notify_loop /usr/local/lib/python3.8/dist-packages/neutron_lib/callbacks/manager.py:192}}
Aug 25 09:41:48.321929 n-d-805972-1 neutron-server[94818]: INFO neutron.wsgi [req-7517a86f-0593-4a96-a68b-c79d377f04b2 req-4a976546-6c81-473b-9c24-fcd83b904b61 tempest-LiveAutoBlockMigrationV225Test-1742654999 tempest-LiveAutoBlockMigrationV225Test-1742654999-project] 10.222.0.41 "GET /v2.0/security-groups?id=77efdcfc-d688-4070-b8c5-1123bd086fba&fields=id&fields=name HTTP/1.1" status: 200 len: 286 time: 0.0424993
Aug 25 09:41:48.371423 n-d-805972-1 neutron-server[94817]: DEBUG neutron_lib.callbacks.manager [req-3f64639e-1d4b-435f-a535-10165de87629 req-c2469470-271b-4e4e-9e95-399dc59548de tempest-SecurityGroupsTestAdminJSON-270690972 tempest-SecurityGroupsTestAdminJSON-270690972-project] Notify callbacks ['neutron.plugins.ml2.ovo_rpc._ObjectChangeHandler.handle_event-946484'] for security_group, after_delete {{(pid=94817) _notify_loop /usr/local/lib/python3.8/dist-packages/neutron_lib/callbacks/manager.py:192}}
Aug 25 09:41:48.376491 n-d-805972-1 neutron-server[94817]: DEBUG neutron_lib.callbacks.manager [req-3f64639e-1d4b-435f-a535-10165de87629 req-c2469470-271b-4e4e-9e95-399dc59548de tempest-SecurityGroupsTestAdminJSON-270690972 tempest-SecurityGroupsTestAdminJSON-270690972-project] Notify callbacks [] for security_group, before_response {{(pid=94817) _notify_loop /usr/local/lib/python3.8/dist-packages/neutron_lib/callbacks/manager.py:192}}
Aug 25 09:41:48.397552 n-d-805972-1 neutron-server[94817]: INFO neutron.wsgi [req-3f64639e-1d4b-435f-a535-10165de87629 req-c2469470-271b-4e4e-9e95-399dc59548de tempest-SecurityGroupsTestAdminJSON-270690972 tempest-SecurityGroupsTestAdminJSON-270690972-project] 10.222.0.41 "DELETE /v2.0/security-groups/90cc0d05-3cbf-4726-8613-3a796a23b5c7 HTTP/1.1" status: 204 len: 173 time: 0.2090495
Aug 25 09:41:48.404988 n-d-805972-1 neutron-server[94819]: DEBUG novaclient.v2.client [-] RESP: [200] Connection: close Content-Length: 183 Content-Type: application/json Date: Wed, 25 Aug 2021 09:41:47 GMT OpenStack-API-Version: compute 2.1 Server: Apache/2.4.41 (Ubuntu) Vary: OpenStack-API-Version,X-OpenStack-Nova-API-Version X-OpenStack-Nova-API-Version: 2.1 x-compute-request-id: req-02697e3a-5144-4668-9f6a-b1bb024f6bf4 x-openstack-request-id: req-02697e3a-5144-4668-9f6a-b1bb024f6bf4 {{(pid=94819) _http_log_response /usr/local/lib/python3.8/dist-packages/keystoneauth1/session.py:550}}
Aug 25 09:41:48.405379 n-d-805972-1 neutron-server[94819]: DEBUG novaclient.v2.client [-] RESP BODY: {"events": [{"server_uuid": "68570bcf-45ce-4c1a-9a20-de901b3fd7a5", "name": "network-vif-plugged", "status": "completed", "tag": "86e39377-538e-4e23-a076-614e70333dff", "code": 200}]} {{(pid=94819) _http_log_response /usr/local/lib/python3.8/dist-packages/keystoneauth1/session.py:582}}
Aug 25 09:41:48.405504 n-d-805972-1 neutron-server[94819]: DEBUG novaclient.v2.client [-] POST call to compute for http://10.222.0.41/compute/v2.1/os-server-external-events used request id req-02697e3a-5144-4668-9f6a-b1bb024f6bf4 {{(pid=94819) request /usr/local/lib/python3.8/dist-packages/keystoneauth1/session.py:954}}
Aug 25 09:41:48.405803 n-d-805972-1 neutron-server[94819]: INFO neutron.notifiers.nova [-] Nova event response: {'server_uuid': '68570bcf-45ce-4c1a-9a20-de901b3fd7a5', 'name': 'network-vif-plugged', 'status': 'completed', 'tag': '86e39377-538e-4e23-a076-614e70333dff', 'code': 200}
Aug 25 09:41:48.422112 n-d-805972-1 neutron-server[94817]: DEBUG neutron.api.rpc.handlers.resources_rpc [None req-c2469470-271b-4e4e-9e95-399dc59548de tempest-SecurityGroupsTestAdminJSON-270690972 tempest-SecurityGroupsTestAdminJSON-270690972-project] Pushing event deleted for resources: {'SecurityGroup': ['ID=90cc0d05-3cbf-4726-8613-3a796a23b5c7,revision_number=None']} {{(pid=94817) push /opt/stack/neutron/neutron/api/rpc/handlers/resources_rpc.py:237}}
Aug 25 09:41:48.482093 n-d-805972-1 neutron-server[94817]: DEBUG neutron.api.v2.base [None req-b4e9a8c2-8afe-4dfe-8e41-ca74a2763097 admin admin] Request body: {'network': {'name': 'tempest-SecurityGroupsTestJSON-2016912612-network', 'tenant_id': 'ff5441f9fced45b4abf26939273c1698'}} {{(pid=94817) prepare_request_body /opt/stack/neutron/neutron/api/v2/base.py:730}}
Aug 25 09:41:48.506550 n-d-805972-1 neutron-server[94817]: DEBUG neutron.pecan_wsgi.hooks.quota_enforcement [None req-b4e9a8c2-8afe-4dfe-8e41-ca74a2763097 admin admin] Made reservation on behalf of ff5441f9fced45b4abf26939273c1698 for: {'network': 1} {{(pid=94817) before /opt/stack/neutron/neutron/pecan_wsgi/hooks/quota_enforcement.py:53}}
Aug 25 09:41:48.509289 n-d-805972-1 neutron-server[94817]: DEBUG neutron_lib.callbacks.manager [None req-b4e9a8c2-8afe-4dfe-8e41-ca74a2763097 admin admin] Notify callbacks ['neutron.plugins.ml2.plugin.SecurityGroupDbMixin._ensure_default_security_group_handler-1704443'] for network, before_create {{(pid=94817) _notify_loop /usr/local/lib/python3.8/dist-packages/neutron_lib/callbacks/manager.py:192}}
Aug 25 09:41:48.520806 n-d-805972-1 neutron-server[94817]: DEBUG neutron_lib.callbacks.manager [None req-b4e9a8c2-8afe-4dfe-8e41-ca74a2763097 admin admin] Notify callbacks [] for security_group, before_create {{(pid=94817) _notify_loop /usr/local/lib/python3.8/dist-packages/neutron_lib/callbacks/manager.py:192}}
Aug 25 09:41:48.659196 n-d-805972-1 neutron-server[94817]: DEBUG neutron.pecan_wsgi.hooks.policy_enforcement [req-181c26ec-fd15-4aa0-9f92-6525610f138a req-3efd22cb-2410-44e9-ac55-20da0ee1b71c service neutron] Attributes excluded by policy engine: ['standard_attr_id'] {{(pid=94817) _exclude_attributes_by_policy /opt/stack/neutron/neutron/pecan_wsgi/hooks/policy_enforcement.py:255}}
Aug 25 09:41:48.661335 n-d-805972-1 neutron-server[94817]: INFO neutron.wsgi [req-181c26ec-fd15-4aa0-9f92-6525610f138a req-3efd22cb-2410-44e9-ac55-20da0ee1b71c service neutron] 10.222.0.48 "GET /v2.0/ports?device_id=68570bcf-45ce-4c1a-9a20-de901b3fd7a5 HTTP/1.1" status: 200 len: 1101 time: 0.1279407
Aug 25 09:41:48.671410 n-d-805972-1 neutron-server[94817]: INFO neutron.wsgi [req-45bbdaa1-d3db-4cb5-acc8-ceaaaef69126 req-2b32e326-2cfd-4bfc-a943-9b6b8fa43943 tempest-SecurityGroupsTestAdminJSON-270690972 tempest-SecurityGroupsTestAdminJSON-270690972-project] 10.222.0.41 "GET /v2.0/security-groups/ead6f7d8-6c2b-47df-8e19-aef642076d30 HTTP/1.1" status: 200 len: 1777 time: 0.1266875
Aug 25 09:41:48.768081 n-d-805972-1 neutron-server[94817]: INFO neutron.wsgi [req-181c26ec-fd15-4aa0-9f92-6525610f138a req-c5085571-0944-4703-aafb-7072294085ed service neutron] 10.222.0.48 "GET /v2.0/security-groups?id=abed8d2e-f0b1-4e05-b160-61f3b93cf3e4&fields=id&fields=name HTTP/1.1" status: 200 len: 286 time: 0.0929492
Aug 25 09:41:48.791177 n-d-805972-1 neutron-server[94817]: DEBUG neutron_lib.callbacks.manager [None req-b4e9a8c2-8afe-4dfe-8e41-ca74a2763097 admin admin] Notify callbacks [] for security_group, precommit_create {{(pid=94817) _notify_loop /usr/local/lib/python3.8/dist-packages/neutron_lib/callbacks/manager.py:192}}
Aug 25 09:41:48.796008 n-d-805972-1 neutron-server[94817]: DEBUG neutron_lib.callbacks.manager [None req-b4e9a8c2-8afe-4dfe-8e41-ca74a2763097 admin admin] Notify callbacks ['neutron.plugins.ml2.ovo_rpc._ObjectChangeHandler.handle_event-946484'] for security_group, after_create {{(pid=94817) _notify_loop /usr/local/lib/python3.8/dist-packages/neutron_lib/callbacks/manager.py:192}}
Aug 25 09:41:48.822266 n-d-805972-1 neutron-server[94817]: DEBUG neutron_lib.callbacks.manager [req-45bbdaa1-d3db-4cb5-acc8-ceaaaef69126 req-0f374c3d-a3a1-435d-8e05-570d04bef249 tempest-SecurityGroupsTestAdminJSON-270690972 tempest-SecurityGroupsTestAdminJSON-270690972-project] Notify callbacks [] for security_group, before_delete {{(pid=94817) _notify_loop /usr/local/lib/python3.8/dist-packages/neutron_lib/callbacks/manager.py:192}}
Aug 25 09:41:48.822614 n-d-805972-1 neutron-server[94818]: DEBUG neutron.pecan_wsgi.hooks.policy_enforcement [req-6f21c677-9b2f-4524-91e3-a3f41482a471 req-960edbfd-c5a9-4e0f-967d-0a3cea804f1d tempest-LiveMigrationNegativeTest-1486519944 tempest-LiveMigrationNegativeTest-1486519944-project] Attributes excluded by policy engine: ['standard_attr_id', 'binding:profile', 'binding:host_id', 'binding:vif_type', 'binding:vif_details'] {{(pid=94818) _exclude_attributes_by_policy /opt/stack/neutron/neutron/pecan_wsgi/hooks/policy_enforcement.py:255}}
Aug 25 09:41:48.824154 n-d-805972-1 neutron-server[94818]: INFO neutron.wsgi [req-6f21c677-9b2f-4524-91e3-a3f41482a471 req-960edbfd-c5a9-4e0f-967d-0a3cea804f1d tempest-LiveMigrationNegativeTest-1486519944 tempest-LiveMigrationNegativeTest-1486519944-project] 10.222.0.41 "GET /v2.0/ports?device_id=68570bcf-45ce-4c1a-9a20-de901b3fd7a5 HTTP/1.1" status: 200 len: 950 time: 0.0513308
Aug 25 09:41:48.829455 n-d-805972-1 neutron-server[94817]: DEBUG neutron.plugins.ml2.drivers.helpers [None req-b4e9a8c2-8afe-4dfe-8e41-ca74a2763097 admin admin] vlan segment allocate from pool success with {'physical_network': 'physnet1', 'vlan_id': 241} {{(pid=94817) allocate_partially_specified_segment /opt/stack/neutron/neutron/plugins/ml2/drivers/helpers.py:153}}
Aug 25 09:41:48.863341 n-d-805972-1 neutron-server[94817]: DEBUG neutron.api.rpc.handlers.resources_rpc [None req-b4e9a8c2-8afe-4dfe-8e41-ca74a2763097 admin admin] Pushing event updated for resources: {'SecurityGroup': ['ID=ec962afc-10e4-469d-9ff4-a2f277705cbf,revision_number=1']} {{(pid=94817) push /opt/stack/neutron/neutron/api/rpc/handlers/resources_rpc.py:237}}
Aug 25 09:41:48.865732 n-d-805972-1 neutron-server[94818]: INFO neutron.wsgi [req-6f21c677-9b2f-4524-91e3-a3f41482a471 req-8aecaa83-c987-461d-ac50-b46295855303 tempest-LiveMigrationNegativeTest-1486519944 tempest-LiveMigrationNegativeTest-1486519944-project] 10.222.0.41 "GET /v2.0/security-groups?id=abed8d2e-f0b1-4e05-b160-61f3b93cf3e4&fields=id&fields=name HTTP/1.1" status: 200 len: 286 time: 0.0351427
Aug 25 09:41:48.867360 n-d-805972-1 neutron-server[94817]: DEBUG neutron_lib.callbacks.manager [None req-b4e9a8c2-8afe-4dfe-8e41-ca74a2763097 admin admin] Notify callbacks ['neutron.plugins.ml2.plugin.Ml2Plugin._handle_segment_change-1786624'] for segment, precommit_create {{(pid=94817) _notify_loop /usr/local/lib/python3.8/dist-packages/neutron_lib/callbacks/manager.py:192}}
Aug 25 09:41:48.867719 n-d-805972-1 neutron-server[94817]: INFO neutron.db.segments_db [None req-b4e9a8c2-8afe-4dfe-8e41-ca74a2763097 admin admin] Added segment ca6dea73-746d-49e4-942e-95b4cdad7014 of type vlan for network 91deb840-56a4-4fa9-a8b6-9ab9208d56d3
Aug 25 09:41:48.870168 n-d-805972-1 neutron-server[94817]: DEBUG neutron_lib.callbacks.manager [req-45bbdaa1-d3db-4cb5-acc8-ceaaaef69126 req-0f374c3d-a3a1-435d-8e05-570d04bef249 tempest-SecurityGroupsTestAdminJSON-270690972 tempest-SecurityGroupsTestAdminJSON-270690972-project] Notify callbacks [] for security_group, precommit_delete {{(pid=94817) _notify_loop /usr/local/lib/python3.8/dist-packages/neutron_lib/callbacks/manager.py:192}}
Aug 25 09:41:48.942497 n-d-805972-1 neutron-server[94817]: DEBUG neutron_lib.callbacks.manager [None req-b4e9a8c2-8afe-4dfe-8e41-ca74a2763097 admin admin] Notify callbacks ['neutron.services.auto_allocate.db._ensure_external_network_default_value_callback-8765292511007'] for network, precommit_create {{(pid=94817) _notify_loop /usr/local/lib/python3.8/dist-packages/neutron_lib/callbacks/manager.py:192}}
Aug 25 09:41:48.962656 n-d-805972-1 neutron-server[94817]: DEBUG neutron_lib.callbacks.manager [req-45bbdaa1-d3db-4cb5-acc8-ceaaaef69126 req-0f374c3d-a3a1-435d-8e05-570d04bef249 tempest-SecurityGroupsTestAdminJSON-270690972 tempest-SecurityGroupsTestAdminJSON-270690972-project] Notify callbacks ['neutron.plugins.ml2.ovo_rpc._ObjectChangeHandler.handle_event-946484'] for security_group, after_delete {{(pid=94817) _notify_loop /usr/local/lib/python3.8/dist-packages/neutron_lib/callbacks/manager.py:192}}
Aug 25 09:41:48.967031 n-d-805972-1 neutron-server[94817]: DEBUG neutron_lib.callbacks.manager [req-45bbdaa1-d3db-4cb5-acc8-ceaaaef69126 req-0f374c3d-a3a1-435d-8e05-570d04bef249 tempest-SecurityGroupsTestAdminJSON-270690972 tempest-SecurityGroupsTestAdminJSON-270690972-project] Notify callbacks [] for security_group, before_response {{(pid=94817) _notify_loop /usr/local/lib/python3.8/dist-packages/neutron_lib/callbacks/manager.py:192}}
Aug 25 09:41:48.968293 n-d-805972-1 neutron-server[94817]: INFO neutron.wsgi [req-45bbdaa1-d3db-4cb5-acc8-ceaaaef69126 req-0f374c3d-a3a1-435d-8e05-570d04bef249 tempest-SecurityGroupsTestAdminJSON-270690972 tempest-SecurityGroupsTestAdminJSON-270690972-project] 10.222.0.41 "DELETE /v2.0/security-groups/ead6f7d8-6c2b-47df-8e19-aef642076d30 HTTP/1.1" status: 204 len: 173 time: 0.2805076
Aug 25 09:41:48.991587 n-d-805972-1 neutron-server[94817]: DEBUG neutron.api.rpc.handlers.resources_rpc [None req-0f374c3d-a3a1-435d-8e05-570d04bef249 tempest-SecurityGroupsTestAdminJSON-270690972 tempest-SecurityGroupsTestAdminJSON-270690972-project] Pushing event deleted for resources: {'SecurityGroup': ['ID=ead6f7d8-6c2b-47df-8e19-aef642076d30,revision_number=None']} {{(pid=94817) push /opt/stack/neutron/neutron/api/rpc/handlers/resources_rpc.py:237}}
Aug 25 09:41:49.006125 n-d-805972-1 neutron-server[94817]: DEBUG neutron_lib.callbacks.manager [None req-b4e9a8c2-8afe-4dfe-8e41-ca74a2763097 admin admin] Notify callbacks ['neutron.plugins.ml2.ovo_rpc._ObjectChangeHandler.handle_event-946629', 'neutron.api.rpc.agentnotifiers.dhcp_rpc_agent_api.DhcpAgentNotifyAPI._native_event_send_dhcp_notification-753559'] for network, after_create {{(pid=94817) _notify_loop /usr/local/lib/python3.8/dist-packages/neutron_lib/callbacks/manager.py:192}}
Aug 25 09:41:49.007376 n-d-805972-1 neutron-server[94817]: DEBUG neutron.pecan_wsgi.hooks.policy_enforcement [None req-b4e9a8c2-8afe-4dfe-8e41-ca74a2763097 admin admin] Attributes excluded by policy engine: ['standard_attr_id', 'vlan_transparent'] {{(pid=94817) _exclude_attributes_by_policy /opt/stack/neutron/neutron/pecan_wsgi/hooks/policy_enforcement.py:255}}
Aug 25 09:41:49.008323 n-d-805972-1 neutron-server[94817]: DEBUG neutron_lib.callbacks.manager [None req-b4e9a8c2-8afe-4dfe-8e41-ca74a2763097 admin admin] Notify callbacks ['neutron.api.rpc.agentnotifiers.dhcp_rpc_agent_api.DhcpAgentNotifyAPI._send_dhcp_notification-753637'] for network, before_response {{(pid=94817) _notify_loop /usr/local/lib/python3.8/dist-packages/neutron_lib/callbacks/manager.py:192}}
Aug 25 09:41:49.044620 n-d-805972-1 neutron-server[94818]: DEBUG neutron.pecan_wsgi.hooks.policy_enforcement [req-2e28417b-8ccc-457c-8773-58667cb4d135 req-e7e489bc-042c-41a0-8802-0602cc0a8714 tempest-DeleteServersAdminTestJSON-71164292 tempest-DeleteServersAdminTestJSON-71164292-project] Attributes excluded by policy engine: ['standard_attr_id', 'binding:profile', 'binding:host_id', 'binding:vif_type', 'binding:vif_details'] {{(pid=94818) _exclude_attributes_by_policy /opt/stack/neutron/neutron/pecan_wsgi/hooks/policy_enforcement.py:255}}
Aug 25 09:41:49.046733 n-d-805972-1 neutron-server[94818]: INFO neutron.wsgi [req-2e28417b-8ccc-457c-8773-58667cb4d135 req-e7e489bc-042c-41a0-8802-0602cc0a8714 tempest-DeleteServersAdminTestJSON-71164292 tempest-DeleteServersAdminTestJSON-71164292-project] 10.222.0.41 "GET /v2.0/ports?device_id=3ca58e6b-8924-45c6-801b-834fa752693f HTTP/1.1" status: 200 len: 950 time: 0.0975838
Aug 25 09:41:49.105362 n-d-805972-1 neutron-server[94817]: INFO neutron.wsgi [None req-b4e9a8c2-8afe-4dfe-8e41-ca74a2763097 admin admin] 10.222.0.41 "POST /v2.0/networks HTTP/1.1" status: 201 len: 886 time: 0.9009385
Aug 25 09:41:49.106188 n-d-805972-1 neutron-server[94818]: INFO neutron.wsgi [req-2e28417b-8ccc-457c-8773-58667cb4d135 req-e829af1d-5350-44b3-be38-0afe5018b49b tempest-DeleteServersAdminTestJSON-71164292 tempest-DeleteServersAdminTestJSON-71164292-project] 10.222.0.41 "GET /v2.0/security-groups?id=f48755f4-993b-452e-b0b7-0d89162224f4&fields=id&fields=name HTTP/1.1" status: 200 len: 286 time: 0.0514257
Aug 25 09:41:49.106696 n-d-805972-1 neutron-server[94818]: DEBUG neutron.wsgi [-] (94818) accepted ('10.222.0.41', 51130) {{(pid=94818) server /usr/local/lib/python3.8/dist-packages/eventlet/wsgi.py:982}}
Aug 25 09:41:49.112667 n-d-805972-1 neutron-server[94818]: DEBUG neutron.api.v2.base [None req-8c5c9d8f-ee39-4399-bff7-6561e421048c admin admin] Request body: {'subnet': {'network_id': '91deb840-56a4-4fa9-a8b6-9ab9208d56d3', 'cidr': '172.20.0.0/28', 'name': 'tempest-SecurityGroupsTestJSON-2016912612-subnet', 'tenant_id': 'ff5441f9fced45b4abf26939273c1698', 'enable_dhcp': False, 'ip_version': 4}} {{(pid=94818) prepare_request_body /opt/stack/neutron/neutron/api/v2/base.py:730}}
Aug 25 09:41:49.140003 n-d-805972-1 neutron-server[94818]: DEBUG neutron.pecan_wsgi.hooks.quota_enforcement [None req-8c5c9d8f-ee39-4399-bff7-6561e421048c admin admin] Made reservation on behalf of ff5441f9fced45b4abf26939273c1698 for: {'subnet': 1} {{(pid=94818) before /opt/stack/neutron/neutron/pecan_wsgi/hooks/quota_enforcement.py:53}}
Aug 25 09:41:49.141419 n-d-805972-1 neutron-server[94818]: DEBUG neutron_lib.callbacks.manager [None req-8c5c9d8f-ee39-4399-bff7-6561e421048c admin admin] Notify callbacks ['neutron.services.segments.plugin.SegmentHostRoutes.host_routes_before_create-127834917'] for subnet, before_create {{(pid=94818) _notify_loop /usr/local/lib/python3.8/dist-packages/neutron_lib/callbacks/manager.py:192}}
Aug 25 09:41:49.152732 n-d-805972-1 neutron-server[94817]: DEBUG neutron.api.rpc.handlers.resources_rpc [None req-b4e9a8c2-8afe-4dfe-8e41-ca74a2763097 admin admin] Pushing event updated for resources: {'Network': ['ID=91deb840-56a4-4fa9-a8b6-9ab9208d56d3,revision_number=1']} {{(pid=94817) push /opt/stack/neutron/neutron/api/rpc/handlers/resources_rpc.py:237}}
Aug 25 09:41:49.170955 n-d-805972-1 neutron-server[94819]: DEBUG neutron.plugins.ml2.rpc [None req-c40f677f-5ab2-4d5e-8f83-41ebf03e606a None None] Network 91deb840-56a4-4fa9-a8b6-9ab9208d56d3 details requested by agent ovs-agent-n-d-805972-1 with host n-d-805972-1 {{(pid=94819) get_network_details /opt/stack/neutron/neutron/plugins/ml2/rpc.py:248}}
Aug 25 09:41:49.182508 n-d-805972-1 neutron-server[94817]: DEBUG neutron.pecan_wsgi.hooks.policy_enforcement [req-044f6f62-91b3-4330-96c9-1b0609d4038f req-45e0fb9c-4197-4495-9c61-f196c7602da1 tempest-MigrationsAdminTest-290242878 tempest-MigrationsAdminTest-290242878-project] Attributes excluded by policy engine: ['standard_attr_id', 'binding:profile', 'binding:host_id', 'binding:vif_type', 'binding:vif_details'] {{(pid=94817) _exclude_attributes_by_policy /opt/stack/neutron/neutron/pecan_wsgi/hooks/policy_enforcement.py:255}}
Aug 25 09:41:49.184864 n-d-805972-1 neutron-server[94817]: INFO neutron.wsgi [req-044f6f62-91b3-4330-96c9-1b0609d4038f req-45e0fb9c-4197-4495-9c61-f196c7602da1 tempest-MigrationsAdminTest-290242878 tempest-MigrationsAdminTest-290242878-project] 10.222.0.41 "GET /v2.0/ports?device_id=8e05009a-73ce-4e27-a095-fbd3e226ccf8 HTTP/1.1" status: 200 len: 949 time: 0.0778718
Aug 25 09:41:49.251855 n-d-805972-1 neutron-server[94817]: INFO neutron.wsgi [req-044f6f62-91b3-4330-96c9-1b0609d4038f req-b68287b0-e2ea-47c7-99fe-da53926cefe1 tempest-MigrationsAdminTest-290242878 tempest-MigrationsAdminTest-290242878-project] 10.222.0.41 "GET /v2.0/security-groups?id=096606d6-f140-4921-b31d-d1914a8cece8&fields=id&fields=name HTTP/1.1" status: 200 len: 286 time: 0.0591044
Aug 25 09:41:49.366062 n-d-805972-1 neutron-server[94817]: DEBUG neutron.wsgi [-] (94817) accepted ('10.222.0.41', 51146) {{(pid=94817) server /usr/local/lib/python3.8/dist-packages/eventlet/wsgi.py:982}}
Aug 25 09:41:49.382472 n-d-805972-1 neutron-server[94818]: DEBUG neutron_lib.callbacks.manager [None req-8c5c9d8f-ee39-4399-bff7-6561e421048c admin admin] Notify callbacks ['neutron.plugins.ml2.ovo_rpc._ObjectChangeHandler.handle_event-949856', 'neutron.api.rpc.agentnotifiers.dhcp_rpc_agent_api.DhcpAgentNotifyAPI._native_event_send_dhcp_notification-753559', 'neutron.services.segments.plugin.NovaSegmentNotifier._notify_subnet_created-3024194', 'neutron.services.segments.plugin.SegmentHostRoutes.host_routes_after_create-127835095'] for subnet, after_create {{(pid=94818) _notify_loop /usr/local/lib/python3.8/dist-packages/neutron_lib/callbacks/manager.py:192}}
Aug 25 09:41:49.491069 n-d-805972-1 neutron-server[94818]: DEBUG neutron.api.rpc.handlers.resources_rpc [None req-8c5c9d8f-ee39-4399-bff7-6561e421048c admin admin] Pushing event updated for resources: {'Subnet': ['ID=40b3801e-d47c-42f1-a7a3-e0a6eacdb841,revision_number=0']} {{(pid=94818) push /opt/stack/neutron/neutron/api/rpc/handlers/resources_rpc.py:237}}
Aug 25 09:41:49.505698 n-d-805972-1 neutron-server[94818]: DEBUG neutron.plugins.ml2.drivers.mech_agent [None req-8c5c9d8f-ee39-4399-bff7-6561e421048c admin admin] Checking segment: {'id': 'ca6dea73-746d-49e4-942e-95b4cdad7014', 'network_type': 'vlan', 'physical_network': 'physnet1', 'segmentation_id': 241, 'network_id': '91deb840-56a4-4fa9-a8b6-9ab9208d56d3'} for mappings: {'physnet1': 'br-data'} with network types: ['local', 'flat', 'vlan'] {{(pid=94818) check_segment_for_agent /opt/stack/neutron/neutron/plugins/ml2/drivers/mech_agent.py:352}}
Aug 25 09:41:49.506053 n-d-805972-1 neutron-server[94818]: DEBUG neutron.scheduler.dhcp_agent_scheduler [None req-8c5c9d8f-ee39-4399-bff7-6561e421048c admin admin] Network hostable DHCP agents. Network: 91deb840-56a4-4fa9-a8b6-9ab9208d56d3, hostable agents: ['8a510a62-7af5-4ffe-bbae-be321b593feb'], hosted agents: [] {{(pid=94818) _get_network_hostable_dhcp_agents /opt/stack/neutron/neutron/scheduler/dhcp_agent_scheduler.py:329}}
Aug 25 09:41:49.521706 n-d-805972-1 neutron-server[94818]: DEBUG neutron.pecan_wsgi.hooks.policy_enforcement [req-60c91e84-5a27-4d05-a4b5-73d42592764a req-3044323c-aa14-4ae7-95d3-483308c473ab tempest-LiveAutoBlockMigrationV225Test-1742654999 tempest-LiveAutoBlockMigrationV225Test-1742654999-project] Attributes excluded by policy engine: ['standard_attr_id', 'binding:profile', 'binding:host_id', 'binding:vif_type', 'binding:vif_details'] {{(pid=94818) _exclude_attributes_by_policy /opt/stack/neutron/neutron/pecan_wsgi/hooks/policy_enforcement.py:255}}
Aug 25 09:41:49.523248 n-d-805972-1 neutron-server[94818]: INFO neutron.wsgi [req-60c91e84-5a27-4d05-a4b5-73d42592764a req-3044323c-aa14-4ae7-95d3-483308c473ab tempest-LiveAutoBlockMigrationV225Test-1742654999 tempest-LiveAutoBlockMigrationV225Test-1742654999-project] 10.222.0.41 "GET /v2.0/ports?device_id=181c8191-4c3f-4854-9dec-dafaa1457d2e HTTP/1.1" status: 200 len: 944 time: 0.0838268
