Nov 12 13:14:31.439352 n-d-805736-4 devstack@placement-api.service[103157]: DEBUG placement.objects.research_context [req-2e3a5cd6-d873-4abe-bd64-831efa01606a req-5a50ce0d-c7c5-4944-9177-16edadd91f79 service placement] getting providers with 1 DISK_GB {{(pid=103157) __init__ /opt/stack/placement/placement/objects/research_context.py:126}}
Nov 12 13:14:31.440523 n-d-805736-4 devstack@placement-api.service[103158]: INFO placement.requestlog [req-f96381bd-627d-4dc7-9a30-bdbd9894deee req-5fb2795d-39c6-40a3-bbf7-3f6d6c407040 service placement] 10.222.0.73 "GET /placement/allocations/b77bb6e9-7d34-4d00-a267-207550bbf23b" status: 200 len: 258 microversion: 1.28
Nov 12 13:14:31.441216 n-d-805736-4 devstack@placement-api.service[103158]: [pid: 103158|app: 0|req: 74/149] 10.222.0.73 () {60 vars in 1380 bytes} [Fri Nov 12 13:14:31 2021] GET /placement/allocations/b77bb6e9-7d34-4d00-a267-207550bbf23b => generated 258 bytes in 155 msecs (HTTP/1.1 200) 8 headers in 296 bytes (1 switches on core 0)
Nov 12 13:14:31.450567 n-d-805736-4 devstack@placement-api.service[103158]: DEBUG placement.requestlog [req-f96381bd-627d-4dc7-9a30-bdbd9894deee req-fe64f0db-f91e-4688-b0d4-a4e9b41c933d None None] Starting request: 10.222.0.73 "GET /placement/allocations/b77bb6e9-7d34-4d00-a267-207550bbf23b" {{(pid=103158) __call__ /opt/stack/placement/placement/requestlog.py:55}}
Nov 12 13:14:31.452526 n-d-805736-4 devstack@placement-api.service[103157]: DEBUG placement.objects.research_context [req-2e3a5cd6-d873-4abe-bd64-831efa01606a req-5a50ce0d-c7c5-4944-9177-16edadd91f79 service placement] getting providers with 1024 MEMORY_MB {{(pid=103157) __init__ /opt/stack/placement/placement/objects/research_context.py:126}}
Nov 12 13:14:31.466543 n-d-805736-4 devstack@placement-api.service[103157]: DEBUG placement.objects.research_context [req-2e3a5cd6-d873-4abe-bd64-831efa01606a req-5a50ce0d-c7c5-4944-9177-16edadd91f79 service placement] getting providers with 1 VCPU {{(pid=103157) __init__ /opt/stack/placement/placement/objects/research_context.py:126}}
Nov 12 13:14:31.467289 n-d-805736-4 devstack@placement-api.service[103158]: INFO placement.requestlog [req-f96381bd-627d-4dc7-9a30-bdbd9894deee req-fe64f0db-f91e-4688-b0d4-a4e9b41c933d service placement] 10.222.0.73 "GET /placement/allocations/b77bb6e9-7d34-4d00-a267-207550bbf23b" status: 200 len: 258 microversion: 1.28
Nov 12 13:14:31.468056 n-d-805736-4 devstack@placement-api.service[103158]: [pid: 103158|app: 0|req: 75/150] 10.222.0.73 () {60 vars in 1380 bytes} [Fri Nov 12 13:14:31 2021] GET /placement/allocations/b77bb6e9-7d34-4d00-a267-207550bbf23b => generated 258 bytes in 18 msecs (HTTP/1.1 200) 8 headers in 296 bytes (1 switches on core 0)
Nov 12 13:14:31.474139 n-d-805736-4 devstack@placement-api.service[103158]: DEBUG placement.requestlog [req-f96381bd-627d-4dc7-9a30-bdbd9894deee req-fbb19ee0-7b15-489b-b956-f6575c183310 None None] Starting request: 10.222.0.73 "GET /placement/allocations/252872ad-42e7-4a16-83ef-ec7dfc115df1" {{(pid=103158) __call__ /opt/stack/placement/placement/requestlog.py:55}}
Nov 12 13:14:31.487784 n-d-805736-4 devstack@placement-api.service[103158]: INFO placement.requestlog [req-f96381bd-627d-4dc7-9a30-bdbd9894deee req-fbb19ee0-7b15-489b-b956-f6575c183310 service placement] 10.222.0.73 "GET /placement/allocations/252872ad-42e7-4a16-83ef-ec7dfc115df1" status: 200 len: 19 microversion: 1.28
Nov 12 13:14:31.488364 n-d-805736-4 devstack@placement-api.service[103158]: [pid: 103158|app: 0|req: 76/151] 10.222.0.73 () {60 vars in 1380 bytes} [Fri Nov 12 13:14:31 2021] GET /placement/allocations/252872ad-42e7-4a16-83ef-ec7dfc115df1 => generated 19 bytes in 15 msecs (HTTP/1.1 200) 8 headers in 295 bytes (1 switches on core 0)
Nov 12 13:14:31.490469 n-d-805736-4 devstack@placement-api.service[103157]: DEBUG placement.objects.research_context [req-2e3a5cd6-d873-4abe-bd64-831efa01606a req-5a50ce0d-c7c5-4944-9177-16edadd91f79 service placement] found 2 providers with available 1 DISK_GB {{(pid=103157) get_provider_ids_matching /opt/stack/placement/placement/objects/research_context.py:549}}
Nov 12 13:14:31.490751 n-d-805736-4 devstack@placement-api.service[103157]: DEBUG placement.objects.research_context [req-2e3a5cd6-d873-4abe-bd64-831efa01606a req-5a50ce0d-c7c5-4944-9177-16edadd91f79 service placement] found 2 providers with available 1024 MEMORY_MB {{(pid=103157) get_provider_ids_matching /opt/stack/placement/placement/objects/research_context.py:549}}
Nov 12 13:14:31.491025 n-d-805736-4 devstack@placement-api.service[103157]: DEBUG placement.objects.research_context [req-2e3a5cd6-d873-4abe-bd64-831efa01606a req-5a50ce0d-c7c5-4944-9177-16edadd91f79 service placement] found 2 providers after filtering by previous result {{(pid=103157) get_provider_ids_matching /opt/stack/placement/placement/objects/research_context.py:580}}
Nov 12 13:14:31.491285 n-d-805736-4 devstack@placement-api.service[103157]: DEBUG placement.objects.research_context [req-2e3a5cd6-d873-4abe-bd64-831efa01606a req-5a50ce0d-c7c5-4944-9177-16edadd91f79 service placement] found 2 providers with available 1 VCPU {{(pid=103157) get_provider_ids_matching /opt/stack/placement/placement/objects/research_context.py:549}}
Nov 12 13:14:31.491552 n-d-805736-4 devstack@placement-api.service[103157]: DEBUG placement.objects.research_context [req-2e3a5cd6-d873-4abe-bd64-831efa01606a req-5a50ce0d-c7c5-4944-9177-16edadd91f79 service placement] found 2 providers after filtering by previous result {{(pid=103157) get_provider_ids_matching /opt/stack/placement/placement/objects/research_context.py:580}}
Nov 12 13:14:31.495786 n-d-805736-4 devstack@placement-api.service[103158]: DEBUG placement.requestlog [req-f96381bd-627d-4dc7-9a30-bdbd9894deee req-0fe7cef4-6184-49d2-94ba-6282fb288052 None None] Starting request: 10.222.0.73 "POST /placement/allocations" {{(pid=103158) __call__ /opt/stack/placement/placement/requestlog.py:55}}
Nov 12 13:14:31.510994 n-d-805736-4 devstack@placement-api.service[103157]: DEBUG placement.objects.allocation_candidate [req-2e3a5cd6-d873-4abe-bd64-831efa01606a req-5a50ce0d-c7c5-4944-9177-16edadd91f79 service placement] RequestGroup(use_same_provider=False, resources={DISK_GB:1, MEMORY_MB:1024, VCPU:1}, traits=[], aggregates=[]) (suffix '') returned 2 matches {{(pid=103157) _get_by_requests /opt/stack/placement/placement/objects/allocation_candidate.py:145}}
Nov 12 13:14:31.511660 n-d-805736-4 devstack@placement-api.service[103157]: DEBUG placement.objects.allocation_candidate [req-2e3a5cd6-d873-4abe-bd64-831efa01606a req-5a50ce0d-c7c5-4944-9177-16edadd91f79 service placement] Merging candidates yields 2 allocation requests and 2 provider summaries {{(pid=103157) _merge_candidates /opt/stack/placement/placement/objects/allocation_candidate.py:783}}
Nov 12 13:14:31.513473 n-d-805736-4 devstack@placement-api.service[103157]: INFO placement.requestlog [req-2e3a5cd6-d873-4abe-bd64-831efa01606a req-5a50ce0d-c7c5-4944-9177-16edadd91f79 service placement] 10.222.0.73 "GET /placement/allocation_candidates?limit=1000&resources=DISK_GB%3A1%2CMEMORY_MB%3A1024%2CVCPU%3A1&root_required=%21COMPUTE_STATUS_DISABLED" status: 200 len: 1309 microversion: 1.36
Nov 12 13:14:31.514790 n-d-805736-4 devstack@placement-api.service[103157]: [pid: 103157|app: 0|req: 76/152] 10.222.0.73 () {60 vars in 1506 bytes} [Fri Nov 12 13:14:31 2021] GET /placement/allocation_candidates?limit=1000&resources=DISK_GB%3A1%2CMEMORY_MB%3A1024%2CVCPU%3A1&root_required=%21COMPUTE_STATUS_DISABLED => generated 1309 bytes in 135 msecs (HTTP/1.1 200) 8 headers in 297 bytes (1 switches on core 0)
Nov 12 13:14:31.595765 n-d-805736-4 devstack@placement-api.service[103157]: DEBUG placement.requestlog [req-2e3a5cd6-d873-4abe-bd64-831efa01606a req-0513593e-5def-4c25-bfdd-d5ed1e688171 None None] Starting request: 10.222.0.73 "GET /placement/allocations/3348a3cd-3698-4752-a740-bd5ca5b5202e" {{(pid=103157) __call__ /opt/stack/placement/placement/requestlog.py:55}}
Nov 12 13:14:31.610958 n-d-805736-4 devstack@placement-api.service[103157]: INFO placement.requestlog [req-2e3a5cd6-d873-4abe-bd64-831efa01606a req-0513593e-5def-4c25-bfdd-d5ed1e688171 service placement] 10.222.0.73 "GET /placement/allocations/3348a3cd-3698-4752-a740-bd5ca5b5202e" status: 200 len: 19 microversion: 1.28
Nov 12 13:14:31.611194 n-d-805736-4 devstack@placement-api.service[103157]: [pid: 103157|app: 0|req: 77/153] 10.222.0.73 () {60 vars in 1380 bytes} [Fri Nov 12 13:14:31 2021] GET /placement/allocations/3348a3cd-3698-4752-a740-bd5ca5b5202e => generated 19 bytes in 16 msecs (HTTP/1.1 200) 8 headers in 295 bytes (2 switches on core 0)
Nov 12 13:14:31.621664 n-d-805736-4 devstack@placement-api.service[103157]: DEBUG placement.requestlog [req-2e3a5cd6-d873-4abe-bd64-831efa01606a req-bdf0ff56-eec2-44ab-8c64-36c6b30b126c None None] Starting request: 10.222.0.73 "PUT /placement/allocations/3348a3cd-3698-4752-a740-bd5ca5b5202e" {{(pid=103157) __call__ /opt/stack/placement/placement/requestlog.py:55}}
Nov 12 13:14:31.649729 n-d-805736-4 devstack@placement-api.service[103158]: DEBUG placement.handlers.allocation [req-f96381bd-627d-4dc7-9a30-bdbd9894deee req-0fe7cef4-6184-49d2-94ba-6282fb288052 service placement] Successfully wrote allocations [, , , , , ] {{(pid=103158) _update_consumers_and_create_allocations /opt/stack/placement/placement/handlers/allocation.py:572}}
Nov 12 13:14:31.658355 n-d-805736-4 devstack@placement-api.service[103158]: INFO placement.requestlog [req-f96381bd-627d-4dc7-9a30-bdbd9894deee req-0fe7cef4-6184-49d2-94ba-6282fb288052 service placement] 10.222.0.73 "POST /placement/allocations" status: 204 len: 0 microversion: 1.28
Nov 12 13:14:31.658659 n-d-805736-4 devstack@placement-api.service[103158]: [pid: 103158|app: 0|req: 77/154] 10.222.0.73 () {64 vars in 1323 bytes} [Fri Nov 12 13:14:31 2021] POST /placement/allocations => generated 0 bytes in 163 msecs (HTTP/1.1 204) 5 headers in 199 bytes (2 switches on core 0)
Nov 12 13:14:31.687906 n-d-805736-4 devstack@placement-api.service[103158]: DEBUG placement.requestlog [req-f96381bd-627d-4dc7-9a30-bdbd9894deee req-045052c9-7011-4db1-ad5c-05114524e43d None None] Starting request: 10.222.0.73 "GET /placement/allocation_candidates?limit=1000&resources=DISK_GB%3A1%2CMEMORY_MB%3A1024%2CVCPU%3A1&root_required=%21COMPUTE_STATUS_DISABLED" {{(pid=103158) __call__ /opt/stack/placement/placement/requestlog.py:55}}
Nov 12 13:14:31.731628 n-d-805736-4 devstack@placement-api.service[103157]: DEBUG placement.handlers.allocation [req-2e3a5cd6-d873-4abe-bd64-831efa01606a req-bdf0ff56-eec2-44ab-8c64-36c6b30b126c service placement] Successfully wrote allocations [, , ] {{(pid=103157) _update_consumers_and_create_allocations /opt/stack/placement/placement/handlers/allocation.py:462}}
Nov 12 13:14:31.738380 n-d-805736-4 devstack@placement-api.service[103157]: INFO placement.requestlog [req-2e3a5cd6-d873-4abe-bd64-831efa01606a req-bdf0ff56-eec2-44ab-8c64-36c6b30b126c service placement] 10.222.0.73 "PUT /placement/allocations/3348a3cd-3698-4752-a740-bd5ca5b5202e" status: 204 len: 0 microversion: 1.36
Nov 12 13:14:31.738691 n-d-805736-4 devstack@placement-api.service[103157]: [pid: 103157|app: 0|req: 78/155] 10.222.0.73 () {64 vars in 1433 bytes} [Fri Nov 12 13:14:31 2021] PUT /placement/allocations/3348a3cd-3698-4752-a740-bd5ca5b5202e => generated 0 bytes in 118 msecs (HTTP/1.1 204) 5 headers in 199 bytes (1 switches on core 0)
Nov 12 13:14:31.745729 n-d-805736-4 devstack@placement-api.service[103158]: DEBUG placement.objects.research_context [req-f96381bd-627d-4dc7-9a30-bdbd9894deee req-045052c9-7011-4db1-ad5c-05114524e43d service placement] getting providers with 1 DISK_GB {{(pid=103158) __init__ /opt/stack/placement/placement/objects/research_context.py:126}}
Nov 12 13:14:31.768312 n-d-805736-4 devstack@placement-api.service[103158]: DEBUG placement.objects.research_context [req-f96381bd-627d-4dc7-9a30-bdbd9894deee req-045052c9-7011-4db1-ad5c-05114524e43d service placement] getting providers with 1024 MEMORY_MB {{(pid=103158) __init__ /opt/stack/placement/placement/objects/research_context.py:126}}
Nov 12 13:14:31.774222 n-d-805736-4 devstack@placement-api.service[103158]: DEBUG placement.objects.research_context [req-f96381bd-627d-4dc7-9a30-bdbd9894deee req-045052c9-7011-4db1-ad5c-05114524e43d service placement] getting providers with 1 VCPU {{(pid=103158) __init__ /opt/stack/placement/placement/objects/research_context.py:126}}
Nov 12 13:14:31.782344 n-d-805736-4 devstack@placement-api.service[103158]: DEBUG placement.objects.research_context [req-f96381bd-627d-4dc7-9a30-bdbd9894deee req-045052c9-7011-4db1-ad5c-05114524e43d service placement] found 2 providers with available 1 DISK_GB {{(pid=103158) get_provider_ids_matching /opt/stack/placement/placement/objects/research_context.py:549}}
Nov 12 13:14:31.782615 n-d-805736-4 devstack@placement-api.service[103158]: DEBUG placement.objects.research_context [req-f96381bd-627d-4dc7-9a30-bdbd9894deee req-045052c9-7011-4db1-ad5c-05114524e43d service placement] found 2 providers with available 1024 MEMORY_MB {{(pid=103158) get_provider_ids_matching /opt/stack/placement/placement/objects/research_context.py:549}}
Nov 12 13:14:31.789622 n-d-805736-4 devstack@placement-api.service[103158]: DEBUG placement.objects.research_context [req-f96381bd-627d-4dc7-9a30-bdbd9894deee req-045052c9-7011-4db1-ad5c-05114524e43d service placement] found 2 providers after filtering by previous result {{(pid=103158) get_provider_ids_matching /opt/stack/placement/placement/objects/research_context.py:580}}
Nov 12 13:14:31.789622 n-d-805736-4 devstack@placement-api.service[103158]: DEBUG placement.objects.research_context [req-f96381bd-627d-4dc7-9a30-bdbd9894deee req-045052c9-7011-4db1-ad5c-05114524e43d service placement] found 2 providers with available 1 VCPU {{(pid=103158) get_provider_ids_matching /opt/stack/placement/placement/objects/research_context.py:549}}
Nov 12 13:14:31.790065 n-d-805736-4 devstack@placement-api.service[103158]: DEBUG placement.objects.research_context [req-f96381bd-627d-4dc7-9a30-bdbd9894deee req-045052c9-7011-4db1-ad5c-05114524e43d service placement] found 2 providers after filtering by previous result {{(pid=103158) get_provider_ids_matching /opt/stack/placement/placement/objects/research_context.py:580}}
Nov 12 13:14:31.819375 n-d-805736-4 devstack@placement-api.service[103158]: DEBUG placement.objects.allocation_candidate [req-f96381bd-627d-4dc7-9a30-bdbd9894deee req-045052c9-7011-4db1-ad5c-05114524e43d service placement] RequestGroup(use_same_provider=False, resources={DISK_GB:1, MEMORY_MB:1024, VCPU:1}, traits=[], aggregates=[]) (suffix '') returned 2 matches {{(pid=103158) _get_by_requests /opt/stack/placement/placement/objects/allocation_candidate.py:145}}
Nov 12 13:14:31.819757 n-d-805736-4 devstack@placement-api.service[103158]: DEBUG placement.objects.allocation_candidate [req-f96381bd-627d-4dc7-9a30-bdbd9894deee req-045052c9-7011-4db1-ad5c-05114524e43d service placement] Merging candidates yields 2 allocation requests and 2 provider summaries {{(pid=103158) _merge_candidates /opt/stack/placement/placement/objects/allocation_candidate.py:783}}
Nov 12 13:14:31.827106 n-d-805736-4 devstack@placement-api.service[103158]: INFO placement.requestlog [req-f96381bd-627d-4dc7-9a30-bdbd9894deee req-045052c9-7011-4db1-ad5c-05114524e43d service placement] 10.222.0.73 "GET /placement/allocation_candidates?limit=1000&resources=DISK_GB%3A1%2CMEMORY_MB%3A1024%2CVCPU%3A1&root_required=%21COMPUTE_STATUS_DISABLED" status: 200 len: 1309 microversion: 1.36
Nov 12 13:14:31.828573 n-d-805736-4 devstack@placement-api.service[103158]: [pid: 103158|app: 0|req: 78/156] 10.222.0.73 () {60 vars in 1506 bytes} [Fri Nov 12 13:14:31 2021] GET /placement/allocation_candidates?limit=1000&resources=DISK_GB%3A1%2CMEMORY_MB%3A1024%2CVCPU%3A1&root_required=%21COMPUTE_STATUS_DISABLED => generated 1309 bytes in 140 msecs (HTTP/1.1 200) 8 headers in 297 bytes (2 switches on core 0)
Nov 12 13:14:31.885275 n-d-805736-4 devstack@placement-api.service[103157]: DEBUG placement.requestlog [req-c86a3b8b-09ca-45b9-ae4c-d1f17bd68bf8 req-5e4f03c3-3dc6-4d26-a9d9-2c4e189863c3 None None] Starting request: 10.222.0.105 "GET /placement/resource_providers/8ebca123-5ad4-4776-b84a-e1a9f52f05b3/allocations" {{(pid=103157) __call__ /opt/stack/placement/placement/requestlog.py:55}}
Nov 12 13:14:31.927750 n-d-805736-4 devstack@placement-api.service[103158]: DEBUG placement.requestlog [req-f96381bd-627d-4dc7-9a30-bdbd9894deee req-d28c1f57-7444-4afa-b069-85f7c8a296f3 None None] Starting request: 10.222.0.73 "GET /placement/allocations/b77bb6e9-7d34-4d00-a267-207550bbf23b" {{(pid=103158) __call__ /opt/stack/placement/placement/requestlog.py:55}}
Nov 12 13:14:31.939880 n-d-805736-4 devstack@placement-api.service[103157]: INFO placement.requestlog [req-c86a3b8b-09ca-45b9-ae4c-d1f17bd68bf8 req-5e4f03c3-3dc6-4d26-a9d9-2c4e189863c3 service placement] 10.222.0.105 "GET /placement/resource_providers/8ebca123-5ad4-4776-b84a-e1a9f52f05b3/allocations" status: 200 len: 558 microversion: 1.0
Nov 12 13:14:31.940472 n-d-805736-4 devstack@placement-api.service[103158]: INFO placement.requestlog [req-f96381bd-627d-4dc7-9a30-bdbd9894deee req-d28c1f57-7444-4afa-b069-85f7c8a296f3 service placement] 10.222.0.73 "GET /placement/allocations/b77bb6e9-7d34-4d00-a267-207550bbf23b" status: 200 len: 19 microversion: 1.28
Nov 12 13:14:31.940977 n-d-805736-4 devstack@placement-api.service[103157]: [pid: 103157|app: 0|req: 79/157] 10.222.0.105 () {58 vars in 1391 bytes} [Fri Nov 12 13:14:31 2021] GET /placement/resource_providers/8ebca123-5ad4-4776-b84a-e1a9f52f05b3/allocations => generated 558 bytes in 56 msecs (HTTP/1.1 200) 6 headers in 224 bytes (1 switches on core 0)
Nov 12 13:14:31.946807 n-d-805736-4 devstack@placement-api.service[103158]: [pid: 103158|app: 0|req: 79/158] 10.222.0.73 () {60 vars in 1380 bytes} [Fri Nov 12 13:14:31 2021] GET /placement/allocations/b77bb6e9-7d34-4d00-a267-207550bbf23b => generated 19 bytes in 19 msecs (HTTP/1.1 200) 8 headers in 295 bytes (2 switches on core 0)
Nov 12 13:14:31.960544 n-d-805736-4 devstack@placement-api.service[103157]: DEBUG placement.requestlog [req-f96381bd-627d-4dc7-9a30-bdbd9894deee req-0518ee15-64b1-4921-96f0-4f82154fd4f5 None None] Starting request: 10.222.0.73 "PUT /placement/allocations/b77bb6e9-7d34-4d00-a267-207550bbf23b" {{(pid=103157) __call__ /opt/stack/placement/placement/requestlog.py:55}}
Nov 12 13:14:32.042048 n-d-805736-4 devstack@placement-api.service[103157]: DEBUG placement.handlers.allocation [req-f96381bd-627d-4dc7-9a30-bdbd9894deee req-0518ee15-64b1-4921-96f0-4f82154fd4f5 service placement] Successfully wrote allocations [, , ] {{(pid=103157) _update_consumers_and_create_allocations /opt/stack/placement/placement/handlers/allocation.py:462}}
Nov 12 13:14:32.049131 n-d-805736-4 devstack@placement-api.service[103157]: INFO placement.requestlog [req-f96381bd-627d-4dc7-9a30-bdbd9894deee req-0518ee15-64b1-4921-96f0-4f82154fd4f5 service placement] 10.222.0.73 "PUT /placement/allocations/b77bb6e9-7d34-4d00-a267-207550bbf23b" status: 204 len: 0 microversion: 1.36
Nov 12 13:14:32.061923 n-d-805736-4 devstack@placement-api.service[103157]: [pid: 103157|app: 0|req: 80/159] 10.222.0.73 () {64 vars in 1433 bytes} [Fri Nov 12 13:14:31 2021] PUT /placement/allocations/b77bb6e9-7d34-4d00-a267-207550bbf23b => generated 0 bytes in 103 msecs (HTTP/1.1 204) 5 headers in 199 bytes (1 switches on core 0)
Nov 12 13:14:32.350067 n-d-805736-4 devstack@placement-api.service[103158]: DEBUG placement.requestlog [req-f96381bd-627d-4dc7-9a30-bdbd9894deee req-8b774eb4-08f1-4427-8116-00aadd4ab390 None None] Starting request: 10.222.0.105 "GET /placement/allocations/b77bb6e9-7d34-4d00-a267-207550bbf23b" {{(pid=103158) __call__ /opt/stack/placement/placement/requestlog.py:55}}
Nov 12 13:14:32.360429 n-d-805736-4 devstack@placement-api.service[103157]: DEBUG placement.requestlog [req-c86a3b8b-09ca-45b9-ae4c-d1f17bd68bf8 req-8063cceb-2299-4b80-a66d-d3f199bb184d None None] Starting request: 10.222.0.105 "GET /placement/allocations/af9a90c9-a5fd-480b-8e4c-b487c4cea09f" {{(pid=103157) __call__ /opt/stack/placement/placement/requestlog.py:55}}
Nov 12 13:14:32.376787 n-d-805736-4 devstack@placement-api.service[103158]: INFO placement.requestlog [req-f96381bd-627d-4dc7-9a30-bdbd9894deee req-8b774eb4-08f1-4427-8116-00aadd4ab390 service placement] 10.222.0.105 "GET /placement/allocations/b77bb6e9-7d34-4d00-a267-207550bbf23b" status: 200 len: 259 microversion: 1.28
Nov 12 13:14:32.378105 n-d-805736-4 devstack@placement-api.service[103157]: INFO placement.requestlog [req-c86a3b8b-09ca-45b9-ae4c-d1f17bd68bf8 req-8063cceb-2299-4b80-a66d-d3f199bb184d service placement] 10.222.0.105 "GET /placement/allocations/af9a90c9-a5fd-480b-8e4c-b487c4cea09f" status: 200 len: 259 microversion: 1.28
Nov 12 13:14:32.378269 n-d-805736-4 devstack@placement-api.service[103158]: [pid: 103158|app: 0|req: 80/160] 10.222.0.105 () {60 vars in 1378 bytes} [Fri Nov 12 13:14:32 2021] GET /placement/allocations/b77bb6e9-7d34-4d00-a267-207550bbf23b => generated 259 bytes in 29 msecs (HTTP/1.1 200) 8 headers in 296 bytes (1 switches on core 0)
Nov 12 13:14:32.378643 n-d-805736-4 devstack@placement-api.service[103157]: [pid: 103157|app: 0|req: 81/161] 10.222.0.105 () {60 vars in 1378 bytes} [Fri Nov 12 13:14:32 2021] GET /placement/allocations/af9a90c9-a5fd-480b-8e4c-b487c4cea09f => generated 259 bytes in 18 msecs (HTTP/1.1 200) 8 headers in 296 bytes (1 switches on core 0)
Nov 12 13:14:32.392252 n-d-805736-4 devstack@placement-api.service[103158]: DEBUG placement.requestlog [req-c86a3b8b-09ca-45b9-ae4c-d1f17bd68bf8 req-1fd9bb82-8839-4edf-889a-3f16565d8ded None None] Starting request: 10.222.0.105 "PUT /placement/allocations/af9a90c9-a5fd-480b-8e4c-b487c4cea09f" {{(pid=103158) __call__ /opt/stack/placement/placement/requestlog.py:55}}
Nov 12 13:14:32.396587 n-d-805736-4 devstack@placement-api.service[103157]: DEBUG placement.requestlog [req-2e3a5cd6-d873-4abe-bd64-831efa01606a req-a01654c8-9d46-4d30-b8e8-0c53ff594f90 None None] Starting request: 10.222.0.70 "GET /placement/allocations/3348a3cd-3698-4752-a740-bd5ca5b5202e" {{(pid=103157) __call__ /opt/stack/placement/placement/requestlog.py:55}}
Nov 12 13:14:32.448952 n-d-805736-4 devstack@placement-api.service[103157]: INFO placement.requestlog [req-2e3a5cd6-d873-4abe-bd64-831efa01606a req-a01654c8-9d46-4d30-b8e8-0c53ff594f90 service placement] 10.222.0.70 "GET /placement/allocations/3348a3cd-3698-4752-a740-bd5ca5b5202e" status: 200 len: 259 microversion: 1.28
Nov 12 13:14:32.449903 n-d-805736-4 devstack@placement-api.service[103157]: [pid: 103157|app: 0|req: 82/162] 10.222.0.70 () {60 vars in 1377 bytes} [Fri Nov 12 13:14:32 2021] GET /placement/allocations/3348a3cd-3698-4752-a740-bd5ca5b5202e => generated 259 bytes in 53 msecs (HTTP/1.1 200) 8 headers in 296 bytes (2 switches on core 0)
Nov 12 13:14:32.527167 n-d-805736-4 devstack@placement-api.service[103158]: DEBUG placement.handlers.allocation [req-c86a3b8b-09ca-45b9-ae4c-d1f17bd68bf8 req-1fd9bb82-8839-4edf-889a-3f16565d8ded service placement] Successfully wrote allocations [, , ] {{(pid=103158) _update_consumers_and_create_allocations /opt/stack/placement/placement/handlers/allocation.py:462}}
Nov 12 13:14:32.532173 n-d-805736-4 devstack@placement-api.service[103158]: INFO placement.requestlog [req-c86a3b8b-09ca-45b9-ae4c-d1f17bd68bf8 req-1fd9bb82-8839-4edf-889a-3f16565d8ded service placement] 10.222.0.105 "PUT /placement/allocations/af9a90c9-a5fd-480b-8e4c-b487c4cea09f" status: 204 len: 0 microversion: 1.28
Nov 12 13:14:32.532917 n-d-805736-4 devstack@placement-api.service[103158]: [pid: 103158|app: 0|req: 81/163] 10.222.0.105 () {64 vars in 1431 bytes} [Fri Nov 12 13:14:32 2021] PUT /placement/allocations/af9a90c9-a5fd-480b-8e4c-b487c4cea09f => generated 0 bytes in 141 msecs (HTTP/1.1 204) 5 headers in 199 bytes (1 switches on core 0)
Nov 12 13:14:36.694715 n-d-805736-4 devstack@placement-api.service[103157]: DEBUG placement.requestlog [req-9065e04b-b148-4049-8c96-3dbbeb781ebe req-c75a774f-ab51-48f3-8ad3-6a585d3b212d None None] Starting request: 10.222.0.105 "DELETE /placement/allocations/70f0c93a-d4fb-42d5-87aa-3d4b5606d23a" {{(pid=103157) __call__ /opt/stack/placement/placement/requestlog.py:55}}
Nov 12 13:14:36.878821 n-d-805736-4 devstack@placement-api.service[103157]: DEBUG placement.handlers.allocation [req-9065e04b-b148-4049-8c96-3dbbeb781ebe req-c75a774f-ab51-48f3-8ad3-6a585d3b212d service placement] Successfully deleted allocations [, , ] {{(pid=103157) delete_allocations /opt/stack/placement/placement/handlers/allocation.py:627}}
Nov 12 13:14:36.880013 n-d-805736-4 devstack@placement-api.service[103157]: INFO placement.requestlog [req-9065e04b-b148-4049-8c96-3dbbeb781ebe req-c75a774f-ab51-48f3-8ad3-6a585d3b212d service placement] 10.222.0.105 "DELETE /placement/allocations/70f0c93a-d4fb-42d5-87aa-3d4b5606d23a" status: 204 len: 0 microversion: 1.0
Nov 12 13:14:36.881852 n-d-805736-4 devstack@placement-api.service[103157]: [pid: 103157|app: 0|req: 83/164] 10.222.0.105 () {60 vars in 1356 bytes} [Fri Nov 12 13:14:36 2021] DELETE /placement/allocations/70f0c93a-d4fb-42d5-87aa-3d4b5606d23a => generated 0 bytes in 188 msecs (HTTP/1.1 204) 5 headers in 198 bytes (1 switches on core 0)
Nov 12 13:14:48.225532 n-d-805736-4 devstack@placement-api.service[103158]: DEBUG placement.requestlog [req-75ef1c52-085c-4dd0-b13f-62d835afce84 req-dab7c4f7-3d5d-46b4-afdd-a8a7df2f7ca4 None None] Starting request: 10.222.0.105 "GET /placement/resource_providers/8ebca123-5ad4-4776-b84a-e1a9f52f05b3/allocations" {{(pid=103158) __call__ /opt/stack/placement/placement/requestlog.py:55}}
Nov 12 13:14:48.496222 n-d-805736-4 devstack@placement-api.service[103158]: INFO placement.requestlog [req-75ef1c52-085c-4dd0-b13f-62d835afce84 req-dab7c4f7-3d5d-46b4-afdd-a8a7df2f7ca4 service placement] 10.222.0.105 "GET /placement/resource_providers/8ebca123-5ad4-4776-b84a-e1a9f52f05b3/allocations" status: 200 len: 457 microversion: 1.0
Nov 12 13:14:48.496764 n-d-805736-4 devstack@placement-api.service[103158]: [pid: 103158|app: 0|req: 82/165] 10.222.0.105 () {58 vars in 1391 bytes} [Fri Nov 12 13:14:48 2021] GET /placement/resource_providers/8ebca123-5ad4-4776-b84a-e1a9f52f05b3/allocations => generated 457 bytes in 272 msecs (HTTP/1.1 200) 6 headers in 224 bytes (1 switches on core 0)
Nov 12 13:14:48.579036 n-d-805736-4 devstack@placement-api.service[103157]: DEBUG placement.requestlog [req-75ef1c52-085c-4dd0-b13f-62d835afce84 req-c7772621-a020-4099-b702-c979d45a2511 None None] Starting request: 10.222.0.105 "GET /placement/resource_providers?in_tree=8ebca123-5ad4-4776-b84a-e1a9f52f05b3" {{(pid=103157) __call__ /opt/stack/placement/placement/requestlog.py:55}}
Nov 12 13:14:48.624420 n-d-805736-4 devstack@placement-api.service[103157]: INFO placement.requestlog [req-75ef1c52-085c-4dd0-b13f-62d835afce84 req-c7772621-a020-4099-b702-c979d45a2511 service placement] 10.222.0.105 "GET /placement/resource_providers?in_tree=8ebca123-5ad4-4776-b84a-e1a9f52f05b3" status: 200 len: 863 microversion: 1.14
Nov 12 13:14:48.624892 n-d-805736-4 devstack@placement-api.service[103157]: [pid: 103157|app: 0|req: 84/166] 10.222.0.105 () {60 vars in 1377 bytes} [Fri Nov 12 13:14:48 2021] GET /placement/resource_providers?in_tree=8ebca123-5ad4-4776-b84a-e1a9f52f05b3 => generated 863 bytes in 46 msecs (HTTP/1.1 200) 6 headers in 225 bytes (1 switches on core 0)
Nov 12 13:14:48.633473 n-d-805736-4 devstack@placement-api.service[103158]: DEBUG placement.requestlog [req-75ef1c52-085c-4dd0-b13f-62d835afce84 req-5e5ce2ae-18ae-45ab-ab72-962596921758 None None] Starting request: 10.222.0.105 "GET /placement/resource_providers/8ebca123-5ad4-4776-b84a-e1a9f52f05b3/inventories" {{(pid=103158) __call__ /opt/stack/placement/placement/requestlog.py:55}}
Nov 12 13:14:48.685642 n-d-805736-4 devstack@placement-api.service[103158]: INFO placement.requestlog [req-75ef1c52-085c-4dd0-b13f-62d835afce84 req-5e5ce2ae-18ae-45ab-ab72-962596921758 service placement] 10.222.0.105 "GET /placement/resource_providers/8ebca123-5ad4-4776-b84a-e1a9f52f05b3/inventories" status: 200 len: 398 microversion: 1.0
Nov 12 13:14:48.686340 n-d-805736-4 devstack@placement-api.service[103158]: [pid: 103158|app: 0|req: 83/167] 10.222.0.105 () {58 vars in 1391 bytes} [Fri Nov 12 13:14:48 2021] GET /placement/resource_providers/8ebca123-5ad4-4776-b84a-e1a9f52f05b3/inventories => generated 398 bytes in 53 msecs (HTTP/1.1 200) 6 headers in 224 bytes (1 switches on core 0)
Nov 12 13:14:48.697219 n-d-805736-4 devstack@placement-api.service[103157]: DEBUG placement.requestlog [req-75ef1c52-085c-4dd0-b13f-62d835afce84 req-250d66b8-a36f-420e-a26a-d4fe7b9b111c None None] Starting request: 10.222.0.105 "GET /placement/resource_providers/8ebca123-5ad4-4776-b84a-e1a9f52f05b3/aggregates" {{(pid=103157) __call__ /opt/stack/placement/placement/requestlog.py:55}}
Nov 12 13:14:48.720275 n-d-805736-4 devstack@placement-api.service[103157]: INFO placement.requestlog [req-75ef1c52-085c-4dd0-b13f-62d835afce84 req-250d66b8-a36f-420e-a26a-d4fe7b9b111c service placement] 10.222.0.105 "GET /placement/resource_providers/8ebca123-5ad4-4776-b84a-e1a9f52f05b3/aggregates" status: 200 len: 54 microversion: 1.19
Nov 12 13:14:48.723910 n-d-805736-4 devstack@placement-api.service[103157]: [pid: 103157|app: 0|req: 85/168] 10.222.0.105 () {60 vars in 1432 bytes} [Fri Nov 12 13:14:48 2021] GET /placement/resource_providers/8ebca123-5ad4-4776-b84a-e1a9f52f05b3/aggregates => generated 54 bytes in 27 msecs (HTTP/1.1 200) 8 headers in 295 bytes (1 switches on core 0)
Nov 12 13:14:48.735493 n-d-805736-4 devstack@placement-api.service[103158]: DEBUG placement.requestlog [req-75ef1c52-085c-4dd0-b13f-62d835afce84 req-1f7477cb-125f-4296-8363-86e59403b113 None None] Starting request: 10.222.0.105 "GET /placement/resource_providers/8ebca123-5ad4-4776-b84a-e1a9f52f05b3/traits" {{(pid=103158) __call__ /opt/stack/placement/placement/requestlog.py:55}}
Nov 12 13:14:48.776470 n-d-805736-4 devstack@placement-api.service[103158]: INFO placement.requestlog [req-75ef1c52-085c-4dd0-b13f-62d835afce84 req-1f7477cb-125f-4296-8363-86e59403b113 service placement] 10.222.0.105 "GET /placement/resource_providers/8ebca123-5ad4-4776-b84a-e1a9f52f05b3/traits" status: 200 len: 212 microversion: 1.6
Nov 12 13:14:48.777124 n-d-805736-4 devstack@placement-api.service[103158]: [pid: 103158|app: 0|req: 84/169] 10.222.0.105 () {60 vars in 1419 bytes} [Fri Nov 12 13:14:48 2021] GET /placement/resource_providers/8ebca123-5ad4-4776-b84a-e1a9f52f05b3/traits => generated 212 bytes in 42 msecs (HTTP/1.1 200) 6 headers in 224 bytes (1 switches on core 0)
Nov 12 13:14:50.150021 n-d-805736-4 devstack@placement-api.service[103157]: DEBUG placement.requestlog [req-078d7087-d2b2-46a2-8da4-26326624039b req-676913ca-1cc6-44cb-91f7-229b95a5ff62 None None] Starting request: 10.222.0.70 "GET /placement/resource_providers/5761d420-b4ee-42fa-87d0-bf64e75b1cc5/allocations" {{(pid=103157) __call__ /opt/stack/placement/placement/requestlog.py:55}}
Nov 12 13:14:50.397580 n-d-805736-4 devstack@placement-api.service[103157]: INFO placement.requestlog [req-078d7087-d2b2-46a2-8da4-26326624039b req-676913ca-1cc6-44cb-91f7-229b95a5ff62 service placement] 10.222.0.70 "GET /placement/resource_providers/5761d420-b4ee-42fa-87d0-bf64e75b1cc5/allocations" status: 200 len: 760 microversion: 1.0
Nov 12 13:14:50.398393 n-d-805736-4 devstack@placement-api.service[103157]: [pid: 103157|app: 0|req: 86/170] 10.222.0.70 () {58 vars in 1390 bytes} [Fri Nov 12 13:14:50 2021] GET /placement/resource_providers/5761d420-b4ee-42fa-87d0-bf64e75b1cc5/allocations => generated 760 bytes in 248 msecs (HTTP/1.1 200) 6 headers in 224 bytes (1 switches on core 0)
Nov 12 13:14:50.457754 n-d-805736-4 devstack@placement-api.service[103158]: DEBUG placement.requestlog [req-078d7087-d2b2-46a2-8da4-26326624039b req-8d16f3f2-b44e-45c6-a48c-f22765607165 None None] Starting request: 10.222.0.70 "GET /placement/resource_providers?in_tree=5761d420-b4ee-42fa-87d0-bf64e75b1cc5" {{(pid=103158) __call__ /opt/stack/placement/placement/requestlog.py:55}}
Nov 12 13:14:50.481937 n-d-805736-4 devstack@placement-api.service[103158]: INFO placement.requestlog [req-078d7087-d2b2-46a2-8da4-26326624039b req-8d16f3f2-b44e-45c6-a48c-f22765607165 service placement] 10.222.0.70 "GET /placement/resource_providers?in_tree=5761d420-b4ee-42fa-87d0-bf64e75b1cc5" status: 200 len: 863 microversion: 1.14
Nov 12 13:14:50.484186 n-d-805736-4 devstack@placement-api.service[103158]: [pid: 103158|app: 0|req: 85/171] 10.222.0.70 () {60 vars in 1376 bytes} [Fri Nov 12 13:14:50 2021] GET /placement/resource_providers?in_tree=5761d420-b4ee-42fa-87d0-bf64e75b1cc5 => generated 863 bytes in 27 msecs (HTTP/1.1 200) 6 headers in 225 bytes (1 switches on core 0)
Nov 12 13:14:50.494625 n-d-805736-4 devstack@placement-api.service[103157]: DEBUG placement.requestlog [req-078d7087-d2b2-46a2-8da4-26326624039b req-8ba8b45a-cbc6-4dd7-9286-919121502022 None None] Starting request: 10.222.0.70 "GET /placement/resource_providers/5761d420-b4ee-42fa-87d0-bf64e75b1cc5/inventories" {{(pid=103157) __call__ /opt/stack/placement/placement/requestlog.py:55}}
Nov 12 13:14:50.528603 n-d-805736-4 devstack@placement-api.service[103157]: INFO placement.requestlog [req-078d7087-d2b2-46a2-8da4-26326624039b req-8ba8b45a-cbc6-4dd7-9286-919121502022 service placement] 10.222.0.70 "GET /placement/resource_providers/5761d420-b4ee-42fa-87d0-bf64e75b1cc5/inventories" status: 200 len: 398 microversion: 1.0
Nov 12 13:14:50.529106 n-d-805736-4 devstack@placement-api.service[103157]: [pid: 103157|app: 0|req: 87/172] 10.222.0.70 () {58 vars in 1390 bytes} [Fri Nov 12 13:14:50 2021] GET /placement/resource_providers/5761d420-b4ee-42fa-87d0-bf64e75b1cc5/inventories => generated 398 bytes in 36 msecs (HTTP/1.1 200) 6 headers in 224 bytes (1 switches on core 0)
Nov 12 13:14:50.546349 n-d-805736-4 devstack@placement-api.service[103158]: DEBUG placement.requestlog [req-078d7087-d2b2-46a2-8da4-26326624039b req-df3aa72f-f5e9-492f-a7e1-70210a674f12 None None] Starting request: 10.222.0.70 "GET /placement/resource_providers/5761d420-b4ee-42fa-87d0-bf64e75b1cc5/aggregates" {{(pid=103158) __call__ /opt/stack/placement/placement/requestlog.py:55}}
Nov 12 13:14:50.566668 n-d-805736-4 devstack@placement-api.service[103158]: INFO placement.requestlog [req-078d7087-d2b2-46a2-8da4-26326624039b req-df3aa72f-f5e9-492f-a7e1-70210a674f12 service placement] 10.222.0.70 "GET /placement/resource_providers/5761d420-b4ee-42fa-87d0-bf64e75b1cc5/aggregates" status: 200 len: 54 microversion: 1.19
Nov 12 13:14:50.568734 n-d-805736-4 devstack@placement-api.service[103158]: [pid: 103158|app: 0|req: 86/173] 10.222.0.70 () {60 vars in 1431 bytes} [Fri Nov 12 13:14:50 2021] GET /placement/resource_providers/5761d420-b4ee-42fa-87d0-bf64e75b1cc5/aggregates => generated 54 bytes in 22 msecs (HTTP/1.1 200) 8 headers in 295 bytes (1 switches on core 0)
Nov 12 13:14:50.598524 n-d-805736-4 devstack@placement-api.service[103157]: DEBUG placement.requestlog [req-078d7087-d2b2-46a2-8da4-26326624039b req-471b92bc-2b61-4204-a1f5-1e0b57d4461e None None] Starting request: 10.222.0.70 "GET /placement/resource_providers/5761d420-b4ee-42fa-87d0-bf64e75b1cc5/traits" {{(pid=103157) __call__ /opt/stack/placement/placement/requestlog.py:55}}
Nov 12 13:14:50.652670 n-d-805736-4 devstack@placement-api.service[103157]: INFO placement.requestlog [req-078d7087-d2b2-46a2-8da4-26326624039b req-471b92bc-2b61-4204-a1f5-1e0b57d4461e service placement] 10.222.0.70 "GET /placement/resource_providers/5761d420-b4ee-42fa-87d0-bf64e75b1cc5/traits" status: 200 len: 212 microversion: 1.6
Nov 12 13:14:50.653493 n-d-805736-4 devstack@placement-api.service[103157]: [pid: 103157|app: 0|req: 88/174] 10.222.0.70 () {60 vars in 1418 bytes} [Fri Nov 12 13:14:50 2021] GET /placement/resource_providers/5761d420-b4ee-42fa-87d0-bf64e75b1cc5/traits => generated 212 bytes in 55 msecs (HTTP/1.1 200) 6 headers in 224 bytes (2 switches on core 0)
Nov 12 13:14:51.353994 n-d-805736-4 devstack@placement-api.service[103158]: DEBUG placement.requestlog [None req-986252ec-dd4c-4809-94a7-2d4bdcf7dca7 None None] Starting request: 10.222.0.73 "GET /placement/" {{(pid=103158) __call__ /opt/stack/placement/placement/requestlog.py:55}}
Nov 12 13:14:51.355475 n-d-805736-4 devstack@placement-api.service[103158]: INFO placement.requestlog [None req-986252ec-dd4c-4809-94a7-2d4bdcf7dca7 None None] 10.222.0.73 "GET /placement/" status: 200 len: 136 microversion: 1.0
Nov 12 13:14:51.355999 n-d-805736-4 devstack@placement-api.service[103158]: [pid: 103158|app: 0|req: 87/175] 10.222.0.73 () {54 vars in 916 bytes} [Fri Nov 12 13:14:51 2021] GET /placement => generated 136 bytes in 2 msecs (HTTP/1.1 200) 6 headers in 224 bytes (1 switches on core 0)
Nov 12 13:14:51.383339 n-d-805736-4 devstack@placement-api.service[103157]: DEBUG placement.requestlog [req-c38b7fd2-2bf4-4623-97cb-6d7f6da9f83a req-c6341186-55a6-43e8-b204-3e041f62cff2 None None] Starting request: 10.222.0.73 "GET /placement/allocations/fcf8d49b-8e29-4a99-97e2-f2307a56e678" {{(pid=103157) __call__ /opt/stack/placement/placement/requestlog.py:55}}
Nov 12 13:14:51.493359 n-d-805736-4 devstack@placement-api.service[103157]: INFO placement.requestlog [req-c38b7fd2-2bf4-4623-97cb-6d7f6da9f83a req-c6341186-55a6-43e8-b204-3e041f62cff2 service placement] 10.222.0.73 "GET /placement/allocations/fcf8d49b-8e29-4a99-97e2-f2307a56e678" status: 200 len: 259 microversion: 1.28
Nov 12 13:14:51.494523 n-d-805736-4 devstack@placement-api.service[103157]: [pid: 103157|app: 0|req: 89/176] 10.222.0.73 () {60 vars in 1380 bytes} [Fri Nov 12 13:14:51 2021] GET /placement/allocations/fcf8d49b-8e29-4a99-97e2-f2307a56e678 => generated 259 bytes in 112 msecs (HTTP/1.1 200) 8 headers in 296 bytes (1 switches on core 0)
Nov 12 13:14:51.500455 n-d-805736-4 devstack@placement-api.service[103158]: DEBUG placement.requestlog [req-c38b7fd2-2bf4-4623-97cb-6d7f6da9f83a req-23518ff4-9a7f-4edf-aa32-b9716f6fa4c7 None None] Starting request: 10.222.0.73 "GET /placement/allocations/fcf8d49b-8e29-4a99-97e2-f2307a56e678" {{(pid=103158) __call__ /opt/stack/placement/placement/requestlog.py:55}}
Nov 12 13:14:51.518032 n-d-805736-4 devstack@placement-api.service[103158]: INFO placement.requestlog [req-c38b7fd2-2bf4-4623-97cb-6d7f6da9f83a req-23518ff4-9a7f-4edf-aa32-b9716f6fa4c7 service placement] 10.222.0.73 "GET /placement/allocations/fcf8d49b-8e29-4a99-97e2-f2307a56e678" status: 200 len: 259 microversion: 1.28
Nov 12 13:14:51.518855 n-d-805736-4 devstack@placement-api.service[103158]: [pid: 103158|app: 0|req: 88/177] 10.222.0.73 () {60 vars in 1380 bytes} [Fri Nov 12 13:14:51 2021] GET /placement/allocations/fcf8d49b-8e29-4a99-97e2-f2307a56e678 => generated 259 bytes in 19 msecs (HTTP/1.1 200) 8 headers in 296 bytes (2 switches on core 0)
Nov 12 13:14:51.524876 n-d-805736-4 devstack@placement-api.service[103157]: DEBUG placement.requestlog [req-c38b7fd2-2bf4-4623-97cb-6d7f6da9f83a req-70d26e77-9741-4bf1-9ea4-20cb070b8ce1 None None] Starting request: 10.222.0.73 "GET /placement/allocations/39843eae-6125-4bfe-9f6b-432823738d78" {{(pid=103157) __call__ /opt/stack/placement/placement/requestlog.py:55}}
Nov 12 13:14:51.537268 n-d-805736-4 devstack@placement-api.service[103157]: INFO placement.requestlog [req-c38b7fd2-2bf4-4623-97cb-6d7f6da9f83a req-70d26e77-9741-4bf1-9ea4-20cb070b8ce1 service placement] 10.222.0.73 "GET /placement/allocations/39843eae-6125-4bfe-9f6b-432823738d78" status: 200 len: 19 microversion: 1.28
Nov 12 13:14:51.538911 n-d-805736-4 devstack@placement-api.service[103157]: [pid: 103157|app: 0|req: 90/178] 10.222.0.73 () {60 vars in 1380 bytes} [Fri Nov 12 13:14:51 2021] GET /placement/allocations/39843eae-6125-4bfe-9f6b-432823738d78 => generated 19 bytes in 13 msecs (HTTP/1.1 200) 8 headers in 295 bytes (1 switches on core 0)
Nov 12 13:14:51.543764 n-d-805736-4 devstack@placement-api.service[103158]: DEBUG placement.requestlog [req-c38b7fd2-2bf4-4623-97cb-6d7f6da9f83a req-754d0f50-f7ca-4ee8-abc5-5f6ed4e86c3f None None] Starting request: 10.222.0.73 "POST /placement/allocations" {{(pid=103158) __call__ /opt/stack/placement/placement/requestlog.py:55}}
Nov 12 13:14:51.714453 n-d-805736-4 devstack@placement-api.service[103158]: DEBUG placement.handlers.allocation [req-c38b7fd2-2bf4-4623-97cb-6d7f6da9f83a req-754d0f50-f7ca-4ee8-abc5-5f6ed4e86c3f service placement] Successfully wrote allocations [, , , , , ] {{(pid=103158) _update_consumers_and_create_allocations /opt/stack/placement/placement/handlers/allocation.py:572}}
Nov 12 13:14:51.721108 n-d-805736-4 devstack@placement-api.service[103158]: INFO placement.requestlog [req-c38b7fd2-2bf4-4623-97cb-6d7f6da9f83a req-754d0f50-f7ca-4ee8-abc5-5f6ed4e86c3f service placement] 10.222.0.73 "POST /placement/allocations" status: 204 len: 0 microversion: 1.28
Nov 12 13:14:51.721885 n-d-805736-4 devstack@placement-api.service[103158]: [pid: 103158|app: 0|req: 89/179] 10.222.0.73 () {64 vars in 1323 bytes} [Fri Nov 12 13:14:51 2021] POST /placement/allocations => generated 0 bytes in 178 msecs (HTTP/1.1 204) 5 headers in 199 bytes (1 switches on core 0)
Nov 12 13:14:51.768533 n-d-805736-4 devstack@placement-api.service[103157]: DEBUG placement.requestlog [req-c38b7fd2-2bf4-4623-97cb-6d7f6da9f83a req-390aa097-e4a0-4640-9172-0395c9afa024 None None] Starting request: 10.222.0.73 "GET /placement/allocations/fcf8d49b-8e29-4a99-97e2-f2307a56e678" {{(pid=103157) __call__ /opt/stack/placement/placement/requestlog.py:55}}
Nov 12 13:14:51.784943 n-d-805736-4 devstack@placement-api.service[103157]: INFO placement.requestlog [req-c38b7fd2-2bf4-4623-97cb-6d7f6da9f83a req-390aa097-e4a0-4640-9172-0395c9afa024 service placement] 10.222.0.73 "GET /placement/allocations/fcf8d49b-8e29-4a99-97e2-f2307a56e678" status: 200 len: 19 microversion: 1.28
Nov 12 13:14:51.786600 n-d-805736-4 devstack@placement-api.service[103157]: [pid: 103157|app: 0|req: 91/180] 10.222.0.73 () {60 vars in 1380 bytes} [Fri Nov 12 13:14:51 2021] GET /placement/allocations/fcf8d49b-8e29-4a99-97e2-f2307a56e678 => generated 19 bytes in 18 msecs (HTTP/1.1 200) 8 headers in 295 bytes (1 switches on core 0)
Nov 12 13:14:51.793625 n-d-805736-4 devstack@placement-api.service[103158]: DEBUG placement.requestlog [req-c38b7fd2-2bf4-4623-97cb-6d7f6da9f83a req-b9f973db-06dc-469a-9a67-989955799a56 None None] Starting request: 10.222.0.73 "PUT /placement/allocations/fcf8d49b-8e29-4a99-97e2-f2307a56e678" {{(pid=103158) __call__ /opt/stack/placement/placement/requestlog.py:55}}
Nov 12 13:14:51.869398 n-d-805736-4 devstack@placement-api.service[103158]: DEBUG placement.handlers.allocation [req-c38b7fd2-2bf4-4623-97cb-6d7f6da9f83a req-b9f973db-06dc-469a-9a67-989955799a56 service placement] Successfully wrote allocations [, , ] {{(pid=103158) _update_consumers_and_create_allocations /opt/stack/placement/placement/handlers/allocation.py:462}}
Nov 12 13:14:51.878394 n-d-805736-4 devstack@placement-api.service[103158]: INFO placement.requestlog [req-c38b7fd2-2bf4-4623-97cb-6d7f6da9f83a req-b9f973db-06dc-469a-9a67-989955799a56 service placement] 10.222.0.73 "PUT /placement/allocations/fcf8d49b-8e29-4a99-97e2-f2307a56e678" status: 204 len: 0 microversion: 1.28
Nov 12 13:14:51.878880 n-d-805736-4 devstack@placement-api.service[103158]: [pid: 103158|app: 0|req: 90/181] 10.222.0.73 () {64 vars in 1433 bytes} [Fri Nov 12 13:14:51 2021] PUT /placement/allocations/fcf8d49b-8e29-4a99-97e2-f2307a56e678 => generated 0 bytes in 85 msecs (HTTP/1.1 204) 5 headers in 199 bytes (1 switches on core 0)
Nov 12 13:14:52.081806 n-d-805736-4 devstack@placement-api.service[103157]: DEBUG placement.requestlog [req-c38b7fd2-2bf4-4623-97cb-6d7f6da9f83a req-439ba0df-6bd8-4d97-a209-6435da2dfd20 None None] Starting request: 10.222.0.70 "GET /placement/allocations/fcf8d49b-8e29-4a99-97e2-f2307a56e678" {{(pid=103157) __call__ /opt/stack/placement/placement/requestlog.py:55}}
Nov 12 13:14:52.101431 n-d-805736-4 devstack@placement-api.service[103157]: INFO placement.requestlog [req-c38b7fd2-2bf4-4623-97cb-6d7f6da9f83a req-439ba0df-6bd8-4d97-a209-6435da2dfd20 service placement] 10.222.0.70 "GET /placement/allocations/fcf8d49b-8e29-4a99-97e2-f2307a56e678" status: 200 len: 259 microversion: 1.28
Nov 12 13:14:52.102630 n-d-805736-4 devstack@placement-api.service[103157]: [pid: 103157|app: 0|req: 92/182] 10.222.0.70 () {60 vars in 1377 bytes} [Fri Nov 12 13:14:52 2021] GET /placement/allocations/fcf8d49b-8e29-4a99-97e2-f2307a56e678 => generated 259 bytes in 21 msecs (HTTP/1.1 200) 8 headers in 296 bytes (1 switches on core 0)
Nov 12 13:14:59.038228 n-d-805736-4 devstack@placement-api.service[103158]: DEBUG placement.requestlog [req-f6579811-f06d-4ed9-a097-09baeaa017d9 req-44b993c3-4c45-4626-a580-7feb3e00f4e0 None None] Starting request: 10.222.0.70 "DELETE /placement/allocations/5e0ed040-cb7f-4992-b622-ba5d856137d4" {{(pid=103158) __call__ /opt/stack/placement/placement/requestlog.py:55}}
Nov 12 13:14:59.114147 n-d-805736-4 devstack@placement-api.service[103158]: DEBUG placement.handlers.allocation [req-f6579811-f06d-4ed9-a097-09baeaa017d9 req-44b993c3-4c45-4626-a580-7feb3e00f4e0 service placement] Successfully deleted allocations [, , ] {{(pid=103158) delete_allocations /opt/stack/placement/placement/handlers/allocation.py:627}}
Nov 12 13:14:59.114651 n-d-805736-4 devstack@placement-api.service[103158]: INFO placement.requestlog [req-f6579811-f06d-4ed9-a097-09baeaa017d9 req-44b993c3-4c45-4626-a580-7feb3e00f4e0 service placement] 10.222.0.70 "DELETE /placement/allocations/5e0ed040-cb7f-4992-b622-ba5d856137d4" status: 204 len: 0 microversion: 1.0
Nov 12 13:14:59.114882 n-d-805736-4 devstack@placement-api.service[103158]: [pid: 103158|app: 0|req: 91/183] 10.222.0.70 () {60 vars in 1355 bytes} [Fri Nov 12 13:14:59 2021] DELETE /placement/allocations/5e0ed040-cb7f-4992-b622-ba5d856137d4 => generated 0 bytes in 77 msecs (HTTP/1.1 204) 5 headers in 198 bytes (2 switches on core 0)
Nov 12 13:15:00.031121 n-d-805736-4 devstack@placement-api.service[103157]: DEBUG placement.requestlog [req-ff2cdb88-d956-47a8-a4d9-17a156f47ed1 req-7883775b-309e-4d4d-a9ed-9d3281fcb085 None None] Starting request: 10.222.0.70 "DELETE /placement/allocations/3348a3cd-3698-4752-a740-bd5ca5b5202e" {{(pid=103157) __call__ /opt/stack/placement/placement/requestlog.py:55}}
Nov 12 13:15:00.093490 n-d-805736-4 devstack@placement-api.service[103157]: DEBUG placement.handlers.allocation [req-ff2cdb88-d956-47a8-a4d9-17a156f47ed1 req-7883775b-309e-4d4d-a9ed-9d3281fcb085 service placement] Successfully deleted allocations [, , ] {{(pid=103157) delete_allocations /opt/stack/placement/placement/handlers/allocation.py:627}}
Nov 12 13:15:00.094449 n-d-805736-4 devstack@placement-api.service[103157]: INFO placement.requestlog [req-ff2cdb88-d956-47a8-a4d9-17a156f47ed1 req-7883775b-309e-4d4d-a9ed-9d3281fcb085 service placement] 10.222.0.70 "DELETE /placement/allocations/3348a3cd-3698-4752-a740-bd5ca5b5202e" status: 204 len: 0 microversion: 1.0
Nov 12 13:15:00.094844 n-d-805736-4 devstack@placement-api.service[103157]: [pid: 103157|app: 0|req: 93/184] 10.222.0.70 () {60 vars in 1355 bytes} [Fri Nov 12 13:15:00 2021] DELETE /placement/allocations/3348a3cd-3698-4752-a740-bd5ca5b5202e => generated 0 bytes in 64 msecs (HTTP/1.1 204) 5 headers in 198 bytes (1 switches on core 0)
Nov 12 13:15:01.938834 n-d-805736-4 devstack@placement-api.service[103158]: DEBUG placement.requestlog [req-52d6357a-8539-4901-b7b3-f02286ead29b req-380e0eb4-5d24-49f9-9a6d-4979818ce082 None None] Starting request: 10.222.0.73 "GET /placement/allocation_candidates?limit=1000&resources=DISK_GB%3A1%2CMEMORY_MB%3A1024%2CVCPU%3A1&root_required=%21COMPUTE_STATUS_DISABLED" {{(pid=103158) __call__ /opt/stack/placement/placement/requestlog.py:55}}
Nov 12 13:15:01.980860 n-d-805736-4 devstack@placement-api.service[103158]: DEBUG placement.objects.research_context [req-52d6357a-8539-4901-b7b3-f02286ead29b req-380e0eb4-5d24-49f9-9a6d-4979818ce082 service placement] getting providers with 1 DISK_GB {{(pid=103158) __init__ /opt/stack/placement/placement/objects/research_context.py:126}}
Nov 12 13:15:01.994152 n-d-805736-4 devstack@placement-api.service[103158]: DEBUG placement.objects.research_context [req-52d6357a-8539-4901-b7b3-f02286ead29b req-380e0eb4-5d24-49f9-9a6d-4979818ce082 service placement] getting providers with 1024 MEMORY_MB {{(pid=103158) __init__ /opt/stack/placement/placement/objects/research_context.py:126}}
Nov 12 13:15:02.001320 n-d-805736-4 devstack@placement-api.service[103158]: DEBUG placement.objects.research_context [req-52d6357a-8539-4901-b7b3-f02286ead29b req-380e0eb4-5d24-49f9-9a6d-4979818ce082 service placement] getting providers with 1 VCPU {{(pid=103158) __init__ /opt/stack/placement/placement/objects/research_context.py:126}}
Nov 12 13:15:02.011004 n-d-805736-4 devstack@placement-api.service[103158]: DEBUG placement.objects.research_context [req-52d6357a-8539-4901-b7b3-f02286ead29b req-380e0eb4-5d24-49f9-9a6d-4979818ce082 service placement] found 2 providers with available 1 DISK_GB {{(pid=103158) get_provider_ids_matching /opt/stack/placement/placement/objects/research_context.py:549}}
Nov 12 13:15:02.011443 n-d-805736-4 devstack@placement-api.service[103158]: DEBUG placement.objects.research_context [req-52d6357a-8539-4901-b7b3-f02286ead29b req-380e0eb4-5d24-49f9-9a6d-4979818ce082 service placement] found 2 providers with available 1024 MEMORY_MB {{(pid=103158) get_provider_ids_matching /opt/stack/placement/placement/objects/research_context.py:549}}
