Aug 31 16:37:05.622350 n-d-805663-9 neutron-server[95445]: INFO neutron.wsgi [req-a5915bd5-60e1-4d02-a569-9490704dabac req-4584687b-f440-4e08-8140-159862fc9c83 tempest-AggregatesAdminTestJSON-721451904 tempest-AggregatesAdminTestJSON-721451904-project] 10.222.0.47 "GET /v2.0/ports?device_id=e4cc7f5a-c271-4d96-97d6-de893882273b HTTP/1.1" status: 200 len: 970 time: 0.1952639
Aug 31 16:37:05.669530 n-d-805663-9 neutron-server[95444]: DEBUG neutron_lib.callbacks.manager [None req-1812afb3-524a-40fc-939b-40f9e423dafd admin admin] Notify callbacks ['neutron.plugins.ml2.ovo_rpc._ObjectChangeHandler.handle_event-3709130'] for security_group, after_create {{(pid=95444) _notify_loop /usr/local/lib/python3.8/dist-packages/neutron_lib/callbacks/manager.py:192}}
Aug 31 16:37:05.743361 n-d-805663-9 neutron-server[95445]: INFO neutron.wsgi [req-a5915bd5-60e1-4d02-a569-9490704dabac req-d9aaf811-9f08-4c6f-b715-0b608a5a158c tempest-AggregatesAdminTestJSON-721451904 tempest-AggregatesAdminTestJSON-721451904-project] 10.222.0.47 "GET /v2.0/security-groups?id=3e854cbe-bc26-4b67-b239-5711cf35e78a&fields=id&fields=name HTTP/1.1" status: 200 len: 286 time: 0.1119921
Aug 31 16:37:05.750853 n-d-805663-9 neutron-server[95445]: INFO neutron.wsgi [req-58a810f3-8c8e-4cff-9e6a-14fe6808b00b req-66ce7717-6899-4eb6-bf1f-66ba86454bc7 service neutron] 10.222.0.42 "GET /v2.0/networks/0a299d23-c7b9-4c50-9ecc-c73cde34d92d?fields=provider%3Aphysical_network&fields=provider%3Anetwork_type HTTP/1.1" status: 200 len: 281 time: 0.5102363
Aug 31 16:37:05.787615 n-d-805663-9 neutron-server[95444]: INFO neutron.wsgi [None req-1812afb3-524a-40fc-939b-40f9e423dafd admin admin] 10.222.0.47 "GET /v2.0/security-groups?tenant_id=c88317a8fc414e8bbbc057275292ab59&name=default HTTP/1.1" status: 200 len: 2979 time: 1.3664818
Aug 31 16:37:05.790932 n-d-805663-9 neutron-server[95445]: DEBUG neutron.wsgi [-] (95445) accepted ('10.222.0.47', 60032) {{(pid=95445) server /usr/local/lib/python3.8/dist-packages/eventlet/wsgi.py:982}}
Aug 31 16:37:05.791216 n-d-805663-9 neutron-server[95444]: DEBUG neutron.api.rpc.handlers.resources_rpc [None req-1812afb3-524a-40fc-939b-40f9e423dafd admin admin] Pushing event updated for resources: {'SecurityGroup': ['ID=4f599610-e480-4306-9dfb-5dc413b6f1df,revision_number=1']} {{(pid=95444) push /opt/stack/neutron/neutron/api/rpc/handlers/resources_rpc.py:237}}
Aug 31 16:37:05.857578 n-d-805663-9 neutron-server[95444]: DEBUG neutron.api.rpc.agentnotifiers.l3_rpc_agent_api [None req-76912bf1-308b-490e-bed3-ed710ff99f28 admin admin] Notify agent at l3_agent.n-d-805663-9 the message routers_updated {{(pid=95444) _agent_notification /opt/stack/neutron/neutron/api/rpc/agentnotifiers/l3_rpc_agent_api.py:65}}
Aug 31 16:37:05.868861 n-d-805663-9 neutron-server[95444]: INFO neutron.wsgi [None req-76912bf1-308b-490e-bed3-ed710ff99f28 admin admin] 10.222.0.47 "PUT /v2.0/routers/10ce30e9-2df5-40b0-8528-b23307181b6b/add_router_interface HTTP/1.1" status: 200 len: 503 time: 6.0977862
Aug 31 16:37:06.014970 n-d-805663-9 neutron-server[95445]: DEBUG neutron_lib.callbacks.manager [None req-b4d4b2ac-63b8-4639-a0bb-ecd7d9d564f7 admin admin] Notify callbacks [] for security_group, before_delete {{(pid=95445) _notify_loop /usr/local/lib/python3.8/dist-packages/neutron_lib/callbacks/manager.py:192}}
Aug 31 16:37:06.067352 n-d-805663-9 neutron-server[95445]: DEBUG neutron.pecan_wsgi.hooks.policy_enforcement [req-198bbe98-0123-4421-94bf-8ed5893797b1 req-f537ca8c-200d-4c0b-b3d1-919c92c64a00 service neutron] Attributes excluded by policy engine: ['standard_attr_id'] {{(pid=95445) _exclude_attributes_by_policy /opt/stack/neutron/neutron/pecan_wsgi/hooks/policy_enforcement.py:255}}
Aug 31 16:37:06.069304 n-d-805663-9 neutron-server[95445]: INFO neutron.wsgi [req-198bbe98-0123-4421-94bf-8ed5893797b1 req-f537ca8c-200d-4c0b-b3d1-919c92c64a00 service neutron] 10.222.0.42 "GET /v2.0/ports?tenant_id=971c6f2985104706ac7b1971449cf3ce&device_id=e4cc7f5a-c271-4d96-97d6-de893882273b HTTP/1.1" status: 200 len: 1121 time: 0.1180477
Aug 31 16:37:06.134358 n-d-805663-9 neutron-server[95444]: DEBUG neutron.pecan_wsgi.hooks.policy_enforcement [req-8a1d2add-89a1-40c9-9939-7dd10021a65a req-71134ef1-43fd-43b7-8e82-2770453f27eb tempest-DeleteServersAdminTestJSON-34812594 tempest-DeleteServersAdminTestJSON-34812594-project] Attributes excluded by policy engine: ['standard_attr_id', 'binding:profile', 'binding:host_id', 'binding:vif_type', 'binding:vif_details'] {{(pid=95444) _exclude_attributes_by_policy /opt/stack/neutron/neutron/pecan_wsgi/hooks/policy_enforcement.py:255}}
Aug 31 16:37:06.136129 n-d-805663-9 neutron-server[95444]: INFO neutron.wsgi [req-8a1d2add-89a1-40c9-9939-7dd10021a65a req-71134ef1-43fd-43b7-8e82-2770453f27eb tempest-DeleteServersAdminTestJSON-34812594 tempest-DeleteServersAdminTestJSON-34812594-project] 10.222.0.47 "GET /v2.0/ports?device_id=9f7c9a7c-c754-45cc-94c7-426bf1e32eaa HTTP/1.1" status: 200 len: 947 time: 0.1649823
Aug 31 16:37:06.215997 n-d-805663-9 neutron-server[95446]: DEBUG neutron.plugins.ml2.rpc [None req-4c1be305-6226-4739-9f67-0079f102edd1 None None] Device 22abda51-4285-4319-8a78-10bb4e1507fe up at agent ovs-agent-n-d-805663-9 {{(pid=95446) update_device_up /opt/stack/neutron/neutron/plugins/ml2/rpc.py:296}}
Aug 31 16:37:06.258352 n-d-805663-9 neutron-server[95444]: INFO neutron.wsgi [req-8a1d2add-89a1-40c9-9939-7dd10021a65a req-2e4330c8-647d-4fae-872e-ae35bc444cff tempest-DeleteServersAdminTestJSON-34812594 tempest-DeleteServersAdminTestJSON-34812594-project] 10.222.0.47 "GET /v2.0/security-groups?id=96bfbdc0-b18c-4044-b725-9e67d2bcbbac&fields=id&fields=name HTTP/1.1" status: 200 len: 286 time: 0.1102338
Aug 31 16:37:06.273998 n-d-805663-9 neutron-server[95445]: DEBUG neutron.pecan_wsgi.hooks.policy_enforcement [req-198bbe98-0123-4421-94bf-8ed5893797b1 req-332fa79d-756a-49bd-9ab0-05e211e45715 service neutron] Attributes excluded by policy engine: ['standard_attr_id', 'vlan_transparent'] {{(pid=95445) _exclude_attributes_by_policy /opt/stack/neutron/neutron/pecan_wsgi/hooks/policy_enforcement.py:255}}
Aug 31 16:37:06.276767 n-d-805663-9 neutron-server[95445]: INFO neutron.wsgi [req-198bbe98-0123-4421-94bf-8ed5893797b1 req-332fa79d-756a-49bd-9ab0-05e211e45715 service neutron] 10.222.0.42 "GET /v2.0/networks?id=0a299d23-c7b9-4c50-9ecc-c73cde34d92d HTTP/1.1" status: 200 len: 871 time: 0.1959801
Aug 31 16:37:06.283324 n-d-805663-9 neutron-server[95445]: DEBUG neutron_lib.callbacks.manager [None req-b4d4b2ac-63b8-4639-a0bb-ecd7d9d564f7 admin admin] Notify callbacks [] for security_group, precommit_delete {{(pid=95445) _notify_loop /usr/local/lib/python3.8/dist-packages/neutron_lib/callbacks/manager.py:192}}
Aug 31 16:37:06.393858 n-d-805663-9 neutron-server[95444]: DEBUG neutron.wsgi [-] (95444) accepted ('10.222.0.47', 60048) {{(pid=95444) server /usr/local/lib/python3.8/dist-packages/eventlet/wsgi.py:982}}
Aug 31 16:37:06.411943 n-d-805663-9 neutron-server[95445]: INFO neutron.wsgi [req-198bbe98-0123-4421-94bf-8ed5893797b1 req-1c43f953-23aa-4335-a316-7a261824c879 service neutron] 10.222.0.42 "GET /v2.0/floatingips?fixed_ip_address=192.168.233.181&port_id=c81872c8-334c-440a-9815-dfe780b60666 HTTP/1.1" status: 200 len: 217 time: 0.1251938
Aug 31 16:37:06.440823 n-d-805663-9 neutron-server[95446]: DEBUG neutron.db.provisioning_blocks [None req-4c1be305-6226-4739-9f67-0079f102edd1 None None] Provisioning for port 22abda51-4285-4319-8a78-10bb4e1507fe completed by entity L2. {{(pid=95446) provisioning_complete /opt/stack/neutron/neutron/db/provisioning_blocks.py:133}}
Aug 31 16:37:06.446163 n-d-805663-9 neutron-server[95446]: DEBUG neutron.db.provisioning_blocks [None req-4c1be305-6226-4739-9f67-0079f102edd1 None None] Provisioning complete for port 22abda51-4285-4319-8a78-10bb4e1507fe triggered by entity L2. {{(pid=95446) provisioning_complete /opt/stack/neutron/neutron/db/provisioning_blocks.py:139}}
Aug 31 16:37:06.446829 n-d-805663-9 neutron-server[95446]: DEBUG neutron_lib.callbacks.manager [None req-4c1be305-6226-4739-9f67-0079f102edd1 None None] Notify callbacks ['neutron.plugins.ml2.plugin.Ml2Plugin._port_provisioned-654102'] for port, provisioning_complete {{(pid=95446) _notify_loop /usr/local/lib/python3.8/dist-packages/neutron_lib/callbacks/manager.py:192}}
Aug 31 16:37:06.455481 n-d-805663-9 neutron-server[95444]: DEBUG neutron.wsgi [-] (95444) accepted ('10.222.0.47', 60052) {{(pid=95444) server /usr/local/lib/python3.8/dist-packages/eventlet/wsgi.py:982}}
Aug 31 16:37:06.574509 n-d-805663-9 neutron-server[95445]: DEBUG neutron.pecan_wsgi.hooks.policy_enforcement [req-198bbe98-0123-4421-94bf-8ed5893797b1 req-d77f34bc-5635-4fb9-a193-eb398d7cd049 service neutron] Attributes excluded by policy engine: ['standard_attr_id', 'shared'] {{(pid=95445) _exclude_attributes_by_policy /opt/stack/neutron/neutron/pecan_wsgi/hooks/policy_enforcement.py:255}}
Aug 31 16:37:06.576940 n-d-805663-9 neutron-server[95445]: INFO neutron.wsgi [req-198bbe98-0123-4421-94bf-8ed5893797b1 req-d77f34bc-5635-4fb9-a193-eb398d7cd049 service neutron] 10.222.0.42 "GET /v2.0/subnets?id=09ebfa5f-8eb7-4441-adcb-ccf6a947802c HTTP/1.1" status: 200 len: 843 time: 0.1390531
Aug 31 16:37:06.663498 n-d-805663-9 neutron-server[95445]: DEBUG neutron.pecan_wsgi.hooks.policy_enforcement [req-198bbe98-0123-4421-94bf-8ed5893797b1 req-f5bc938c-355d-4a44-bb2d-c830b5414364 service neutron] Attributes excluded by policy engine: ['standard_attr_id'] {{(pid=95445) _exclude_attributes_by_policy /opt/stack/neutron/neutron/pecan_wsgi/hooks/policy_enforcement.py:255}}
Aug 31 16:37:06.666388 n-d-805663-9 neutron-server[95445]: INFO neutron.wsgi [req-198bbe98-0123-4421-94bf-8ed5893797b1 req-f5bc938c-355d-4a44-bb2d-c830b5414364 service neutron] 10.222.0.42 "GET /v2.0/ports?network_id=0a299d23-c7b9-4c50-9ecc-c73cde34d92d&device_owner=network%3Adhcp HTTP/1.1" status: 200 len: 1166 time: 0.0717189
Aug 31 16:37:06.706906 n-d-805663-9 neutron-server[95444]: DEBUG neutron_lib.callbacks.manager [None req-67e924e2-f4e0-41fa-a01f-ded6b05f8fc8 admin admin] Notify callbacks [] for security_group, before_create {{(pid=95444) _notify_loop /usr/local/lib/python3.8/dist-packages/neutron_lib/callbacks/manager.py:192}}
Aug 31 16:37:06.830125 n-d-805663-9 neutron-server[95446]: DEBUG neutron_lib.callbacks.manager [None req-4c1be305-6226-4739-9f67-0079f102edd1 None None] Notify callbacks ['neutron.plugins.ml2.plugin.SecurityGroupDbMixin._ensure_default_security_group_handler-581313'] for port, before_update {{(pid=95446) _notify_loop /usr/local/lib/python3.8/dist-packages/neutron_lib/callbacks/manager.py:192}}
Aug 31 16:37:06.843360 n-d-805663-9 neutron-server[95444]: DEBUG neutron.api.v2.base [None req-5c982162-e2f0-4f89-8a26-e81e37d5986c admin admin] Request body: {'network': {'name': 'tempest-LiveMigrationTest-308154795-network', 'tenant_id': 'c396214c8004492b8af9c0d23e9ede5a'}} {{(pid=95444) prepare_request_body /opt/stack/neutron/neutron/api/v2/base.py:730}}
Aug 31 16:37:06.877714 n-d-805663-9 neutron-server[95445]: INFO neutron.wsgi [req-198bbe98-0123-4421-94bf-8ed5893797b1 req-a08ae5ef-94a2-423e-8330-9c3f04debe2c service neutron] 10.222.0.42 "GET /v2.0/networks/0a299d23-c7b9-4c50-9ecc-c73cde34d92d?fields=segments HTTP/1.1" status: 200 len: 212 time: 0.1861820
Aug 31 16:37:06.889207 n-d-805663-9 neutron-server[95445]: DEBUG neutron_lib.callbacks.manager [None req-b4d4b2ac-63b8-4639-a0bb-ecd7d9d564f7 admin admin] Notify callbacks ['neutron.plugins.ml2.ovo_rpc._ObjectChangeHandler.handle_event-3709130'] for security_group, after_delete {{(pid=95445) _notify_loop /usr/local/lib/python3.8/dist-packages/neutron_lib/callbacks/manager.py:192}}
Aug 31 16:37:06.898306 n-d-805663-9 neutron-server[95445]: DEBUG neutron_lib.callbacks.manager [None req-b4d4b2ac-63b8-4639-a0bb-ecd7d9d564f7 admin admin] Notify callbacks [] for security_group, before_response {{(pid=95445) _notify_loop /usr/local/lib/python3.8/dist-packages/neutron_lib/callbacks/manager.py:192}}
Aug 31 16:37:06.900400 n-d-805663-9 neutron-server[95446]: DEBUG neutron.plugins.ml2.db [None req-4c1be305-6226-4739-9f67-0079f102edd1 None None] For port 22abda51-4285-4319-8a78-10bb4e1507fe, host n-d-805663-9, got binding levels [PortBindingLevel(driver='openvswitch',host='n-d-805663-9',level=0,port_id=22abda51-4285-4319-8a78-10bb4e1507fe,segment=NetworkSegment(ae9979d3-ddae-439c-96bd-28193b759dc7),segment_id=ae9979d3-ddae-439c-96bd-28193b759dc7)] {{(pid=95446) get_binding_level_objs /opt/stack/neutron/neutron/plugins/ml2/db.py:74}}
Aug 31 16:37:06.906208 n-d-805663-9 neutron-server[95445]: INFO neutron.wsgi [None req-b4d4b2ac-63b8-4639-a0bb-ecd7d9d564f7 admin admin] 10.222.0.47 "DELETE /v2.0/security-groups/4f599610-e480-4306-9dfb-5dc413b6f1df HTTP/1.1" status: 204 len: 168 time: 1.1123993
Aug 31 16:37:06.967167 n-d-805663-9 neutron-server[95445]: DEBUG neutron.api.rpc.handlers.resources_rpc [None req-b4d4b2ac-63b8-4639-a0bb-ecd7d9d564f7 admin admin] Pushing event deleted for resources: {'SecurityGroup': ['ID=4f599610-e480-4306-9dfb-5dc413b6f1df,revision_number=None']} {{(pid=95445) push /opt/stack/neutron/neutron/api/rpc/handlers/resources_rpc.py:237}}
Aug 31 16:37:06.990638 n-d-805663-9 neutron-server[95446]: DEBUG neutron_lib.callbacks.manager [None req-4c1be305-6226-4739-9f67-0079f102edd1 None None] Notify callbacks ['neutron.plugins.ml2.plugin.SecurityGroupServerNotifierRpcMixin._notify_sg_on_port_change-581254', 'neutron.plugins.ml2.ovo_rpc._ObjectChangeHandler.handle_event-124980', 'neutron.api.rpc.agentnotifiers.dhcp_rpc_agent_api.DhcpAgentNotifyAPI._native_event_send_dhcp_notification-3708515', 'neutron.db.l3_db.L3RpcNotifierMixin._notify_gateway_port_ip_changed-8742320018643', 'neutron.db.l3_dvrscheduler_db._notify_l3_agent_port_update-8742319521082', 'neutron.db.l3_hascheduler_db._notify_l3_agent_ha_port_update-8742319521100'] for port, after_update {{(pid=95446) _notify_loop /usr/local/lib/python3.8/dist-packages/neutron_lib/callbacks/manager.py:192}}
Aug 31 16:37:07.087512 n-d-805663-9 neutron-server[95445]: INFO neutron.wsgi [req-198bbe98-0123-4421-94bf-8ed5893797b1 req-3db05f06-533e-47f6-a61c-48e9ebea17bd service neutron] 10.222.0.42 "GET /v2.0/networks/0a299d23-c7b9-4c50-9ecc-c73cde34d92d?fields=provider%3Aphysical_network&fields=provider%3Anetwork_type HTTP/1.1" status: 200 len: 281 time: 0.1798508
Aug 31 16:37:07.111760 n-d-805663-9 neutron-server[95446]: DEBUG neutron.api.rpc.handlers.resources_rpc [None req-4c1be305-6226-4739-9f67-0079f102edd1 None None] Pushing event updated for resources: {'Port': ['ID=22abda51-4285-4319-8a78-10bb4e1507fe,revision_number=4']} {{(pid=95446) push /opt/stack/neutron/neutron/api/rpc/handlers/resources_rpc.py:237}}
Aug 31 16:37:07.120626 n-d-805663-9 neutron-server[95444]: DEBUG neutron.pecan_wsgi.hooks.policy_enforcement [req-fd0a5125-fec5-4b02-8b27-00a5984981c3 req-00301cf1-c59b-400d-8751-0183a49ba40e tempest-AggregatesAdminTestJSON-721451904 tempest-AggregatesAdminTestJSON-721451904-project] Attributes excluded by policy engine: ['standard_attr_id', 'binding:profile', 'binding:host_id', 'binding:vif_type', 'binding:vif_details'] {{(pid=95444) _exclude_attributes_by_policy /opt/stack/neutron/neutron/pecan_wsgi/hooks/policy_enforcement.py:255}}
Aug 31 16:37:07.134942 n-d-805663-9 neutron-server[95444]: INFO neutron.wsgi [req-fd0a5125-fec5-4b02-8b27-00a5984981c3 req-00301cf1-c59b-400d-8751-0183a49ba40e tempest-AggregatesAdminTestJSON-721451904 tempest-AggregatesAdminTestJSON-721451904-project] 10.222.0.47 "GET /v2.0/ports?device_id=e4cc7f5a-c271-4d96-97d6-de893882273b HTTP/1.1" status: 200 len: 970 time: 0.2279332
Aug 31 16:37:07.135050 n-d-805663-9 neutron-server[95446]: DEBUG neutron.api.rpc.handlers.l3_rpc [None req-3969c3e1-3c58-4c90-bad5-1bed455fd178 None None] Sync routers for ids ['10ce30e9-2df5-40b0-8528-b23307181b6b'] in n-d-805663-9 {{(pid=95446) sync_routers /opt/stack/neutron/neutron/api/rpc/handlers/l3_rpc.py:125}}
Aug 31 16:37:07.146060 n-d-805663-9 neutron-server[95446]: DEBUG neutron.db.l3_dvrscheduler_db [None req-3969c3e1-3c58-4c90-bad5-1bed455fd178 None None] Routers {'10ce30e9-2df5-40b0-8528-b23307181b6b'} bound to L3 agent in host n-d-805663-9 {{(pid=95446) _get_router_ids_for_agent /opt/stack/neutron/neutron/db/l3_dvrscheduler_db.py:420}}
Aug 31 16:37:07.147017 n-d-805663-9 neutron-server[95446]: DEBUG neutron.db.l3_hamode_db [None req-3969c3e1-3c58-4c90-bad5-1bed455fd178 None None] neutron.services.l3_router.l3_router_plugin.L3RouterPlugin method get_ha_sync_data_for_host called with arguments (, 'n-d-805663-9', Agent(admin_state_up=True,agent_type='L3 agent',availability_zone='nova',binary='neutron-l3-agent',configurations={"agent_mode": "legacy", "ex_gw_ports": 2, "extensions": [], "floating_ips": 0, "handle_internal_only_routers": true, "interface_driver": "openvswitch", "interfaces": 2, "log_agent_heartbeats": false, "routers": 2},created_at=2021-08-31T16:26:02Z,description=,heartbeat_timestamp=2021-08-31T16:37:02Z,host='n-d-805663-9',id=334e8ba0-09d2-45e5-90e3-488f8c6c86b7,load=0,resource_versions=,resources_synced=,started_at=2021-08-31T16:26:02Z,topic='l3_agent')) {'router_ids': ['10ce30e9-2df5-40b0-8528-b23307181b6b'], 'active': True} {{(pid=95446) wrapper /usr/local/lib/python3.8/dist-packages/oslo_log/helpers.py:65}}
Aug 31 16:37:07.228092 n-d-805663-9 neutron-server[95444]: DEBUG neutron_lib.callbacks.manager [None req-67e924e2-f4e0-41fa-a01f-ded6b05f8fc8 admin admin] Notify callbacks [] for security_group, precommit_create {{(pid=95444) _notify_loop /usr/local/lib/python3.8/dist-packages/neutron_lib/callbacks/manager.py:192}}
Aug 31 16:37:07.247549 n-d-805663-9 neutron-server[95444]: INFO neutron.wsgi [req-fd0a5125-fec5-4b02-8b27-00a5984981c3 req-5b474ba3-b2c2-4602-b11c-3fa94e3c80fb tempest-AggregatesAdminTestJSON-721451904 tempest-AggregatesAdminTestJSON-721451904-project] 10.222.0.47 "GET /v2.0/security-groups?id=3e854cbe-bc26-4b67-b239-5711cf35e78a&fields=id&fields=name HTTP/1.1" status: 200 len: 286 time: 0.1147687
Aug 31 16:37:07.308413 n-d-805663-9 neutron-server[95446]: DEBUG neutron.db.l3_dvr_db [None req-3969c3e1-3c58-4c90-bad5-1bed455fd178 None None] Set router 10ce30e9-2df5-40b0-8528-b23307181b6b gateway port host: n-d-805663-9 {{(pid=95446) _build_routers_list /opt/stack/neutron/neutron/db/l3_dvr_db.py:906}}
Aug 31 16:37:07.420957 n-d-805663-9 neutron-server[95444]: DEBUG neutron_lib.callbacks.manager [None req-67e924e2-f4e0-41fa-a01f-ded6b05f8fc8 admin admin] Notify callbacks ['neutron.plugins.ml2.ovo_rpc._ObjectChangeHandler.handle_event-3709130'] for security_group, after_create {{(pid=95444) _notify_loop /usr/local/lib/python3.8/dist-packages/neutron_lib/callbacks/manager.py:192}}
Aug 31 16:37:07.512915 n-d-805663-9 neutron-server[95444]: INFO neutron.wsgi [None req-67e924e2-f4e0-41fa-a01f-ded6b05f8fc8 admin admin] 10.222.0.47 "GET /v2.0/security-groups?tenant_id=4095ed35f6014447b010670791f8ef40&name=default HTTP/1.1" status: 200 len: 2979 time: 1.1167769
Aug 31 16:37:07.515562 n-d-805663-9 neutron-server[95445]: DEBUG neutron.wsgi [-] (95445) accepted ('10.222.0.47', 60076) {{(pid=95445) server /usr/local/lib/python3.8/dist-packages/eventlet/wsgi.py:982}}
Aug 31 16:37:07.516885 n-d-805663-9 neutron-server[95444]: DEBUG neutron.api.rpc.handlers.resources_rpc [None req-67e924e2-f4e0-41fa-a01f-ded6b05f8fc8 admin admin] Pushing event updated for resources: {'SecurityGroup': ['ID=bd63a223-e18c-4328-886b-3093795d69c9,revision_number=1']} {{(pid=95444) push /opt/stack/neutron/neutron/api/rpc/handlers/resources_rpc.py:237}}
Aug 31 16:37:07.530693 n-d-805663-9 neutron-server[95444]: DEBUG neutron.pecan_wsgi.hooks.policy_enforcement [req-4965ee66-430d-4312-98be-55d9fa42fcc9 req-61d923b8-294c-4b47-b2ec-a01c09ed944e tempest-DeleteServersAdminTestJSON-34812594 tempest-DeleteServersAdminTestJSON-34812594-project] Attributes excluded by policy engine: ['standard_attr_id', 'binding:profile', 'binding:host_id', 'binding:vif_type', 'binding:vif_details'] {{(pid=95444) _exclude_attributes_by_policy /opt/stack/neutron/neutron/pecan_wsgi/hooks/policy_enforcement.py:255}}
Aug 31 16:37:07.546527 n-d-805663-9 neutron-server[95444]: INFO neutron.wsgi [req-4965ee66-430d-4312-98be-55d9fa42fcc9 req-61d923b8-294c-4b47-b2ec-a01c09ed944e tempest-DeleteServersAdminTestJSON-34812594 tempest-DeleteServersAdminTestJSON-34812594-project] 10.222.0.47 "GET /v2.0/ports?device_id=9f7c9a7c-c754-45cc-94c7-426bf1e32eaa HTTP/1.1" status: 200 len: 947 time: 0.2106628
Aug 31 16:37:07.598069 n-d-805663-9 neutron-server[95444]: DEBUG neutron.pecan_wsgi.hooks.quota_enforcement [None req-5c982162-e2f0-4f89-8a26-e81e37d5986c admin admin] Made reservation on behalf of c396214c8004492b8af9c0d23e9ede5a for: {'network': 1} {{(pid=95444) before /opt/stack/neutron/neutron/pecan_wsgi/hooks/quota_enforcement.py:53}}
Aug 31 16:37:07.600668 n-d-805663-9 neutron-server[95444]: DEBUG neutron_lib.callbacks.manager [None req-5c982162-e2f0-4f89-8a26-e81e37d5986c admin admin] Notify callbacks ['neutron.plugins.ml2.plugin.SecurityGroupDbMixin._ensure_default_security_group_handler-581313'] for network, before_create {{(pid=95444) _notify_loop /usr/local/lib/python3.8/dist-packages/neutron_lib/callbacks/manager.py:192}}
Aug 31 16:37:07.643227 n-d-805663-9 neutron-server[95446]: DEBUG neutron.db.l3_hamode_db [None req-3969c3e1-3c58-4c90-bad5-1bed455fd178 None None] neutron.services.l3_router.l3_router_plugin.L3RouterPlugin method _process_sync_ha_data called with arguments (, [{'id': '10ce30e9-2df5-40b0-8528-b23307181b6b', 'name': 'tempest-ServersWithSpecificFlavorTestJSON-1854539452-router', 'tenant_id': '0151417932224229828b6365b75803eb', 'admin_state_up': True, 'status': 'ACTIVE', 'external_gateway_info': {'network_id': '03698fc4-2032-4828-9765-de16692ef5c8', 'external_fixed_ips': [{'subnet_id': '4a3955b2-86be-48fa-9675-940d2be21e89', 'ip_address': '172.25.1.44'}], 'enable_snat': True}, 'gw_port_id': '22abda51-4285-4319-8a78-10bb4e1507fe', 'description': '', 'availability_zones': ['nova'], 'distributed': False, 'ha': False, 'ha_vr_id': 0, 'availability_zone_hints': [], 'routes': [], 'flavor_id': None, 'tags': [], 'created_at': '2021-08-31T16:36:53Z', 'updated_at': '2021-08-31T16:37:03Z', 'revision_number': 4, 'project_id': '0151417932224229828b6365b75803eb', 'gw_port': {'id': '22abda51-4285-4319-8a78-10bb4e1507fe', 'name': '', 'network_id': '03698fc4-2032-4828-9765-de16692ef5c8', 'tenant_id': '', 'mac_address': 'fa:16:3e:0a:c2:17', 'admin_state_up': True, 'status': 'ACTIVE', 'device_id': '10ce30e9-2df5-40b0-8528-b23307181b6b', 'device_owner': 'network:router_gateway', 'standard_attr_id': 90, 'fixed_ips': [{'subnet_id': '4a3955b2-86be-48fa-9675-940d2be21e89', 'ip_address': '172.25.1.44', 'prefixlen': 24}], 'allowed_address_pairs': [], 'extra_dhcp_opts': [], 'security_groups': [], 'description': '', 'binding:vnic_type': 'normal', 'binding:profile': {}, 'binding:host_id': 'n-d-805663-9', 'binding:vif_type': 'ovs', 'binding:vif_details': {'connectivity': 'l2', 'port_filter': True, 'ovs_hybrid_plug': False, 'datapath_type': 'system', 'bridge_name': 'br-int'}, 'port_security_enabled': False, 'tags': [], 'created_at': '2021-08-31T16:36:55Z', 'updated_at': '2021-08-31T16:37:06Z', 'revision_number': 4, 'project_id': '', 'subnets': [{'id': '4a3955b2-86be-48fa-9675-940d2be21e89', 'cidr': '172.25.1.0/24', 'gateway_ip': '172.25.1.1', 'dns_nameservers': [], 'ipv6_ra_mode': None, 'subnetpool_id': None}], 'extra_subnets': [], 'address_scopes': {4: None, 6: None}, 'mtu': 1500}, 'enable_snat': True, 'gw_port_host': 'n-d-805663-9', '_interfaces': [{'id': '7fed2526-c0fc-4896-94cc-7c5475071ab9', 'name': '', 'network_id': '993936a0-acdc-48b9-90dd-338789c75603', 'tenant_id': '0151417932224229828b6365b75803eb', 'mac_address': 'fa:16:3e:52:08:e9', 'admin_state_up': True, 'status': 'DOWN', 'device_id': '10ce30e9-2df5-40b0-8528-b23307181b6b', 'device_owner': 'network:router_interface', 'standard_attr_id': 103, 'fixed_ips': [{'subnet_id': 'aa30bb45-9de0-4ec4-b7ed-debcf0543ec1', 'ip_address': '172.20.0.1', 'prefixlen': 28}], 'allowed_address_pairs': [], 'extra_dhcp_opts': [], 'security_groups': [], 'description': '', 'binding:vnic_type': 'normal', 'binding:profile': {}, 'binding:host_id': '', 'binding:vif_type': 'unbound', 'binding:vif_details': {}, 'port_security_enabled': False, 'tags': [], 'created_at': '2021-08-31T16:37:01Z', 'updated_at': '2021-08-31T16:37:03Z', 'revision_number': 2, 'project_id': '0151417932224229828b6365b75803eb', 'subnets': [{'id': 'aa30bb45-9de0-4ec4-b7ed-debcf0543ec1', 'cidr': '172.20.0.0/28', 'gateway_ip': '172.20.0.1', 'dns_nameservers': [], 'ipv6_ra_mode': None, 'subnetpool_id': None}], 'extra_subnets': [], 'address_scopes': {4: None, 6: None}, 'mtu': 1500}]}], 'n-d-805663-9', False) {} {{(pid=95446) wrapper /usr/local/lib/python3.8/dist-packages/oslo_log/helpers.py:65}}
Aug 31 16:37:07.647210 n-d-805663-9 neutron-server[95444]: INFO neutron.wsgi [req-4965ee66-430d-4312-98be-55d9fa42fcc9 req-39e4fe92-bcc9-451a-8e14-a3444517d244 tempest-DeleteServersAdminTestJSON-34812594 tempest-DeleteServersAdminTestJSON-34812594-project] 10.222.0.47 "GET /v2.0/security-groups?id=96bfbdc0-b18c-4044-b725-9e67d2bcbbac&fields=id&fields=name HTTP/1.1" status: 200 len: 286 time: 0.0949419
Aug 31 16:37:07.648705 n-d-805663-9 neutron-server[95444]: DEBUG neutron_lib.callbacks.manager [None req-5c982162-e2f0-4f89-8a26-e81e37d5986c admin admin] Notify callbacks [] for security_group, before_create {{(pid=95444) _notify_loop /usr/local/lib/python3.8/dist-packages/neutron_lib/callbacks/manager.py:192}}
Aug 31 16:37:07.652338 n-d-805663-9 neutron-server[95445]: DEBUG neutron_lib.callbacks.manager [None req-7f432465-619f-4352-a3aa-4aad055bb076 admin admin] Notify callbacks [] for security_group, before_delete {{(pid=95445) _notify_loop /usr/local/lib/python3.8/dist-packages/neutron_lib/callbacks/manager.py:192}}
Aug 31 16:37:07.689247 n-d-805663-9 neutron-server[95446]: DEBUG neutron.api.rpc.handlers.l3_rpc [None req-3969c3e1-3c58-4c90-bad5-1bed455fd178 None None] Checking router: 10ce30e9-2df5-40b0-8528-b23307181b6b for host: n-d-805663-9 {{(pid=95446) _ensure_host_set_on_ports /opt/stack/neutron/neutron/api/rpc/handlers/l3_rpc.py:155}}
Aug 31 16:37:07.689605 n-d-805663-9 neutron-server[95446]: DEBUG neutron.api.rpc.handlers.l3_rpc [None req-3969c3e1-3c58-4c90-bad5-1bed455fd178 None None] Updating router 10ce30e9-2df5-40b0-8528-b23307181b6b port 7fed2526-c0fc-4896-94cc-7c5475071ab9 binding host n-d-805663-9 {{(pid=95446) _ensure_host_set_on_port /opt/stack/neutron/neutron/api/rpc/handlers/l3_rpc.py:205}}
Aug 31 16:37:07.723140 n-d-805663-9 neutron-server[95445]: DEBUG neutron_lib.callbacks.manager [None req-7f432465-619f-4352-a3aa-4aad055bb076 admin admin] Notify callbacks [] for security_group, precommit_delete {{(pid=95445) _notify_loop /usr/local/lib/python3.8/dist-packages/neutron_lib/callbacks/manager.py:192}}
Aug 31 16:37:07.739303 n-d-805663-9 neutron-server[95446]: DEBUG neutron_lib.callbacks.manager [None req-3969c3e1-3c58-4c90-bad5-1bed455fd178 None None] Notify callbacks ['neutron.plugins.ml2.plugin.SecurityGroupDbMixin._ensure_default_security_group_handler-581313'] for port, before_update {{(pid=95446) _notify_loop /usr/local/lib/python3.8/dist-packages/neutron_lib/callbacks/manager.py:192}}
Aug 31 16:37:07.828446 n-d-805663-9 neutron-server[95444]: DEBUG neutron_lib.callbacks.manager [None req-5c982162-e2f0-4f89-8a26-e81e37d5986c admin admin] Notify callbacks [] for security_group, precommit_create {{(pid=95444) _notify_loop /usr/local/lib/python3.8/dist-packages/neutron_lib/callbacks/manager.py:192}}
Aug 31 16:37:07.875080 n-d-805663-9 neutron-server[95445]: DEBUG neutron_lib.callbacks.manager [None req-7f432465-619f-4352-a3aa-4aad055bb076 admin admin] Notify callbacks ['neutron.plugins.ml2.ovo_rpc._ObjectChangeHandler.handle_event-3709130'] for security_group, after_delete {{(pid=95445) _notify_loop /usr/local/lib/python3.8/dist-packages/neutron_lib/callbacks/manager.py:192}}
Aug 31 16:37:07.878146 n-d-805663-9 neutron-server[95445]: DEBUG neutron_lib.callbacks.manager [None req-7f432465-619f-4352-a3aa-4aad055bb076 admin admin] Notify callbacks [] for security_group, before_response {{(pid=95445) _notify_loop /usr/local/lib/python3.8/dist-packages/neutron_lib/callbacks/manager.py:192}}
Aug 31 16:37:07.882931 n-d-805663-9 neutron-server[95445]: INFO neutron.wsgi [None req-7f432465-619f-4352-a3aa-4aad055bb076 admin admin] 10.222.0.47 "DELETE /v2.0/security-groups/bd63a223-e18c-4328-886b-3093795d69c9 HTTP/1.1" status: 204 len: 168 time: 0.3660548
Aug 31 16:37:07.912466 n-d-805663-9 neutron-server[95445]: DEBUG neutron.api.rpc.handlers.resources_rpc [None req-7f432465-619f-4352-a3aa-4aad055bb076 admin admin] Pushing event deleted for resources: {'SecurityGroup': ['ID=bd63a223-e18c-4328-886b-3093795d69c9,revision_number=None']} {{(pid=95445) push /opt/stack/neutron/neutron/api/rpc/handlers/resources_rpc.py:237}}
Aug 31 16:37:07.914148 n-d-805663-9 neutron-server[95444]: DEBUG neutron_lib.callbacks.manager [None req-5c982162-e2f0-4f89-8a26-e81e37d5986c admin admin] Notify callbacks ['neutron.plugins.ml2.ovo_rpc._ObjectChangeHandler.handle_event-3709130'] for security_group, after_create {{(pid=95444) _notify_loop /usr/local/lib/python3.8/dist-packages/neutron_lib/callbacks/manager.py:192}}
Aug 31 16:37:07.958851 n-d-805663-9 neutron-server[95444]: DEBUG neutron.plugins.ml2.drivers.helpers [None req-5c982162-e2f0-4f89-8a26-e81e37d5986c admin admin] vlan segment allocate from pool success with {'physical_network': 'physnet1', 'vlan_id': 1041} {{(pid=95444) allocate_partially_specified_segment /opt/stack/neutron/neutron/plugins/ml2/drivers/helpers.py:153}}
Aug 31 16:37:07.983034 n-d-805663-9 neutron-server[95445]: DEBUG neutron.wsgi [-] (95445) accepted ('10.222.0.47', 60088) {{(pid=95445) server /usr/local/lib/python3.8/dist-packages/eventlet/wsgi.py:982}}
Aug 31 16:37:07.997052 n-d-805663-9 neutron-server[95445]: DEBUG neutron.api.v2.base [None req-0bf8b088-b4b1-42d1-938c-fabbb70b1fcf tempest-ServersWithSpecificFlavorTestJSON-2092165966 tempest-ServersWithSpecificFlavorTestJSON-2092165966-project] Request body: {'security_group': {'name': 'tempest-securitygroup--159967873', 'description': 'tempest-description--2078688514'}} {{(pid=95445) prepare_request_body /opt/stack/neutron/neutron/api/v2/base.py:730}}
Aug 31 16:37:08.000734 n-d-805663-9 neutron-server[95444]: DEBUG neutron_lib.callbacks.manager [None req-5c982162-e2f0-4f89-8a26-e81e37d5986c admin admin] Notify callbacks ['neutron.plugins.ml2.plugin.Ml2Plugin._handle_segment_change-649778'] for segment, precommit_create {{(pid=95444) _notify_loop /usr/local/lib/python3.8/dist-packages/neutron_lib/callbacks/manager.py:192}}
Aug 31 16:37:08.004452 n-d-805663-9 neutron-server[95444]: INFO neutron.db.segments_db [None req-5c982162-e2f0-4f89-8a26-e81e37d5986c admin admin] Added segment b5c4fb45-101a-4d0a-912f-f8596d62c0f6 of type vlan for network 65190030-7d98-44d1-9621-06f16e8a13dd
Aug 31 16:37:08.007466 n-d-805663-9 neutron-server[95444]: DEBUG neutron.api.rpc.handlers.resources_rpc [None req-5c982162-e2f0-4f89-8a26-e81e37d5986c admin admin] Pushing event updated for resources: {'SecurityGroup': ['ID=44b4c6e9-94bf-4d34-bb74-6b58cb4529ec,revision_number=1']} {{(pid=95444) push /opt/stack/neutron/neutron/api/rpc/handlers/resources_rpc.py:237}}
Aug 31 16:37:08.103502 n-d-805663-9 neutron-server[95444]: DEBUG neutron_lib.callbacks.manager [None req-5c982162-e2f0-4f89-8a26-e81e37d5986c admin admin] Notify callbacks ['neutron.services.auto_allocate.db._ensure_external_network_default_value_callback-8742319538041'] for network, precommit_create {{(pid=95444) _notify_loop /usr/local/lib/python3.8/dist-packages/neutron_lib/callbacks/manager.py:192}}
Aug 31 16:37:08.119479 n-d-805663-9 neutron-server[95446]: DEBUG neutron.plugins.ml2.rpc [None req-4c1be305-6226-4739-9f67-0079f102edd1 None None] Device 22abda51-4285-4319-8a78-10bb4e1507fe up at agent ovs-agent-n-d-805663-9 {{(pid=95446) update_device_up /opt/stack/neutron/neutron/plugins/ml2/rpc.py:296}}
Aug 31 16:37:08.120367 n-d-805663-9 neutron-server[95446]: DEBUG neutron_lib.callbacks.manager [None req-3969c3e1-3c58-4c90-bad5-1bed455fd178 None None] Notify callbacks [] for port, precommit_update {{(pid=95446) _notify_loop /usr/local/lib/python3.8/dist-packages/neutron_lib/callbacks/manager.py:192}}
Aug 31 16:37:08.140979 n-d-805663-9 neutron-server[95445]: DEBUG neutron_lib.callbacks.manager [None req-0bf8b088-b4b1-42d1-938c-fabbb70b1fcf tempest-ServersWithSpecificFlavorTestJSON-2092165966 tempest-ServersWithSpecificFlavorTestJSON-2092165966-project] Notify callbacks [] for security_group, before_create {{(pid=95445) _notify_loop /usr/local/lib/python3.8/dist-packages/neutron_lib/callbacks/manager.py:192}}
Aug 31 16:37:08.171671 n-d-805663-9 neutron-server[95446]: DEBUG neutron.db.provisioning_blocks [None req-3969c3e1-3c58-4c90-bad5-1bed455fd178 None None] Transition to ACTIVE for port object 7fed2526-c0fc-4896-94cc-7c5475071ab9 will not be triggered until provisioned by entity L2. {{(pid=95446) add_provisioning_component /opt/stack/neutron/neutron/db/provisioning_blocks.py:73}}
Aug 31 16:37:08.202181 n-d-805663-9 neutron-server[95446]: DEBUG neutron.db.provisioning_blocks [None req-4c1be305-6226-4739-9f67-0079f102edd1 None None] Provisioning complete for port 22abda51-4285-4319-8a78-10bb4e1507fe triggered by entity L2. {{(pid=95446) provisioning_complete /opt/stack/neutron/neutron/db/provisioning_blocks.py:139}}
Aug 31 16:37:08.207224 n-d-805663-9 neutron-server[95446]: DEBUG neutron_lib.callbacks.manager [None req-4c1be305-6226-4739-9f67-0079f102edd1 None None] Notify callbacks ['neutron.plugins.ml2.plugin.Ml2Plugin._port_provisioned-654102'] for port, provisioning_complete {{(pid=95446) _notify_loop /usr/local/lib/python3.8/dist-packages/neutron_lib/callbacks/manager.py:192}}
Aug 31 16:37:08.245879 n-d-805663-9 neutron-server[95444]: DEBUG neutron_lib.callbacks.manager [None req-5c982162-e2f0-4f89-8a26-e81e37d5986c admin admin] Notify callbacks ['neutron.plugins.ml2.ovo_rpc._ObjectChangeHandler.handle_event-3707933', 'neutron.api.rpc.agentnotifiers.dhcp_rpc_agent_api.DhcpAgentNotifyAPI._native_event_send_dhcp_notification-3708515'] for network, after_create {{(pid=95444) _notify_loop /usr/local/lib/python3.8/dist-packages/neutron_lib/callbacks/manager.py:192}}
Aug 31 16:37:08.246865 n-d-805663-9 neutron-server[95444]: DEBUG neutron.pecan_wsgi.hooks.policy_enforcement [None req-5c982162-e2f0-4f89-8a26-e81e37d5986c admin admin] Attributes excluded by policy engine: ['standard_attr_id', 'vlan_transparent'] {{(pid=95444) _exclude_attributes_by_policy /opt/stack/neutron/neutron/pecan_wsgi/hooks/policy_enforcement.py:255}}
Aug 31 16:37:08.247650 n-d-805663-9 neutron-server[95444]: DEBUG neutron_lib.callbacks.manager [None req-5c982162-e2f0-4f89-8a26-e81e37d5986c admin admin] Notify callbacks ['neutron.api.rpc.agentnotifiers.dhcp_rpc_agent_api.DhcpAgentNotifyAPI._send_dhcp_notification-3708561'] for network, before_response {{(pid=95444) _notify_loop /usr/local/lib/python3.8/dist-packages/neutron_lib/callbacks/manager.py:192}}
Aug 31 16:37:08.269626 n-d-805663-9 neutron-server[95445]: DEBUG neutron_lib.callbacks.manager [None req-0bf8b088-b4b1-42d1-938c-fabbb70b1fcf tempest-ServersWithSpecificFlavorTestJSON-2092165966 tempest-ServersWithSpecificFlavorTestJSON-2092165966-project] Notify callbacks [] for security_group, precommit_create {{(pid=95445) _notify_loop /usr/local/lib/python3.8/dist-packages/neutron_lib/callbacks/manager.py:192}}
Aug 31 16:37:08.278841 n-d-805663-9 neutron-server[95446]: DEBUG neutron_lib.callbacks.manager [None req-3969c3e1-3c58-4c90-bad5-1bed455fd178 None None] Notify callbacks ['neutron.plugins.ml2.plugin.SecurityGroupServerNotifierRpcMixin._notify_sg_on_port_change-581254', 'neutron.plugins.ml2.ovo_rpc._ObjectChangeHandler.handle_event-124980', 'neutron.api.rpc.agentnotifiers.dhcp_rpc_agent_api.DhcpAgentNotifyAPI._native_event_send_dhcp_notification-3708515', 'neutron.db.l3_db.L3RpcNotifierMixin._notify_gateway_port_ip_changed-8742320018643', 'neutron.db.l3_dvrscheduler_db._notify_l3_agent_port_update-8742319521082', 'neutron.db.l3_hascheduler_db._notify_l3_agent_ha_port_update-8742319521100'] for port, after_update {{(pid=95446) _notify_loop /usr/local/lib/python3.8/dist-packages/neutron_lib/callbacks/manager.py:192}}
Aug 31 16:37:08.377135 n-d-805663-9 neutron-server[95445]: DEBUG neutron_lib.callbacks.manager [None req-0bf8b088-b4b1-42d1-938c-fabbb70b1fcf tempest-ServersWithSpecificFlavorTestJSON-2092165966 tempest-ServersWithSpecificFlavorTestJSON-2092165966-project] Notify callbacks ['neutron.plugins.ml2.ovo_rpc._ObjectChangeHandler.handle_event-3709130'] for security_group, after_create {{(pid=95445) _notify_loop /usr/local/lib/python3.8/dist-packages/neutron_lib/callbacks/manager.py:192}}
Aug 31 16:37:08.407749 n-d-805663-9 neutron-server[95446]: DEBUG neutron.api.rpc.handlers.resources_rpc [None req-74e99837-e465-417e-8050-ffaed0dd56fd None None] Pushing event updated for resources: {'Port': ['ID=7fed2526-c0fc-4896-94cc-7c5475071ab9,revision_number=3']} {{(pid=95446) push /opt/stack/neutron/neutron/api/rpc/handlers/resources_rpc.py:237}}
Aug 31 16:37:08.435034 n-d-805663-9 neutron-server[95444]: DEBUG neutron.api.rpc.handlers.resources_rpc [None req-5c982162-e2f0-4f89-8a26-e81e37d5986c admin admin] Pushing event updated for resources: {'Network': ['ID=65190030-7d98-44d1-9621-06f16e8a13dd,revision_number=1']} {{(pid=95444) push /opt/stack/neutron/neutron/api/rpc/handlers/resources_rpc.py:237}}
Aug 31 16:37:08.437404 n-d-805663-9 neutron-server[95445]: DEBUG neutron.api.rpc.handlers.resources_rpc [None req-0bf8b088-b4b1-42d1-938c-fabbb70b1fcf tempest-ServersWithSpecificFlavorTestJSON-2092165966 tempest-ServersWithSpecificFlavorTestJSON-2092165966-project] Pushing event updated for resources: {'SecurityGroup': ['ID=b36a0c1c-2ab3-4f3d-aed9-1469910745dc,revision_number=1']} {{(pid=95445) push /opt/stack/neutron/neutron/api/rpc/handlers/resources_rpc.py:237}}
Aug 31 16:37:08.472536 n-d-805663-9 neutron-server[95444]: DEBUG neutron.pecan_wsgi.hooks.policy_enforcement [req-666960c0-ca6a-4f8c-94c0-62ab2dabbd51 req-0353a73e-9621-4fc3-9d30-a7376cfa0827 tempest-AggregatesAdminTestJSON-721451904 tempest-AggregatesAdminTestJSON-721451904-project] Attributes excluded by policy engine: ['standard_attr_id', 'binding:profile', 'binding:host_id', 'binding:vif_type', 'binding:vif_details'] {{(pid=95444) _exclude_attributes_by_policy /opt/stack/neutron/neutron/pecan_wsgi/hooks/policy_enforcement.py:255}}
Aug 31 16:37:08.474100 n-d-805663-9 neutron-server[95444]: INFO neutron.wsgi [req-666960c0-ca6a-4f8c-94c0-62ab2dabbd51 req-0353a73e-9621-4fc3-9d30-a7376cfa0827 tempest-AggregatesAdminTestJSON-721451904 tempest-AggregatesAdminTestJSON-721451904-project] 10.222.0.47 "GET /v2.0/ports?device_id=e4cc7f5a-c271-4d96-97d6-de893882273b HTTP/1.1" status: 200 len: 970 time: 0.1308169
Aug 31 16:37:08.478226 n-d-805663-9 neutron-server[95446]: DEBUG neutron.plugins.ml2.rpc [None req-4c1be305-6226-4739-9f67-0079f102edd1 None None] Network 65190030-7d98-44d1-9621-06f16e8a13dd details requested by agent ovs-agent-n-d-805663-9 with host n-d-805663-9 {{(pid=95446) get_network_details /opt/stack/neutron/neutron/plugins/ml2/rpc.py:248}}
Aug 31 16:37:08.535297 n-d-805663-9 neutron-server[95445]: DEBUG neutron_lib.callbacks.manager [None req-0bf8b088-b4b1-42d1-938c-fabbb70b1fcf tempest-ServersWithSpecificFlavorTestJSON-2092165966 tempest-ServersWithSpecificFlavorTestJSON-2092165966-project] Notify callbacks [] for security_group, before_response {{(pid=95445) _notify_loop /usr/local/lib/python3.8/dist-packages/neutron_lib/callbacks/manager.py:192}}
Aug 31 16:37:08.536779 n-d-805663-9 neutron-server[95445]: INFO neutron.wsgi [None req-0bf8b088-b4b1-42d1-938c-fabbb70b1fcf tempest-ServersWithSpecificFlavorTestJSON-2092165966 tempest-ServersWithSpecificFlavorTestJSON-2092165966-project] 10.222.0.47 "POST /v2.0/security-groups HTTP/1.1" status: 201 len: 1779 time: 0.5525427
Aug 31 16:37:08.539928 n-d-805663-9 neutron-server[95445]: DEBUG neutron.wsgi [-] (95445) accepted ('10.222.0.47', 60100) {{(pid=95445) server /usr/local/lib/python3.8/dist-packages/eventlet/wsgi.py:982}}
Aug 31 16:37:08.547526 n-d-805663-9 neutron-server[95445]: DEBUG neutron.api.v2.base [None req-1807c6aa-5fec-4eb9-ac3f-5a2060f5ed4b tempest-ServersWithSpecificFlavorTestJSON-2092165966 tempest-ServersWithSpecificFlavorTestJSON-2092165966-project] Request body: {'security_group_rule': {'security_group_id': 'b36a0c1c-2ab3-4f3d-aed9-1469910745dc', 'protocol': 'tcp', 'ethertype': 'IPv4', 'port_range_min': 22, 'port_range_max': 22, 'direction': 'ingress'}} {{(pid=95445) prepare_request_body /opt/stack/neutron/neutron/api/v2/base.py:730}}
Aug 31 16:37:08.567327 n-d-805663-9 neutron-server[95444]: INFO neutron.wsgi [req-666960c0-ca6a-4f8c-94c0-62ab2dabbd51 req-d7c3d7f8-605d-4869-a7b4-88a0619abecb tempest-AggregatesAdminTestJSON-721451904 tempest-AggregatesAdminTestJSON-721451904-project] 10.222.0.47 "GET /v2.0/security-groups?id=3e854cbe-bc26-4b67-b239-5711cf35e78a&fields=id&fields=name HTTP/1.1" status: 200 len: 286 time: 0.0840466
Aug 31 16:37:08.579156 n-d-805663-9 neutron-server[95446]: DEBUG neutron.plugins.ml2.managers [None req-3969c3e1-3c58-4c90-bad5-1bed455fd178 None None] Attempting to bind port 7fed2526-c0fc-4896-94cc-7c5475071ab9 on host n-d-805663-9 for vnic_type normal with profile {{(pid=95446) bind_port /opt/stack/neutron/neutron/plugins/ml2/managers.py:790}}
Aug 31 16:37:08.579156 n-d-805663-9 neutron-server[95446]: DEBUG neutron.plugins.ml2.managers [None req-3969c3e1-3c58-4c90-bad5-1bed455fd178 None None] Attempting to bind port 7fed2526-c0fc-4896-94cc-7c5475071ab9 by drivers openvswitch,hyperv on host n-d-805663-9 at level 0 using segments [{'id': 'ecba4456-e47f-4538-a4ce-718ab17f71d8', 'network_type': 'vlan', 'physical_network': 'physnet1', 'segmentation_id': 1030, 'network_id': '993936a0-acdc-48b9-90dd-338789c75603'}] {{(pid=95446) _bind_port_level /opt/stack/neutron/neutron/plugins/ml2/managers.py:815}}
Aug 31 16:37:08.579156 n-d-805663-9 neutron-server[95446]: DEBUG neutron.plugins.ml2.drivers.mech_agent [None req-3969c3e1-3c58-4c90-bad5-1bed455fd178 None None] Attempting to bind port 7fed2526-c0fc-4896-94cc-7c5475071ab9 on network 993936a0-acdc-48b9-90dd-338789c75603 {{(pid=95446) bind_port /opt/stack/neutron/neutron/plugins/ml2/drivers/mech_agent.py:85}}
Aug 31 16:37:08.591040 n-d-805663-9 neutron-server[95446]: DEBUG neutron.plugins.ml2.drivers.mech_agent [None req-3969c3e1-3c58-4c90-bad5-1bed455fd178 None None] Checking agent: {'id': '361bc405-4d1b-4b31-8aed-b582f0e49498', 'agent_type': 'Open vSwitch agent', 'binary': 'neutron-openvswitch-agent', 'topic': 'N/A', 'host': 'n-d-805663-9', 'admin_state_up': True, 'created_at': datetime.datetime(2021, 8, 31, 16, 26, 2), 'started_at': datetime.datetime(2021, 8, 31, 16, 26, 32), 'heartbeat_timestamp': datetime.datetime(2021, 8, 31, 16, 37, 2), 'description': None, 'resources_synced': None, 'availability_zone': None, 'alive': True, 'configurations': {'arp_responder_enabled': False, 'baremetal_smartnic': False, 'bridge_mappings': {'physnet1': 'br-data'}, 'datapath_type': 'system', 'devices': 0, 'enable_distributed_routing': False, 'extensions': [], 'in_distributed_mode': False, 'integration_bridge': 'br-int', 'l2_population': False, 'log_agent_heartbeats': False, 'ovs_capabilities': {'datapath_types': ['netdev', 'system'], 'iface_types': ['erspan', 'geneve', 'gre', 'internal', 'ip6erspan', 'ip6gre', 'lisp', 'patch', 'stt', 'system', 'tap', 'vxlan']}, 'ovs_hybrid_plug': False, 'resource_provider_bandwidths': {}, 'resource_provider_hypervisors': {'br-data': 'n-d-805663-9'}, 'resource_provider_inventory_defaults': {'allocation_ratio': 1.0, 'min_unit': 1, 'step_size': 1, 'reserved': 0}, 'tunnel_types': [], 'tunneling_ip': None, 'vhostuser_socket_dir': '/var/run/openvswitch'}, 'resource_versions': {'AddressGroup': '1.2', 'ConntrackHelper': '1.0', 'Log': '1.0', 'Network': '1.1', 'Port': '1.7', 'PortForwarding': '1.2', 'QosPolicy': '1.9', 'SecurityGroup': '1.4', 'SecurityGroupRule': '1.2', 'SubPort': '1.0', 'Subnet': '1.1', 'Trunk': '1.1'}} {{(pid=95446) bind_port /opt/stack/neutron/neutron/plugins/ml2/drivers/mech_agent.py:104}}
Aug 31 16:37:08.591040 n-d-805663-9 neutron-server[95446]: DEBUG neutron.plugins.ml2.drivers.mech_agent [None req-3969c3e1-3c58-4c90-bad5-1bed455fd178 None None] Checking segment: {'id': 'ecba4456-e47f-4538-a4ce-718ab17f71d8', 'network_type': 'vlan', 'physical_network': 'physnet1', 'segmentation_id': 1030, 'network_id': '993936a0-acdc-48b9-90dd-338789c75603'} for mappings: {'physnet1': 'br-data'} with network types: ['local', 'flat', 'vlan'] {{(pid=95446) check_segment_for_agent /opt/stack/neutron/neutron/plugins/ml2/drivers/mech_agent.py:352}}
Aug 31 16:37:08.591040 n-d-805663-9 neutron-server[95446]: DEBUG neutron_lib.callbacks.manager [None req-3969c3e1-3c58-4c90-bad5-1bed455fd178 None None] Notify callbacks [] for ovs_bridge_name, before_read {{(pid=95446) _notify_loop /usr/local/lib/python3.8/dist-packages/neutron_lib/callbacks/manager.py:192}}
Aug 31 16:37:08.591040 n-d-805663-9 neutron-server[95446]: DEBUG neutron.plugins.ml2.drivers.mech_agent [None req-3969c3e1-3c58-4c90-bad5-1bed455fd178 None None] Bound using segment: {'id': 'ecba4456-e47f-4538-a4ce-718ab17f71d8', 'network_type': 'vlan', 'physical_network': 'physnet1', 'segmentation_id': 1030, 'network_id': '993936a0-acdc-48b9-90dd-338789c75603'} {{(pid=95446) bind_port /opt/stack/neutron/neutron/plugins/ml2/drivers/mech_agent.py:114}}
Aug 31 16:37:08.591040 n-d-805663-9 neutron-server[95446]: DEBUG neutron.plugins.ml2.managers [None req-3969c3e1-3c58-4c90-bad5-1bed455fd178 None None] Bound port: 7fed2526-c0fc-4896-94cc-7c5475071ab9, host: n-d-805663-9, vif_type: ovs, vif_details: {"connectivity": "l2", "port_filter": true, "ovs_hybrid_plug": false, "datapath_type": "system", "bridge_name": "br-int"}, binding_levels: [{'bound_driver': 'openvswitch', 'bound_segment': {'id': 'ecba4456-e47f-4538-a4ce-718ab17f71d8', 'network_type': 'vlan', 'physical_network': 'physnet1', 'segmentation_id': 1030, 'network_id': '993936a0-acdc-48b9-90dd-338789c75603'}}] {{(pid=95446) _bind_port_level /opt/stack/neutron/neutron/plugins/ml2/managers.py:928}}
Aug 31 16:37:08.591040 n-d-805663-9 neutron-server[95446]: DEBUG neutron_lib.callbacks.manager [None req-3969c3e1-3c58-4c90-bad5-1bed455fd178 None None] Notify callbacks ['neutron.plugins.ml2.plugin.SecurityGroupDbMixin._ensure_default_security_group_handler-581313'] for port, before_update {{(pid=95446) _notify_loop /usr/local/lib/python3.8/dist-packages/neutron_lib/callbacks/manager.py:192}}
Aug 31 16:37:08.592972 n-d-805663-9 neutron-server[95444]: INFO neutron.wsgi [None req-5c982162-e2f0-4f89-8a26-e81e37d5986c admin admin] 10.222.0.47 "POST /v2.0/networks HTTP/1.1" status: 201 len: 881 time: 2.1235201
Aug 31 16:37:08.593922 n-d-805663-9 neutron-server[95444]: DEBUG neutron.wsgi [-] (95444) accepted ('10.222.0.47', 60102) {{(pid=95444) server /usr/local/lib/python3.8/dist-packages/eventlet/wsgi.py:982}}
Aug 31 16:37:08.600251 n-d-805663-9 neutron-server[95444]: DEBUG neutron.api.v2.base [None req-f82625fb-c261-42ab-b37b-a12b06f7e3c3 admin admin] Request body: {'subnet': {'network_id': '65190030-7d98-44d1-9621-06f16e8a13dd', 'cidr': '172.20.0.0/28', 'name': 'tempest-LiveMigrationTest-308154795-subnet', 'tenant_id': 'c396214c8004492b8af9c0d23e9ede5a', 'enable_dhcp': False, 'ip_version': 4}} {{(pid=95444) prepare_request_body /opt/stack/neutron/neutron/api/v2/base.py:730}}
Aug 31 16:37:08.673407 n-d-805663-9 neutron-server[95446]: DEBUG neutron.plugins.ml2.db [None req-3969c3e1-3c58-4c90-bad5-1bed455fd178 None None] For port 7fed2526-c0fc-4896-94cc-7c5475071ab9, host n-d-805663-9, cleared binding levels {{(pid=95446) clear_binding_levels /opt/stack/neutron/neutron/plugins/ml2/db.py:87}}
Aug 31 16:37:08.676742 n-d-805663-9 neutron-server[95446]: DEBUG neutron.plugins.ml2.db [None req-3969c3e1-3c58-4c90-bad5-1bed455fd178 None None] For port 7fed2526-c0fc-4896-94cc-7c5475071ab9, host n-d-805663-9, set binding levels [PortBindingLevel(driver='openvswitch',host='n-d-805663-9',level=0,port_id=7fed2526-c0fc-4896-94cc-7c5475071ab9,segment=NetworkSegment(ecba4456-e47f-4538-a4ce-718ab17f71d8),segment_id=ecba4456-e47f-4538-a4ce-718ab17f71d8)] {{(pid=95446) set_binding_levels /opt/stack/neutron/neutron/plugins/ml2/db.py:59}}
Aug 31 16:37:08.712156 n-d-805663-9 neutron-server[95444]: DEBUG neutron.pecan_wsgi.hooks.quota_enforcement [None req-f82625fb-c261-42ab-b37b-a12b06f7e3c3 admin admin] Made reservation on behalf of c396214c8004492b8af9c0d23e9ede5a for: {'subnet': 1} {{(pid=95444) before /opt/stack/neutron/neutron/pecan_wsgi/hooks/quota_enforcement.py:53}}
Aug 31 16:37:08.714779 n-d-805663-9 neutron-server[95444]: DEBUG neutron_lib.callbacks.manager [None req-f82625fb-c261-42ab-b37b-a12b06f7e3c3 admin admin] Notify callbacks [] for subnet, before_create {{(pid=95444) _notify_loop /usr/local/lib/python3.8/dist-packages/neutron_lib/callbacks/manager.py:192}}
