Aug 26 17:08:59.567860 n-d-805663-7 devstack@placement-api.service[95829]: INFO placement.requestlog [req-0cd7ecb0-f6f6-4b20-b7b5-5ebe025f500f req-48f2888e-2a3f-4495-a08f-afa917790be5 service placement] 10.222.0.26 "GET /placement/allocation_candidates?limit=1000&resources=DISK_GB%3A1%2CMEMORY_MB%3A1024%2CVCPU%3A1&root_required=%21COMPUTE_STATUS_DISABLED" status: 200 len: 1306 microversion: 1.35
Aug 26 17:08:59.579723 n-d-805663-7 devstack@placement-api.service[95829]: [pid: 95829|app: 0|req: 49/97] 10.222.0.26 () {60 vars in 1507 bytes} [Thu Aug 26 17:08:59 2021] GET /placement/allocation_candidates?limit=1000&resources=DISK_GB%3A1%2CMEMORY_MB%3A1024%2CVCPU%3A1&root_required=%21COMPUTE_STATUS_DISABLED => generated 1306 bytes in 92 msecs (HTTP/1.1 200) 8 headers in 297 bytes (1 switches on core 0)
Aug 26 17:08:59.632919 n-d-805663-7 devstack@placement-api.service[95830]: DEBUG placement.requestlog [req-21b273ba-8cf3-41e5-9db8-f7d32f54f705 req-df7c65ec-3d5f-49b4-b7de-a8ac5c2c72d1 None None] Starting request: 10.222.0.26 "GET /placement/allocation_candidates?limit=1000&resources=DISK_GB%3A1%2CMEMORY_MB%3A1024%2CVCPU%3A1&root_required=%21COMPUTE_STATUS_DISABLED" {{(pid=95830) __call__ /opt/stack/placement/placement/requestlog.py:55}}
Aug 26 17:08:59.713736 n-d-805663-7 devstack@placement-api.service[95830]: DEBUG placement.objects.research_context [req-21b273ba-8cf3-41e5-9db8-f7d32f54f705 req-df7c65ec-3d5f-49b4-b7de-a8ac5c2c72d1 service placement] getting providers with 1 DISK_GB {{(pid=95830) __init__ /opt/stack/placement/placement/objects/research_context.py:126}}
Aug 26 17:08:59.720216 n-d-805663-7 devstack@placement-api.service[95830]: DEBUG placement.objects.research_context [req-21b273ba-8cf3-41e5-9db8-f7d32f54f705 req-df7c65ec-3d5f-49b4-b7de-a8ac5c2c72d1 service placement] getting providers with 1024 MEMORY_MB {{(pid=95830) __init__ /opt/stack/placement/placement/objects/research_context.py:126}}
Aug 26 17:08:59.724395 n-d-805663-7 devstack@placement-api.service[95829]: DEBUG placement.requestlog [req-0cd7ecb0-f6f6-4b20-b7b5-5ebe025f500f req-d1f2e6ed-d581-4676-86d5-eb178db6ef66 None None] Starting request: 10.222.0.26 "GET /placement/allocations/03cb3822-d4ed-4b17-a94c-08d241d7ccf1" {{(pid=95829) __call__ /opt/stack/placement/placement/requestlog.py:55}}
Aug 26 17:08:59.728062 n-d-805663-7 devstack@placement-api.service[95830]: DEBUG placement.objects.research_context [req-21b273ba-8cf3-41e5-9db8-f7d32f54f705 req-df7c65ec-3d5f-49b4-b7de-a8ac5c2c72d1 service placement] getting providers with 1 VCPU {{(pid=95830) __init__ /opt/stack/placement/placement/objects/research_context.py:126}}
Aug 26 17:08:59.740129 n-d-805663-7 devstack@placement-api.service[95829]: INFO placement.requestlog [req-0cd7ecb0-f6f6-4b20-b7b5-5ebe025f500f req-d1f2e6ed-d581-4676-86d5-eb178db6ef66 service placement] 10.222.0.26 "GET /placement/allocations/03cb3822-d4ed-4b17-a94c-08d241d7ccf1" status: 200 len: 19 microversion: 1.28
Aug 26 17:08:59.741074 n-d-805663-7 devstack@placement-api.service[95829]: [pid: 95829|app: 0|req: 50/98] 10.222.0.26 () {60 vars in 1381 bytes} [Thu Aug 26 17:08:59 2021] GET /placement/allocations/03cb3822-d4ed-4b17-a94c-08d241d7ccf1 => generated 19 bytes in 17 msecs (HTTP/1.1 200) 8 headers in 295 bytes (1 switches on core 0)
Aug 26 17:08:59.741711 n-d-805663-7 devstack@placement-api.service[95830]: DEBUG placement.objects.research_context [req-21b273ba-8cf3-41e5-9db8-f7d32f54f705 req-df7c65ec-3d5f-49b4-b7de-a8ac5c2c72d1 service placement] found 2 providers with available 1 DISK_GB {{(pid=95830) get_provider_ids_matching /opt/stack/placement/placement/objects/research_context.py:549}}
Aug 26 17:08:59.751174 n-d-805663-7 devstack@placement-api.service[95830]: DEBUG placement.objects.research_context [req-21b273ba-8cf3-41e5-9db8-f7d32f54f705 req-df7c65ec-3d5f-49b4-b7de-a8ac5c2c72d1 service placement] found 2 providers with available 1024 MEMORY_MB {{(pid=95830) get_provider_ids_matching /opt/stack/placement/placement/objects/research_context.py:549}}
Aug 26 17:08:59.751174 n-d-805663-7 devstack@placement-api.service[95830]: DEBUG placement.objects.research_context [req-21b273ba-8cf3-41e5-9db8-f7d32f54f705 req-df7c65ec-3d5f-49b4-b7de-a8ac5c2c72d1 service placement] found 2 providers after filtering by previous result {{(pid=95830) get_provider_ids_matching /opt/stack/placement/placement/objects/research_context.py:580}}
Aug 26 17:08:59.751174 n-d-805663-7 devstack@placement-api.service[95830]: DEBUG placement.objects.research_context [req-21b273ba-8cf3-41e5-9db8-f7d32f54f705 req-df7c65ec-3d5f-49b4-b7de-a8ac5c2c72d1 service placement] found 2 providers with available 1 VCPU {{(pid=95830) get_provider_ids_matching /opt/stack/placement/placement/objects/research_context.py:549}}
Aug 26 17:08:59.751174 n-d-805663-7 devstack@placement-api.service[95830]: DEBUG placement.objects.research_context [req-21b273ba-8cf3-41e5-9db8-f7d32f54f705 req-df7c65ec-3d5f-49b4-b7de-a8ac5c2c72d1 service placement] found 2 providers after filtering by previous result {{(pid=95830) get_provider_ids_matching /opt/stack/placement/placement/objects/research_context.py:580}}
Aug 26 17:08:59.751977 n-d-805663-7 devstack@placement-api.service[95829]: DEBUG placement.requestlog [req-0cd7ecb0-f6f6-4b20-b7b5-5ebe025f500f req-ce8d694b-7530-4db6-acb7-5e23d16b85f1 None None] Starting request: 10.222.0.26 "PUT /placement/allocations/03cb3822-d4ed-4b17-a94c-08d241d7ccf1" {{(pid=95829) __call__ /opt/stack/placement/placement/requestlog.py:55}}
Aug 26 17:08:59.757075 n-d-805663-7 devstack@placement-api.service[95830]: DEBUG placement.objects.allocation_candidate [req-21b273ba-8cf3-41e5-9db8-f7d32f54f705 req-df7c65ec-3d5f-49b4-b7de-a8ac5c2c72d1 service placement] RequestGroup(use_same_provider=False, resources={DISK_GB:1, MEMORY_MB:1024, VCPU:1}, traits=[], aggregates=[]) (suffix '') returned 2 matches {{(pid=95830) _get_by_requests /opt/stack/placement/placement/objects/allocation_candidate.py:145}}
Aug 26 17:08:59.757497 n-d-805663-7 devstack@placement-api.service[95830]: DEBUG placement.objects.allocation_candidate [req-21b273ba-8cf3-41e5-9db8-f7d32f54f705 req-df7c65ec-3d5f-49b4-b7de-a8ac5c2c72d1 service placement] Merging candidates yields 2 allocation requests and 2 provider summaries {{(pid=95830) _merge_candidates /opt/stack/placement/placement/objects/allocation_candidate.py:783}}
Aug 26 17:08:59.765039 n-d-805663-7 devstack@placement-api.service[95830]: INFO placement.requestlog [req-21b273ba-8cf3-41e5-9db8-f7d32f54f705 req-df7c65ec-3d5f-49b4-b7de-a8ac5c2c72d1 service placement] 10.222.0.26 "GET /placement/allocation_candidates?limit=1000&resources=DISK_GB%3A1%2CMEMORY_MB%3A1024%2CVCPU%3A1&root_required=%21COMPUTE_STATUS_DISABLED" status: 200 len: 1306 microversion: 1.35
Aug 26 17:08:59.765298 n-d-805663-7 devstack@placement-api.service[95830]: [pid: 95830|app: 0|req: 49/99] 10.222.0.26 () {60 vars in 1507 bytes} [Thu Aug 26 17:08:59 2021] GET /placement/allocation_candidates?limit=1000&resources=DISK_GB%3A1%2CMEMORY_MB%3A1024%2CVCPU%3A1&root_required=%21COMPUTE_STATUS_DISABLED => generated 1306 bytes in 133 msecs (HTTP/1.1 200) 8 headers in 297 bytes (1 switches on core 0)
Aug 26 17:08:59.843574 n-d-805663-7 devstack@placement-api.service[95829]: DEBUG placement.handlers.allocation [req-0cd7ecb0-f6f6-4b20-b7b5-5ebe025f500f req-ce8d694b-7530-4db6-acb7-5e23d16b85f1 service placement] Successfully wrote allocations [, , ] {{(pid=95829) _create_allocations /opt/stack/placement/placement/handlers/allocation.py:461}}
Aug 26 17:08:59.913527 n-d-805663-7 devstack@placement-api.service[95829]: INFO placement.requestlog [req-0cd7ecb0-f6f6-4b20-b7b5-5ebe025f500f req-ce8d694b-7530-4db6-acb7-5e23d16b85f1 service placement] 10.222.0.26 "PUT /placement/allocations/03cb3822-d4ed-4b17-a94c-08d241d7ccf1" status: 204 len: 0 microversion: 1.35
Aug 26 17:08:59.913832 n-d-805663-7 devstack@placement-api.service[95829]: [pid: 95829|app: 0|req: 51/100] 10.222.0.26 () {64 vars in 1434 bytes} [Thu Aug 26 17:08:59 2021] PUT /placement/allocations/03cb3822-d4ed-4b17-a94c-08d241d7ccf1 => generated 0 bytes in 163 msecs (HTTP/1.1 204) 5 headers in 199 bytes (1 switches on core 0)
Aug 26 17:08:59.950364 n-d-805663-7 devstack@placement-api.service[95830]: DEBUG placement.requestlog [req-21b273ba-8cf3-41e5-9db8-f7d32f54f705 req-f2f77353-5db4-4579-badf-661a97736655 None None] Starting request: 10.222.0.26 "GET /placement/allocations/5f244264-0257-4c87-8089-3341803416b0" {{(pid=95830) __call__ /opt/stack/placement/placement/requestlog.py:55}}
Aug 26 17:08:59.969191 n-d-805663-7 devstack@placement-api.service[95830]: INFO placement.requestlog [req-21b273ba-8cf3-41e5-9db8-f7d32f54f705 req-f2f77353-5db4-4579-badf-661a97736655 service placement] 10.222.0.26 "GET /placement/allocations/5f244264-0257-4c87-8089-3341803416b0" status: 200 len: 19 microversion: 1.28
Aug 26 17:08:59.969731 n-d-805663-7 devstack@placement-api.service[95830]: [pid: 95830|app: 0|req: 50/101] 10.222.0.26 () {60 vars in 1381 bytes} [Thu Aug 26 17:08:59 2021] GET /placement/allocations/5f244264-0257-4c87-8089-3341803416b0 => generated 19 bytes in 19 msecs (HTTP/1.1 200) 8 headers in 295 bytes (1 switches on core 0)
Aug 26 17:08:59.977589 n-d-805663-7 devstack@placement-api.service[95829]: DEBUG placement.requestlog [req-21b273ba-8cf3-41e5-9db8-f7d32f54f705 req-fd4df8ae-a5e0-40ed-a1c1-b94ec57ed557 None None] Starting request: 10.222.0.26 "PUT /placement/allocations/5f244264-0257-4c87-8089-3341803416b0" {{(pid=95829) __call__ /opt/stack/placement/placement/requestlog.py:55}}
Aug 26 17:09:00.120412 n-d-805663-7 devstack@placement-api.service[95829]: DEBUG placement.handlers.allocation [req-21b273ba-8cf3-41e5-9db8-f7d32f54f705 req-fd4df8ae-a5e0-40ed-a1c1-b94ec57ed557 service placement] Successfully wrote allocations [, , ] {{(pid=95829) _create_allocations /opt/stack/placement/placement/handlers/allocation.py:461}}
Aug 26 17:09:00.233017 n-d-805663-7 devstack@placement-api.service[95829]: INFO placement.requestlog [req-21b273ba-8cf3-41e5-9db8-f7d32f54f705 req-fd4df8ae-a5e0-40ed-a1c1-b94ec57ed557 service placement] 10.222.0.26 "PUT /placement/allocations/5f244264-0257-4c87-8089-3341803416b0" status: 204 len: 0 microversion: 1.35
Aug 26 17:09:00.233896 n-d-805663-7 devstack@placement-api.service[95829]: [pid: 95829|app: 0|req: 52/102] 10.222.0.26 () {64 vars in 1434 bytes} [Thu Aug 26 17:08:59 2021] PUT /placement/allocations/5f244264-0257-4c87-8089-3341803416b0 => generated 0 bytes in 256 msecs (HTTP/1.1 204) 5 headers in 199 bytes (1 switches on core 0)
Aug 26 17:09:01.304211 n-d-805663-7 devstack@placement-api.service[95830]: DEBUG placement.requestlog [req-0cd7ecb0-f6f6-4b20-b7b5-5ebe025f500f req-50da3e7c-b120-4dac-9b80-d54fb28121dd None None] Starting request: 10.222.0.25 "GET /placement/allocations/03cb3822-d4ed-4b17-a94c-08d241d7ccf1" {{(pid=95830) __call__ /opt/stack/placement/placement/requestlog.py:55}}
Aug 26 17:09:01.325983 n-d-805663-7 devstack@placement-api.service[95830]: INFO placement.requestlog [req-0cd7ecb0-f6f6-4b20-b7b5-5ebe025f500f req-50da3e7c-b120-4dac-9b80-d54fb28121dd service placement] 10.222.0.25 "GET /placement/allocations/03cb3822-d4ed-4b17-a94c-08d241d7ccf1" status: 200 len: 259 microversion: 1.28
Aug 26 17:09:01.326712 n-d-805663-7 devstack@placement-api.service[95830]: [pid: 95830|app: 0|req: 51/103] 10.222.0.25 () {60 vars in 1378 bytes} [Thu Aug 26 17:09:01 2021] GET /placement/allocations/03cb3822-d4ed-4b17-a94c-08d241d7ccf1 => generated 259 bytes in 23 msecs (HTTP/1.1 200) 8 headers in 296 bytes (1 switches on core 0)
Aug 26 17:09:01.614509 n-d-805663-7 devstack@placement-api.service[95829]: DEBUG placement.requestlog [req-d4673163-42ab-4acc-ae28-aaff6adff440 req-794ab193-9ab4-4a37-aeac-4b54d7ad39e5 None None] Starting request: 10.222.0.26 "GET /placement/allocation_candidates?limit=1000&resources=DISK_GB%3A1%2CMEMORY_MB%3A1024%2CVCPU%3A1&root_required=%21COMPUTE_STATUS_DISABLED" {{(pid=95829) __call__ /opt/stack/placement/placement/requestlog.py:55}}
Aug 26 17:09:01.654074 n-d-805663-7 devstack@placement-api.service[95829]: DEBUG placement.objects.research_context [req-d4673163-42ab-4acc-ae28-aaff6adff440 req-794ab193-9ab4-4a37-aeac-4b54d7ad39e5 service placement] getting providers with 1 DISK_GB {{(pid=95829) __init__ /opt/stack/placement/placement/objects/research_context.py:126}}
Aug 26 17:09:01.666551 n-d-805663-7 devstack@placement-api.service[95829]: DEBUG placement.objects.research_context [req-d4673163-42ab-4acc-ae28-aaff6adff440 req-794ab193-9ab4-4a37-aeac-4b54d7ad39e5 service placement] getting providers with 1024 MEMORY_MB {{(pid=95829) __init__ /opt/stack/placement/placement/objects/research_context.py:126}}
Aug 26 17:09:01.681189 n-d-805663-7 devstack@placement-api.service[95829]: DEBUG placement.objects.research_context [req-d4673163-42ab-4acc-ae28-aaff6adff440 req-794ab193-9ab4-4a37-aeac-4b54d7ad39e5 service placement] getting providers with 1 VCPU {{(pid=95829) __init__ /opt/stack/placement/placement/objects/research_context.py:126}}
Aug 26 17:09:01.696465 n-d-805663-7 devstack@placement-api.service[95829]: DEBUG placement.objects.research_context [req-d4673163-42ab-4acc-ae28-aaff6adff440 req-794ab193-9ab4-4a37-aeac-4b54d7ad39e5 service placement] found 2 providers with available 1 DISK_GB {{(pid=95829) get_provider_ids_matching /opt/stack/placement/placement/objects/research_context.py:549}}
Aug 26 17:09:01.697391 n-d-805663-7 devstack@placement-api.service[95829]: DEBUG placement.objects.research_context [req-d4673163-42ab-4acc-ae28-aaff6adff440 req-794ab193-9ab4-4a37-aeac-4b54d7ad39e5 service placement] found 2 providers with available 1024 MEMORY_MB {{(pid=95829) get_provider_ids_matching /opt/stack/placement/placement/objects/research_context.py:549}}
Aug 26 17:09:01.697870 n-d-805663-7 devstack@placement-api.service[95829]: DEBUG placement.objects.research_context [req-d4673163-42ab-4acc-ae28-aaff6adff440 req-794ab193-9ab4-4a37-aeac-4b54d7ad39e5 service placement] found 2 providers after filtering by previous result {{(pid=95829) get_provider_ids_matching /opt/stack/placement/placement/objects/research_context.py:580}}
Aug 26 17:09:01.698798 n-d-805663-7 devstack@placement-api.service[95829]: DEBUG placement.objects.research_context [req-d4673163-42ab-4acc-ae28-aaff6adff440 req-794ab193-9ab4-4a37-aeac-4b54d7ad39e5 service placement] found 2 providers with available 1 VCPU {{(pid=95829) get_provider_ids_matching /opt/stack/placement/placement/objects/research_context.py:549}}
Aug 26 17:09:01.699251 n-d-805663-7 devstack@placement-api.service[95829]: DEBUG placement.objects.research_context [req-d4673163-42ab-4acc-ae28-aaff6adff440 req-794ab193-9ab4-4a37-aeac-4b54d7ad39e5 service placement] found 2 providers after filtering by previous result {{(pid=95829) get_provider_ids_matching /opt/stack/placement/placement/objects/research_context.py:580}}
Aug 26 17:09:01.737519 n-d-805663-7 devstack@placement-api.service[95829]: DEBUG placement.objects.allocation_candidate [req-d4673163-42ab-4acc-ae28-aaff6adff440 req-794ab193-9ab4-4a37-aeac-4b54d7ad39e5 service placement] RequestGroup(use_same_provider=False, resources={DISK_GB:1, MEMORY_MB:1024, VCPU:1}, traits=[], aggregates=[]) (suffix '') returned 2 matches {{(pid=95829) _get_by_requests /opt/stack/placement/placement/objects/allocation_candidate.py:145}}
Aug 26 17:09:01.738629 n-d-805663-7 devstack@placement-api.service[95829]: DEBUG placement.objects.allocation_candidate [req-d4673163-42ab-4acc-ae28-aaff6adff440 req-794ab193-9ab4-4a37-aeac-4b54d7ad39e5 service placement] Merging candidates yields 2 allocation requests and 2 provider summaries {{(pid=95829) _merge_candidates /opt/stack/placement/placement/objects/allocation_candidate.py:783}}
Aug 26 17:09:01.740763 n-d-805663-7 devstack@placement-api.service[95829]: INFO placement.requestlog [req-d4673163-42ab-4acc-ae28-aaff6adff440 req-794ab193-9ab4-4a37-aeac-4b54d7ad39e5 service placement] 10.222.0.26 "GET /placement/allocation_candidates?limit=1000&resources=DISK_GB%3A1%2CMEMORY_MB%3A1024%2CVCPU%3A1&root_required=%21COMPUTE_STATUS_DISABLED" status: 200 len: 1309 microversion: 1.35
Aug 26 17:09:01.742557 n-d-805663-7 devstack@placement-api.service[95830]: DEBUG placement.requestlog [req-21b273ba-8cf3-41e5-9db8-f7d32f54f705 req-1ed21301-aa34-48c3-8575-e87a884e8c9d None None] Starting request: 10.222.0.25 "GET /placement/allocations/5f244264-0257-4c87-8089-3341803416b0" {{(pid=95830) __call__ /opt/stack/placement/placement/requestlog.py:55}}
Aug 26 17:09:01.755584 n-d-805663-7 devstack@placement-api.service[95829]: [pid: 95829|app: 0|req: 53/104] 10.222.0.26 () {60 vars in 1507 bytes} [Thu Aug 26 17:09:01 2021] GET /placement/allocation_candidates?limit=1000&resources=DISK_GB%3A1%2CMEMORY_MB%3A1024%2CVCPU%3A1&root_required=%21COMPUTE_STATUS_DISABLED => generated 1309 bytes in 127 msecs (HTTP/1.1 200) 8 headers in 297 bytes (1 switches on core 0)
Aug 26 17:09:01.765496 n-d-805663-7 devstack@placement-api.service[95830]: INFO placement.requestlog [req-21b273ba-8cf3-41e5-9db8-f7d32f54f705 req-1ed21301-aa34-48c3-8575-e87a884e8c9d service placement] 10.222.0.25 "GET /placement/allocations/5f244264-0257-4c87-8089-3341803416b0" status: 200 len: 259 microversion: 1.28
Aug 26 17:09:01.767562 n-d-805663-7 devstack@placement-api.service[95830]: [pid: 95830|app: 0|req: 52/105] 10.222.0.25 () {60 vars in 1378 bytes} [Thu Aug 26 17:09:01 2021] GET /placement/allocations/5f244264-0257-4c87-8089-3341803416b0 => generated 259 bytes in 25 msecs (HTTP/1.1 200) 8 headers in 296 bytes (2 switches on core 0)
Aug 26 17:09:01.856292 n-d-805663-7 devstack@placement-api.service[95829]: DEBUG placement.requestlog [req-d4673163-42ab-4acc-ae28-aaff6adff440 req-36503421-c3a9-4c15-b98f-49a13a62abea None None] Starting request: 10.222.0.26 "GET /placement/allocations/8e07e177-e124-474a-bd87-a320d2bb7046" {{(pid=95829) __call__ /opt/stack/placement/placement/requestlog.py:55}}
Aug 26 17:09:01.869348 n-d-805663-7 devstack@placement-api.service[95829]: INFO placement.requestlog [req-d4673163-42ab-4acc-ae28-aaff6adff440 req-36503421-c3a9-4c15-b98f-49a13a62abea service placement] 10.222.0.26 "GET /placement/allocations/8e07e177-e124-474a-bd87-a320d2bb7046" status: 200 len: 19 microversion: 1.28
Aug 26 17:09:01.870434 n-d-805663-7 devstack@placement-api.service[95829]: [pid: 95829|app: 0|req: 54/106] 10.222.0.26 () {60 vars in 1381 bytes} [Thu Aug 26 17:09:01 2021] GET /placement/allocations/8e07e177-e124-474a-bd87-a320d2bb7046 => generated 19 bytes in 14 msecs (HTTP/1.1 200) 8 headers in 295 bytes (1 switches on core 0)
Aug 26 17:09:01.882105 n-d-805663-7 devstack@placement-api.service[95830]: DEBUG placement.requestlog [req-d4673163-42ab-4acc-ae28-aaff6adff440 req-a77be495-5d1d-4d62-b163-0f3535383f64 None None] Starting request: 10.222.0.26 "PUT /placement/allocations/8e07e177-e124-474a-bd87-a320d2bb7046" {{(pid=95830) __call__ /opt/stack/placement/placement/requestlog.py:55}}
Aug 26 17:09:01.956537 n-d-805663-7 devstack@placement-api.service[95830]: DEBUG placement.handlers.allocation [req-d4673163-42ab-4acc-ae28-aaff6adff440 req-a77be495-5d1d-4d62-b163-0f3535383f64 service placement] Successfully wrote allocations [, , ] {{(pid=95830) _create_allocations /opt/stack/placement/placement/handlers/allocation.py:461}}
Aug 26 17:09:02.027748 n-d-805663-7 devstack@placement-api.service[95830]: INFO placement.requestlog [req-d4673163-42ab-4acc-ae28-aaff6adff440 req-a77be495-5d1d-4d62-b163-0f3535383f64 service placement] 10.222.0.26 "PUT /placement/allocations/8e07e177-e124-474a-bd87-a320d2bb7046" status: 204 len: 0 microversion: 1.35
Aug 26 17:09:02.028508 n-d-805663-7 devstack@placement-api.service[95830]: [pid: 95830|app: 0|req: 53/107] 10.222.0.26 () {64 vars in 1434 bytes} [Thu Aug 26 17:09:01 2021] PUT /placement/allocations/8e07e177-e124-474a-bd87-a320d2bb7046 => generated 0 bytes in 147 msecs (HTTP/1.1 204) 5 headers in 199 bytes (1 switches on core 0)
Aug 26 17:09:02.929501 n-d-805663-7 devstack@placement-api.service[95829]: DEBUG placement.requestlog [req-69fb6064-53ff-4fd7-b095-c2bcf6ee7764 req-871c9b1c-744d-46d1-bbda-3b43f9479d8c None None] Starting request: 10.222.0.26 "GET /placement/allocation_candidates?limit=1000&resources=DISK_GB%3A1%2CMEMORY_MB%3A1024%2CVCPU%3A1&root_required=%21COMPUTE_STATUS_DISABLED" {{(pid=95829) __call__ /opt/stack/placement/placement/requestlog.py:55}}
Aug 26 17:09:02.975869 n-d-805663-7 devstack@placement-api.service[95829]: DEBUG placement.objects.research_context [req-69fb6064-53ff-4fd7-b095-c2bcf6ee7764 req-871c9b1c-744d-46d1-bbda-3b43f9479d8c service placement] getting providers with 1 DISK_GB {{(pid=95829) __init__ /opt/stack/placement/placement/objects/research_context.py:126}}
Aug 26 17:09:02.983726 n-d-805663-7 devstack@placement-api.service[95829]: DEBUG placement.objects.research_context [req-69fb6064-53ff-4fd7-b095-c2bcf6ee7764 req-871c9b1c-744d-46d1-bbda-3b43f9479d8c service placement] getting providers with 1024 MEMORY_MB {{(pid=95829) __init__ /opt/stack/placement/placement/objects/research_context.py:126}}
Aug 26 17:09:03.005404 n-d-805663-7 devstack@placement-api.service[95829]: DEBUG placement.objects.research_context [req-69fb6064-53ff-4fd7-b095-c2bcf6ee7764 req-871c9b1c-744d-46d1-bbda-3b43f9479d8c service placement] getting providers with 1 VCPU {{(pid=95829) __init__ /opt/stack/placement/placement/objects/research_context.py:126}}
Aug 26 17:09:03.020933 n-d-805663-7 devstack@placement-api.service[95829]: DEBUG placement.objects.research_context [req-69fb6064-53ff-4fd7-b095-c2bcf6ee7764 req-871c9b1c-744d-46d1-bbda-3b43f9479d8c service placement] found 2 providers with available 1 DISK_GB {{(pid=95829) get_provider_ids_matching /opt/stack/placement/placement/objects/research_context.py:549}}
Aug 26 17:09:03.021551 n-d-805663-7 devstack@placement-api.service[95829]: DEBUG placement.objects.research_context [req-69fb6064-53ff-4fd7-b095-c2bcf6ee7764 req-871c9b1c-744d-46d1-bbda-3b43f9479d8c service placement] found 2 providers with available 1024 MEMORY_MB {{(pid=95829) get_provider_ids_matching /opt/stack/placement/placement/objects/research_context.py:549}}
Aug 26 17:09:03.022044 n-d-805663-7 devstack@placement-api.service[95829]: DEBUG placement.objects.research_context [req-69fb6064-53ff-4fd7-b095-c2bcf6ee7764 req-871c9b1c-744d-46d1-bbda-3b43f9479d8c service placement] found 2 providers after filtering by previous result {{(pid=95829) get_provider_ids_matching /opt/stack/placement/placement/objects/research_context.py:580}}
Aug 26 17:09:03.022491 n-d-805663-7 devstack@placement-api.service[95829]: DEBUG placement.objects.research_context [req-69fb6064-53ff-4fd7-b095-c2bcf6ee7764 req-871c9b1c-744d-46d1-bbda-3b43f9479d8c service placement] found 2 providers with available 1 VCPU {{(pid=95829) get_provider_ids_matching /opt/stack/placement/placement/objects/research_context.py:549}}
Aug 26 17:09:03.023364 n-d-805663-7 devstack@placement-api.service[95829]: DEBUG placement.objects.research_context [req-69fb6064-53ff-4fd7-b095-c2bcf6ee7764 req-871c9b1c-744d-46d1-bbda-3b43f9479d8c service placement] found 2 providers after filtering by previous result {{(pid=95829) get_provider_ids_matching /opt/stack/placement/placement/objects/research_context.py:580}}
Aug 26 17:09:03.044262 n-d-805663-7 devstack@placement-api.service[95829]: DEBUG placement.objects.allocation_candidate [req-69fb6064-53ff-4fd7-b095-c2bcf6ee7764 req-871c9b1c-744d-46d1-bbda-3b43f9479d8c service placement] RequestGroup(use_same_provider=False, resources={DISK_GB:1, MEMORY_MB:1024, VCPU:1}, traits=[], aggregates=[]) (suffix '') returned 2 matches {{(pid=95829) _get_by_requests /opt/stack/placement/placement/objects/allocation_candidate.py:145}}
Aug 26 17:09:03.044998 n-d-805663-7 devstack@placement-api.service[95829]: DEBUG placement.objects.allocation_candidate [req-69fb6064-53ff-4fd7-b095-c2bcf6ee7764 req-871c9b1c-744d-46d1-bbda-3b43f9479d8c service placement] Merging candidates yields 2 allocation requests and 2 provider summaries {{(pid=95829) _merge_candidates /opt/stack/placement/placement/objects/allocation_candidate.py:783}}
Aug 26 17:09:03.048663 n-d-805663-7 devstack@placement-api.service[95829]: INFO placement.requestlog [req-69fb6064-53ff-4fd7-b095-c2bcf6ee7764 req-871c9b1c-744d-46d1-bbda-3b43f9479d8c service placement] 10.222.0.26 "GET /placement/allocation_candidates?limit=1000&resources=DISK_GB%3A1%2CMEMORY_MB%3A1024%2CVCPU%3A1&root_required=%21COMPUTE_STATUS_DISABLED" status: 200 len: 1309 microversion: 1.35
Aug 26 17:09:03.049200 n-d-805663-7 devstack@placement-api.service[95829]: [pid: 95829|app: 0|req: 55/108] 10.222.0.26 () {60 vars in 1507 bytes} [Thu Aug 26 17:09:02 2021] GET /placement/allocation_candidates?limit=1000&resources=DISK_GB%3A1%2CMEMORY_MB%3A1024%2CVCPU%3A1&root_required=%21COMPUTE_STATUS_DISABLED => generated 1309 bytes in 120 msecs (HTTP/1.1 200) 8 headers in 297 bytes (1 switches on core 0)
Aug 26 17:09:03.134956 n-d-805663-7 devstack@placement-api.service[95830]: DEBUG placement.requestlog [req-69fb6064-53ff-4fd7-b095-c2bcf6ee7764 req-e22bb814-df95-4f39-b68f-c8fbba163871 None None] Starting request: 10.222.0.26 "GET /placement/allocations/dea63858-62de-4dc7-b746-b3a7791a492c" {{(pid=95830) __call__ /opt/stack/placement/placement/requestlog.py:55}}
Aug 26 17:09:03.153792 n-d-805663-7 devstack@placement-api.service[95830]: INFO placement.requestlog [req-69fb6064-53ff-4fd7-b095-c2bcf6ee7764 req-e22bb814-df95-4f39-b68f-c8fbba163871 service placement] 10.222.0.26 "GET /placement/allocations/dea63858-62de-4dc7-b746-b3a7791a492c" status: 200 len: 19 microversion: 1.28
Aug 26 17:09:03.155155 n-d-805663-7 devstack@placement-api.service[95830]: [pid: 95830|app: 0|req: 54/109] 10.222.0.26 () {60 vars in 1381 bytes} [Thu Aug 26 17:09:03 2021] GET /placement/allocations/dea63858-62de-4dc7-b746-b3a7791a492c => generated 19 bytes in 20 msecs (HTTP/1.1 200) 8 headers in 295 bytes (1 switches on core 0)
Aug 26 17:09:03.168061 n-d-805663-7 devstack@placement-api.service[95829]: DEBUG placement.requestlog [req-69fb6064-53ff-4fd7-b095-c2bcf6ee7764 req-ee95e641-73b7-429e-8396-856ecb2488dd None None] Starting request: 10.222.0.26 "PUT /placement/allocations/dea63858-62de-4dc7-b746-b3a7791a492c" {{(pid=95829) __call__ /opt/stack/placement/placement/requestlog.py:55}}
Aug 26 17:09:03.226262 n-d-805663-7 devstack@placement-api.service[95829]: DEBUG placement.handlers.allocation [req-69fb6064-53ff-4fd7-b095-c2bcf6ee7764 req-ee95e641-73b7-429e-8396-856ecb2488dd service placement] Successfully wrote allocations [, , ] {{(pid=95829) _create_allocations /opt/stack/placement/placement/handlers/allocation.py:461}}
Aug 26 17:09:03.309698 n-d-805663-7 devstack@placement-api.service[95829]: INFO placement.requestlog [req-69fb6064-53ff-4fd7-b095-c2bcf6ee7764 req-ee95e641-73b7-429e-8396-856ecb2488dd service placement] 10.222.0.26 "PUT /placement/allocations/dea63858-62de-4dc7-b746-b3a7791a492c" status: 204 len: 0 microversion: 1.35
Aug 26 17:09:03.313121 n-d-805663-7 devstack@placement-api.service[95829]: [pid: 95829|app: 0|req: 56/110] 10.222.0.26 () {64 vars in 1434 bytes} [Thu Aug 26 17:09:03 2021] PUT /placement/allocations/dea63858-62de-4dc7-b746-b3a7791a492c => generated 0 bytes in 143 msecs (HTTP/1.1 204) 5 headers in 199 bytes (1 switches on core 0)
Aug 26 17:09:03.554371 n-d-805663-7 devstack@placement-api.service[95830]: DEBUG placement.requestlog [req-d4673163-42ab-4acc-ae28-aaff6adff440 req-24ecba56-d550-476f-b3b3-1e318b70d5b2 None None] Starting request: 10.222.0.25 "GET /placement/allocations/8e07e177-e124-474a-bd87-a320d2bb7046" {{(pid=95830) __call__ /opt/stack/placement/placement/requestlog.py:55}}
Aug 26 17:09:03.582295 n-d-805663-7 devstack@placement-api.service[95830]: INFO placement.requestlog [req-d4673163-42ab-4acc-ae28-aaff6adff440 req-24ecba56-d550-476f-b3b3-1e318b70d5b2 service placement] 10.222.0.25 "GET /placement/allocations/8e07e177-e124-474a-bd87-a320d2bb7046" status: 200 len: 259 microversion: 1.28
Aug 26 17:09:03.582428 n-d-805663-7 devstack@placement-api.service[95830]: [pid: 95830|app: 0|req: 55/111] 10.222.0.25 () {60 vars in 1378 bytes} [Thu Aug 26 17:09:03 2021] GET /placement/allocations/8e07e177-e124-474a-bd87-a320d2bb7046 => generated 259 bytes in 28 msecs (HTTP/1.1 200) 8 headers in 296 bytes (1 switches on core 0)
Aug 26 17:09:03.924247 n-d-805663-7 devstack@placement-api.service[95829]: DEBUG placement.requestlog [req-2e1b75de-5095-416b-928e-c1736b18dd04 req-eeea8816-9e7f-492b-b611-513d9ed38425 None None] Starting request: 10.222.0.26 "GET /placement/allocation_candidates?limit=1000&resources=DISK_GB%3A1%2CMEMORY_MB%3A1024%2CVCPU%3A1&root_required=%21COMPUTE_STATUS_DISABLED" {{(pid=95829) __call__ /opt/stack/placement/placement/requestlog.py:55}}
Aug 26 17:09:04.007386 n-d-805663-7 devstack@placement-api.service[95829]: DEBUG placement.objects.research_context [req-2e1b75de-5095-416b-928e-c1736b18dd04 req-eeea8816-9e7f-492b-b611-513d9ed38425 service placement] getting providers with 1 DISK_GB {{(pid=95829) __init__ /opt/stack/placement/placement/objects/research_context.py:126}}
Aug 26 17:09:04.014328 n-d-805663-7 devstack@placement-api.service[95829]: DEBUG placement.objects.research_context [req-2e1b75de-5095-416b-928e-c1736b18dd04 req-eeea8816-9e7f-492b-b611-513d9ed38425 service placement] getting providers with 1024 MEMORY_MB {{(pid=95829) __init__ /opt/stack/placement/placement/objects/research_context.py:126}}
Aug 26 17:09:04.021624 n-d-805663-7 devstack@placement-api.service[95829]: DEBUG placement.objects.research_context [req-2e1b75de-5095-416b-928e-c1736b18dd04 req-eeea8816-9e7f-492b-b611-513d9ed38425 service placement] getting providers with 1 VCPU {{(pid=95829) __init__ /opt/stack/placement/placement/objects/research_context.py:126}}
Aug 26 17:09:04.028966 n-d-805663-7 devstack@placement-api.service[95829]: DEBUG placement.objects.research_context [req-2e1b75de-5095-416b-928e-c1736b18dd04 req-eeea8816-9e7f-492b-b611-513d9ed38425 service placement] found 2 providers with available 1 DISK_GB {{(pid=95829) get_provider_ids_matching /opt/stack/placement/placement/objects/research_context.py:549}}
Aug 26 17:09:04.029744 n-d-805663-7 devstack@placement-api.service[95829]: DEBUG placement.objects.research_context [req-2e1b75de-5095-416b-928e-c1736b18dd04 req-eeea8816-9e7f-492b-b611-513d9ed38425 service placement] found 2 providers with available 1024 MEMORY_MB {{(pid=95829) get_provider_ids_matching /opt/stack/placement/placement/objects/research_context.py:549}}
Aug 26 17:09:04.030022 n-d-805663-7 devstack@placement-api.service[95829]: DEBUG placement.objects.research_context [req-2e1b75de-5095-416b-928e-c1736b18dd04 req-eeea8816-9e7f-492b-b611-513d9ed38425 service placement] found 2 providers after filtering by previous result {{(pid=95829) get_provider_ids_matching /opt/stack/placement/placement/objects/research_context.py:580}}
Aug 26 17:09:04.030280 n-d-805663-7 devstack@placement-api.service[95829]: DEBUG placement.objects.research_context [req-2e1b75de-5095-416b-928e-c1736b18dd04 req-eeea8816-9e7f-492b-b611-513d9ed38425 service placement] found 2 providers with available 1 VCPU {{(pid=95829) get_provider_ids_matching /opt/stack/placement/placement/objects/research_context.py:549}}
Aug 26 17:09:04.030590 n-d-805663-7 devstack@placement-api.service[95829]: DEBUG placement.objects.research_context [req-2e1b75de-5095-416b-928e-c1736b18dd04 req-eeea8816-9e7f-492b-b611-513d9ed38425 service placement] found 2 providers after filtering by previous result {{(pid=95829) get_provider_ids_matching /opt/stack/placement/placement/objects/research_context.py:580}}
Aug 26 17:09:04.047545 n-d-805663-7 devstack@placement-api.service[95829]: DEBUG placement.objects.allocation_candidate [req-2e1b75de-5095-416b-928e-c1736b18dd04 req-eeea8816-9e7f-492b-b611-513d9ed38425 service placement] RequestGroup(use_same_provider=False, resources={DISK_GB:1, MEMORY_MB:1024, VCPU:1}, traits=[], aggregates=[]) (suffix '') returned 2 matches {{(pid=95829) _get_by_requests /opt/stack/placement/placement/objects/allocation_candidate.py:145}}
Aug 26 17:09:04.047987 n-d-805663-7 devstack@placement-api.service[95829]: DEBUG placement.objects.allocation_candidate [req-2e1b75de-5095-416b-928e-c1736b18dd04 req-eeea8816-9e7f-492b-b611-513d9ed38425 service placement] Merging candidates yields 2 allocation requests and 2 provider summaries {{(pid=95829) _merge_candidates /opt/stack/placement/placement/objects/allocation_candidate.py:783}}
Aug 26 17:09:04.051852 n-d-805663-7 devstack@placement-api.service[95829]: INFO placement.requestlog [req-2e1b75de-5095-416b-928e-c1736b18dd04 req-eeea8816-9e7f-492b-b611-513d9ed38425 service placement] 10.222.0.26 "GET /placement/allocation_candidates?limit=1000&resources=DISK_GB%3A1%2CMEMORY_MB%3A1024%2CVCPU%3A1&root_required=%21COMPUTE_STATUS_DISABLED" status: 200 len: 1309 microversion: 1.35
Aug 26 17:09:04.052482 n-d-805663-7 devstack@placement-api.service[95829]: [pid: 95829|app: 0|req: 57/112] 10.222.0.26 () {60 vars in 1507 bytes} [Thu Aug 26 17:09:03 2021] GET /placement/allocation_candidates?limit=1000&resources=DISK_GB%3A1%2CMEMORY_MB%3A1024%2CVCPU%3A1&root_required=%21COMPUTE_STATUS_DISABLED => generated 1309 bytes in 128 msecs (HTTP/1.1 200) 8 headers in 297 bytes (1 switches on core 0)
Aug 26 17:09:04.156645 n-d-805663-7 devstack@placement-api.service[95830]: DEBUG placement.requestlog [req-2e1b75de-5095-416b-928e-c1736b18dd04 req-5d7e23e4-3a3c-4990-8c37-9f185dc66f5c None None] Starting request: 10.222.0.26 "GET /placement/allocations/1a1645c3-299c-4087-a517-6b02941930fd" {{(pid=95830) __call__ /opt/stack/placement/placement/requestlog.py:55}}
Aug 26 17:09:04.182589 n-d-805663-7 devstack@placement-api.service[95830]: INFO placement.requestlog [req-2e1b75de-5095-416b-928e-c1736b18dd04 req-5d7e23e4-3a3c-4990-8c37-9f185dc66f5c service placement] 10.222.0.26 "GET /placement/allocations/1a1645c3-299c-4087-a517-6b02941930fd" status: 200 len: 19 microversion: 1.28
Aug 26 17:09:04.183821 n-d-805663-7 devstack@placement-api.service[95830]: [pid: 95830|app: 0|req: 56/113] 10.222.0.26 () {60 vars in 1381 bytes} [Thu Aug 26 17:09:04 2021] GET /placement/allocations/1a1645c3-299c-4087-a517-6b02941930fd => generated 19 bytes in 27 msecs (HTTP/1.1 200) 8 headers in 295 bytes (1 switches on core 0)
Aug 26 17:09:04.189479 n-d-805663-7 devstack@placement-api.service[95829]: DEBUG placement.requestlog [req-2e1b75de-5095-416b-928e-c1736b18dd04 req-d88cee93-d5cc-4648-a9c4-01451824821b None None] Starting request: 10.222.0.26 "PUT /placement/allocations/1a1645c3-299c-4087-a517-6b02941930fd" {{(pid=95829) __call__ /opt/stack/placement/placement/requestlog.py:55}}
Aug 26 17:09:04.311520 n-d-805663-7 devstack@placement-api.service[95829]: DEBUG placement.handlers.allocation [req-2e1b75de-5095-416b-928e-c1736b18dd04 req-d88cee93-d5cc-4648-a9c4-01451824821b service placement] Successfully wrote allocations [, , ] {{(pid=95829) _create_allocations /opt/stack/placement/placement/handlers/allocation.py:461}}
Aug 26 17:09:04.383604 n-d-805663-7 devstack@placement-api.service[95829]: INFO placement.requestlog [req-2e1b75de-5095-416b-928e-c1736b18dd04 req-d88cee93-d5cc-4648-a9c4-01451824821b service placement] 10.222.0.26 "PUT /placement/allocations/1a1645c3-299c-4087-a517-6b02941930fd" status: 204 len: 0 microversion: 1.35
Aug 26 17:09:04.384214 n-d-805663-7 devstack@placement-api.service[95829]: [pid: 95829|app: 0|req: 58/114] 10.222.0.26 () {64 vars in 1434 bytes} [Thu Aug 26 17:09:04 2021] PUT /placement/allocations/1a1645c3-299c-4087-a517-6b02941930fd => generated 0 bytes in 195 msecs (HTTP/1.1 204) 5 headers in 199 bytes (1 switches on core 0)
Aug 26 17:09:04.687807 n-d-805663-7 devstack@placement-api.service[95830]: DEBUG placement.requestlog [req-69fb6064-53ff-4fd7-b095-c2bcf6ee7764 req-aa246f9e-9000-4e4d-8e95-9a78345e5fe4 None None] Starting request: 10.222.0.39 "GET /placement/allocations/dea63858-62de-4dc7-b746-b3a7791a492c" {{(pid=95830) __call__ /opt/stack/placement/placement/requestlog.py:55}}
Aug 26 17:09:04.719205 n-d-805663-7 devstack@placement-api.service[95830]: INFO placement.requestlog [req-69fb6064-53ff-4fd7-b095-c2bcf6ee7764 req-aa246f9e-9000-4e4d-8e95-9a78345e5fe4 service placement] 10.222.0.39 "GET /placement/allocations/dea63858-62de-4dc7-b746-b3a7791a492c" status: 200 len: 258 microversion: 1.28
Aug 26 17:09:04.720172 n-d-805663-7 devstack@placement-api.service[95830]: [pid: 95830|app: 0|req: 57/115] 10.222.0.39 () {60 vars in 1378 bytes} [Thu Aug 26 17:09:04 2021] GET /placement/allocations/dea63858-62de-4dc7-b746-b3a7791a492c => generated 258 bytes in 32 msecs (HTTP/1.1 200) 8 headers in 296 bytes (1 switches on core 0)
Aug 26 17:09:06.028347 n-d-805663-7 devstack@placement-api.service[95829]: DEBUG placement.requestlog [req-2e1b75de-5095-416b-928e-c1736b18dd04 req-0f74be26-2562-40f5-bc2b-509769a6574b None None] Starting request: 10.222.0.39 "GET /placement/allocations/1a1645c3-299c-4087-a517-6b02941930fd" {{(pid=95829) __call__ /opt/stack/placement/placement/requestlog.py:55}}
Aug 26 17:09:06.061650 n-d-805663-7 devstack@placement-api.service[95829]: INFO placement.requestlog [req-2e1b75de-5095-416b-928e-c1736b18dd04 req-0f74be26-2562-40f5-bc2b-509769a6574b service placement] 10.222.0.39 "GET /placement/allocations/1a1645c3-299c-4087-a517-6b02941930fd" status: 200 len: 258 microversion: 1.28
Aug 26 17:09:06.064852 n-d-805663-7 devstack@placement-api.service[95829]: [pid: 95829|app: 0|req: 59/116] 10.222.0.39 () {60 vars in 1378 bytes} [Thu Aug 26 17:09:06 2021] GET /placement/allocations/1a1645c3-299c-4087-a517-6b02941930fd => generated 258 bytes in 34 msecs (HTTP/1.1 200) 8 headers in 296 bytes (1 switches on core 0)
Aug 26 17:09:06.357662 n-d-805663-7 devstack@placement-api.service[95830]: DEBUG placement.requestlog [req-e191ee22-e06a-43f2-9018-2f339f18b0ce req-e2a5dfe7-b36a-4592-8e7b-4f5e07f55a92 None None] Starting request: 10.222.0.39 "GET /placement/allocations/24c3c1ab-bc15-4510-b76f-8b125869523c" {{(pid=95830) __call__ /opt/stack/placement/placement/requestlog.py:55}}
Aug 26 17:09:06.401433 n-d-805663-7 devstack@placement-api.service[95830]: INFO placement.requestlog [req-e191ee22-e06a-43f2-9018-2f339f18b0ce req-e2a5dfe7-b36a-4592-8e7b-4f5e07f55a92 service placement] 10.222.0.39 "GET /placement/allocations/24c3c1ab-bc15-4510-b76f-8b125869523c" status: 200 len: 258 microversion: 1.28
Aug 26 17:09:06.406754 n-d-805663-7 devstack@placement-api.service[95830]: [pid: 95830|app: 0|req: 58/117] 10.222.0.39 () {60 vars in 1378 bytes} [Thu Aug 26 17:09:06 2021] GET /placement/allocations/24c3c1ab-bc15-4510-b76f-8b125869523c => generated 258 bytes in 49 msecs (HTTP/1.1 200) 8 headers in 296 bytes (1 switches on core 0)
Aug 26 17:09:06.414800 n-d-805663-7 devstack@placement-api.service[95829]: DEBUG placement.requestlog [req-e191ee22-e06a-43f2-9018-2f339f18b0ce req-a7648f61-cff9-460c-b3af-d07d70a8050c None None] Starting request: 10.222.0.39 "PUT /placement/allocations/24c3c1ab-bc15-4510-b76f-8b125869523c" {{(pid=95829) __call__ /opt/stack/placement/placement/requestlog.py:55}}
Aug 26 17:09:06.514977 n-d-805663-7 devstack@placement-api.service[95829]: DEBUG placement.handlers.allocation [req-e191ee22-e06a-43f2-9018-2f339f18b0ce req-a7648f61-cff9-460c-b3af-d07d70a8050c service placement] Successfully wrote allocations [, , ] {{(pid=95829) _create_allocations /opt/stack/placement/placement/handlers/allocation.py:461}}
Aug 26 17:09:06.598168 n-d-805663-7 devstack@placement-api.service[95829]: INFO placement.requestlog [req-e191ee22-e06a-43f2-9018-2f339f18b0ce req-a7648f61-cff9-460c-b3af-d07d70a8050c service placement] 10.222.0.39 "PUT /placement/allocations/24c3c1ab-bc15-4510-b76f-8b125869523c" status: 204 len: 0 microversion: 1.28
Aug 26 17:09:06.599455 n-d-805663-7 devstack@placement-api.service[95829]: [pid: 95829|app: 0|req: 60/118] 10.222.0.39 () {64 vars in 1431 bytes} [Thu Aug 26 17:09:06 2021] PUT /placement/allocations/24c3c1ab-bc15-4510-b76f-8b125869523c => generated 0 bytes in 185 msecs (HTTP/1.1 204) 5 headers in 199 bytes (1 switches on core 0)
Aug 26 17:09:09.112364 n-d-805663-7 devstack@placement-api.service[95830]: DEBUG placement.requestlog [req-cce1c006-6600-486b-93a9-f3e81d0b5a4e req-49513731-93e8-4cb1-9a1e-60e41f1fbfc6 None None] Starting request: 10.222.0.26 "GET /placement/allocation_candidates?limit=1000&resources=DISK_GB%3A1%2CMEMORY_MB%3A1024%2CVCPU%3A1&root_required=%21COMPUTE_STATUS_DISABLED" {{(pid=95830) __call__ /opt/stack/placement/placement/requestlog.py:55}}
Aug 26 17:09:09.208718 n-d-805663-7 devstack@placement-api.service[95830]: DEBUG placement.objects.research_context [req-cce1c006-6600-486b-93a9-f3e81d0b5a4e req-49513731-93e8-4cb1-9a1e-60e41f1fbfc6 service placement] getting providers with 1 DISK_GB {{(pid=95830) __init__ /opt/stack/placement/placement/objects/research_context.py:126}}
Aug 26 17:09:09.220768 n-d-805663-7 devstack@placement-api.service[95830]: DEBUG placement.objects.research_context [req-cce1c006-6600-486b-93a9-f3e81d0b5a4e req-49513731-93e8-4cb1-9a1e-60e41f1fbfc6 service placement] getting providers with 1024 MEMORY_MB {{(pid=95830) __init__ /opt/stack/placement/placement/objects/research_context.py:126}}
Aug 26 17:09:09.236846 n-d-805663-7 devstack@placement-api.service[95830]: DEBUG placement.objects.research_context [req-cce1c006-6600-486b-93a9-f3e81d0b5a4e req-49513731-93e8-4cb1-9a1e-60e41f1fbfc6 service placement] getting providers with 1 VCPU {{(pid=95830) __init__ /opt/stack/placement/placement/objects/research_context.py:126}}
Aug 26 17:09:09.247402 n-d-805663-7 devstack@placement-api.service[95830]: DEBUG placement.objects.research_context [req-cce1c006-6600-486b-93a9-f3e81d0b5a4e req-49513731-93e8-4cb1-9a1e-60e41f1fbfc6 service placement] found 2 providers with available 1 DISK_GB {{(pid=95830) get_provider_ids_matching /opt/stack/placement/placement/objects/research_context.py:549}}
Aug 26 17:09:09.247928 n-d-805663-7 devstack@placement-api.service[95830]: DEBUG placement.objects.research_context [req-cce1c006-6600-486b-93a9-f3e81d0b5a4e req-49513731-93e8-4cb1-9a1e-60e41f1fbfc6 service placement] found 2 providers with available 1024 MEMORY_MB {{(pid=95830) get_provider_ids_matching /opt/stack/placement/placement/objects/research_context.py:549}}
Aug 26 17:09:09.248422 n-d-805663-7 devstack@placement-api.service[95830]: DEBUG placement.objects.research_context [req-cce1c006-6600-486b-93a9-f3e81d0b5a4e req-49513731-93e8-4cb1-9a1e-60e41f1fbfc6 service placement] found 2 providers after filtering by previous result {{(pid=95830) get_provider_ids_matching /opt/stack/placement/placement/objects/research_context.py:580}}
Aug 26 17:09:09.248886 n-d-805663-7 devstack@placement-api.service[95830]: DEBUG placement.objects.research_context [req-cce1c006-6600-486b-93a9-f3e81d0b5a4e req-49513731-93e8-4cb1-9a1e-60e41f1fbfc6 service placement] found 2 providers with available 1 VCPU {{(pid=95830) get_provider_ids_matching /opt/stack/placement/placement/objects/research_context.py:549}}
Aug 26 17:09:09.249415 n-d-805663-7 devstack@placement-api.service[95830]: DEBUG placement.objects.research_context [req-cce1c006-6600-486b-93a9-f3e81d0b5a4e req-49513731-93e8-4cb1-9a1e-60e41f1fbfc6 service placement] found 2 providers after filtering by previous result {{(pid=95830) get_provider_ids_matching /opt/stack/placement/placement/objects/research_context.py:580}}
Aug 26 17:09:09.288491 n-d-805663-7 devstack@placement-api.service[95830]: DEBUG placement.objects.allocation_candidate [req-cce1c006-6600-486b-93a9-f3e81d0b5a4e req-49513731-93e8-4cb1-9a1e-60e41f1fbfc6 service placement] RequestGroup(use_same_provider=False, resources={DISK_GB:1, MEMORY_MB:1024, VCPU:1}, traits=[], aggregates=[]) (suffix '') returned 2 matches {{(pid=95830) _get_by_requests /opt/stack/placement/placement/objects/allocation_candidate.py:145}}
Aug 26 17:09:09.289096 n-d-805663-7 devstack@placement-api.service[95830]: DEBUG placement.objects.allocation_candidate [req-cce1c006-6600-486b-93a9-f3e81d0b5a4e req-49513731-93e8-4cb1-9a1e-60e41f1fbfc6 service placement] Merging candidates yields 2 allocation requests and 2 provider summaries {{(pid=95830) _merge_candidates /opt/stack/placement/placement/objects/allocation_candidate.py:783}}
Aug 26 17:09:09.290800 n-d-805663-7 devstack@placement-api.service[95830]: INFO placement.requestlog [req-cce1c006-6600-486b-93a9-f3e81d0b5a4e req-49513731-93e8-4cb1-9a1e-60e41f1fbfc6 service placement] 10.222.0.26 "GET /placement/allocation_candidates?limit=1000&resources=DISK_GB%3A1%2CMEMORY_MB%3A1024%2CVCPU%3A1&root_required=%21COMPUTE_STATUS_DISABLED" status: 200 len: 1309 microversion: 1.35
Aug 26 17:09:09.299770 n-d-805663-7 devstack@placement-api.service[95830]: [pid: 95830|app: 0|req: 59/119] 10.222.0.26 () {60 vars in 1507 bytes} [Thu Aug 26 17:09:09 2021] GET /placement/allocation_candidates?limit=1000&resources=DISK_GB%3A1%2CMEMORY_MB%3A1024%2CVCPU%3A1&root_required=%21COMPUTE_STATUS_DISABLED => generated 1309 bytes in 187 msecs (HTTP/1.1 200) 8 headers in 297 bytes (1 switches on core 0)
Aug 26 17:09:09.370824 n-d-805663-7 devstack@placement-api.service[95829]: DEBUG placement.requestlog [req-cce1c006-6600-486b-93a9-f3e81d0b5a4e req-1875cb62-a318-458f-8752-f203e1525c41 None None] Starting request: 10.222.0.26 "GET /placement/allocations/6d3bb723-aa9d-43c0-a98c-49adadb9f060" {{(pid=95829) __call__ /opt/stack/placement/placement/requestlog.py:55}}
Aug 26 17:09:09.384582 n-d-805663-7 devstack@placement-api.service[95829]: INFO placement.requestlog [req-cce1c006-6600-486b-93a9-f3e81d0b5a4e req-1875cb62-a318-458f-8752-f203e1525c41 service placement] 10.222.0.26 "GET /placement/allocations/6d3bb723-aa9d-43c0-a98c-49adadb9f060" status: 200 len: 19 microversion: 1.28
Aug 26 17:09:09.391046 n-d-805663-7 devstack@placement-api.service[95829]: [pid: 95829|app: 0|req: 61/120] 10.222.0.26 () {60 vars in 1381 bytes} [Thu Aug 26 17:09:09 2021] GET /placement/allocations/6d3bb723-aa9d-43c0-a98c-49adadb9f060 => generated 19 bytes in 22 msecs (HTTP/1.1 200) 8 headers in 295 bytes (1 switches on core 0)
Aug 26 17:09:09.399966 n-d-805663-7 devstack@placement-api.service[95830]: DEBUG placement.requestlog [req-cce1c006-6600-486b-93a9-f3e81d0b5a4e req-992668ac-5ccc-4bd1-9916-cf726d0e4fa0 None None] Starting request: 10.222.0.26 "PUT /placement/allocations/6d3bb723-aa9d-43c0-a98c-49adadb9f060" {{(pid=95830) __call__ /opt/stack/placement/placement/requestlog.py:55}}
Aug 26 17:09:09.489414 n-d-805663-7 devstack@placement-api.service[95830]: DEBUG placement.handlers.allocation [req-cce1c006-6600-486b-93a9-f3e81d0b5a4e req-992668ac-5ccc-4bd1-9916-cf726d0e4fa0 service placement] Successfully wrote allocations [, , ] {{(pid=95830) _create_allocations /opt/stack/placement/placement/handlers/allocation.py:461}}
Aug 26 17:09:09.585821 n-d-805663-7 devstack@placement-api.service[95830]: INFO placement.requestlog [req-cce1c006-6600-486b-93a9-f3e81d0b5a4e req-992668ac-5ccc-4bd1-9916-cf726d0e4fa0 service placement] 10.222.0.26 "PUT /placement/allocations/6d3bb723-aa9d-43c0-a98c-49adadb9f060" status: 204 len: 0 microversion: 1.35
Aug 26 17:09:09.586060 n-d-805663-7 devstack@placement-api.service[95830]: [pid: 95830|app: 0|req: 60/121] 10.222.0.26 () {64 vars in 1434 bytes} [Thu Aug 26 17:09:09 2021] PUT /placement/allocations/6d3bb723-aa9d-43c0-a98c-49adadb9f060 => generated 0 bytes in 186 msecs (HTTP/1.1 204) 5 headers in 199 bytes (2 switches on core 0)
Aug 26 17:09:10.871205 n-d-805663-7 devstack@placement-api.service[95829]: DEBUG placement.requestlog [req-cce1c006-6600-486b-93a9-f3e81d0b5a4e req-a2b779d5-198d-4a64-9f92-32cbe48d3087 None None] Starting request: 10.222.0.39 "GET /placement/allocations/6d3bb723-aa9d-43c0-a98c-49adadb9f060" {{(pid=95829) __call__ /opt/stack/placement/placement/requestlog.py:55}}
Aug 26 17:09:10.901903 n-d-805663-7 devstack@placement-api.service[95829]: INFO placement.requestlog [req-cce1c006-6600-486b-93a9-f3e81d0b5a4e req-a2b779d5-198d-4a64-9f92-32cbe48d3087 service placement] 10.222.0.39 "GET /placement/allocations/6d3bb723-aa9d-43c0-a98c-49adadb9f060" status: 200 len: 258 microversion: 1.28
Aug 26 17:09:10.906811 n-d-805663-7 devstack@placement-api.service[95829]: [pid: 95829|app: 0|req: 62/122] 10.222.0.39 () {60 vars in 1378 bytes} [Thu Aug 26 17:09:10 2021] GET /placement/allocations/6d3bb723-aa9d-43c0-a98c-49adadb9f060 => generated 258 bytes in 36 msecs (HTTP/1.1 200) 8 headers in 296 bytes (1 switches on core 0)
Aug 26 17:09:22.404245 n-d-805663-7 devstack@placement-api.service[95830]: DEBUG placement.requestlog [req-9f497da5-f948-432a-a07d-aa48865f106d req-d9eac53a-3086-4fe8-b171-489a75031184 None None] Starting request: 10.222.0.25 "GET /placement/resource_providers/b42bda0f-f2b9-4bcb-8625-0ec382c96463/allocations" {{(pid=95830) __call__ /opt/stack/placement/placement/requestlog.py:55}}
Aug 26 17:09:22.449943 n-d-805663-7 devstack@placement-api.service[95830]: INFO placement.requestlog [req-9f497da5-f948-432a-a07d-aa48865f106d req-d9eac53a-3086-4fe8-b171-489a75031184 service placement] 10.222.0.25 "GET /placement/resource_providers/b42bda0f-f2b9-4bcb-8625-0ec382c96463/allocations" status: 200 len: 356 microversion: 1.0
Aug 26 17:09:22.450879 n-d-805663-7 devstack@placement-api.service[95830]: [pid: 95830|app: 0|req: 61/123] 10.222.0.25 () {58 vars in 1391 bytes} [Thu Aug 26 17:09:22 2021] GET /placement/resource_providers/b42bda0f-f2b9-4bcb-8625-0ec382c96463/allocations => generated 356 bytes in 47 msecs (HTTP/1.1 200) 6 headers in 224 bytes (1 switches on core 0)
