Aug 26 10:58:13.927732 n-d-805663-4 devstack@placement-api.service[102237]: DEBUG placement.requestlog [req-df4becef-5763-4062-97d8-1afa7cf34263 req-475b15c2-33b9-430e-9535-6915966dd4ec None None] Starting request: 10.222.0.11 "GET /placement/allocations/32dccd88-5616-4e9d-9679-ad342e207c28" {{(pid=102237) __call__ /opt/stack/placement/placement/requestlog.py:55}}
Aug 26 10:58:13.960000 n-d-805663-4 devstack@placement-api.service[102237]: INFO placement.requestlog [req-df4becef-5763-4062-97d8-1afa7cf34263 req-475b15c2-33b9-430e-9535-6915966dd4ec service placement] 10.222.0.11 "GET /placement/allocations/32dccd88-5616-4e9d-9679-ad342e207c28" status: 200 len: 259 microversion: 1.28
Aug 26 10:58:13.960982 n-d-805663-4 devstack@placement-api.service[102237]: [pid: 102237|app: 0|req: 125/254] 10.222.0.11 () {60 vars in 1378 bytes} [Thu Aug 26 10:58:13 2021] GET /placement/allocations/32dccd88-5616-4e9d-9679-ad342e207c28 => generated 259 bytes in 33 msecs (HTTP/1.1 200) 8 headers in 296 bytes (1 switches on core 0)
Aug 26 10:58:14.499343 n-d-805663-4 devstack@placement-api.service[102236]: DEBUG placement.requestlog [req-54dbaec2-efd5-4548-971c-2dbbcac80e1a req-5ea80538-e589-4d8d-9e84-0a1f890fc1df None None] Starting request: 10.222.0.11 "GET /placement/allocations/51b09b76-bb89-49fd-911d-30221b7efa08" {{(pid=102236) __call__ /opt/stack/placement/placement/requestlog.py:55}}
Aug 26 10:58:14.524129 n-d-805663-4 devstack@placement-api.service[102236]: INFO placement.requestlog [req-54dbaec2-efd5-4548-971c-2dbbcac80e1a req-5ea80538-e589-4d8d-9e84-0a1f890fc1df service placement] 10.222.0.11 "GET /placement/allocations/51b09b76-bb89-49fd-911d-30221b7efa08" status: 200 len: 259 microversion: 1.28
Aug 26 10:58:14.524847 n-d-805663-4 devstack@placement-api.service[102236]: [pid: 102236|app: 0|req: 130/255] 10.222.0.11 () {60 vars in 1378 bytes} [Thu Aug 26 10:58:14 2021] GET /placement/allocations/51b09b76-bb89-49fd-911d-30221b7efa08 => generated 259 bytes in 26 msecs (HTTP/1.1 200) 8 headers in 296 bytes (1 switches on core 0)
Aug 26 10:58:14.535761 n-d-805663-4 devstack@placement-api.service[102237]: DEBUG placement.requestlog [req-54dbaec2-efd5-4548-971c-2dbbcac80e1a req-ff8b03ab-ec9a-42c7-a82c-92f7111d0553 None None] Starting request: 10.222.0.11 "PUT /placement/allocations/51b09b76-bb89-49fd-911d-30221b7efa08" {{(pid=102237) __call__ /opt/stack/placement/placement/requestlog.py:55}}
Aug 26 10:58:14.575189 n-d-805663-4 devstack@placement-api.service[102237]: DEBUG placement.handlers.allocation [req-54dbaec2-efd5-4548-971c-2dbbcac80e1a req-ff8b03ab-ec9a-42c7-a82c-92f7111d0553 service placement] Successfully wrote allocations [, , ] {{(pid=102237) _create_allocations /opt/stack/placement/placement/handlers/allocation.py:461}}
Aug 26 10:58:14.661382 n-d-805663-4 devstack@placement-api.service[102237]: INFO placement.requestlog [req-54dbaec2-efd5-4548-971c-2dbbcac80e1a req-ff8b03ab-ec9a-42c7-a82c-92f7111d0553 service placement] 10.222.0.11 "PUT /placement/allocations/51b09b76-bb89-49fd-911d-30221b7efa08" status: 204 len: 0 microversion: 1.28
Aug 26 10:58:14.661917 n-d-805663-4 devstack@placement-api.service[102237]: [pid: 102237|app: 0|req: 126/256] 10.222.0.11 () {64 vars in 1431 bytes} [Thu Aug 26 10:58:14 2021] PUT /placement/allocations/51b09b76-bb89-49fd-911d-30221b7efa08 => generated 0 bytes in 126 msecs (HTTP/1.1 204) 5 headers in 199 bytes (1 switches on core 0)
Aug 26 10:58:19.408080 n-d-805663-4 devstack@placement-api.service[102236]: DEBUG placement.requestlog [req-a1509f59-a578-4fa0-ab8f-ac5a229343ed req-cf51d537-5bb6-4008-b1fa-b16e2d13a9a0 None None] Starting request: 10.222.0.23 "GET /placement/allocations/bd4541d7-42b4-4e76-85a2-240d2c2ddf36" {{(pid=102236) __call__ /opt/stack/placement/placement/requestlog.py:55}}
Aug 26 10:58:19.427587 n-d-805663-4 devstack@placement-api.service[102236]: INFO placement.requestlog [req-a1509f59-a578-4fa0-ab8f-ac5a229343ed req-cf51d537-5bb6-4008-b1fa-b16e2d13a9a0 service placement] 10.222.0.23 "GET /placement/allocations/bd4541d7-42b4-4e76-85a2-240d2c2ddf36" status: 200 len: 259 microversion: 1.28
Aug 26 10:58:19.428161 n-d-805663-4 devstack@placement-api.service[102236]: [pid: 102236|app: 0|req: 131/257] 10.222.0.23 () {60 vars in 1378 bytes} [Thu Aug 26 10:58:19 2021] GET /placement/allocations/bd4541d7-42b4-4e76-85a2-240d2c2ddf36 => generated 259 bytes in 20 msecs (HTTP/1.1 200) 8 headers in 296 bytes (1 switches on core 0)
Aug 26 10:58:19.439971 n-d-805663-4 devstack@placement-api.service[102237]: DEBUG placement.requestlog [req-a1509f59-a578-4fa0-ab8f-ac5a229343ed req-5dba1334-66cf-4b97-95f2-99efb1641c52 None None] Starting request: 10.222.0.23 "PUT /placement/allocations/bd4541d7-42b4-4e76-85a2-240d2c2ddf36" {{(pid=102237) __call__ /opt/stack/placement/placement/requestlog.py:55}}
Aug 26 10:58:19.511756 n-d-805663-4 devstack@placement-api.service[102237]: DEBUG placement.handlers.allocation [req-a1509f59-a578-4fa0-ab8f-ac5a229343ed req-5dba1334-66cf-4b97-95f2-99efb1641c52 service placement] Successfully wrote allocations [, , ] {{(pid=102237) _create_allocations /opt/stack/placement/placement/handlers/allocation.py:461}}
Aug 26 10:58:19.673058 n-d-805663-4 devstack@placement-api.service[102237]: INFO placement.requestlog [req-a1509f59-a578-4fa0-ab8f-ac5a229343ed req-5dba1334-66cf-4b97-95f2-99efb1641c52 service placement] 10.222.0.23 "PUT /placement/allocations/bd4541d7-42b4-4e76-85a2-240d2c2ddf36" status: 204 len: 0 microversion: 1.28
Aug 26 10:58:19.673308 n-d-805663-4 devstack@placement-api.service[102237]: [pid: 102237|app: 0|req: 127/258] 10.222.0.23 () {64 vars in 1431 bytes} [Thu Aug 26 10:58:19 2021] PUT /placement/allocations/bd4541d7-42b4-4e76-85a2-240d2c2ddf36 => generated 0 bytes in 234 msecs (HTTP/1.1 204) 5 headers in 199 bytes (1 switches on core 0)
Aug 26 10:58:21.037734 n-d-805663-4 devstack@placement-api.service[102236]: DEBUG placement.requestlog [req-9d170100-992c-429c-870d-e10d3e6073ba req-77df1a4d-fab9-40b6-91c0-244d213ff1fc None None] Starting request: 10.222.0.23 "GET /placement/allocations/666c66af-7a66-4219-8ae5-716111a71ee7" {{(pid=102236) __call__ /opt/stack/placement/placement/requestlog.py:55}}
Aug 26 10:58:21.052970 n-d-805663-4 devstack@placement-api.service[102236]: INFO placement.requestlog [req-9d170100-992c-429c-870d-e10d3e6073ba req-77df1a4d-fab9-40b6-91c0-244d213ff1fc service placement] 10.222.0.23 "GET /placement/allocations/666c66af-7a66-4219-8ae5-716111a71ee7" status: 200 len: 259 microversion: 1.28
Aug 26 10:58:21.053791 n-d-805663-4 devstack@placement-api.service[102236]: [pid: 102236|app: 0|req: 132/259] 10.222.0.23 () {60 vars in 1378 bytes} [Thu Aug 26 10:58:21 2021] GET /placement/allocations/666c66af-7a66-4219-8ae5-716111a71ee7 => generated 259 bytes in 16 msecs (HTTP/1.1 200) 8 headers in 296 bytes (2 switches on core 0)
Aug 26 10:58:21.069095 n-d-805663-4 devstack@placement-api.service[102237]: DEBUG placement.requestlog [req-9d170100-992c-429c-870d-e10d3e6073ba req-ff207835-0ce4-4950-9b63-810eb6542bfa None None] Starting request: 10.222.0.23 "PUT /placement/allocations/666c66af-7a66-4219-8ae5-716111a71ee7" {{(pid=102237) __call__ /opt/stack/placement/placement/requestlog.py:55}}
Aug 26 10:58:21.115751 n-d-805663-4 devstack@placement-api.service[102237]: DEBUG placement.handlers.allocation [req-9d170100-992c-429c-870d-e10d3e6073ba req-ff207835-0ce4-4950-9b63-810eb6542bfa service placement] Successfully wrote allocations [, , ] {{(pid=102237) _create_allocations /opt/stack/placement/placement/handlers/allocation.py:461}}
Aug 26 10:58:21.232561 n-d-805663-4 devstack@placement-api.service[102237]: INFO placement.requestlog [req-9d170100-992c-429c-870d-e10d3e6073ba req-ff207835-0ce4-4950-9b63-810eb6542bfa service placement] 10.222.0.23 "PUT /placement/allocations/666c66af-7a66-4219-8ae5-716111a71ee7" status: 204 len: 0 microversion: 1.28
Aug 26 10:58:21.233139 n-d-805663-4 devstack@placement-api.service[102237]: [pid: 102237|app: 0|req: 128/260] 10.222.0.23 () {64 vars in 1431 bytes} [Thu Aug 26 10:58:21 2021] PUT /placement/allocations/666c66af-7a66-4219-8ae5-716111a71ee7 => generated 0 bytes in 165 msecs (HTTP/1.1 204) 5 headers in 199 bytes (2 switches on core 0)
Aug 26 10:58:21.949321 n-d-805663-4 devstack@placement-api.service[102236]: DEBUG placement.requestlog [None req-11f6494d-92c6-4cd2-a4b0-018081f17787 None None] Starting request: 10.222.0.36 "GET /placement/" {{(pid=102236) __call__ /opt/stack/placement/placement/requestlog.py:55}}
Aug 26 10:58:21.950499 n-d-805663-4 devstack@placement-api.service[102236]: INFO placement.requestlog [None req-11f6494d-92c6-4cd2-a4b0-018081f17787 None None] 10.222.0.36 "GET /placement/" status: 200 len: 136 microversion: 1.0
Aug 26 10:58:21.950673 n-d-805663-4 devstack@placement-api.service[102236]: [pid: 102236|app: 0|req: 133/261] 10.222.0.36 () {54 vars in 916 bytes} [Thu Aug 26 10:58:21 2021] GET /placement => generated 136 bytes in 2 msecs (HTTP/1.1 200) 6 headers in 224 bytes (1 switches on core 0)
Aug 26 10:58:21.959935 n-d-805663-4 devstack@placement-api.service[102237]: DEBUG placement.requestlog [req-40378860-2bb9-4e7d-803f-25f7510550e3 req-d658ab2f-826f-4ed1-9898-f9b798fffb4b None None] Starting request: 10.222.0.36 "GET /placement/allocations/22eb2476-e162-480c-884a-123d36308bf1" {{(pid=102237) __call__ /opt/stack/placement/placement/requestlog.py:55}}
Aug 26 10:58:22.051223 n-d-805663-4 devstack@placement-api.service[102237]: INFO placement.requestlog [req-40378860-2bb9-4e7d-803f-25f7510550e3 req-d658ab2f-826f-4ed1-9898-f9b798fffb4b service placement] 10.222.0.36 "GET /placement/allocations/22eb2476-e162-480c-884a-123d36308bf1" status: 200 len: 259 microversion: 1.28
Aug 26 10:58:22.051793 n-d-805663-4 devstack@placement-api.service[102237]: [pid: 102237|app: 0|req: 129/262] 10.222.0.36 () {60 vars in 1381 bytes} [Thu Aug 26 10:58:21 2021] GET /placement/allocations/22eb2476-e162-480c-884a-123d36308bf1 => generated 259 bytes in 92 msecs (HTTP/1.1 200) 8 headers in 296 bytes (2 switches on core 0)
Aug 26 10:58:22.058879 n-d-805663-4 devstack@placement-api.service[102236]: DEBUG placement.requestlog [req-fa5a0851-55f4-468b-8416-745862a3a263 req-f8c5e83f-04d5-4c1f-8fe4-8e410095ca38 None None] Starting request: 10.222.0.36 "GET /placement/allocation_candidates?limit=1000&resources=DISK_GB%3A1%2CMEMORY_MB%3A1024%2CVCPU%3A1&root_required=%21COMPUTE_STATUS_DISABLED" {{(pid=102236) __call__ /opt/stack/placement/placement/requestlog.py:55}}
Aug 26 10:58:22.063258 n-d-805663-4 devstack@placement-api.service[102237]: DEBUG placement.requestlog [req-40378860-2bb9-4e7d-803f-25f7510550e3 req-2c646f7e-6474-40b0-b5d9-a6d11afa3e96 None None] Starting request: 10.222.0.36 "GET /placement/allocations/22eb2476-e162-480c-884a-123d36308bf1" {{(pid=102237) __call__ /opt/stack/placement/placement/requestlog.py:55}}
Aug 26 10:58:22.106504 n-d-805663-4 devstack@placement-api.service[102236]: DEBUG placement.objects.research_context [req-fa5a0851-55f4-468b-8416-745862a3a263 req-f8c5e83f-04d5-4c1f-8fe4-8e410095ca38 service placement] getting providers with 1 DISK_GB {{(pid=102236) __init__ /opt/stack/placement/placement/objects/research_context.py:126}}
Aug 26 10:58:22.112903 n-d-805663-4 devstack@placement-api.service[102237]: INFO placement.requestlog [req-40378860-2bb9-4e7d-803f-25f7510550e3 req-2c646f7e-6474-40b0-b5d9-a6d11afa3e96 service placement] 10.222.0.36 "GET /placement/allocations/22eb2476-e162-480c-884a-123d36308bf1" status: 200 len: 259 microversion: 1.28
Aug 26 10:58:22.114374 n-d-805663-4 devstack@placement-api.service[102237]: [pid: 102237|app: 0|req: 130/263] 10.222.0.36 () {60 vars in 1381 bytes} [Thu Aug 26 10:58:22 2021] GET /placement/allocations/22eb2476-e162-480c-884a-123d36308bf1 => generated 259 bytes in 53 msecs (HTTP/1.1 200) 8 headers in 296 bytes (1 switches on core 0)
Aug 26 10:58:22.115376 n-d-805663-4 devstack@placement-api.service[102236]: DEBUG placement.objects.research_context [req-fa5a0851-55f4-468b-8416-745862a3a263 req-f8c5e83f-04d5-4c1f-8fe4-8e410095ca38 service placement] getting providers with 1024 MEMORY_MB {{(pid=102236) __init__ /opt/stack/placement/placement/objects/research_context.py:126}}
Aug 26 10:58:22.119840 n-d-805663-4 devstack@placement-api.service[102237]: DEBUG placement.requestlog [req-40378860-2bb9-4e7d-803f-25f7510550e3 req-1a033923-7962-4f71-af65-3a04eb335eae None None] Starting request: 10.222.0.36 "GET /placement/allocations/455311f3-5568-4223-8189-b2c12e821d30" {{(pid=102237) __call__ /opt/stack/placement/placement/requestlog.py:55}}
Aug 26 10:58:22.123272 n-d-805663-4 devstack@placement-api.service[102236]: DEBUG placement.objects.research_context [req-fa5a0851-55f4-468b-8416-745862a3a263 req-f8c5e83f-04d5-4c1f-8fe4-8e410095ca38 service placement] getting providers with 1 VCPU {{(pid=102236) __init__ /opt/stack/placement/placement/objects/research_context.py:126}}
Aug 26 10:58:22.129006 n-d-805663-4 devstack@placement-api.service[102236]: DEBUG placement.objects.research_context [req-fa5a0851-55f4-468b-8416-745862a3a263 req-f8c5e83f-04d5-4c1f-8fe4-8e410095ca38 service placement] found 2 providers with available 1 DISK_GB {{(pid=102236) get_provider_ids_matching /opt/stack/placement/placement/objects/research_context.py:549}}
Aug 26 10:58:22.129745 n-d-805663-4 devstack@placement-api.service[102236]: DEBUG placement.objects.research_context [req-fa5a0851-55f4-468b-8416-745862a3a263 req-f8c5e83f-04d5-4c1f-8fe4-8e410095ca38 service placement] found 2 providers with available 1024 MEMORY_MB {{(pid=102236) get_provider_ids_matching /opt/stack/placement/placement/objects/research_context.py:549}}
Aug 26 10:58:22.130112 n-d-805663-4 devstack@placement-api.service[102236]: DEBUG placement.objects.research_context [req-fa5a0851-55f4-468b-8416-745862a3a263 req-f8c5e83f-04d5-4c1f-8fe4-8e410095ca38 service placement] found 2 providers after filtering by previous result {{(pid=102236) get_provider_ids_matching /opt/stack/placement/placement/objects/research_context.py:580}}
Aug 26 10:58:22.130717 n-d-805663-4 devstack@placement-api.service[102236]: DEBUG placement.objects.research_context [req-fa5a0851-55f4-468b-8416-745862a3a263 req-f8c5e83f-04d5-4c1f-8fe4-8e410095ca38 service placement] found 2 providers with available 1 VCPU {{(pid=102236) get_provider_ids_matching /opt/stack/placement/placement/objects/research_context.py:549}}
Aug 26 10:58:22.131070 n-d-805663-4 devstack@placement-api.service[102236]: DEBUG placement.objects.research_context [req-fa5a0851-55f4-468b-8416-745862a3a263 req-f8c5e83f-04d5-4c1f-8fe4-8e410095ca38 service placement] found 2 providers after filtering by previous result {{(pid=102236) get_provider_ids_matching /opt/stack/placement/placement/objects/research_context.py:580}}
Aug 26 10:58:22.133351 n-d-805663-4 devstack@placement-api.service[102237]: INFO placement.requestlog [req-40378860-2bb9-4e7d-803f-25f7510550e3 req-1a033923-7962-4f71-af65-3a04eb335eae service placement] 10.222.0.36 "GET /placement/allocations/455311f3-5568-4223-8189-b2c12e821d30" status: 200 len: 19 microversion: 1.28
Aug 26 10:58:22.133775 n-d-805663-4 devstack@placement-api.service[102237]: [pid: 102237|app: 0|req: 131/264] 10.222.0.36 () {60 vars in 1381 bytes} [Thu Aug 26 10:58:22 2021] GET /placement/allocations/455311f3-5568-4223-8189-b2c12e821d30 => generated 19 bytes in 14 msecs (HTTP/1.1 200) 8 headers in 295 bytes (2 switches on core 0)
Aug 26 10:58:22.139679 n-d-805663-4 devstack@placement-api.service[102237]: DEBUG placement.requestlog [req-40378860-2bb9-4e7d-803f-25f7510550e3 req-fad78cfc-6c60-4214-8ad9-9dcb638ff98e None None] Starting request: 10.222.0.36 "POST /placement/allocations" {{(pid=102237) __call__ /opt/stack/placement/placement/requestlog.py:55}}
Aug 26 10:58:22.147735 n-d-805663-4 devstack@placement-api.service[102236]: DEBUG placement.objects.allocation_candidate [req-fa5a0851-55f4-468b-8416-745862a3a263 req-f8c5e83f-04d5-4c1f-8fe4-8e410095ca38 service placement] RequestGroup(use_same_provider=False, resources={DISK_GB:1, MEMORY_MB:1024, VCPU:1}, traits=[], aggregates=[]) (suffix '') returned 2 matches {{(pid=102236) _get_by_requests /opt/stack/placement/placement/objects/allocation_candidate.py:145}}
Aug 26 10:58:22.148218 n-d-805663-4 devstack@placement-api.service[102236]: DEBUG placement.objects.allocation_candidate [req-fa5a0851-55f4-468b-8416-745862a3a263 req-f8c5e83f-04d5-4c1f-8fe4-8e410095ca38 service placement] Merging candidates yields 2 allocation requests and 2 provider summaries {{(pid=102236) _merge_candidates /opt/stack/placement/placement/objects/allocation_candidate.py:783}}
Aug 26 10:58:22.150475 n-d-805663-4 devstack@placement-api.service[102236]: INFO placement.requestlog [req-fa5a0851-55f4-468b-8416-745862a3a263 req-f8c5e83f-04d5-4c1f-8fe4-8e410095ca38 service placement] 10.222.0.36 "GET /placement/allocation_candidates?limit=1000&resources=DISK_GB%3A1%2CMEMORY_MB%3A1024%2CVCPU%3A1&root_required=%21COMPUTE_STATUS_DISABLED" status: 200 len: 1309 microversion: 1.35
Aug 26 10:58:22.151608 n-d-805663-4 devstack@placement-api.service[102236]: [pid: 102236|app: 0|req: 134/265] 10.222.0.36 () {60 vars in 1507 bytes} [Thu Aug 26 10:58:22 2021] GET /placement/allocation_candidates?limit=1000&resources=DISK_GB%3A1%2CMEMORY_MB%3A1024%2CVCPU%3A1&root_required=%21COMPUTE_STATUS_DISABLED => generated 1309 bytes in 94 msecs (HTTP/1.1 200) 8 headers in 297 bytes (2 switches on core 0)
Aug 26 10:58:22.201739 n-d-805663-4 devstack@placement-api.service[102236]: DEBUG placement.requestlog [req-fa5a0851-55f4-468b-8416-745862a3a263 req-f7b8f6a7-1d79-4fe4-84c1-3c14ee44981a None None] Starting request: 10.222.0.36 "GET /placement/allocations/6c6989ac-e632-4570-8db7-e987e7abe091" {{(pid=102236) __call__ /opt/stack/placement/placement/requestlog.py:55}}
Aug 26 10:58:22.212871 n-d-805663-4 devstack@placement-api.service[102236]: INFO placement.requestlog [req-fa5a0851-55f4-468b-8416-745862a3a263 req-f7b8f6a7-1d79-4fe4-84c1-3c14ee44981a service placement] 10.222.0.36 "GET /placement/allocations/6c6989ac-e632-4570-8db7-e987e7abe091" status: 200 len: 19 microversion: 1.28
Aug 26 10:58:22.213167 n-d-805663-4 devstack@placement-api.service[102236]: [pid: 102236|app: 0|req: 135/266] 10.222.0.36 () {60 vars in 1381 bytes} [Thu Aug 26 10:58:22 2021] GET /placement/allocations/6c6989ac-e632-4570-8db7-e987e7abe091 => generated 19 bytes in 12 msecs (HTTP/1.1 200) 8 headers in 295 bytes (2 switches on core 0)
Aug 26 10:58:22.219403 n-d-805663-4 devstack@placement-api.service[102236]: DEBUG placement.requestlog [req-fa5a0851-55f4-468b-8416-745862a3a263 req-23e27812-36ac-4276-86ec-b50b51094bd1 None None] Starting request: 10.222.0.36 "PUT /placement/allocations/6c6989ac-e632-4570-8db7-e987e7abe091" {{(pid=102236) __call__ /opt/stack/placement/placement/requestlog.py:55}}
Aug 26 10:58:22.269852 n-d-805663-4 devstack@placement-api.service[102236]: DEBUG placement.handlers.allocation [req-fa5a0851-55f4-468b-8416-745862a3a263 req-23e27812-36ac-4276-86ec-b50b51094bd1 service placement] Successfully wrote allocations [, , ] {{(pid=102236) _create_allocations /opt/stack/placement/placement/handlers/allocation.py:461}}
Aug 26 10:58:22.341140 n-d-805663-4 devstack@placement-api.service[102236]: INFO placement.requestlog [req-fa5a0851-55f4-468b-8416-745862a3a263 req-23e27812-36ac-4276-86ec-b50b51094bd1 service placement] 10.222.0.36 "PUT /placement/allocations/6c6989ac-e632-4570-8db7-e987e7abe091" status: 204 len: 0 microversion: 1.35
Aug 26 10:58:22.341481 n-d-805663-4 devstack@placement-api.service[102236]: [pid: 102236|app: 0|req: 136/267] 10.222.0.36 () {64 vars in 1434 bytes} [Thu Aug 26 10:58:22 2021] PUT /placement/allocations/6c6989ac-e632-4570-8db7-e987e7abe091 => generated 0 bytes in 122 msecs (HTTP/1.1 204) 5 headers in 199 bytes (2 switches on core 0)
Aug 26 10:58:22.404383 n-d-805663-4 devstack@placement-api.service[102237]: DEBUG placement.objects.allocation [req-40378860-2bb9-4e7d-803f-25f7510550e3 req-fad78cfc-6c60-4214-8ad9-9dcb638ff98e service placement] Retrying allocations write on resource provider generation conflict {{(pid=102237) replace_all /opt/stack/placement/placement/objects/allocation.py:507}}
Aug 26 10:58:22.512290 n-d-805663-4 devstack@placement-api.service[102237]: DEBUG placement.handlers.allocation [req-40378860-2bb9-4e7d-803f-25f7510550e3 req-fad78cfc-6c60-4214-8ad9-9dcb638ff98e service placement] Successfully wrote allocations [, , , , , ] {{(pid=102237) _create_allocations /opt/stack/placement/placement/handlers/allocation.py:555}}
Aug 26 10:58:22.512806 n-d-805663-4 devstack@placement-api.service[102237]: INFO placement.requestlog [req-40378860-2bb9-4e7d-803f-25f7510550e3 req-fad78cfc-6c60-4214-8ad9-9dcb638ff98e service placement] 10.222.0.36 "POST /placement/allocations" status: 204 len: 0 microversion: 1.28
Aug 26 10:58:22.513058 n-d-805663-4 devstack@placement-api.service[102237]: [pid: 102237|app: 0|req: 132/268] 10.222.0.36 () {64 vars in 1324 bytes} [Thu Aug 26 10:58:22 2021] POST /placement/allocations => generated 0 bytes in 374 msecs (HTTP/1.1 204) 5 headers in 199 bytes (1 switches on core 0)
Aug 26 10:58:22.542806 n-d-805663-4 devstack@placement-api.service[102236]: DEBUG placement.requestlog [req-40378860-2bb9-4e7d-803f-25f7510550e3 req-a077d809-4540-49ab-8c22-59ea414b770d None None] Starting request: 10.222.0.36 "GET /placement/allocations/22eb2476-e162-480c-884a-123d36308bf1" {{(pid=102236) __call__ /opt/stack/placement/placement/requestlog.py:55}}
Aug 26 10:58:22.556315 n-d-805663-4 devstack@placement-api.service[102236]: INFO placement.requestlog [req-40378860-2bb9-4e7d-803f-25f7510550e3 req-a077d809-4540-49ab-8c22-59ea414b770d service placement] 10.222.0.36 "GET /placement/allocations/22eb2476-e162-480c-884a-123d36308bf1" status: 200 len: 19 microversion: 1.28
Aug 26 10:58:22.556315 n-d-805663-4 devstack@placement-api.service[102236]: [pid: 102236|app: 0|req: 137/269] 10.222.0.36 () {60 vars in 1381 bytes} [Thu Aug 26 10:58:22 2021] GET /placement/allocations/22eb2476-e162-480c-884a-123d36308bf1 => generated 19 bytes in 12 msecs (HTTP/1.1 200) 8 headers in 295 bytes (1 switches on core 0)
Aug 26 10:58:22.561477 n-d-805663-4 devstack@placement-api.service[102237]: DEBUG placement.requestlog [req-40378860-2bb9-4e7d-803f-25f7510550e3 req-0642f18e-42ab-4214-b8e4-1abd8e85440a None None] Starting request: 10.222.0.36 "PUT /placement/allocations/22eb2476-e162-480c-884a-123d36308bf1" {{(pid=102237) __call__ /opt/stack/placement/placement/requestlog.py:55}}
Aug 26 10:58:22.633253 n-d-805663-4 devstack@placement-api.service[102237]: DEBUG placement.handlers.allocation [req-40378860-2bb9-4e7d-803f-25f7510550e3 req-0642f18e-42ab-4214-b8e4-1abd8e85440a service placement] Successfully wrote allocations [, , ] {{(pid=102237) _create_allocations /opt/stack/placement/placement/handlers/allocation.py:461}}
Aug 26 10:58:22.728892 n-d-805663-4 devstack@placement-api.service[102237]: INFO placement.requestlog [req-40378860-2bb9-4e7d-803f-25f7510550e3 req-0642f18e-42ab-4214-b8e4-1abd8e85440a service placement] 10.222.0.36 "PUT /placement/allocations/22eb2476-e162-480c-884a-123d36308bf1" status: 204 len: 0 microversion: 1.28
Aug 26 10:58:22.729822 n-d-805663-4 devstack@placement-api.service[102237]: [pid: 102237|app: 0|req: 133/270] 10.222.0.36 () {64 vars in 1434 bytes} [Thu Aug 26 10:58:22 2021] PUT /placement/allocations/22eb2476-e162-480c-884a-123d36308bf1 => generated 0 bytes in 168 msecs (HTTP/1.1 204) 5 headers in 199 bytes (2 switches on core 0)
Aug 26 10:58:22.919626 n-d-805663-4 devstack@placement-api.service[102236]: DEBUG placement.requestlog [req-40378860-2bb9-4e7d-803f-25f7510550e3 req-51ba297c-7531-41ab-bbf8-b57a6f6d1993 None None] Starting request: 10.222.0.23 "GET /placement/allocations/22eb2476-e162-480c-884a-123d36308bf1" {{(pid=102236) __call__ /opt/stack/placement/placement/requestlog.py:55}}
Aug 26 10:58:22.946301 n-d-805663-4 devstack@placement-api.service[102236]: INFO placement.requestlog [req-40378860-2bb9-4e7d-803f-25f7510550e3 req-51ba297c-7531-41ab-bbf8-b57a6f6d1993 service placement] 10.222.0.23 "GET /placement/allocations/22eb2476-e162-480c-884a-123d36308bf1" status: 200 len: 259 microversion: 1.28
Aug 26 10:58:22.947133 n-d-805663-4 devstack@placement-api.service[102236]: [pid: 102236|app: 0|req: 138/271] 10.222.0.23 () {60 vars in 1378 bytes} [Thu Aug 26 10:58:22 2021] GET /placement/allocations/22eb2476-e162-480c-884a-123d36308bf1 => generated 259 bytes in 29 msecs (HTTP/1.1 200) 8 headers in 296 bytes (1 switches on core 0)
Aug 26 10:58:23.318939 n-d-805663-4 devstack@placement-api.service[102237]: DEBUG placement.requestlog [req-fa5a0851-55f4-468b-8416-745862a3a263 req-dace124e-5e14-408d-adce-af6615c6c1f6 None None] Starting request: 10.222.0.11 "GET /placement/allocations/6c6989ac-e632-4570-8db7-e987e7abe091" {{(pid=102237) __call__ /opt/stack/placement/placement/requestlog.py:55}}
Aug 26 10:58:23.343316 n-d-805663-4 devstack@placement-api.service[102237]: INFO placement.requestlog [req-fa5a0851-55f4-468b-8416-745862a3a263 req-dace124e-5e14-408d-adce-af6615c6c1f6 service placement] 10.222.0.11 "GET /placement/allocations/6c6989ac-e632-4570-8db7-e987e7abe091" status: 200 len: 259 microversion: 1.28
Aug 26 10:58:23.344523 n-d-805663-4 devstack@placement-api.service[102237]: [pid: 102237|app: 0|req: 134/272] 10.222.0.11 () {60 vars in 1378 bytes} [Thu Aug 26 10:58:23 2021] GET /placement/allocations/6c6989ac-e632-4570-8db7-e987e7abe091 => generated 259 bytes in 26 msecs (HTTP/1.1 200) 8 headers in 296 bytes (1 switches on core 0)
Aug 26 10:58:28.474645 n-d-805663-4 devstack@placement-api.service[102236]: DEBUG placement.requestlog [req-21f933d1-5978-41d8-af69-0879b0137be9 req-67409a25-091f-4316-825f-bd6f7c912d27 None None] Starting request: 10.222.0.36 "GET /placement/allocation_candidates?limit=1000&resources=DISK_GB%3A1%2CMEMORY_MB%3A1024%2CVCPU%3A1&root_required=%21COMPUTE_STATUS_DISABLED" {{(pid=102236) __call__ /opt/stack/placement/placement/requestlog.py:55}}
Aug 26 10:58:28.505611 n-d-805663-4 devstack@placement-api.service[102236]: DEBUG placement.objects.research_context [req-21f933d1-5978-41d8-af69-0879b0137be9 req-67409a25-091f-4316-825f-bd6f7c912d27 service placement] getting providers with 1 DISK_GB {{(pid=102236) __init__ /opt/stack/placement/placement/objects/research_context.py:126}}
Aug 26 10:58:28.512988 n-d-805663-4 devstack@placement-api.service[102236]: DEBUG placement.objects.research_context [req-21f933d1-5978-41d8-af69-0879b0137be9 req-67409a25-091f-4316-825f-bd6f7c912d27 service placement] getting providers with 1024 MEMORY_MB {{(pid=102236) __init__ /opt/stack/placement/placement/objects/research_context.py:126}}
Aug 26 10:58:28.519184 n-d-805663-4 devstack@placement-api.service[102236]: DEBUG placement.objects.research_context [req-21f933d1-5978-41d8-af69-0879b0137be9 req-67409a25-091f-4316-825f-bd6f7c912d27 service placement] getting providers with 1 VCPU {{(pid=102236) __init__ /opt/stack/placement/placement/objects/research_context.py:126}}
Aug 26 10:58:28.525440 n-d-805663-4 devstack@placement-api.service[102236]: DEBUG placement.objects.research_context [req-21f933d1-5978-41d8-af69-0879b0137be9 req-67409a25-091f-4316-825f-bd6f7c912d27 service placement] found 2 providers with available 1 DISK_GB {{(pid=102236) get_provider_ids_matching /opt/stack/placement/placement/objects/research_context.py:549}}
Aug 26 10:58:28.525864 n-d-805663-4 devstack@placement-api.service[102236]: DEBUG placement.objects.research_context [req-21f933d1-5978-41d8-af69-0879b0137be9 req-67409a25-091f-4316-825f-bd6f7c912d27 service placement] found 2 providers with available 1024 MEMORY_MB {{(pid=102236) get_provider_ids_matching /opt/stack/placement/placement/objects/research_context.py:549}}
Aug 26 10:58:28.526176 n-d-805663-4 devstack@placement-api.service[102236]: DEBUG placement.objects.research_context [req-21f933d1-5978-41d8-af69-0879b0137be9 req-67409a25-091f-4316-825f-bd6f7c912d27 service placement] found 2 providers after filtering by previous result {{(pid=102236) get_provider_ids_matching /opt/stack/placement/placement/objects/research_context.py:580}}
Aug 26 10:58:28.526568 n-d-805663-4 devstack@placement-api.service[102236]: DEBUG placement.objects.research_context [req-21f933d1-5978-41d8-af69-0879b0137be9 req-67409a25-091f-4316-825f-bd6f7c912d27 service placement] found 2 providers with available 1 VCPU {{(pid=102236) get_provider_ids_matching /opt/stack/placement/placement/objects/research_context.py:549}}
Aug 26 10:58:28.526875 n-d-805663-4 devstack@placement-api.service[102236]: DEBUG placement.objects.research_context [req-21f933d1-5978-41d8-af69-0879b0137be9 req-67409a25-091f-4316-825f-bd6f7c912d27 service placement] found 2 providers after filtering by previous result {{(pid=102236) get_provider_ids_matching /opt/stack/placement/placement/objects/research_context.py:580}}
Aug 26 10:58:28.538575 n-d-805663-4 devstack@placement-api.service[102236]: DEBUG placement.objects.allocation_candidate [req-21f933d1-5978-41d8-af69-0879b0137be9 req-67409a25-091f-4316-825f-bd6f7c912d27 service placement] RequestGroup(use_same_provider=False, resources={DISK_GB:1, MEMORY_MB:1024, VCPU:1}, traits=[], aggregates=[]) (suffix '') returned 2 matches {{(pid=102236) _get_by_requests /opt/stack/placement/placement/objects/allocation_candidate.py:145}}
Aug 26 10:58:28.539097 n-d-805663-4 devstack@placement-api.service[102236]: DEBUG placement.objects.allocation_candidate [req-21f933d1-5978-41d8-af69-0879b0137be9 req-67409a25-091f-4316-825f-bd6f7c912d27 service placement] Merging candidates yields 2 allocation requests and 2 provider summaries {{(pid=102236) _merge_candidates /opt/stack/placement/placement/objects/allocation_candidate.py:783}}
Aug 26 10:58:28.541049 n-d-805663-4 devstack@placement-api.service[102236]: INFO placement.requestlog [req-21f933d1-5978-41d8-af69-0879b0137be9 req-67409a25-091f-4316-825f-bd6f7c912d27 service placement] 10.222.0.36 "GET /placement/allocation_candidates?limit=1000&resources=DISK_GB%3A1%2CMEMORY_MB%3A1024%2CVCPU%3A1&root_required=%21COMPUTE_STATUS_DISABLED" status: 200 len: 1309 microversion: 1.35
Aug 26 10:58:28.541387 n-d-805663-4 devstack@placement-api.service[102236]: [pid: 102236|app: 0|req: 139/273] 10.222.0.36 () {60 vars in 1507 bytes} [Thu Aug 26 10:58:28 2021] GET /placement/allocation_candidates?limit=1000&resources=DISK_GB%3A1%2CMEMORY_MB%3A1024%2CVCPU%3A1&root_required=%21COMPUTE_STATUS_DISABLED => generated 1309 bytes in 67 msecs (HTTP/1.1 200) 8 headers in 297 bytes (1 switches on core 0)
Aug 26 10:58:28.593890 n-d-805663-4 devstack@placement-api.service[102237]: DEBUG placement.requestlog [req-21f933d1-5978-41d8-af69-0879b0137be9 req-b4af3d5c-40f5-4f64-9cc5-4f45786365e5 None None] Starting request: 10.222.0.36 "GET /placement/allocations/4856216d-bb59-4ae5-bebc-8dc339844efa" {{(pid=102237) __call__ /opt/stack/placement/placement/requestlog.py:55}}
Aug 26 10:58:28.606330 n-d-805663-4 devstack@placement-api.service[102237]: INFO placement.requestlog [req-21f933d1-5978-41d8-af69-0879b0137be9 req-b4af3d5c-40f5-4f64-9cc5-4f45786365e5 service placement] 10.222.0.36 "GET /placement/allocations/4856216d-bb59-4ae5-bebc-8dc339844efa" status: 200 len: 19 microversion: 1.28
Aug 26 10:58:28.607009 n-d-805663-4 devstack@placement-api.service[102237]: [pid: 102237|app: 0|req: 135/274] 10.222.0.36 () {60 vars in 1381 bytes} [Thu Aug 26 10:58:28 2021] GET /placement/allocations/4856216d-bb59-4ae5-bebc-8dc339844efa => generated 19 bytes in 13 msecs (HTTP/1.1 200) 8 headers in 295 bytes (2 switches on core 0)
Aug 26 10:58:28.613493 n-d-805663-4 devstack@placement-api.service[102236]: DEBUG placement.requestlog [req-21f933d1-5978-41d8-af69-0879b0137be9 req-5be5b491-41aa-4013-b535-05aed6b4b70a None None] Starting request: 10.222.0.36 "PUT /placement/allocations/4856216d-bb59-4ae5-bebc-8dc339844efa" {{(pid=102236) __call__ /opt/stack/placement/placement/requestlog.py:55}}
Aug 26 10:58:28.656343 n-d-805663-4 devstack@placement-api.service[102236]: DEBUG placement.handlers.allocation [req-21f933d1-5978-41d8-af69-0879b0137be9 req-5be5b491-41aa-4013-b535-05aed6b4b70a service placement] Successfully wrote allocations [, , ] {{(pid=102236) _create_allocations /opt/stack/placement/placement/handlers/allocation.py:461}}
Aug 26 10:58:28.729384 n-d-805663-4 devstack@placement-api.service[102236]: INFO placement.requestlog [req-21f933d1-5978-41d8-af69-0879b0137be9 req-5be5b491-41aa-4013-b535-05aed6b4b70a service placement] 10.222.0.36 "PUT /placement/allocations/4856216d-bb59-4ae5-bebc-8dc339844efa" status: 204 len: 0 microversion: 1.35
Aug 26 10:58:28.732259 n-d-805663-4 devstack@placement-api.service[102236]: [pid: 102236|app: 0|req: 140/275] 10.222.0.36 () {64 vars in 1434 bytes} [Thu Aug 26 10:58:28 2021] PUT /placement/allocations/4856216d-bb59-4ae5-bebc-8dc339844efa => generated 0 bytes in 117 msecs (HTTP/1.1 204) 5 headers in 199 bytes (1 switches on core 0)
Aug 26 10:58:29.750681 n-d-805663-4 devstack@placement-api.service[102237]: DEBUG placement.requestlog [req-21f933d1-5978-41d8-af69-0879b0137be9 req-81f1de55-b707-43ce-a9c2-d7e9af1e3c67 None None] Starting request: 10.222.0.23 "GET /placement/allocations/4856216d-bb59-4ae5-bebc-8dc339844efa" {{(pid=102237) __call__ /opt/stack/placement/placement/requestlog.py:55}}
Aug 26 10:58:29.772374 n-d-805663-4 devstack@placement-api.service[102237]: INFO placement.requestlog [req-21f933d1-5978-41d8-af69-0879b0137be9 req-81f1de55-b707-43ce-a9c2-d7e9af1e3c67 service placement] 10.222.0.23 "GET /placement/allocations/4856216d-bb59-4ae5-bebc-8dc339844efa" status: 200 len: 259 microversion: 1.28
Aug 26 10:58:29.773444 n-d-805663-4 devstack@placement-api.service[102237]: [pid: 102237|app: 0|req: 136/276] 10.222.0.23 () {60 vars in 1378 bytes} [Thu Aug 26 10:58:29 2021] GET /placement/allocations/4856216d-bb59-4ae5-bebc-8dc339844efa => generated 259 bytes in 23 msecs (HTTP/1.1 200) 8 headers in 296 bytes (1 switches on core 0)
Aug 26 10:58:33.949979 n-d-805663-4 devstack@placement-api.service[102236]: DEBUG placement.requestlog [req-5ec15bf2-ad6e-4769-8dd6-d0322d09bf6b req-aeee418e-47d6-485d-a08e-a2cf4c740466 None None] Starting request: 10.222.0.11 "GET /placement/allocations/3147c660-558e-4071-b38d-bae81c2c6b78" {{(pid=102236) __call__ /opt/stack/placement/placement/requestlog.py:55}}
Aug 26 10:58:33.977780 n-d-805663-4 devstack@placement-api.service[102236]: INFO placement.requestlog [req-5ec15bf2-ad6e-4769-8dd6-d0322d09bf6b req-aeee418e-47d6-485d-a08e-a2cf4c740466 service placement] 10.222.0.11 "GET /placement/allocations/3147c660-558e-4071-b38d-bae81c2c6b78" status: 200 len: 259 microversion: 1.28
Aug 26 10:58:33.982631 n-d-805663-4 devstack@placement-api.service[102236]: [pid: 102236|app: 0|req: 141/277] 10.222.0.11 () {60 vars in 1378 bytes} [Thu Aug 26 10:58:33 2021] GET /placement/allocations/3147c660-558e-4071-b38d-bae81c2c6b78 => generated 259 bytes in 33 msecs (HTTP/1.1 200) 8 headers in 296 bytes (1 switches on core 0)
Aug 26 10:58:33.991240 n-d-805663-4 devstack@placement-api.service[102237]: DEBUG placement.requestlog [req-5ec15bf2-ad6e-4769-8dd6-d0322d09bf6b req-4b7b5700-b568-4467-a744-c18ba16bfc94 None None] Starting request: 10.222.0.11 "PUT /placement/allocations/3147c660-558e-4071-b38d-bae81c2c6b78" {{(pid=102237) __call__ /opt/stack/placement/placement/requestlog.py:55}}
Aug 26 10:58:34.075175 n-d-805663-4 devstack@placement-api.service[102237]: DEBUG placement.handlers.allocation [req-5ec15bf2-ad6e-4769-8dd6-d0322d09bf6b req-4b7b5700-b568-4467-a744-c18ba16bfc94 service placement] Successfully wrote allocations [, , ] {{(pid=102237) _create_allocations /opt/stack/placement/placement/handlers/allocation.py:461}}
Aug 26 10:58:34.137084 n-d-805663-4 devstack@placement-api.service[102237]: INFO placement.requestlog [req-5ec15bf2-ad6e-4769-8dd6-d0322d09bf6b req-4b7b5700-b568-4467-a744-c18ba16bfc94 service placement] 10.222.0.11 "PUT /placement/allocations/3147c660-558e-4071-b38d-bae81c2c6b78" status: 204 len: 0 microversion: 1.28
Aug 26 10:58:34.137652 n-d-805663-4 devstack@placement-api.service[102237]: [pid: 102237|app: 0|req: 137/278] 10.222.0.11 () {64 vars in 1431 bytes} [Thu Aug 26 10:58:33 2021] PUT /placement/allocations/3147c660-558e-4071-b38d-bae81c2c6b78 => generated 0 bytes in 147 msecs (HTTP/1.1 204) 5 headers in 199 bytes (2 switches on core 0)
Aug 26 10:58:35.265996 n-d-805663-4 devstack@placement-api.service[102236]: DEBUG placement.requestlog [req-40378860-2bb9-4e7d-803f-25f7510550e3 req-18368788-8b55-4c48-a6dd-83dea485dfe2 None None] Starting request: 10.222.0.11 "GET /placement/resource_providers/c2abf99e-241e-4f12-b226-f5c3aafc9a0d/allocations" {{(pid=102236) __call__ /opt/stack/placement/placement/requestlog.py:55}}
Aug 26 10:58:35.317958 n-d-805663-4 devstack@placement-api.service[102236]: INFO placement.requestlog [req-40378860-2bb9-4e7d-803f-25f7510550e3 req-18368788-8b55-4c48-a6dd-83dea485dfe2 service placement] 10.222.0.11 "GET /placement/resource_providers/c2abf99e-241e-4f12-b226-f5c3aafc9a0d/allocations" status: 200 len: 659 microversion: 1.0
Aug 26 10:58:35.318632 n-d-805663-4 devstack@placement-api.service[102236]: [pid: 102236|app: 0|req: 142/279] 10.222.0.11 () {58 vars in 1391 bytes} [Thu Aug 26 10:58:35 2021] GET /placement/resource_providers/c2abf99e-241e-4f12-b226-f5c3aafc9a0d/allocations => generated 659 bytes in 53 msecs (HTTP/1.1 200) 6 headers in 224 bytes (2 switches on core 0)
Aug 26 10:58:35.530258 n-d-805663-4 devstack@placement-api.service[102237]: DEBUG placement.requestlog [req-e47bde34-e406-4891-9519-ef2168fa13e7 req-9e6a7a52-53ba-46e0-bf56-5175cbeb2258 None None] Starting request: 10.222.0.36 "GET /placement/allocation_candidates?limit=1000&resources=DISK_GB%3A1%2CMEMORY_MB%3A1024%2CVCPU%3A1&root_required=%21COMPUTE_STATUS_DISABLED" {{(pid=102237) __call__ /opt/stack/placement/placement/requestlog.py:55}}
Aug 26 10:58:35.560870 n-d-805663-4 devstack@placement-api.service[102237]: DEBUG placement.objects.research_context [req-e47bde34-e406-4891-9519-ef2168fa13e7 req-9e6a7a52-53ba-46e0-bf56-5175cbeb2258 service placement] getting providers with 1 DISK_GB {{(pid=102237) __init__ /opt/stack/placement/placement/objects/research_context.py:126}}
Aug 26 10:58:35.567397 n-d-805663-4 devstack@placement-api.service[102237]: DEBUG placement.objects.research_context [req-e47bde34-e406-4891-9519-ef2168fa13e7 req-9e6a7a52-53ba-46e0-bf56-5175cbeb2258 service placement] getting providers with 1024 MEMORY_MB {{(pid=102237) __init__ /opt/stack/placement/placement/objects/research_context.py:126}}
Aug 26 10:58:35.573736 n-d-805663-4 devstack@placement-api.service[102237]: DEBUG placement.objects.research_context [req-e47bde34-e406-4891-9519-ef2168fa13e7 req-9e6a7a52-53ba-46e0-bf56-5175cbeb2258 service placement] getting providers with 1 VCPU {{(pid=102237) __init__ /opt/stack/placement/placement/objects/research_context.py:126}}
Aug 26 10:58:35.579713 n-d-805663-4 devstack@placement-api.service[102237]: DEBUG placement.objects.research_context [req-e47bde34-e406-4891-9519-ef2168fa13e7 req-9e6a7a52-53ba-46e0-bf56-5175cbeb2258 service placement] found 2 providers with available 1 DISK_GB {{(pid=102237) get_provider_ids_matching /opt/stack/placement/placement/objects/research_context.py:549}}
Aug 26 10:58:35.580250 n-d-805663-4 devstack@placement-api.service[102237]: DEBUG placement.objects.research_context [req-e47bde34-e406-4891-9519-ef2168fa13e7 req-9e6a7a52-53ba-46e0-bf56-5175cbeb2258 service placement] found 2 providers with available 1024 MEMORY_MB {{(pid=102237) get_provider_ids_matching /opt/stack/placement/placement/objects/research_context.py:549}}
Aug 26 10:58:35.580741 n-d-805663-4 devstack@placement-api.service[102237]: DEBUG placement.objects.research_context [req-e47bde34-e406-4891-9519-ef2168fa13e7 req-9e6a7a52-53ba-46e0-bf56-5175cbeb2258 service placement] found 2 providers after filtering by previous result {{(pid=102237) get_provider_ids_matching /opt/stack/placement/placement/objects/research_context.py:580}}
Aug 26 10:58:35.581191 n-d-805663-4 devstack@placement-api.service[102237]: DEBUG placement.objects.research_context [req-e47bde34-e406-4891-9519-ef2168fa13e7 req-9e6a7a52-53ba-46e0-bf56-5175cbeb2258 service placement] found 2 providers with available 1 VCPU {{(pid=102237) get_provider_ids_matching /opt/stack/placement/placement/objects/research_context.py:549}}
Aug 26 10:58:35.581634 n-d-805663-4 devstack@placement-api.service[102237]: DEBUG placement.objects.research_context [req-e47bde34-e406-4891-9519-ef2168fa13e7 req-9e6a7a52-53ba-46e0-bf56-5175cbeb2258 service placement] found 2 providers after filtering by previous result {{(pid=102237) get_provider_ids_matching /opt/stack/placement/placement/objects/research_context.py:580}}
Aug 26 10:58:35.595818 n-d-805663-4 devstack@placement-api.service[102237]: DEBUG placement.objects.allocation_candidate [req-e47bde34-e406-4891-9519-ef2168fa13e7 req-9e6a7a52-53ba-46e0-bf56-5175cbeb2258 service placement] RequestGroup(use_same_provider=False, resources={DISK_GB:1, MEMORY_MB:1024, VCPU:1}, traits=[], aggregates=[]) (suffix '') returned 2 matches {{(pid=102237) _get_by_requests /opt/stack/placement/placement/objects/allocation_candidate.py:145}}
Aug 26 10:58:35.596425 n-d-805663-4 devstack@placement-api.service[102237]: DEBUG placement.objects.allocation_candidate [req-e47bde34-e406-4891-9519-ef2168fa13e7 req-9e6a7a52-53ba-46e0-bf56-5175cbeb2258 service placement] Merging candidates yields 2 allocation requests and 2 provider summaries {{(pid=102237) _merge_candidates /opt/stack/placement/placement/objects/allocation_candidate.py:783}}
Aug 26 10:58:35.598233 n-d-805663-4 devstack@placement-api.service[102237]: INFO placement.requestlog [req-e47bde34-e406-4891-9519-ef2168fa13e7 req-9e6a7a52-53ba-46e0-bf56-5175cbeb2258 service placement] 10.222.0.36 "GET /placement/allocation_candidates?limit=1000&resources=DISK_GB%3A1%2CMEMORY_MB%3A1024%2CVCPU%3A1&root_required=%21COMPUTE_STATUS_DISABLED" status: 200 len: 1309 microversion: 1.35
Aug 26 10:58:35.598780 n-d-805663-4 devstack@placement-api.service[102237]: [pid: 102237|app: 0|req: 138/280] 10.222.0.36 () {60 vars in 1507 bytes} [Thu Aug 26 10:58:35 2021] GET /placement/allocation_candidates?limit=1000&resources=DISK_GB%3A1%2CMEMORY_MB%3A1024%2CVCPU%3A1&root_required=%21COMPUTE_STATUS_DISABLED => generated 1309 bytes in 69 msecs (HTTP/1.1 200) 8 headers in 297 bytes (2 switches on core 0)
Aug 26 10:58:35.663952 n-d-805663-4 devstack@placement-api.service[102236]: DEBUG placement.requestlog [req-e47bde34-e406-4891-9519-ef2168fa13e7 req-178c5d67-6a56-487d-85fa-bd45927d9e52 None None] Starting request: 10.222.0.36 "GET /placement/allocations/054c8cf4-63c6-413d-972c-edd8d349a4ce" {{(pid=102236) __call__ /opt/stack/placement/placement/requestlog.py:55}}
Aug 26 10:58:35.677078 n-d-805663-4 devstack@placement-api.service[102236]: INFO placement.requestlog [req-e47bde34-e406-4891-9519-ef2168fa13e7 req-178c5d67-6a56-487d-85fa-bd45927d9e52 service placement] 10.222.0.36 "GET /placement/allocations/054c8cf4-63c6-413d-972c-edd8d349a4ce" status: 200 len: 19 microversion: 1.28
Aug 26 10:58:35.688374 n-d-805663-4 devstack@placement-api.service[102236]: [pid: 102236|app: 0|req: 143/281] 10.222.0.36 () {60 vars in 1381 bytes} [Thu Aug 26 10:58:35 2021] GET /placement/allocations/054c8cf4-63c6-413d-972c-edd8d349a4ce => generated 19 bytes in 24 msecs (HTTP/1.1 200) 8 headers in 295 bytes (1 switches on core 0)
Aug 26 10:58:35.698578 n-d-805663-4 devstack@placement-api.service[102237]: DEBUG placement.requestlog [req-e47bde34-e406-4891-9519-ef2168fa13e7 req-63842efd-5c0b-4278-8bf9-98f8adafa0bf None None] Starting request: 10.222.0.36 "PUT /placement/allocations/054c8cf4-63c6-413d-972c-edd8d349a4ce" {{(pid=102237) __call__ /opt/stack/placement/placement/requestlog.py:55}}
Aug 26 10:58:35.754731 n-d-805663-4 devstack@placement-api.service[102237]: DEBUG placement.handlers.allocation [req-e47bde34-e406-4891-9519-ef2168fa13e7 req-63842efd-5c0b-4278-8bf9-98f8adafa0bf service placement] Successfully wrote allocations [, , ] {{(pid=102237) _create_allocations /opt/stack/placement/placement/handlers/allocation.py:461}}
Aug 26 10:58:35.855259 n-d-805663-4 devstack@placement-api.service[102237]: INFO placement.requestlog [req-e47bde34-e406-4891-9519-ef2168fa13e7 req-63842efd-5c0b-4278-8bf9-98f8adafa0bf service placement] 10.222.0.36 "PUT /placement/allocations/054c8cf4-63c6-413d-972c-edd8d349a4ce" status: 204 len: 0 microversion: 1.35
Aug 26 10:58:35.855789 n-d-805663-4 devstack@placement-api.service[102237]: [pid: 102237|app: 0|req: 139/282] 10.222.0.36 () {64 vars in 1434 bytes} [Thu Aug 26 10:58:35 2021] PUT /placement/allocations/054c8cf4-63c6-413d-972c-edd8d349a4ce => generated 0 bytes in 158 msecs (HTTP/1.1 204) 5 headers in 199 bytes (1 switches on core 0)
Aug 26 10:58:35.979381 n-d-805663-4 devstack@placement-api.service[102236]: DEBUG placement.requestlog [req-40378860-2bb9-4e7d-803f-25f7510550e3 req-5ffe8b5b-24c6-4e28-96a6-d135c1ed8dd9 None None] Starting request: 10.222.0.11 "GET /placement/allocations/455311f3-5568-4223-8189-b2c12e821d30" {{(pid=102236) __call__ /opt/stack/placement/placement/requestlog.py:55}}
Aug 26 10:58:36.009521 n-d-805663-4 devstack@placement-api.service[102236]: INFO placement.requestlog [req-40378860-2bb9-4e7d-803f-25f7510550e3 req-5ffe8b5b-24c6-4e28-96a6-d135c1ed8dd9 service placement] 10.222.0.11 "GET /placement/allocations/455311f3-5568-4223-8189-b2c12e821d30" status: 200 len: 259 microversion: 1.28
Aug 26 10:58:36.010308 n-d-805663-4 devstack@placement-api.service[102236]: [pid: 102236|app: 0|req: 144/283] 10.222.0.11 () {60 vars in 1378 bytes} [Thu Aug 26 10:58:35 2021] GET /placement/allocations/455311f3-5568-4223-8189-b2c12e821d30 => generated 259 bytes in 32 msecs (HTTP/1.1 200) 8 headers in 296 bytes (2 switches on core 0)
Aug 26 10:58:36.019102 n-d-805663-4 devstack@placement-api.service[102237]: DEBUG placement.requestlog [req-40378860-2bb9-4e7d-803f-25f7510550e3 req-63c76319-a48d-4ad1-8503-923c64120b09 None None] Starting request: 10.222.0.11 "PUT /placement/allocations/455311f3-5568-4223-8189-b2c12e821d30" {{(pid=102237) __call__ /opt/stack/placement/placement/requestlog.py:55}}
Aug 26 10:58:36.112316 n-d-805663-4 devstack@placement-api.service[102237]: DEBUG placement.handlers.allocation [req-40378860-2bb9-4e7d-803f-25f7510550e3 req-63c76319-a48d-4ad1-8503-923c64120b09 service placement] Successfully wrote allocations [, , ] {{(pid=102237) _create_allocations /opt/stack/placement/placement/handlers/allocation.py:461}}
Aug 26 10:58:36.226482 n-d-805663-4 devstack@placement-api.service[102237]: INFO placement.requestlog [req-40378860-2bb9-4e7d-803f-25f7510550e3 req-63c76319-a48d-4ad1-8503-923c64120b09 service placement] 10.222.0.11 "PUT /placement/allocations/455311f3-5568-4223-8189-b2c12e821d30" status: 204 len: 0 microversion: 1.28
Aug 26 10:58:36.227098 n-d-805663-4 devstack@placement-api.service[102237]: [pid: 102237|app: 0|req: 140/284] 10.222.0.11 () {64 vars in 1431 bytes} [Thu Aug 26 10:58:36 2021] PUT /placement/allocations/455311f3-5568-4223-8189-b2c12e821d30 => generated 0 bytes in 208 msecs (HTTP/1.1 204) 5 headers in 199 bytes (1 switches on core 0)
Aug 26 10:58:36.775979 n-d-805663-4 devstack@placement-api.service[102236]: DEBUG placement.requestlog [req-1997ca23-14d1-41f2-96e5-314c871c8099 req-6f284514-c29b-4c10-a70f-693baa51879a None None] Starting request: 10.222.0.36 "GET /placement/allocation_candidates?limit=1000&resources=DISK_GB%3A1%2CMEMORY_MB%3A1024%2CVCPU%3A1&root_required=%21COMPUTE_STATUS_DISABLED" {{(pid=102236) __call__ /opt/stack/placement/placement/requestlog.py:55}}
Aug 26 10:58:36.826518 n-d-805663-4 devstack@placement-api.service[102236]: DEBUG placement.objects.research_context [req-1997ca23-14d1-41f2-96e5-314c871c8099 req-6f284514-c29b-4c10-a70f-693baa51879a service placement] getting providers with 1 DISK_GB {{(pid=102236) __init__ /opt/stack/placement/placement/objects/research_context.py:126}}
Aug 26 10:58:36.827833 n-d-805663-4 devstack@placement-api.service[102236]: DEBUG placement.objects.research_context [req-1997ca23-14d1-41f2-96e5-314c871c8099 req-6f284514-c29b-4c10-a70f-693baa51879a service placement] getting providers with 1024 MEMORY_MB {{(pid=102236) __init__ /opt/stack/placement/placement/objects/research_context.py:126}}
Aug 26 10:58:36.841046 n-d-805663-4 devstack@placement-api.service[102236]: DEBUG placement.objects.research_context [req-1997ca23-14d1-41f2-96e5-314c871c8099 req-6f284514-c29b-4c10-a70f-693baa51879a service placement] getting providers with 1 VCPU {{(pid=102236) __init__ /opt/stack/placement/placement/objects/research_context.py:126}}
Aug 26 10:58:36.847859 n-d-805663-4 devstack@placement-api.service[102236]: DEBUG placement.objects.research_context [req-1997ca23-14d1-41f2-96e5-314c871c8099 req-6f284514-c29b-4c10-a70f-693baa51879a service placement] found 2 providers with available 1 DISK_GB {{(pid=102236) get_provider_ids_matching /opt/stack/placement/placement/objects/research_context.py:549}}
Aug 26 10:58:36.848135 n-d-805663-4 devstack@placement-api.service[102236]: DEBUG placement.objects.research_context [req-1997ca23-14d1-41f2-96e5-314c871c8099 req-6f284514-c29b-4c10-a70f-693baa51879a service placement] found 2 providers with available 1024 MEMORY_MB {{(pid=102236) get_provider_ids_matching /opt/stack/placement/placement/objects/research_context.py:549}}
Aug 26 10:58:36.848446 n-d-805663-4 devstack@placement-api.service[102236]: DEBUG placement.objects.research_context [req-1997ca23-14d1-41f2-96e5-314c871c8099 req-6f284514-c29b-4c10-a70f-693baa51879a service placement] found 2 providers after filtering by previous result {{(pid=102236) get_provider_ids_matching /opt/stack/placement/placement/objects/research_context.py:580}}
