Aug 25 20:44:30.755448 n-d-805663-3 devstack@n-api.service[116242]: DEBUG nova.api.openstack.wsgi [None req-cae48263-cb56-4cbc-9d9e-621fbf1fe95a tempest-FlavorsAccessNegativeTestJSON-711761609 tempest-FlavorsAccessNegativeTestJSON-711761609-project-admin] Action: 'create', calling method: >, body: {"flavor": {"ram": 512, "vcpus": 1, "disk": 10, "name": "tempest-FlavorsAccessNegativeTestJSON-flavor-719645030", "id": 720452796, "os-flavor-access:is_public": "False"}} {{(pid=116242) _process_stack /opt/stack/nova/nova/api/openstack/wsgi.py:511}}
Aug 25 20:44:30.777804 n-d-805663-3 devstack@n-api.service[116242]: INFO nova.api.openstack.requestlog [None req-cae48263-cb56-4cbc-9d9e-621fbf1fe95a tempest-FlavorsAccessNegativeTestJSON-711761609 tempest-FlavorsAccessNegativeTestJSON-711761609-project-admin] 10.222.0.21 "POST /compute/v2.1/flavors" status: 200 len: 435 microversion: 2.1 time: 0.026493
Aug 25 20:44:30.778812 n-d-805663-3 devstack@n-api.service[116242]: [pid: 116242|app: 0|req: 51/68] 10.222.0.21 () {60 vars in 1147 bytes} [Wed Aug 25 20:44:30 2021] POST /compute/v2.1/flavors => generated 435 bytes in 28 msecs (HTTP/1.1 200) 9 headers in 357 bytes (1 switches on core 0)
Aug 25 20:44:30.784474 n-d-805663-3 devstack@n-api.service[116242]: DEBUG nova.api.openstack.wsgi [None req-10c2cef0-037c-461f-ab6c-43e9f26a08e3 tempest-FlavorsAdminTestJSON-833414353 tempest-FlavorsAdminTestJSON-833414353-project] Calling method '>' {{(pid=116242) _process_stack /opt/stack/nova/nova/api/openstack/wsgi.py:513}}
Aug 25 20:44:30.809674 n-d-805663-3 devstack@n-api.service[116242]: INFO nova.api.openstack.requestlog [None req-10c2cef0-037c-461f-ab6c-43e9f26a08e3 tempest-FlavorsAdminTestJSON-833414353 tempest-FlavorsAdminTestJSON-833414353-project] 10.222.0.21 "GET /compute/v2.1/flavors/detail" status: 200 len: 4991 microversion: 2.1 time: 0.029620
Aug 25 20:44:30.812049 n-d-805663-3 devstack@n-api.service[116242]: [pid: 116242|app: 0|req: 52/69] 10.222.0.21 () {58 vars in 1146 bytes} [Wed Aug 25 20:44:30 2021] GET /compute/v2.1/flavors/detail => generated 4991 bytes in 32 msecs (HTTP/1.1 200) 9 headers in 358 bytes (1 switches on core 0)
Aug 25 20:44:30.820460 n-d-805663-3 devstack@n-api.service[116242]: DEBUG nova.api.openstack.wsgi [None req-28478611-98ac-47f4-abea-2a83cb365dcb tempest-FlavorsAccessNegativeTestJSON-711761609 tempest-FlavorsAccessNegativeTestJSON-711761609-project-admin] Action: 'action', calling method: >, body: {"addTenantAccess": {"tenant": "d72ecc5aef6f441fb5488e32ff424580"}} {{(pid=116242) _process_stack /opt/stack/nova/nova/api/openstack/wsgi.py:511}}
Aug 25 20:44:30.826975 n-d-805663-3 devstack@n-api.service[116242]: /usr/local/lib/python3.8/dist-packages/oslo_policy/policy.py:1064: UserWarning: Policy os_compute_api:os-flavor-access:add_tenant_access failed scope check. The token used to make the request was project scoped but the policy requires ['system'] scope. This behavior may change in the future where using the intended scope is required
Aug 25 20:44:30.826975 n-d-805663-3 devstack@n-api.service[116242]: warnings.warn(msg)
Aug 25 20:44:31.065340 n-d-805663-3 devstack@n-api.service[116241]: DEBUG nova.virt.hardware [None req-b4e3e95f-b9f0-4de1-9529-88fbb94ad2f9 tempest-DeleteServersAdminTestJSON-960084140 tempest-DeleteServersAdminTestJSON-960084140-project] Flavor limits 0:0:0 {{(pid=116241) get_cpu_topology_constraints /opt/stack/nova/nova/virt/hardware.py:343}}
Aug 25 20:44:31.066259 n-d-805663-3 devstack@n-api.service[116241]: DEBUG nova.virt.hardware [None req-b4e3e95f-b9f0-4de1-9529-88fbb94ad2f9 tempest-DeleteServersAdminTestJSON-960084140 tempest-DeleteServersAdminTestJSON-960084140-project] Image limits 0:0:0 {{(pid=116241) get_cpu_topology_constraints /opt/stack/nova/nova/virt/hardware.py:347}}
Aug 25 20:44:31.067533 n-d-805663-3 devstack@n-api.service[116241]: DEBUG nova.virt.hardware [None req-b4e3e95f-b9f0-4de1-9529-88fbb94ad2f9 tempest-DeleteServersAdminTestJSON-960084140 tempest-DeleteServersAdminTestJSON-960084140-project] Flavor pref 0:0:0 {{(pid=116241) get_cpu_topology_constraints /opt/stack/nova/nova/virt/hardware.py:383}}
Aug 25 20:44:31.068176 n-d-805663-3 devstack@n-api.service[116241]: DEBUG nova.virt.hardware [None req-b4e3e95f-b9f0-4de1-9529-88fbb94ad2f9 tempest-DeleteServersAdminTestJSON-960084140 tempest-DeleteServersAdminTestJSON-960084140-project] Image pref 0:0:0 {{(pid=116241) get_cpu_topology_constraints /opt/stack/nova/nova/virt/hardware.py:387}}
Aug 25 20:44:31.068816 n-d-805663-3 devstack@n-api.service[116241]: DEBUG nova.virt.hardware [None req-b4e3e95f-b9f0-4de1-9529-88fbb94ad2f9 tempest-DeleteServersAdminTestJSON-960084140 tempest-DeleteServersAdminTestJSON-960084140-project] Chose sockets=0, cores=0, threads=0; limits were sockets=65536, cores=65536, threads=65536 {{(pid=116241) get_cpu_topology_constraints /opt/stack/nova/nova/virt/hardware.py:425}}
Aug 25 20:44:31.072680 n-d-805663-3 devstack@n-api.service[116242]: INFO nova.api.openstack.requestlog [None req-28478611-98ac-47f4-abea-2a83cb365dcb tempest-FlavorsAccessNegativeTestJSON-711761609 tempest-FlavorsAccessNegativeTestJSON-711761609-project-admin] 10.222.0.21 "POST /compute/v2.1/flavors/720452796/action" status: 200 len: 96 microversion: 2.1 time: 0.259483
Aug 25 20:44:31.075425 n-d-805663-3 devstack@n-api.service[116242]: [pid: 116242|app: 0|req: 53/70] 10.222.0.21 () {60 vars in 1197 bytes} [Wed Aug 25 20:44:30 2021] POST /compute/v2.1/flavors/720452796/action => generated 96 bytes in 263 msecs (HTTP/1.1 200) 9 headers in 356 bytes (1 switches on core 0)
Aug 25 20:44:31.084654 n-d-805663-3 devstack@n-api.service[116242]: DEBUG nova.api.openstack.wsgi [None req-692af2fc-0a0b-4711-935f-1c07eadcc092 tempest-FlavorsAdminTestJSON-249410069 tempest-FlavorsAdminTestJSON-249410069-project-admin] Calling method '>' {{(pid=116242) _process_stack /opt/stack/nova/nova/api/openstack/wsgi.py:513}}
Aug 25 20:44:31.098642 n-d-805663-3 devstack@n-api.service[116241]: DEBUG oslo_concurrency.lockutils [None req-b4e3e95f-b9f0-4de1-9529-88fbb94ad2f9 tempest-DeleteServersAdminTestJSON-960084140 tempest-DeleteServersAdminTestJSON-960084140-project] Lock "00000000-0000-0000-0000-000000000000" acquired by "nova.context.set_target_cell..get_or_set_cached_cell_and_set_connections" :: waited 0.000s {{(pid=116241) inner /usr/local/lib/python3.8/dist-packages/oslo_concurrency/lockutils.py:355}}
Aug 25 20:44:31.099799 n-d-805663-3 devstack@n-api.service[116241]: DEBUG oslo_concurrency.lockutils [None req-b4e3e95f-b9f0-4de1-9529-88fbb94ad2f9 tempest-DeleteServersAdminTestJSON-960084140 tempest-DeleteServersAdminTestJSON-960084140-project] Lock "00000000-0000-0000-0000-000000000000" released by "nova.context.set_target_cell..get_or_set_cached_cell_and_set_connections" :: held 0.002s {{(pid=116241) inner /usr/local/lib/python3.8/dist-packages/oslo_concurrency/lockutils.py:367}}
Aug 25 20:44:31.100810 n-d-805663-3 devstack@n-api.service[116241]: DEBUG oslo_concurrency.lockutils [None req-b4e3e95f-b9f0-4de1-9529-88fbb94ad2f9 tempest-DeleteServersAdminTestJSON-960084140 tempest-DeleteServersAdminTestJSON-960084140-project] Lock "dd26ec09-bfcb-4fc3-9764-1ef313c8dbd0" acquired by "nova.context.set_target_cell..get_or_set_cached_cell_and_set_connections" :: waited 0.000s {{(pid=116241) inner /usr/local/lib/python3.8/dist-packages/oslo_concurrency/lockutils.py:355}}
Aug 25 20:44:31.104090 n-d-805663-3 devstack@n-api.service[116241]: DEBUG oslo_concurrency.lockutils [None req-b4e3e95f-b9f0-4de1-9529-88fbb94ad2f9 tempest-DeleteServersAdminTestJSON-960084140 tempest-DeleteServersAdminTestJSON-960084140-project] Lock "dd26ec09-bfcb-4fc3-9764-1ef313c8dbd0" released by "nova.context.set_target_cell..get_or_set_cached_cell_and_set_connections" :: held 0.003s {{(pid=116241) inner /usr/local/lib/python3.8/dist-packages/oslo_concurrency/lockutils.py:367}}
Aug 25 20:44:31.122101 n-d-805663-3 devstack@n-api.service[116242]: INFO nova.api.openstack.requestlog [None req-692af2fc-0a0b-4711-935f-1c07eadcc092 tempest-FlavorsAdminTestJSON-249410069 tempest-FlavorsAdminTestJSON-249410069-project-admin] 10.222.0.21 "DELETE /compute/v2.1/flavors/743943126" status: 202 len: 0 microversion: 2.1 time: 0.045418
Aug 25 20:44:31.123100 n-d-805663-3 devstack@n-api.service[116242]: [pid: 116242|app: 0|req: 54/71] 10.222.0.21 () {58 vars in 1158 bytes} [Wed Aug 25 20:44:31 2021] DELETE /compute/v2.1/flavors/743943126 => generated 0 bytes in 47 msecs (HTTP/1.1 202) 9 headers in 361 bytes (1 switches on core 0)
Aug 25 20:44:31.132925 n-d-805663-3 devstack@n-api.service[116242]: DEBUG nova.api.openstack.wsgi [None req-e987f58d-d137-4526-9206-7bd0f46b6f44 tempest-FlavorsAccessNegativeTestJSON-1513280614 tempest-FlavorsAccessNegativeTestJSON-1513280614-project] Action: 'action', calling method: >, body: {"removeTenantAccess": {"tenant": "d72ecc5aef6f441fb5488e32ff424580"}} {{(pid=116242) _process_stack /opt/stack/nova/nova/api/openstack/wsgi.py:511}}
Aug 25 20:44:31.135042 n-d-805663-3 devstack@n-api.service[116242]: /usr/local/lib/python3.8/dist-packages/oslo_policy/policy.py:1064: UserWarning: Policy os_compute_api:os-flavor-access:remove_tenant_access failed scope check. The token used to make the request was project scoped but the policy requires ['system'] scope. This behavior may change in the future where using the intended scope is required
Aug 25 20:44:31.135042 n-d-805663-3 devstack@n-api.service[116242]: warnings.warn(msg)
Aug 25 20:44:31.136805 n-d-805663-3 devstack@n-api.service[116242]: DEBUG nova.policy [None req-e987f58d-d137-4526-9206-7bd0f46b6f44 tempest-FlavorsAccessNegativeTestJSON-1513280614 tempest-FlavorsAccessNegativeTestJSON-1513280614-project] Policy check for os_compute_api:os-flavor-access:remove_tenant_access failed with credentials {'is_admin': False, 'user_id': '888977be5c1d41ebae7682ba8432bb66', 'user_domain_id': 'default', 'system_scope': None, 'domain_id': None, 'project_id': 'd72ecc5aef6f441fb5488e32ff424580', 'project_domain_id': 'default', 'roles': ['reader', 'member'], 'is_admin_project': True, 'service_user_id': None, 'service_user_domain_id': None, 'service_project_id': None, 'service_project_domain_id': None, 'service_roles': []} {{(pid=116242) authorize /opt/stack/nova/nova/policy.py:199}}
Aug 25 20:44:31.139034 n-d-805663-3 devstack@n-api.service[116242]: DEBUG nova.api.openstack.wsgi [None req-e987f58d-d137-4526-9206-7bd0f46b6f44 tempest-FlavorsAccessNegativeTestJSON-1513280614 tempest-FlavorsAccessNegativeTestJSON-1513280614-project] Returning 403 to user: Policy doesn't allow os_compute_api:os-flavor-access:remove_tenant_access to be performed. {{(pid=116242) __call__ /opt/stack/nova/nova/api/openstack/wsgi.py:927}}
Aug 25 20:44:31.139908 n-d-805663-3 devstack@n-api.service[116242]: INFO nova.api.openstack.requestlog [None req-e987f58d-d137-4526-9206-7bd0f46b6f44 tempest-FlavorsAccessNegativeTestJSON-1513280614 tempest-FlavorsAccessNegativeTestJSON-1513280614-project] 10.222.0.21 "POST /compute/v2.1/flavors/720452796/action" status: 403 len: 133 microversion: 2.1 time: 0.014832
Aug 25 20:44:31.142124 n-d-805663-3 devstack@n-api.service[116242]: [pid: 116242|app: 0|req: 55/72] 10.222.0.21 () {60 vars in 1197 bytes} [Wed Aug 25 20:44:31 2021] POST /compute/v2.1/flavors/720452796/action => generated 133 bytes in 18 msecs (HTTP/1.1 403) 9 headers in 379 bytes (1 switches on core 0)
Aug 25 20:44:31.150593 n-d-805663-3 devstack@n-api.service[116242]: DEBUG nova.api.openstack.wsgi [None req-e0ed18c7-d4b2-4787-892f-ff0c211fdaa3 tempest-FlavorsAdminTestJSON-249410069 tempest-FlavorsAdminTestJSON-249410069-project-admin] Calling method '>' {{(pid=116242) _process_stack /opt/stack/nova/nova/api/openstack/wsgi.py:513}}
Aug 25 20:44:31.189351 n-d-805663-3 devstack@n-api.service[116241]: DEBUG nova.quota [None req-b4e3e95f-b9f0-4de1-9529-88fbb94ad2f9 tempest-DeleteServersAdminTestJSON-960084140 tempest-DeleteServersAdminTestJSON-960084140-project] Getting quotas for project db29da17d1254da1b3204cb7faf5cf0a. Resources: {'instances', 'cores', 'ram'} {{(pid=116241) _get_quotas /opt/stack/nova/nova/quota.py:387}}
Aug 25 20:44:31.194968 n-d-805663-3 devstack@n-api.service[116242]: INFO nova.api.openstack.requestlog [None req-e0ed18c7-d4b2-4787-892f-ff0c211fdaa3 tempest-FlavorsAdminTestJSON-249410069 tempest-FlavorsAdminTestJSON-249410069-project-admin] 10.222.0.21 "GET /compute/v2.1/flavors/detail" status: 200 len: 4991 microversion: 2.1 time: 0.051748
Aug 25 20:44:31.197012 n-d-805663-3 devstack@n-api.service[116242]: [pid: 116242|app: 0|req: 56/73] 10.222.0.21 () {58 vars in 1146 bytes} [Wed Aug 25 20:44:31 2021] GET /compute/v2.1/flavors/detail => generated 4991 bytes in 54 msecs (HTTP/1.1 200) 9 headers in 358 bytes (1 switches on core 0)
Aug 25 20:44:31.202624 n-d-805663-3 devstack@n-api.service[116241]: DEBUG nova.quota [None req-b4e3e95f-b9f0-4de1-9529-88fbb94ad2f9 tempest-DeleteServersAdminTestJSON-960084140 tempest-DeleteServersAdminTestJSON-960084140-project] Getting quotas for user 1a98dbefac904f5e85572e16bd432496 and project db29da17d1254da1b3204cb7faf5cf0a. Resources: {'instances', 'cores', 'ram'} {{(pid=116241) _get_quotas /opt/stack/nova/nova/quota.py:377}}
Aug 25 20:44:31.218143 n-d-805663-3 devstack@n-api.service[116242]: DEBUG nova.api.openstack.wsgi [None req-5b6edb44-4aa4-44f7-b0f5-85fa36641f38 tempest-FlavorsAccessNegativeTestJSON-711761609 tempest-FlavorsAccessNegativeTestJSON-711761609-project-admin] Action: 'action', calling method: >, body: {"removeTenantAccess": {"tenant": "d72ecc5aef6f441fb5488e32ff424580"}} {{(pid=116242) _process_stack /opt/stack/nova/nova/api/openstack/wsgi.py:511}}
Aug 25 20:44:31.244942 n-d-805663-3 devstack@n-api.service[116241]: DEBUG nova.compute.api [None req-b4e3e95f-b9f0-4de1-9529-88fbb94ad2f9 tempest-DeleteServersAdminTestJSON-960084140 tempest-DeleteServersAdminTestJSON-960084140-project] Going to run 1 instances... {{(pid=116241) _provision_instances /opt/stack/nova/nova/compute/api.py:1315}}
Aug 25 20:44:31.267747 n-d-805663-3 devstack@n-api.service[116241]: DEBUG nova.compute.api [None req-b4e3e95f-b9f0-4de1-9529-88fbb94ad2f9 tempest-DeleteServersAdminTestJSON-960084140 tempest-DeleteServersAdminTestJSON-960084140-project] [instance: 59c74660-293d-4e9b-abee-df157af62223] block_device_mapping [BlockDeviceMapping(attachment_id=,boot_index=0,connection_info=None,created_at=,delete_on_termination=True,deleted=,deleted_at=,destination_type='local',device_name=None,device_type='disk',disk_bus=None,guest_format=None,id=,image_id='c2afd8b8-e0f6-4ea4-8475-bff7c47c668b',instance=,instance_uuid=,no_device=False,snapshot_id=None,source_type='image',tag=None,updated_at=,uuid=,volume_id=None,volume_size=None,volume_type=None)] {{(pid=116241) _bdm_validate_set_size_and_instance /opt/stack/nova/nova/compute/api.py:1720}}
Aug 25 20:44:31.365194 n-d-805663-3 devstack@n-api.service[116242]: INFO nova.api.openstack.requestlog [None req-5b6edb44-4aa4-44f7-b0f5-85fa36641f38 tempest-FlavorsAccessNegativeTestJSON-711761609 tempest-FlavorsAccessNegativeTestJSON-711761609-project-admin] 10.222.0.21 "POST /compute/v2.1/flavors/720452796/action" status: 200 len: 21 microversion: 2.1 time: 0.165496
Aug 25 20:44:31.368966 n-d-805663-3 devstack@n-api.service[116242]: [pid: 116242|app: 0|req: 57/74] 10.222.0.21 () {60 vars in 1197 bytes} [Wed Aug 25 20:44:31 2021] POST /compute/v2.1/flavors/720452796/action => generated 21 bytes in 171 msecs (HTTP/1.1 200) 9 headers in 356 bytes (1 switches on core 0)
Aug 25 20:44:31.393146 n-d-805663-3 devstack@n-api.service[116242]: DEBUG nova.api.openstack.wsgi [None req-9261c687-a092-4f81-9ce2-978bf4cab20a tempest-FlavorsAdminTestJSON-249410069 tempest-FlavorsAdminTestJSON-249410069-project-admin] Action: 'create', calling method: >, body: {"flavor": {"ram": 512, "vcpus": 1, "disk": 10, "name": "tempest-test_flavor_-1280646928", "id": 580255929, "os-flavor-access:is_public": "True"}} {{(pid=116242) _process_stack /opt/stack/nova/nova/api/openstack/wsgi.py:511}}
Aug 25 20:44:31.418088 n-d-805663-3 devstack@n-api.service[116241]: INFO nova.api.openstack.requestlog [None req-b4e3e95f-b9f0-4de1-9529-88fbb94ad2f9 tempest-DeleteServersAdminTestJSON-960084140 tempest-DeleteServersAdminTestJSON-960084140-project] 10.222.0.21 "POST /compute/v2.1/servers" status: 202 len: 380 microversion: 2.1 time: 1.856536
Aug 25 20:44:31.418754 n-d-805663-3 devstack@n-api.service[116241]: [pid: 116241|app: 0|req: 18/75] 10.222.0.21 () {60 vars in 1147 bytes} [Wed Aug 25 20:44:29 2021] POST /compute/v2.1/servers => generated 380 bytes in 1858 msecs (HTTP/1.1 202) 10 headers in 451 bytes (1 switches on core 0)
Aug 25 20:44:31.424541 n-d-805663-3 devstack@n-api.service[116241]: DEBUG nova.api.openstack.wsgi [None req-169a82b0-661a-4d7c-a65b-257e53e7a197 tempest-FlavorsAccessNegativeTestJSON-711761609 tempest-FlavorsAccessNegativeTestJSON-711761609-project-admin] Calling method '>' {{(pid=116241) _process_stack /opt/stack/nova/nova/api/openstack/wsgi.py:513}}
Aug 25 20:44:31.425562 n-d-805663-3 devstack@n-api.service[116241]: /usr/local/lib/python3.8/dist-packages/oslo_policy/policy.py:1064: UserWarning: Policy os_compute_api:os-flavor-manage:delete failed scope check. The token used to make the request was project scoped but the policy requires ['system'] scope. This behavior may change in the future where using the intended scope is required
Aug 25 20:44:31.425562 n-d-805663-3 devstack@n-api.service[116241]: warnings.warn(msg)
Aug 25 20:44:31.470195 n-d-805663-3 devstack@n-api.service[116242]: INFO nova.api.openstack.requestlog [None req-9261c687-a092-4f81-9ce2-978bf4cab20a tempest-FlavorsAdminTestJSON-249410069 tempest-FlavorsAdminTestJSON-249410069-project-admin] 10.222.0.21 "POST /compute/v2.1/flavors" status: 200 len: 411 microversion: 2.1 time: 0.095245
Aug 25 20:44:31.493306 n-d-805663-3 devstack@n-api.service[116241]: INFO nova.api.openstack.requestlog [None req-169a82b0-661a-4d7c-a65b-257e53e7a197 tempest-FlavorsAccessNegativeTestJSON-711761609 tempest-FlavorsAccessNegativeTestJSON-711761609-project-admin] 10.222.0.21 "DELETE /compute/v2.1/flavors/720452796" status: 202 len: 0 microversion: 2.1 time: 0.072976
Aug 25 20:44:31.499117 n-d-805663-3 devstack@n-api.service[116242]: [pid: 116242|app: 0|req: 58/77] 10.222.0.21 () {60 vars in 1147 bytes} [Wed Aug 25 20:44:31 2021] POST /compute/v2.1/flavors => generated 411 bytes in 126 msecs (HTTP/1.1 200) 9 headers in 357 bytes (1 switches on core 0)
Aug 25 20:44:31.501646 n-d-805663-3 devstack@n-api.service[116241]: [pid: 116241|app: 0|req: 19/77] 10.222.0.21 () {58 vars in 1158 bytes} [Wed Aug 25 20:44:31 2021] DELETE /compute/v2.1/flavors/720452796 => generated 0 bytes in 78 msecs (HTTP/1.1 202) 9 headers in 361 bytes (1 switches on core 0)
Aug 25 20:44:31.508516 n-d-805663-3 devstack@n-api.service[116242]: DEBUG nova.api.openstack.wsgi [None req-85abb6ea-20c1-48f3-b069-12b8277ac939 tempest-DeleteServersAdminTestJSON-960084140 tempest-DeleteServersAdminTestJSON-960084140-project] Calling method '>' {{(pid=116242) _process_stack /opt/stack/nova/nova/api/openstack/wsgi.py:513}}
Aug 25 20:44:31.519067 n-d-805663-3 devstack@n-api.service[116242]: DEBUG nova.compute.api [None req-85abb6ea-20c1-48f3-b069-12b8277ac939 tempest-DeleteServersAdminTestJSON-960084140 tempest-DeleteServersAdminTestJSON-960084140-project] [instance: 59c74660-293d-4e9b-abee-df157af62223] Fetching instance by UUID {{(pid=116242) get /opt/stack/nova/nova/compute/api.py:2826}}
Aug 25 20:44:31.528741 n-d-805663-3 devstack@n-api.service[116241]: DEBUG nova.api.openstack.wsgi [None req-dca2bec1-8aee-4ed1-b01f-95e3a08db431 tempest-FlavorsAdminTestJSON-833414353 tempest-FlavorsAdminTestJSON-833414353-project] Calling method '>' {{(pid=116241) _process_stack /opt/stack/nova/nova/api/openstack/wsgi.py:513}}
Aug 25 20:44:31.642759 n-d-805663-3 devstack@n-api.service[116241]: INFO nova.api.openstack.requestlog [None req-dca2bec1-8aee-4ed1-b01f-95e3a08db431 tempest-FlavorsAdminTestJSON-833414353 tempest-FlavorsAdminTestJSON-833414353-project] 10.222.0.21 "GET /compute/v2.1/flavors/detail" status: 200 len: 5392 microversion: 2.1 time: 0.127033
Aug 25 20:44:31.647222 n-d-805663-3 devstack@n-api.service[116241]: [pid: 116241|app: 0|req: 20/78] 10.222.0.21 () {58 vars in 1146 bytes} [Wed Aug 25 20:44:31 2021] GET /compute/v2.1/flavors/detail => generated 5392 bytes in 134 msecs (HTTP/1.1 200) 9 headers in 358 bytes (1 switches on core 0)
Aug 25 20:44:31.670366 n-d-805663-3 devstack@n-api.service[116241]: DEBUG nova.api.openstack.wsgi [None req-cd128e0c-aecf-4d10-b9dd-87a5e09290f1 tempest-FlavorsAccessNegativeTestJSON-711761609 tempest-FlavorsAccessNegativeTestJSON-711761609-project-admin] Calling method '>' {{(pid=116241) _process_stack /opt/stack/nova/nova/api/openstack/wsgi.py:513}}
Aug 25 20:44:31.709485 n-d-805663-3 devstack@n-api.service[116242]: DEBUG nova.policy [None req-85abb6ea-20c1-48f3-b069-12b8277ac939 tempest-DeleteServersAdminTestJSON-960084140 tempest-DeleteServersAdminTestJSON-960084140-project] Policy check for os_compute_api:os-extended-server-attributes failed with credentials {'is_admin': False, 'user_id': '1a98dbefac904f5e85572e16bd432496', 'user_domain_id': 'default', 'system_scope': None, 'domain_id': None, 'project_id': 'db29da17d1254da1b3204cb7faf5cf0a', 'project_domain_id': 'default', 'roles': ['reader', 'member'], 'is_admin_project': True, 'service_user_id': None, 'service_user_domain_id': None, 'service_project_id': None, 'service_project_domain_id': None, 'service_roles': []} {{(pid=116242) authorize /opt/stack/nova/nova/policy.py:199}}
Aug 25 20:44:31.716828 n-d-805663-3 devstack@n-api.service[116242]: INFO nova.api.openstack.requestlog [None req-85abb6ea-20c1-48f3-b069-12b8277ac939 tempest-DeleteServersAdminTestJSON-960084140 tempest-DeleteServersAdminTestJSON-960084140-project] 10.222.0.21 "GET /compute/v2.1/servers/59c74660-293d-4e9b-abee-df157af62223" status: 200 len: 1220 microversion: 2.1 time: 0.216576
Aug 25 20:44:31.718972 n-d-805663-3 devstack@n-api.service[116242]: [pid: 116242|app: 0|req: 59/79] 10.222.0.21 () {58 vars in 1236 bytes} [Wed Aug 25 20:44:31 2021] GET /compute/v2.1/servers/59c74660-293d-4e9b-abee-df157af62223 => generated 1220 bytes in 219 msecs (HTTP/1.1 200) 9 headers in 358 bytes (1 switches on core 0)
Aug 25 20:44:31.730906 n-d-805663-3 devstack@n-api.service[116242]: DEBUG nova.api.openstack.wsgi [None req-fdcc7a92-50a6-4760-93f6-1b46034292e7 tempest-AggregatesAdminTestJSON-1559853930 tempest-AggregatesAdminTestJSON-1559853930-project] Calling method '>' {{(pid=116242) _process_stack /opt/stack/nova/nova/api/openstack/wsgi.py:513}}
Aug 25 20:44:31.732827 n-d-805663-3 devstack@n-api.service[116242]: DEBUG nova.compute.api [None req-fdcc7a92-50a6-4760-93f6-1b46034292e7 tempest-AggregatesAdminTestJSON-1559853930 tempest-AggregatesAdminTestJSON-1559853930-project] [instance: f58eec05-b936-4efb-ae1c-9960dae27229] Fetching instance by UUID {{(pid=116242) get /opt/stack/nova/nova/compute/api.py:2826}}
Aug 25 20:44:31.746774 n-d-805663-3 devstack@n-api.service[116242]: DEBUG oslo_concurrency.lockutils [None req-fdcc7a92-50a6-4760-93f6-1b46034292e7 tempest-AggregatesAdminTestJSON-1559853930 tempest-AggregatesAdminTestJSON-1559853930-project] Lock "dd26ec09-bfcb-4fc3-9764-1ef313c8dbd0" acquired by "nova.context.set_target_cell..get_or_set_cached_cell_and_set_connections" :: waited 0.000s {{(pid=116242) inner /usr/local/lib/python3.8/dist-packages/oslo_concurrency/lockutils.py:355}}
Aug 25 20:44:31.747228 n-d-805663-3 devstack@n-api.service[116242]: DEBUG oslo_concurrency.lockutils [None req-fdcc7a92-50a6-4760-93f6-1b46034292e7 tempest-AggregatesAdminTestJSON-1559853930 tempest-AggregatesAdminTestJSON-1559853930-project] Lock "dd26ec09-bfcb-4fc3-9764-1ef313c8dbd0" released by "nova.context.set_target_cell..get_or_set_cached_cell_and_set_connections" :: held 0.001s {{(pid=116242) inner /usr/local/lib/python3.8/dist-packages/oslo_concurrency/lockutils.py:367}}
Aug 25 20:44:31.748921 n-d-805663-3 devstack@n-api.service[116242]: DEBUG oslo_concurrency.lockutils [None req-fdcc7a92-50a6-4760-93f6-1b46034292e7 tempest-AggregatesAdminTestJSON-1559853930 tempest-AggregatesAdminTestJSON-1559853930-project] Lock "dd26ec09-bfcb-4fc3-9764-1ef313c8dbd0" acquired by "nova.context.set_target_cell..get_or_set_cached_cell_and_set_connections" :: waited 0.000s {{(pid=116242) inner /usr/local/lib/python3.8/dist-packages/oslo_concurrency/lockutils.py:355}}
Aug 25 20:44:31.752145 n-d-805663-3 devstack@n-api.service[116242]: DEBUG oslo_concurrency.lockutils [None req-fdcc7a92-50a6-4760-93f6-1b46034292e7 tempest-AggregatesAdminTestJSON-1559853930 tempest-AggregatesAdminTestJSON-1559853930-project] Lock "dd26ec09-bfcb-4fc3-9764-1ef313c8dbd0" released by "nova.context.set_target_cell..get_or_set_cached_cell_and_set_connections" :: held 0.000s {{(pid=116242) inner /usr/local/lib/python3.8/dist-packages/oslo_concurrency/lockutils.py:367}}
Aug 25 20:44:31.784581 n-d-805663-3 devstack@n-api.service[116241]: INFO nova.api.openstack.requestlog [None req-cd128e0c-aecf-4d10-b9dd-87a5e09290f1 tempest-FlavorsAccessNegativeTestJSON-711761609 tempest-FlavorsAccessNegativeTestJSON-711761609-project-admin] 10.222.0.21 "GET /compute/v2.1/flavors/detail" status: 200 len: 5392 microversion: 2.1 time: 0.135960
Aug 25 20:44:31.805703 n-d-805663-3 devstack@n-api.service[116241]: [pid: 116241|app: 0|req: 21/80] 10.222.0.21 () {58 vars in 1146 bytes} [Wed Aug 25 20:44:31 2021] GET /compute/v2.1/flavors/detail => generated 5392 bytes in 157 msecs (HTTP/1.1 200) 9 headers in 358 bytes (1 switches on core 0)
Aug 25 20:44:31.811218 n-d-805663-3 devstack@n-api.service[116241]: DEBUG nova.api.openstack.wsgi [None req-83b27080-f502-495e-84a6-7b8b7932362a tempest-FlavorsAdminTestJSON-249410069 tempest-FlavorsAdminTestJSON-249410069-project-admin] Calling method '>' {{(pid=116241) _process_stack /opt/stack/nova/nova/api/openstack/wsgi.py:513}}
Aug 25 20:44:31.860200 n-d-805663-3 devstack@n-api.service[116241]: INFO nova.api.openstack.requestlog [None req-83b27080-f502-495e-84a6-7b8b7932362a tempest-FlavorsAdminTestJSON-249410069 tempest-FlavorsAdminTestJSON-249410069-project-admin] 10.222.0.21 "DELETE /compute/v2.1/flavors/580255929" status: 202 len: 0 microversion: 2.1 time: 0.052100
Aug 25 20:44:31.862681 n-d-805663-3 devstack@n-api.service[116241]: [pid: 116241|app: 0|req: 22/81] 10.222.0.21 () {58 vars in 1158 bytes} [Wed Aug 25 20:44:31 2021] DELETE /compute/v2.1/flavors/580255929 => generated 0 bytes in 56 msecs (HTTP/1.1 202) 9 headers in 361 bytes (1 switches on core 0)
Aug 25 20:44:31.882184 n-d-805663-3 devstack@n-api.service[116241]: DEBUG nova.api.openstack.wsgi [None req-6563d65a-6105-46ff-9b0b-b4693b25b095 tempest-FlavorsAccessNegativeTestJSON-711761609 tempest-FlavorsAccessNegativeTestJSON-711761609-project-admin] Action: 'create', calling method: >, body: {"flavor": {"ram": 512, "vcpus": 1, "disk": 10, "name": "tempest-FlavorsAccessNegativeTestJSON-flavor-805047076", "id": 1491347282, "os-flavor-access:is_public": "False"}} {{(pid=116241) _process_stack /opt/stack/nova/nova/api/openstack/wsgi.py:511}}
Aug 25 20:44:31.886084 n-d-805663-3 devstack@n-api.service[116241]: /usr/local/lib/python3.8/dist-packages/oslo_policy/policy.py:1064: UserWarning: Policy os_compute_api:os-flavor-manage:create failed scope check. The token used to make the request was project scoped but the policy requires ['system'] scope. This behavior may change in the future where using the intended scope is required
Aug 25 20:44:31.886084 n-d-805663-3 devstack@n-api.service[116241]: warnings.warn(msg)
Aug 25 20:44:31.917993 n-d-805663-3 devstack@n-api.service[116241]: INFO nova.api.openstack.requestlog [None req-6563d65a-6105-46ff-9b0b-b4693b25b095 tempest-FlavorsAccessNegativeTestJSON-711761609 tempest-FlavorsAccessNegativeTestJSON-711761609-project-admin] 10.222.0.21 "POST /compute/v2.1/flavors" status: 200 len: 438 microversion: 2.1 time: 0.053823
Aug 25 20:44:31.918943 n-d-805663-3 devstack@n-api.service[116241]: [pid: 116241|app: 0|req: 23/82] 10.222.0.21 () {60 vars in 1147 bytes} [Wed Aug 25 20:44:31 2021] POST /compute/v2.1/flavors => generated 438 bytes in 55 msecs (HTTP/1.1 200) 9 headers in 357 bytes (1 switches on core 0)
Aug 25 20:44:31.929027 n-d-805663-3 devstack@n-api.service[116241]: DEBUG nova.api.openstack.wsgi [None req-6be9dafd-45a6-42f3-ace8-a113a6a8851c tempest-FlavorsAdminTestJSON-249410069 tempest-FlavorsAdminTestJSON-249410069-project-admin] Calling method '>' {{(pid=116241) _process_stack /opt/stack/nova/nova/api/openstack/wsgi.py:513}}
Aug 25 20:44:31.987405 n-d-805663-3 devstack@n-api.service[116241]: INFO nova.api.openstack.requestlog [None req-6be9dafd-45a6-42f3-ace8-a113a6a8851c tempest-FlavorsAdminTestJSON-249410069 tempest-FlavorsAdminTestJSON-249410069-project-admin] 10.222.0.21 "GET /compute/v2.1/flavors/detail" status: 200 len: 4991 microversion: 2.1 time: 0.066819
Aug 25 20:44:31.988091 n-d-805663-3 devstack@n-api.service[116241]: [pid: 116241|app: 0|req: 24/83] 10.222.0.21 () {58 vars in 1146 bytes} [Wed Aug 25 20:44:31 2021] GET /compute/v2.1/flavors/detail => generated 4991 bytes in 68 msecs (HTTP/1.1 200) 9 headers in 358 bytes (1 switches on core 0)
Aug 25 20:44:31.994888 n-d-805663-3 devstack@n-api.service[116241]: DEBUG nova.api.openstack.wsgi [None req-4e5c4ed8-b779-4494-9535-9176c3a33384 tempest-FlavorsAccessNegativeTestJSON-711761609 tempest-FlavorsAccessNegativeTestJSON-711761609-project-admin] Action: 'action', calling method: >, body: {"removeTenantAccess": {"tenant": "fa24909707c543afa55afec30863f341"}} {{(pid=116241) _process_stack /opt/stack/nova/nova/api/openstack/wsgi.py:511}}
Aug 25 20:44:31.998766 n-d-805663-3 devstack@n-api.service[116241]: /usr/local/lib/python3.8/dist-packages/oslo_policy/policy.py:1064: UserWarning: Policy os_compute_api:os-flavor-access:remove_tenant_access failed scope check. The token used to make the request was project scoped but the policy requires ['system'] scope. This behavior may change in the future where using the intended scope is required
Aug 25 20:44:31.998766 n-d-805663-3 devstack@n-api.service[116241]: warnings.warn(msg)
Aug 25 20:44:32.264494 n-d-805663-3 devstack@n-api.service[116242]: DEBUG nova.policy [None req-fdcc7a92-50a6-4760-93f6-1b46034292e7 tempest-AggregatesAdminTestJSON-1559853930 tempest-AggregatesAdminTestJSON-1559853930-project] Policy check for os_compute_api:os-extended-server-attributes failed with credentials {'is_admin': False, 'user_id': '52fb8fa15ff24c5ab092e0c1bdf8bf23', 'user_domain_id': 'default', 'system_scope': None, 'domain_id': None, 'project_id': '772195a779eb41c6b027503afe8809a2', 'project_domain_id': 'default', 'roles': ['reader', 'member'], 'is_admin_project': True, 'service_user_id': None, 'service_user_domain_id': None, 'service_project_id': None, 'service_project_domain_id': None, 'service_roles': []} {{(pid=116242) authorize /opt/stack/nova/nova/policy.py:199}}
Aug 25 20:44:32.272364 n-d-805663-3 devstack@n-api.service[116242]: INFO nova.api.openstack.requestlog [None req-fdcc7a92-50a6-4760-93f6-1b46034292e7 tempest-AggregatesAdminTestJSON-1559853930 tempest-AggregatesAdminTestJSON-1559853930-project] 10.222.0.21 "GET /compute/v2.1/servers/f58eec05-b936-4efb-ae1c-9960dae27229" status: 200 len: 1296 microversion: 2.1 time: 0.552335
Aug 25 20:44:32.272947 n-d-805663-3 devstack@n-api.service[116242]: [pid: 116242|app: 0|req: 60/84] 10.222.0.21 () {58 vars in 1236 bytes} [Wed Aug 25 20:44:31 2021] GET /compute/v2.1/servers/f58eec05-b936-4efb-ae1c-9960dae27229 => generated 1296 bytes in 553 msecs (HTTP/1.1 200) 9 headers in 358 bytes (1 switches on core 0)
Aug 25 20:44:32.740630 n-d-805663-3 devstack@n-api.service[116242]: DEBUG nova.api.openstack.wsgi [None req-d0278688-1a22-42f9-a704-56db0cf15417 tempest-DeleteServersAdminTestJSON-960084140 tempest-DeleteServersAdminTestJSON-960084140-project] Calling method '>' {{(pid=116242) _process_stack /opt/stack/nova/nova/api/openstack/wsgi.py:513}}
Aug 25 20:44:32.741239 n-d-805663-3 devstack@n-api.service[116242]: DEBUG nova.compute.api [None req-d0278688-1a22-42f9-a704-56db0cf15417 tempest-DeleteServersAdminTestJSON-960084140 tempest-DeleteServersAdminTestJSON-960084140-project] [instance: 59c74660-293d-4e9b-abee-df157af62223] Fetching instance by UUID {{(pid=116242) get /opt/stack/nova/nova/compute/api.py:2826}}
Aug 25 20:44:32.760563 n-d-805663-3 devstack@n-api.service[116242]: DEBUG oslo_concurrency.lockutils [None req-d0278688-1a22-42f9-a704-56db0cf15417 tempest-DeleteServersAdminTestJSON-960084140 tempest-DeleteServersAdminTestJSON-960084140-project] Lock "dd26ec09-bfcb-4fc3-9764-1ef313c8dbd0" acquired by "nova.context.set_target_cell..get_or_set_cached_cell_and_set_connections" :: waited 0.000s {{(pid=116242) inner /usr/local/lib/python3.8/dist-packages/oslo_concurrency/lockutils.py:355}}
Aug 25 20:44:32.769628 n-d-805663-3 devstack@n-api.service[116242]: DEBUG oslo_concurrency.lockutils [None req-d0278688-1a22-42f9-a704-56db0cf15417 tempest-DeleteServersAdminTestJSON-960084140 tempest-DeleteServersAdminTestJSON-960084140-project] Lock "dd26ec09-bfcb-4fc3-9764-1ef313c8dbd0" released by "nova.context.set_target_cell..get_or_set_cached_cell_and_set_connections" :: held 0.009s {{(pid=116242) inner /usr/local/lib/python3.8/dist-packages/oslo_concurrency/lockutils.py:367}}
Aug 25 20:44:32.770453 n-d-805663-3 devstack@n-api.service[116242]: DEBUG oslo_concurrency.lockutils [None req-d0278688-1a22-42f9-a704-56db0cf15417 tempest-DeleteServersAdminTestJSON-960084140 tempest-DeleteServersAdminTestJSON-960084140-project] Lock "dd26ec09-bfcb-4fc3-9764-1ef313c8dbd0" acquired by "nova.context.set_target_cell..get_or_set_cached_cell_and_set_connections" :: waited 0.000s {{(pid=116242) inner /usr/local/lib/python3.8/dist-packages/oslo_concurrency/lockutils.py:355}}
Aug 25 20:44:32.770891 n-d-805663-3 devstack@n-api.service[116242]: DEBUG oslo_concurrency.lockutils [None req-d0278688-1a22-42f9-a704-56db0cf15417 tempest-DeleteServersAdminTestJSON-960084140 tempest-DeleteServersAdminTestJSON-960084140-project] Lock "dd26ec09-bfcb-4fc3-9764-1ef313c8dbd0" released by "nova.context.set_target_cell..get_or_set_cached_cell_and_set_connections" :: held 0.000s {{(pid=116242) inner /usr/local/lib/python3.8/dist-packages/oslo_concurrency/lockutils.py:367}}
Aug 25 20:44:32.895026 n-d-805663-3 devstack@n-api.service[116241]: INFO nova.api.openstack.wsgi [None req-4e5c4ed8-b779-4494-9535-9176c3a33384 tempest-FlavorsAccessNegativeTestJSON-711761609 tempest-FlavorsAccessNegativeTestJSON-711761609-project-admin] HTTP exception thrown: Flavor access not found for 30 / fa24909707c543afa55afec30863f341 combination.
Aug 25 20:44:32.895690 n-d-805663-3 devstack@n-api.service[116241]: DEBUG nova.api.openstack.wsgi [None req-4e5c4ed8-b779-4494-9535-9176c3a33384 tempest-FlavorsAccessNegativeTestJSON-711761609 tempest-FlavorsAccessNegativeTestJSON-711761609-project-admin] Returning 404 to user: Flavor access not found for 30 / fa24909707c543afa55afec30863f341 combination. {{(pid=116241) __call__ /opt/stack/nova/nova/api/openstack/wsgi.py:927}}
Aug 25 20:44:32.896540 n-d-805663-3 devstack@n-api.service[116241]: INFO nova.api.openstack.requestlog [None req-4e5c4ed8-b779-4494-9535-9176c3a33384 tempest-FlavorsAccessNegativeTestJSON-711761609 tempest-FlavorsAccessNegativeTestJSON-711761609-project-admin] 10.222.0.21 "POST /compute/v2.1/flavors/1491347282/action" status: 404 len: 124 microversion: 2.1 time: 0.907138
Aug 25 20:44:32.904496 n-d-805663-3 devstack@n-api.service[116241]: [pid: 116241|app: 0|req: 25/85] 10.222.0.21 () {60 vars in 1200 bytes} [Wed Aug 25 20:44:31 2021] POST /compute/v2.1/flavors/1491347282/action => generated 124 bytes in 915 msecs (HTTP/1.1 404) 9 headers in 379 bytes (1 switches on core 0)
Aug 25 20:44:32.918020 n-d-805663-3 devstack@n-api.service[116241]: DEBUG nova.api.openstack.wsgi [None req-c24bcf4d-3b8c-4518-8b2b-5d36732573bf tempest-FlavorsAccessNegativeTestJSON-711761609 tempest-FlavorsAccessNegativeTestJSON-711761609-project-admin] Calling method '>' {{(pid=116241) _process_stack /opt/stack/nova/nova/api/openstack/wsgi.py:513}}
Aug 25 20:44:32.968296 n-d-805663-3 devstack@n-api.service[116241]: INFO nova.api.openstack.requestlog [None req-c24bcf4d-3b8c-4518-8b2b-5d36732573bf tempest-FlavorsAccessNegativeTestJSON-711761609 tempest-FlavorsAccessNegativeTestJSON-711761609-project-admin] 10.222.0.21 "DELETE /compute/v2.1/flavors/1491347282" status: 202 len: 0 microversion: 2.1 time: 0.061867
Aug 25 20:44:32.968983 n-d-805663-3 devstack@n-api.service[116241]: [pid: 116241|app: 0|req: 26/86] 10.222.0.21 () {58 vars in 1161 bytes} [Wed Aug 25 20:44:32 2021] DELETE /compute/v2.1/flavors/1491347282 => generated 0 bytes in 64 msecs (HTTP/1.1 202) 9 headers in 361 bytes (1 switches on core 0)
Aug 25 20:44:32.979412 n-d-805663-3 devstack@n-api.service[116241]: DEBUG nova.api.openstack.wsgi [None req-5dcc2aed-3c07-46ed-8ae7-a1cb755a683c tempest-FlavorsAccessNegativeTestJSON-711761609 tempest-FlavorsAccessNegativeTestJSON-711761609-project-admin] Calling method '>' {{(pid=116241) _process_stack /opt/stack/nova/nova/api/openstack/wsgi.py:513}}
Aug 25 20:44:33.018548 n-d-805663-3 devstack@n-api.service[116241]: INFO nova.api.openstack.requestlog [None req-5dcc2aed-3c07-46ed-8ae7-a1cb755a683c tempest-FlavorsAccessNegativeTestJSON-711761609 tempest-FlavorsAccessNegativeTestJSON-711761609-project-admin] 10.222.0.21 "GET /compute/v2.1/flavors/detail" status: 200 len: 4991 microversion: 2.1 time: 0.043491
Aug 25 20:44:33.029162 n-d-805663-3 devstack@n-api.service[116242]: DEBUG nova.policy [None req-d0278688-1a22-42f9-a704-56db0cf15417 tempest-DeleteServersAdminTestJSON-960084140 tempest-DeleteServersAdminTestJSON-960084140-project] Policy check for os_compute_api:os-extended-server-attributes failed with credentials {'is_admin': False, 'user_id': '1a98dbefac904f5e85572e16bd432496', 'user_domain_id': 'default', 'system_scope': None, 'domain_id': None, 'project_id': 'db29da17d1254da1b3204cb7faf5cf0a', 'project_domain_id': 'default', 'roles': ['reader', 'member'], 'is_admin_project': True, 'service_user_id': None, 'service_user_domain_id': None, 'service_project_id': None, 'service_project_domain_id': None, 'service_roles': []} {{(pid=116242) authorize /opt/stack/nova/nova/policy.py:199}}
Aug 25 20:44:33.039172 n-d-805663-3 devstack@n-api.service[116242]: INFO nova.api.openstack.requestlog [None req-d0278688-1a22-42f9-a704-56db0cf15417 tempest-DeleteServersAdminTestJSON-960084140 tempest-DeleteServersAdminTestJSON-960084140-project] 10.222.0.21 "GET /compute/v2.1/servers/59c74660-293d-4e9b-abee-df157af62223" status: 200 len: 1224 microversion: 2.1 time: 0.303839
Aug 25 20:44:33.045268 n-d-805663-3 devstack@n-api.service[116242]: [pid: 116242|app: 0|req: 61/87] 10.222.0.21 () {58 vars in 1236 bytes} [Wed Aug 25 20:44:32 2021] GET /compute/v2.1/servers/59c74660-293d-4e9b-abee-df157af62223 => generated 1224 bytes in 311 msecs (HTTP/1.1 200) 9 headers in 358 bytes (2 switches on core 0)
Aug 25 20:44:33.047597 n-d-805663-3 devstack@n-api.service[116241]: [pid: 116241|app: 0|req: 27/88] 10.222.0.21 () {58 vars in 1146 bytes} [Wed Aug 25 20:44:32 2021] GET /compute/v2.1/flavors/detail => generated 4991 bytes in 73 msecs (HTTP/1.1 200) 9 headers in 358 bytes (1 switches on core 0)
Aug 25 20:44:33.293429 n-d-805663-3 devstack@n-api.service[116242]: DEBUG nova.api.openstack.wsgi [None req-0847500a-618f-47bd-8453-d17094ec72b5 tempest-AggregatesAdminTestJSON-1559853930 tempest-AggregatesAdminTestJSON-1559853930-project] Calling method '>' {{(pid=116242) _process_stack /opt/stack/nova/nova/api/openstack/wsgi.py:513}}
Aug 25 20:44:33.293429 n-d-805663-3 devstack@n-api.service[116242]: DEBUG nova.compute.api [None req-0847500a-618f-47bd-8453-d17094ec72b5 tempest-AggregatesAdminTestJSON-1559853930 tempest-AggregatesAdminTestJSON-1559853930-project] [instance: f58eec05-b936-4efb-ae1c-9960dae27229] Fetching instance by UUID {{(pid=116242) get /opt/stack/nova/nova/compute/api.py:2826}}
Aug 25 20:44:33.309235 n-d-805663-3 devstack@n-api.service[116242]: DEBUG oslo_concurrency.lockutils [None req-0847500a-618f-47bd-8453-d17094ec72b5 tempest-AggregatesAdminTestJSON-1559853930 tempest-AggregatesAdminTestJSON-1559853930-project] Lock "dd26ec09-bfcb-4fc3-9764-1ef313c8dbd0" acquired by "nova.context.set_target_cell..get_or_set_cached_cell_and_set_connections" :: waited 0.000s {{(pid=116242) inner /usr/local/lib/python3.8/dist-packages/oslo_concurrency/lockutils.py:355}}
Aug 25 20:44:33.309788 n-d-805663-3 devstack@n-api.service[116242]: DEBUG oslo_concurrency.lockutils [None req-0847500a-618f-47bd-8453-d17094ec72b5 tempest-AggregatesAdminTestJSON-1559853930 tempest-AggregatesAdminTestJSON-1559853930-project] Lock "dd26ec09-bfcb-4fc3-9764-1ef313c8dbd0" released by "nova.context.set_target_cell..get_or_set_cached_cell_and_set_connections" :: held 0.001s {{(pid=116242) inner /usr/local/lib/python3.8/dist-packages/oslo_concurrency/lockutils.py:367}}
Aug 25 20:44:33.314851 n-d-805663-3 devstack@n-api.service[116242]: DEBUG oslo_concurrency.lockutils [None req-0847500a-618f-47bd-8453-d17094ec72b5 tempest-AggregatesAdminTestJSON-1559853930 tempest-AggregatesAdminTestJSON-1559853930-project] Lock "dd26ec09-bfcb-4fc3-9764-1ef313c8dbd0" acquired by "nova.context.set_target_cell..get_or_set_cached_cell_and_set_connections" :: waited 0.000s {{(pid=116242) inner /usr/local/lib/python3.8/dist-packages/oslo_concurrency/lockutils.py:355}}
Aug 25 20:44:33.317262 n-d-805663-3 devstack@n-api.service[116242]: DEBUG oslo_concurrency.lockutils [None req-0847500a-618f-47bd-8453-d17094ec72b5 tempest-AggregatesAdminTestJSON-1559853930 tempest-AggregatesAdminTestJSON-1559853930-project] Lock "dd26ec09-bfcb-4fc3-9764-1ef313c8dbd0" released by "nova.context.set_target_cell..get_or_set_cached_cell_and_set_connections" :: held 0.001s {{(pid=116242) inner /usr/local/lib/python3.8/dist-packages/oslo_concurrency/lockutils.py:367}}
Aug 25 20:44:34.062931 n-d-805663-3 devstack@n-api.service[116241]: DEBUG nova.api.openstack.wsgi [None req-9fbc359f-4bce-4d77-aada-2de0d16aacbe tempest-DeleteServersAdminTestJSON-960084140 tempest-DeleteServersAdminTestJSON-960084140-project] Calling method '>' {{(pid=116241) _process_stack /opt/stack/nova/nova/api/openstack/wsgi.py:513}}
Aug 25 20:44:34.063904 n-d-805663-3 devstack@n-api.service[116241]: DEBUG nova.compute.api [None req-9fbc359f-4bce-4d77-aada-2de0d16aacbe tempest-DeleteServersAdminTestJSON-960084140 tempest-DeleteServersAdminTestJSON-960084140-project] [instance: 59c74660-293d-4e9b-abee-df157af62223] Fetching instance by UUID {{(pid=116241) get /opt/stack/nova/nova/compute/api.py:2826}}
Aug 25 20:44:34.101593 n-d-805663-3 devstack@n-api.service[116241]: DEBUG oslo_concurrency.lockutils [None req-9fbc359f-4bce-4d77-aada-2de0d16aacbe tempest-DeleteServersAdminTestJSON-960084140 tempest-DeleteServersAdminTestJSON-960084140-project] Lock "dd26ec09-bfcb-4fc3-9764-1ef313c8dbd0" acquired by "nova.context.set_target_cell..get_or_set_cached_cell_and_set_connections" :: waited 0.000s {{(pid=116241) inner /usr/local/lib/python3.8/dist-packages/oslo_concurrency/lockutils.py:355}}
Aug 25 20:44:34.102126 n-d-805663-3 devstack@n-api.service[116241]: DEBUG oslo_concurrency.lockutils [None req-9fbc359f-4bce-4d77-aada-2de0d16aacbe tempest-DeleteServersAdminTestJSON-960084140 tempest-DeleteServersAdminTestJSON-960084140-project] Lock "dd26ec09-bfcb-4fc3-9764-1ef313c8dbd0" released by "nova.context.set_target_cell..get_or_set_cached_cell_and_set_connections" :: held 0.001s {{(pid=116241) inner /usr/local/lib/python3.8/dist-packages/oslo_concurrency/lockutils.py:367}}
Aug 25 20:44:34.103585 n-d-805663-3 devstack@n-api.service[116241]: DEBUG oslo_concurrency.lockutils [None req-9fbc359f-4bce-4d77-aada-2de0d16aacbe tempest-DeleteServersAdminTestJSON-960084140 tempest-DeleteServersAdminTestJSON-960084140-project] Lock "dd26ec09-bfcb-4fc3-9764-1ef313c8dbd0" acquired by "nova.context.set_target_cell..get_or_set_cached_cell_and_set_connections" :: waited 0.000s {{(pid=116241) inner /usr/local/lib/python3.8/dist-packages/oslo_concurrency/lockutils.py:355}}
Aug 25 20:44:34.107439 n-d-805663-3 devstack@n-api.service[116241]: DEBUG oslo_concurrency.lockutils [None req-9fbc359f-4bce-4d77-aada-2de0d16aacbe tempest-DeleteServersAdminTestJSON-960084140 tempest-DeleteServersAdminTestJSON-960084140-project] Lock "dd26ec09-bfcb-4fc3-9764-1ef313c8dbd0" released by "nova.context.set_target_cell..get_or_set_cached_cell_and_set_connections" :: held 0.000s {{(pid=116241) inner /usr/local/lib/python3.8/dist-packages/oslo_concurrency/lockutils.py:367}}
Aug 25 20:44:34.259313 n-d-805663-3 devstack@n-api.service[116242]: DEBUG nova.policy [None req-0847500a-618f-47bd-8453-d17094ec72b5 tempest-AggregatesAdminTestJSON-1559853930 tempest-AggregatesAdminTestJSON-1559853930-project] Policy check for os_compute_api:os-extended-server-attributes failed with credentials {'is_admin': False, 'user_id': '52fb8fa15ff24c5ab092e0c1bdf8bf23', 'user_domain_id': 'default', 'system_scope': None, 'domain_id': None, 'project_id': '772195a779eb41c6b027503afe8809a2', 'project_domain_id': 'default', 'roles': ['reader', 'member'], 'is_admin_project': True, 'service_user_id': None, 'service_user_domain_id': None, 'service_project_id': None, 'service_project_domain_id': None, 'service_roles': []} {{(pid=116242) authorize /opt/stack/nova/nova/policy.py:199}}
Aug 25 20:44:34.271998 n-d-805663-3 devstack@n-api.service[116242]: INFO nova.api.openstack.requestlog [None req-0847500a-618f-47bd-8453-d17094ec72b5 tempest-AggregatesAdminTestJSON-1559853930 tempest-AggregatesAdminTestJSON-1559853930-project] 10.222.0.21 "GET /compute/v2.1/servers/f58eec05-b936-4efb-ae1c-9960dae27229" status: 200 len: 1338 microversion: 2.1 time: 0.986854
Aug 25 20:44:34.276475 n-d-805663-3 devstack@n-api.service[116242]: [pid: 116242|app: 0|req: 62/89] 10.222.0.21 () {58 vars in 1236 bytes} [Wed Aug 25 20:44:33 2021] GET /compute/v2.1/servers/f58eec05-b936-4efb-ae1c-9960dae27229 => generated 1338 bytes in 992 msecs (HTTP/1.1 200) 9 headers in 358 bytes (1 switches on core 0)
Aug 25 20:44:34.784960 n-d-805663-3 devstack@n-api.service[116241]: DEBUG nova.policy [None req-9fbc359f-4bce-4d77-aada-2de0d16aacbe tempest-DeleteServersAdminTestJSON-960084140 tempest-DeleteServersAdminTestJSON-960084140-project] Policy check for os_compute_api:os-extended-server-attributes failed with credentials {'is_admin': False, 'user_id': '1a98dbefac904f5e85572e16bd432496', 'user_domain_id': 'default', 'system_scope': None, 'domain_id': None, 'project_id': 'db29da17d1254da1b3204cb7faf5cf0a', 'project_domain_id': 'default', 'roles': ['reader', 'member'], 'is_admin_project': True, 'service_user_id': None, 'service_user_domain_id': None, 'service_project_id': None, 'service_project_domain_id': None, 'service_roles': []} {{(pid=116241) authorize /opt/stack/nova/nova/policy.py:199}}
Aug 25 20:44:34.817765 n-d-805663-3 devstack@n-api.service[116241]: INFO nova.api.openstack.requestlog [None req-9fbc359f-4bce-4d77-aada-2de0d16aacbe tempest-DeleteServersAdminTestJSON-960084140 tempest-DeleteServersAdminTestJSON-960084140-project] 10.222.0.21 "GET /compute/v2.1/servers/59c74660-293d-4e9b-abee-df157af62223" status: 200 len: 1278 microversion: 2.1 time: 0.759113
Aug 25 20:44:34.841352 n-d-805663-3 devstack@n-api.service[116241]: [pid: 116241|app: 0|req: 28/90] 10.222.0.21 () {58 vars in 1236 bytes} [Wed Aug 25 20:44:34 2021] GET /compute/v2.1/servers/59c74660-293d-4e9b-abee-df157af62223 => generated 1278 bytes in 783 msecs (HTTP/1.1 200) 9 headers in 358 bytes (1 switches on core 0)
Aug 25 20:44:35.295898 n-d-805663-3 devstack@n-api.service[116242]: DEBUG nova.api.openstack.wsgi [None req-116a20bc-491f-4db4-aade-6d683cc48719 tempest-AggregatesAdminTestJSON-1559853930 tempest-AggregatesAdminTestJSON-1559853930-project] Calling method '>' {{(pid=116242) _process_stack /opt/stack/nova/nova/api/openstack/wsgi.py:513}}
Aug 25 20:44:35.297392 n-d-805663-3 devstack@n-api.service[116242]: DEBUG nova.compute.api [None req-116a20bc-491f-4db4-aade-6d683cc48719 tempest-AggregatesAdminTestJSON-1559853930 tempest-AggregatesAdminTestJSON-1559853930-project] [instance: f58eec05-b936-4efb-ae1c-9960dae27229] Fetching instance by UUID {{(pid=116242) get /opt/stack/nova/nova/compute/api.py:2826}}
Aug 25 20:44:35.320540 n-d-805663-3 devstack@n-api.service[116242]: DEBUG oslo_concurrency.lockutils [None req-116a20bc-491f-4db4-aade-6d683cc48719 tempest-AggregatesAdminTestJSON-1559853930 tempest-AggregatesAdminTestJSON-1559853930-project] Lock "dd26ec09-bfcb-4fc3-9764-1ef313c8dbd0" acquired by "nova.context.set_target_cell..get_or_set_cached_cell_and_set_connections" :: waited 0.000s {{(pid=116242) inner /usr/local/lib/python3.8/dist-packages/oslo_concurrency/lockutils.py:355}}
Aug 25 20:44:35.323558 n-d-805663-3 devstack@n-api.service[116242]: DEBUG oslo_concurrency.lockutils [None req-116a20bc-491f-4db4-aade-6d683cc48719 tempest-AggregatesAdminTestJSON-1559853930 tempest-AggregatesAdminTestJSON-1559853930-project] Lock "dd26ec09-bfcb-4fc3-9764-1ef313c8dbd0" released by "nova.context.set_target_cell..get_or_set_cached_cell_and_set_connections" :: held 0.001s {{(pid=116242) inner /usr/local/lib/python3.8/dist-packages/oslo_concurrency/lockutils.py:367}}
Aug 25 20:44:35.325335 n-d-805663-3 devstack@n-api.service[116242]: DEBUG oslo_concurrency.lockutils [None req-116a20bc-491f-4db4-aade-6d683cc48719 tempest-AggregatesAdminTestJSON-1559853930 tempest-AggregatesAdminTestJSON-1559853930-project] Lock "dd26ec09-bfcb-4fc3-9764-1ef313c8dbd0" acquired by "nova.context.set_target_cell..get_or_set_cached_cell_and_set_connections" :: waited 0.000s {{(pid=116242) inner /usr/local/lib/python3.8/dist-packages/oslo_concurrency/lockutils.py:355}}
