Oct 14 19:59:56.770047 n-d-805649-7 devstack@placement-api.service[101005]: DEBUG placement.requestlog [req-4140942e-4144-4e2f-bbb5-c8d68d2edc1c req-781dff61-30c4-4764-8f19-36d9ae4c077f None None] Starting request: 10.222.0.26 "GET /placement/allocations/8d5830e0-6db8-48bb-8ea4-84f9f97be1df" {{(pid=101005) __call__ /opt/stack/placement/placement/requestlog.py:55}}
Oct 14 19:59:56.783613 n-d-805649-7 devstack@placement-api.service[101005]: INFO placement.requestlog [req-4140942e-4144-4e2f-bbb5-c8d68d2edc1c req-781dff61-30c4-4764-8f19-36d9ae4c077f service placement] 10.222.0.26 "GET /placement/allocations/8d5830e0-6db8-48bb-8ea4-84f9f97be1df" status: 200 len: 19 microversion: 1.28
Oct 14 19:59:56.783950 n-d-805649-7 devstack@placement-api.service[101005]: [pid: 101005|app: 0|req: 108/216] 10.222.0.26 () {60 vars in 1380 bytes} [Thu Oct 14 19:59:56 2021] GET /placement/allocations/8d5830e0-6db8-48bb-8ea4-84f9f97be1df => generated 19 bytes in 14 msecs (HTTP/1.1 200) 8 headers in 295 bytes (1 switches on core 0)
Oct 14 19:59:56.791338 n-d-805649-7 devstack@placement-api.service[101004]: DEBUG placement.requestlog [req-4140942e-4144-4e2f-bbb5-c8d68d2edc1c req-59506721-4d47-432d-99b7-e419682c37ce None None] Starting request: 10.222.0.26 "PUT /placement/allocations/8d5830e0-6db8-48bb-8ea4-84f9f97be1df" {{(pid=101004) __call__ /opt/stack/placement/placement/requestlog.py:55}}
Oct 14 19:59:56.920036 n-d-805649-7 devstack@placement-api.service[101004]: DEBUG placement.handlers.allocation [req-4140942e-4144-4e2f-bbb5-c8d68d2edc1c req-59506721-4d47-432d-99b7-e419682c37ce service placement] Successfully wrote allocations [, , ] {{(pid=101004) _update_consumers_and_create_allocations /opt/stack/placement/placement/handlers/allocation.py:462}}
Oct 14 19:59:56.925003 n-d-805649-7 devstack@placement-api.service[101004]: INFO placement.requestlog [req-4140942e-4144-4e2f-bbb5-c8d68d2edc1c req-59506721-4d47-432d-99b7-e419682c37ce service placement] 10.222.0.26 "PUT /placement/allocations/8d5830e0-6db8-48bb-8ea4-84f9f97be1df" status: 204 len: 0 microversion: 1.36
Oct 14 19:59:56.925533 n-d-805649-7 devstack@placement-api.service[101004]: [pid: 101004|app: 0|req: 109/217] 10.222.0.26 () {64 vars in 1433 bytes} [Thu Oct 14 19:59:56 2021] PUT /placement/allocations/8d5830e0-6db8-48bb-8ea4-84f9f97be1df => generated 0 bytes in 135 msecs (HTTP/1.1 204) 5 headers in 199 bytes (2 switches on core 0)
Oct 14 19:59:57.100738 n-d-805649-7 devstack@placement-api.service[101005]: DEBUG placement.requestlog [req-220618e0-526b-4db8-b219-0b82b49e09a9 req-ca1ce402-2711-4d5f-9b27-81a01e7218aa None None] Starting request: 10.222.0.39 "GET /placement/allocations/229c5467-4abc-40b2-837f-7ee4281db5dd" {{(pid=101005) __call__ /opt/stack/placement/placement/requestlog.py:55}}
Oct 14 19:59:57.142975 n-d-805649-7 devstack@placement-api.service[101005]: INFO placement.requestlog [req-220618e0-526b-4db8-b219-0b82b49e09a9 req-ca1ce402-2711-4d5f-9b27-81a01e7218aa service placement] 10.222.0.39 "GET /placement/allocations/229c5467-4abc-40b2-837f-7ee4281db5dd" status: 200 len: 259 microversion: 1.28
Oct 14 19:59:57.153362 n-d-805649-7 devstack@placement-api.service[101005]: [pid: 101005|app: 0|req: 109/218] 10.222.0.39 () {60 vars in 1377 bytes} [Thu Oct 14 19:59:57 2021] GET /placement/allocations/229c5467-4abc-40b2-837f-7ee4281db5dd => generated 259 bytes in 43 msecs (HTTP/1.1 200) 8 headers in 296 bytes (1 switches on core 0)
Oct 14 19:59:57.158205 n-d-805649-7 devstack@placement-api.service[101004]: DEBUG placement.requestlog [None req-37946f43-32ce-494b-aeb8-e0e0ba955116 None None] Starting request: 10.222.0.26 "GET /placement/" {{(pid=101004) __call__ /opt/stack/placement/placement/requestlog.py:55}}
Oct 14 19:59:57.159432 n-d-805649-7 devstack@placement-api.service[101004]: INFO placement.requestlog [None req-37946f43-32ce-494b-aeb8-e0e0ba955116 None None] 10.222.0.26 "GET /placement/" status: 200 len: 136 microversion: 1.0
Oct 14 19:59:57.160424 n-d-805649-7 devstack@placement-api.service[101004]: [pid: 101004|app: 0|req: 110/219] 10.222.0.26 () {54 vars in 916 bytes} [Thu Oct 14 19:59:57 2021] GET /placement => generated 136 bytes in 3 msecs (HTTP/1.1 200) 6 headers in 224 bytes (1 switches on core 0)
Oct 14 19:59:57.175962 n-d-805649-7 devstack@placement-api.service[101005]: DEBUG placement.requestlog [req-5b9566f7-e75f-4397-96bf-a8c2bde9e313 req-f2548ec0-054a-478e-9f8d-d0beb3d833f1 None None] Starting request: 10.222.0.26 "GET /placement/allocations/c876415b-ea7e-41c3-94ba-ddc04df50819" {{(pid=101005) __call__ /opt/stack/placement/placement/requestlog.py:55}}
Oct 14 19:59:57.293626 n-d-805649-7 devstack@placement-api.service[101005]: INFO placement.requestlog [req-5b9566f7-e75f-4397-96bf-a8c2bde9e313 req-f2548ec0-054a-478e-9f8d-d0beb3d833f1 service placement] 10.222.0.26 "GET /placement/allocations/c876415b-ea7e-41c3-94ba-ddc04df50819" status: 200 len: 259 microversion: 1.28
Oct 14 19:59:57.299726 n-d-805649-7 devstack@placement-api.service[101005]: [pid: 101005|app: 0|req: 110/220] 10.222.0.26 () {60 vars in 1380 bytes} [Thu Oct 14 19:59:57 2021] GET /placement/allocations/c876415b-ea7e-41c3-94ba-ddc04df50819 => generated 259 bytes in 124 msecs (HTTP/1.1 200) 8 headers in 296 bytes (2 switches on core 0)
Oct 14 19:59:57.300509 n-d-805649-7 devstack@placement-api.service[101004]: DEBUG placement.requestlog [req-5b9566f7-e75f-4397-96bf-a8c2bde9e313 req-b0c9f933-1518-417f-b6fc-0fabfad086de None None] Starting request: 10.222.0.26 "GET /placement/allocations/c876415b-ea7e-41c3-94ba-ddc04df50819" {{(pid=101004) __call__ /opt/stack/placement/placement/requestlog.py:55}}
Oct 14 19:59:57.319751 n-d-805649-7 devstack@placement-api.service[101004]: INFO placement.requestlog [req-5b9566f7-e75f-4397-96bf-a8c2bde9e313 req-b0c9f933-1518-417f-b6fc-0fabfad086de service placement] 10.222.0.26 "GET /placement/allocations/c876415b-ea7e-41c3-94ba-ddc04df50819" status: 200 len: 259 microversion: 1.28
Oct 14 19:59:57.320632 n-d-805649-7 devstack@placement-api.service[101004]: [pid: 101004|app: 0|req: 111/221] 10.222.0.26 () {60 vars in 1380 bytes} [Thu Oct 14 19:59:57 2021] GET /placement/allocations/c876415b-ea7e-41c3-94ba-ddc04df50819 => generated 259 bytes in 21 msecs (HTTP/1.1 200) 8 headers in 296 bytes (1 switches on core 0)
Oct 14 19:59:57.326763 n-d-805649-7 devstack@placement-api.service[101005]: DEBUG placement.requestlog [req-5b9566f7-e75f-4397-96bf-a8c2bde9e313 req-ba52cfbc-7d23-4657-9745-6ccdd0154b53 None None] Starting request: 10.222.0.26 "GET /placement/allocations/06bf00e0-df83-4be4-b457-0b7e49bcb36e" {{(pid=101005) __call__ /opt/stack/placement/placement/requestlog.py:55}}
Oct 14 19:59:57.338357 n-d-805649-7 devstack@placement-api.service[101005]: INFO placement.requestlog [req-5b9566f7-e75f-4397-96bf-a8c2bde9e313 req-ba52cfbc-7d23-4657-9745-6ccdd0154b53 service placement] 10.222.0.26 "GET /placement/allocations/06bf00e0-df83-4be4-b457-0b7e49bcb36e" status: 200 len: 19 microversion: 1.28
Oct 14 19:59:57.339186 n-d-805649-7 devstack@placement-api.service[101005]: [pid: 101005|app: 0|req: 111/222] 10.222.0.26 () {60 vars in 1380 bytes} [Thu Oct 14 19:59:57 2021] GET /placement/allocations/06bf00e0-df83-4be4-b457-0b7e49bcb36e => generated 19 bytes in 13 msecs (HTTP/1.1 200) 8 headers in 295 bytes (1 switches on core 0)
Oct 14 19:59:57.344862 n-d-805649-7 devstack@placement-api.service[101004]: DEBUG placement.requestlog [req-5b9566f7-e75f-4397-96bf-a8c2bde9e313 req-68d7d728-be1a-4d4b-bc4e-8a3db705cf60 None None] Starting request: 10.222.0.26 "POST /placement/allocations" {{(pid=101004) __call__ /opt/stack/placement/placement/requestlog.py:55}}
Oct 14 19:59:57.357644 n-d-805649-7 devstack@placement-api.service[101005]: DEBUG placement.requestlog [req-4140942e-4144-4e2f-bbb5-c8d68d2edc1c req-088049a0-3431-41ab-9f5b-886505a4ad09 None None] Starting request: 10.222.0.18 "GET /placement/allocations/8d5830e0-6db8-48bb-8ea4-84f9f97be1df" {{(pid=101005) __call__ /opt/stack/placement/placement/requestlog.py:55}}
Oct 14 19:59:57.375397 n-d-805649-7 devstack@placement-api.service[101005]: INFO placement.requestlog [req-4140942e-4144-4e2f-bbb5-c8d68d2edc1c req-088049a0-3431-41ab-9f5b-886505a4ad09 service placement] 10.222.0.18 "GET /placement/allocations/8d5830e0-6db8-48bb-8ea4-84f9f97be1df" status: 200 len: 259 microversion: 1.28
Oct 14 19:59:57.375637 n-d-805649-7 devstack@placement-api.service[101005]: [pid: 101005|app: 0|req: 112/223] 10.222.0.18 () {60 vars in 1377 bytes} [Thu Oct 14 19:59:57 2021] GET /placement/allocations/8d5830e0-6db8-48bb-8ea4-84f9f97be1df => generated 259 bytes in 19 msecs (HTTP/1.1 200) 8 headers in 296 bytes (1 switches on core 0)
Oct 14 19:59:57.436998 n-d-805649-7 devstack@placement-api.service[101004]: DEBUG placement.handlers.allocation [req-5b9566f7-e75f-4397-96bf-a8c2bde9e313 req-68d7d728-be1a-4d4b-bc4e-8a3db705cf60 service placement] Successfully wrote allocations [, , , , , ] {{(pid=101004) _update_consumers_and_create_allocations /opt/stack/placement/placement/handlers/allocation.py:572}}
Oct 14 19:59:57.441322 n-d-805649-7 devstack@placement-api.service[101004]: INFO placement.requestlog [req-5b9566f7-e75f-4397-96bf-a8c2bde9e313 req-68d7d728-be1a-4d4b-bc4e-8a3db705cf60 service placement] 10.222.0.26 "POST /placement/allocations" status: 204 len: 0 microversion: 1.28
Oct 14 19:59:57.441672 n-d-805649-7 devstack@placement-api.service[101004]: [pid: 101004|app: 0|req: 112/224] 10.222.0.26 () {64 vars in 1323 bytes} [Thu Oct 14 19:59:57 2021] POST /placement/allocations => generated 0 bytes in 97 msecs (HTTP/1.1 204) 5 headers in 199 bytes (1 switches on core 0)
Oct 14 19:59:57.472142 n-d-805649-7 devstack@placement-api.service[101005]: DEBUG placement.requestlog [req-5b9566f7-e75f-4397-96bf-a8c2bde9e313 req-0ee942f0-9334-4dd7-8fe4-48ff76fd62f6 None None] Starting request: 10.222.0.26 "GET /placement/allocations/c876415b-ea7e-41c3-94ba-ddc04df50819" {{(pid=101005) __call__ /opt/stack/placement/placement/requestlog.py:55}}
Oct 14 19:59:57.483979 n-d-805649-7 devstack@placement-api.service[101005]: INFO placement.requestlog [req-5b9566f7-e75f-4397-96bf-a8c2bde9e313 req-0ee942f0-9334-4dd7-8fe4-48ff76fd62f6 service placement] 10.222.0.26 "GET /placement/allocations/c876415b-ea7e-41c3-94ba-ddc04df50819" status: 200 len: 19 microversion: 1.28
Oct 14 19:59:57.489589 n-d-805649-7 devstack@placement-api.service[101005]: [pid: 101005|app: 0|req: 113/225] 10.222.0.26 () {60 vars in 1380 bytes} [Thu Oct 14 19:59:57 2021] GET /placement/allocations/c876415b-ea7e-41c3-94ba-ddc04df50819 => generated 19 bytes in 17 msecs (HTTP/1.1 200) 8 headers in 295 bytes (1 switches on core 0)
Oct 14 19:59:57.494349 n-d-805649-7 devstack@placement-api.service[101004]: DEBUG placement.requestlog [req-5b9566f7-e75f-4397-96bf-a8c2bde9e313 req-a4fecead-030b-40ea-a807-e0acee31610d None None] Starting request: 10.222.0.26 "PUT /placement/allocations/c876415b-ea7e-41c3-94ba-ddc04df50819" {{(pid=101004) __call__ /opt/stack/placement/placement/requestlog.py:55}}
Oct 14 19:59:57.557839 n-d-805649-7 devstack@placement-api.service[101004]: DEBUG placement.handlers.allocation [req-5b9566f7-e75f-4397-96bf-a8c2bde9e313 req-a4fecead-030b-40ea-a807-e0acee31610d service placement] Successfully wrote allocations [, , ] {{(pid=101004) _update_consumers_and_create_allocations /opt/stack/placement/placement/handlers/allocation.py:462}}
Oct 14 19:59:57.562495 n-d-805649-7 devstack@placement-api.service[101004]: INFO placement.requestlog [req-5b9566f7-e75f-4397-96bf-a8c2bde9e313 req-a4fecead-030b-40ea-a807-e0acee31610d service placement] 10.222.0.26 "PUT /placement/allocations/c876415b-ea7e-41c3-94ba-ddc04df50819" status: 204 len: 0 microversion: 1.28
Oct 14 19:59:57.562889 n-d-805649-7 devstack@placement-api.service[101004]: [pid: 101004|app: 0|req: 113/226] 10.222.0.26 () {64 vars in 1433 bytes} [Thu Oct 14 19:59:57 2021] PUT /placement/allocations/c876415b-ea7e-41c3-94ba-ddc04df50819 => generated 0 bytes in 69 msecs (HTTP/1.1 204) 5 headers in 199 bytes (1 switches on core 0)
Oct 14 19:59:57.677279 n-d-805649-7 devstack@placement-api.service[101005]: DEBUG placement.requestlog [req-5b9566f7-e75f-4397-96bf-a8c2bde9e313 req-0ca373e6-eaeb-43a3-b6d5-4a59f597dc86 None None] Starting request: 10.222.0.18 "GET /placement/allocations/c876415b-ea7e-41c3-94ba-ddc04df50819" {{(pid=101005) __call__ /opt/stack/placement/placement/requestlog.py:55}}
Oct 14 19:59:57.692244 n-d-805649-7 devstack@placement-api.service[101005]: INFO placement.requestlog [req-5b9566f7-e75f-4397-96bf-a8c2bde9e313 req-0ca373e6-eaeb-43a3-b6d5-4a59f597dc86 service placement] 10.222.0.18 "GET /placement/allocations/c876415b-ea7e-41c3-94ba-ddc04df50819" status: 200 len: 259 microversion: 1.28
Oct 14 19:59:57.692832 n-d-805649-7 devstack@placement-api.service[101005]: [pid: 101005|app: 0|req: 114/227] 10.222.0.18 () {60 vars in 1377 bytes} [Thu Oct 14 19:59:57 2021] GET /placement/allocations/c876415b-ea7e-41c3-94ba-ddc04df50819 => generated 259 bytes in 16 msecs (HTTP/1.1 200) 8 headers in 296 bytes (1 switches on core 0)
Oct 14 20:00:00.065032 n-d-805649-7 devstack@placement-api.service[101004]: DEBUG placement.requestlog [req-7225f437-3b94-48cb-98f4-0222d37a2d6c req-a1b32916-9b1d-4615-8bbe-dacec01841f8 None None] Starting request: 10.222.0.26 "GET /placement/allocation_candidates?limit=1000&resources=DISK_GB%3A1%2CMEMORY_MB%3A1024%2CVCPU%3A1&root_required=%21COMPUTE_STATUS_DISABLED" {{(pid=101004) __call__ /opt/stack/placement/placement/requestlog.py:55}}
Oct 14 20:00:00.112182 n-d-805649-7 devstack@placement-api.service[101004]: DEBUG placement.objects.research_context [req-7225f437-3b94-48cb-98f4-0222d37a2d6c req-a1b32916-9b1d-4615-8bbe-dacec01841f8 service placement] getting providers with 1 DISK_GB {{(pid=101004) __init__ /opt/stack/placement/placement/objects/research_context.py:126}}
Oct 14 20:00:00.121317 n-d-805649-7 devstack@placement-api.service[101004]: DEBUG placement.objects.research_context [req-7225f437-3b94-48cb-98f4-0222d37a2d6c req-a1b32916-9b1d-4615-8bbe-dacec01841f8 service placement] getting providers with 1024 MEMORY_MB {{(pid=101004) __init__ /opt/stack/placement/placement/objects/research_context.py:126}}
Oct 14 20:00:00.128684 n-d-805649-7 devstack@placement-api.service[101004]: DEBUG placement.objects.research_context [req-7225f437-3b94-48cb-98f4-0222d37a2d6c req-a1b32916-9b1d-4615-8bbe-dacec01841f8 service placement] getting providers with 1 VCPU {{(pid=101004) __init__ /opt/stack/placement/placement/objects/research_context.py:126}}
Oct 14 20:00:00.135632 n-d-805649-7 devstack@placement-api.service[101004]: DEBUG placement.objects.research_context [req-7225f437-3b94-48cb-98f4-0222d37a2d6c req-a1b32916-9b1d-4615-8bbe-dacec01841f8 service placement] found 2 providers with available 1 DISK_GB {{(pid=101004) get_provider_ids_matching /opt/stack/placement/placement/objects/research_context.py:549}}
Oct 14 20:00:00.136131 n-d-805649-7 devstack@placement-api.service[101004]: DEBUG placement.objects.research_context [req-7225f437-3b94-48cb-98f4-0222d37a2d6c req-a1b32916-9b1d-4615-8bbe-dacec01841f8 service placement] found 2 providers with available 1024 MEMORY_MB {{(pid=101004) get_provider_ids_matching /opt/stack/placement/placement/objects/research_context.py:549}}
Oct 14 20:00:00.136576 n-d-805649-7 devstack@placement-api.service[101004]: DEBUG placement.objects.research_context [req-7225f437-3b94-48cb-98f4-0222d37a2d6c req-a1b32916-9b1d-4615-8bbe-dacec01841f8 service placement] found 2 providers after filtering by previous result {{(pid=101004) get_provider_ids_matching /opt/stack/placement/placement/objects/research_context.py:580}}
Oct 14 20:00:00.137003 n-d-805649-7 devstack@placement-api.service[101004]: DEBUG placement.objects.research_context [req-7225f437-3b94-48cb-98f4-0222d37a2d6c req-a1b32916-9b1d-4615-8bbe-dacec01841f8 service placement] found 2 providers with available 1 VCPU {{(pid=101004) get_provider_ids_matching /opt/stack/placement/placement/objects/research_context.py:549}}
Oct 14 20:00:00.137745 n-d-805649-7 devstack@placement-api.service[101004]: DEBUG placement.objects.research_context [req-7225f437-3b94-48cb-98f4-0222d37a2d6c req-a1b32916-9b1d-4615-8bbe-dacec01841f8 service placement] found 2 providers after filtering by previous result {{(pid=101004) get_provider_ids_matching /opt/stack/placement/placement/objects/research_context.py:580}}
Oct 14 20:00:00.153775 n-d-805649-7 devstack@placement-api.service[101004]: DEBUG placement.objects.allocation_candidate [req-7225f437-3b94-48cb-98f4-0222d37a2d6c req-a1b32916-9b1d-4615-8bbe-dacec01841f8 service placement] RequestGroup(use_same_provider=False, resources={DISK_GB:1, MEMORY_MB:1024, VCPU:1}, traits=[], aggregates=[]) (suffix '') returned 2 matches {{(pid=101004) _get_by_requests /opt/stack/placement/placement/objects/allocation_candidate.py:145}}
Oct 14 20:00:00.154446 n-d-805649-7 devstack@placement-api.service[101004]: DEBUG placement.objects.allocation_candidate [req-7225f437-3b94-48cb-98f4-0222d37a2d6c req-a1b32916-9b1d-4615-8bbe-dacec01841f8 service placement] Merging candidates yields 2 allocation requests and 2 provider summaries {{(pid=101004) _merge_candidates /opt/stack/placement/placement/objects/allocation_candidate.py:783}}
Oct 14 20:00:00.156847 n-d-805649-7 devstack@placement-api.service[101004]: INFO placement.requestlog [req-7225f437-3b94-48cb-98f4-0222d37a2d6c req-a1b32916-9b1d-4615-8bbe-dacec01841f8 service placement] 10.222.0.26 "GET /placement/allocation_candidates?limit=1000&resources=DISK_GB%3A1%2CMEMORY_MB%3A1024%2CVCPU%3A1&root_required=%21COMPUTE_STATUS_DISABLED" status: 200 len: 1309 microversion: 1.36
Oct 14 20:00:00.161636 n-d-805649-7 devstack@placement-api.service[101004]: [pid: 101004|app: 0|req: 114/228] 10.222.0.26 () {60 vars in 1506 bytes} [Thu Oct 14 20:00:00 2021] GET /placement/allocation_candidates?limit=1000&resources=DISK_GB%3A1%2CMEMORY_MB%3A1024%2CVCPU%3A1&root_required=%21COMPUTE_STATUS_DISABLED => generated 1309 bytes in 97 msecs (HTTP/1.1 200) 8 headers in 297 bytes (1 switches on core 0)
Oct 14 20:00:00.211671 n-d-805649-7 devstack@placement-api.service[101005]: DEBUG placement.requestlog [req-7225f437-3b94-48cb-98f4-0222d37a2d6c req-28b5f51c-c56d-40f0-aeeb-bb5f69ca6be7 None None] Starting request: 10.222.0.26 "GET /placement/allocations/c0bdac64-da87-4fcc-818d-2574b4a02e5c" {{(pid=101005) __call__ /opt/stack/placement/placement/requestlog.py:55}}
Oct 14 20:00:00.228449 n-d-805649-7 devstack@placement-api.service[101005]: INFO placement.requestlog [req-7225f437-3b94-48cb-98f4-0222d37a2d6c req-28b5f51c-c56d-40f0-aeeb-bb5f69ca6be7 service placement] 10.222.0.26 "GET /placement/allocations/c0bdac64-da87-4fcc-818d-2574b4a02e5c" status: 200 len: 19 microversion: 1.28
Oct 14 20:00:00.228712 n-d-805649-7 devstack@placement-api.service[101005]: [pid: 101005|app: 0|req: 115/229] 10.222.0.26 () {60 vars in 1380 bytes} [Thu Oct 14 20:00:00 2021] GET /placement/allocations/c0bdac64-da87-4fcc-818d-2574b4a02e5c => generated 19 bytes in 18 msecs (HTTP/1.1 200) 8 headers in 295 bytes (1 switches on core 0)
Oct 14 20:00:00.236798 n-d-805649-7 devstack@placement-api.service[101004]: DEBUG placement.requestlog [req-7225f437-3b94-48cb-98f4-0222d37a2d6c req-85b523a5-8ff4-47b0-a6a0-a65ad4a7c96e None None] Starting request: 10.222.0.26 "PUT /placement/allocations/c0bdac64-da87-4fcc-818d-2574b4a02e5c" {{(pid=101004) __call__ /opt/stack/placement/placement/requestlog.py:55}}
Oct 14 20:00:00.331050 n-d-805649-7 devstack@placement-api.service[101004]: DEBUG placement.handlers.allocation [req-7225f437-3b94-48cb-98f4-0222d37a2d6c req-85b523a5-8ff4-47b0-a6a0-a65ad4a7c96e service placement] Successfully wrote allocations [, , ] {{(pid=101004) _update_consumers_and_create_allocations /opt/stack/placement/placement/handlers/allocation.py:462}}
Oct 14 20:00:00.337966 n-d-805649-7 devstack@placement-api.service[101004]: INFO placement.requestlog [req-7225f437-3b94-48cb-98f4-0222d37a2d6c req-85b523a5-8ff4-47b0-a6a0-a65ad4a7c96e service placement] 10.222.0.26 "PUT /placement/allocations/c0bdac64-da87-4fcc-818d-2574b4a02e5c" status: 204 len: 0 microversion: 1.36
Oct 14 20:00:00.338435 n-d-805649-7 devstack@placement-api.service[101004]: [pid: 101004|app: 0|req: 115/230] 10.222.0.26 () {64 vars in 1433 bytes} [Thu Oct 14 20:00:00 2021] PUT /placement/allocations/c0bdac64-da87-4fcc-818d-2574b4a02e5c => generated 0 bytes in 103 msecs (HTTP/1.1 204) 5 headers in 199 bytes (2 switches on core 0)
Oct 14 20:00:00.703693 n-d-805649-7 devstack@placement-api.service[101005]: DEBUG placement.requestlog [req-7225f437-3b94-48cb-98f4-0222d37a2d6c req-cee16d19-c90d-4d7f-895e-8c881a9cde8e None None] Starting request: 10.222.0.18 "GET /placement/allocations/c0bdac64-da87-4fcc-818d-2574b4a02e5c" {{(pid=101005) __call__ /opt/stack/placement/placement/requestlog.py:55}}
Oct 14 20:00:00.725613 n-d-805649-7 devstack@placement-api.service[101005]: INFO placement.requestlog [req-7225f437-3b94-48cb-98f4-0222d37a2d6c req-cee16d19-c90d-4d7f-895e-8c881a9cde8e service placement] 10.222.0.18 "GET /placement/allocations/c0bdac64-da87-4fcc-818d-2574b4a02e5c" status: 200 len: 259 microversion: 1.28
Oct 14 20:00:00.726167 n-d-805649-7 devstack@placement-api.service[101005]: [pid: 101005|app: 0|req: 116/231] 10.222.0.18 () {60 vars in 1377 bytes} [Thu Oct 14 20:00:00 2021] GET /placement/allocations/c0bdac64-da87-4fcc-818d-2574b4a02e5c => generated 259 bytes in 23 msecs (HTTP/1.1 200) 8 headers in 296 bytes (1 switches on core 0)
Oct 14 20:00:00.860300 n-d-805649-7 devstack@placement-api.service[101004]: DEBUG placement.requestlog [req-8c996f0f-bfc1-4038-b307-6103bb6a63d2 req-35d52552-c92e-4eb4-89a2-06b8d82185d5 None None] Starting request: 10.222.0.26 "GET /placement/allocation_candidates?limit=1000&resources=DISK_GB%3A1%2CMEMORY_MB%3A1024%2CVCPU%3A1&root_required=%21COMPUTE_STATUS_DISABLED" {{(pid=101004) __call__ /opt/stack/placement/placement/requestlog.py:55}}
Oct 14 20:00:00.895926 n-d-805649-7 devstack@placement-api.service[101004]: DEBUG placement.objects.research_context [req-8c996f0f-bfc1-4038-b307-6103bb6a63d2 req-35d52552-c92e-4eb4-89a2-06b8d82185d5 service placement] getting providers with 1 DISK_GB {{(pid=101004) __init__ /opt/stack/placement/placement/objects/research_context.py:126}}
Oct 14 20:00:00.903473 n-d-805649-7 devstack@placement-api.service[101004]: DEBUG placement.objects.research_context [req-8c996f0f-bfc1-4038-b307-6103bb6a63d2 req-35d52552-c92e-4eb4-89a2-06b8d82185d5 service placement] getting providers with 1024 MEMORY_MB {{(pid=101004) __init__ /opt/stack/placement/placement/objects/research_context.py:126}}
Oct 14 20:00:00.911824 n-d-805649-7 devstack@placement-api.service[101004]: DEBUG placement.objects.research_context [req-8c996f0f-bfc1-4038-b307-6103bb6a63d2 req-35d52552-c92e-4eb4-89a2-06b8d82185d5 service placement] getting providers with 1 VCPU {{(pid=101004) __init__ /opt/stack/placement/placement/objects/research_context.py:126}}
Oct 14 20:00:00.920167 n-d-805649-7 devstack@placement-api.service[101004]: DEBUG placement.objects.research_context [req-8c996f0f-bfc1-4038-b307-6103bb6a63d2 req-35d52552-c92e-4eb4-89a2-06b8d82185d5 service placement] found 2 providers with available 1 DISK_GB {{(pid=101004) get_provider_ids_matching /opt/stack/placement/placement/objects/research_context.py:549}}
Oct 14 20:00:00.920650 n-d-805649-7 devstack@placement-api.service[101004]: DEBUG placement.objects.research_context [req-8c996f0f-bfc1-4038-b307-6103bb6a63d2 req-35d52552-c92e-4eb4-89a2-06b8d82185d5 service placement] found 2 providers with available 1024 MEMORY_MB {{(pid=101004) get_provider_ids_matching /opt/stack/placement/placement/objects/research_context.py:549}}
Oct 14 20:00:00.921073 n-d-805649-7 devstack@placement-api.service[101004]: DEBUG placement.objects.research_context [req-8c996f0f-bfc1-4038-b307-6103bb6a63d2 req-35d52552-c92e-4eb4-89a2-06b8d82185d5 service placement] found 2 providers after filtering by previous result {{(pid=101004) get_provider_ids_matching /opt/stack/placement/placement/objects/research_context.py:580}}
Oct 14 20:00:00.921524 n-d-805649-7 devstack@placement-api.service[101004]: DEBUG placement.objects.research_context [req-8c996f0f-bfc1-4038-b307-6103bb6a63d2 req-35d52552-c92e-4eb4-89a2-06b8d82185d5 service placement] found 2 providers with available 1 VCPU {{(pid=101004) get_provider_ids_matching /opt/stack/placement/placement/objects/research_context.py:549}}
Oct 14 20:00:00.921931 n-d-805649-7 devstack@placement-api.service[101004]: DEBUG placement.objects.research_context [req-8c996f0f-bfc1-4038-b307-6103bb6a63d2 req-35d52552-c92e-4eb4-89a2-06b8d82185d5 service placement] found 2 providers after filtering by previous result {{(pid=101004) get_provider_ids_matching /opt/stack/placement/placement/objects/research_context.py:580}}
Oct 14 20:00:00.949361 n-d-805649-7 devstack@placement-api.service[101004]: DEBUG placement.objects.allocation_candidate [req-8c996f0f-bfc1-4038-b307-6103bb6a63d2 req-35d52552-c92e-4eb4-89a2-06b8d82185d5 service placement] RequestGroup(use_same_provider=False, resources={DISK_GB:1, MEMORY_MB:1024, VCPU:1}, traits=[], aggregates=[]) (suffix '') returned 2 matches {{(pid=101004) _get_by_requests /opt/stack/placement/placement/objects/allocation_candidate.py:145}}
Oct 14 20:00:00.950124 n-d-805649-7 devstack@placement-api.service[101004]: DEBUG placement.objects.allocation_candidate [req-8c996f0f-bfc1-4038-b307-6103bb6a63d2 req-35d52552-c92e-4eb4-89a2-06b8d82185d5 service placement] Merging candidates yields 2 allocation requests and 2 provider summaries {{(pid=101004) _merge_candidates /opt/stack/placement/placement/objects/allocation_candidate.py:783}}
Oct 14 20:00:00.952939 n-d-805649-7 devstack@placement-api.service[101004]: INFO placement.requestlog [req-8c996f0f-bfc1-4038-b307-6103bb6a63d2 req-35d52552-c92e-4eb4-89a2-06b8d82185d5 service placement] 10.222.0.26 "GET /placement/allocation_candidates?limit=1000&resources=DISK_GB%3A1%2CMEMORY_MB%3A1024%2CVCPU%3A1&root_required=%21COMPUTE_STATUS_DISABLED" status: 200 len: 1309 microversion: 1.36
Oct 14 20:00:00.963035 n-d-805649-7 devstack@placement-api.service[101004]: [pid: 101004|app: 0|req: 116/232] 10.222.0.26 () {60 vars in 1506 bytes} [Thu Oct 14 20:00:00 2021] GET /placement/allocation_candidates?limit=1000&resources=DISK_GB%3A1%2CMEMORY_MB%3A1024%2CVCPU%3A1&root_required=%21COMPUTE_STATUS_DISABLED => generated 1309 bytes in 100 msecs (HTTP/1.1 200) 8 headers in 297 bytes (1 switches on core 0)
Oct 14 20:00:01.043523 n-d-805649-7 devstack@placement-api.service[101005]: DEBUG placement.requestlog [req-8c996f0f-bfc1-4038-b307-6103bb6a63d2 req-65e0966b-2adb-47d7-ae7a-214f326e56f9 None None] Starting request: 10.222.0.26 "GET /placement/allocations/65ae406f-07eb-49c1-b84c-6d2c028d604a" {{(pid=101005) __call__ /opt/stack/placement/placement/requestlog.py:55}}
Oct 14 20:00:01.061652 n-d-805649-7 devstack@placement-api.service[101005]: INFO placement.requestlog [req-8c996f0f-bfc1-4038-b307-6103bb6a63d2 req-65e0966b-2adb-47d7-ae7a-214f326e56f9 service placement] 10.222.0.26 "GET /placement/allocations/65ae406f-07eb-49c1-b84c-6d2c028d604a" status: 200 len: 19 microversion: 1.28
Oct 14 20:00:01.062221 n-d-805649-7 devstack@placement-api.service[101005]: [pid: 101005|app: 0|req: 117/233] 10.222.0.26 () {60 vars in 1380 bytes} [Thu Oct 14 20:00:01 2021] GET /placement/allocations/65ae406f-07eb-49c1-b84c-6d2c028d604a => generated 19 bytes in 19 msecs (HTTP/1.1 200) 8 headers in 295 bytes (1 switches on core 0)
Oct 14 20:00:01.073028 n-d-805649-7 devstack@placement-api.service[101004]: DEBUG placement.requestlog [req-8c996f0f-bfc1-4038-b307-6103bb6a63d2 req-4abedaef-e2c6-4714-bccc-3a613090b98e None None] Starting request: 10.222.0.26 "PUT /placement/allocations/65ae406f-07eb-49c1-b84c-6d2c028d604a" {{(pid=101004) __call__ /opt/stack/placement/placement/requestlog.py:55}}
Oct 14 20:00:01.220320 n-d-805649-7 devstack@placement-api.service[101004]: DEBUG placement.handlers.allocation [req-8c996f0f-bfc1-4038-b307-6103bb6a63d2 req-4abedaef-e2c6-4714-bccc-3a613090b98e service placement] Successfully wrote allocations [, , ] {{(pid=101004) _update_consumers_and_create_allocations /opt/stack/placement/placement/handlers/allocation.py:462}}
Oct 14 20:00:01.228757 n-d-805649-7 devstack@placement-api.service[101004]: INFO placement.requestlog [req-8c996f0f-bfc1-4038-b307-6103bb6a63d2 req-4abedaef-e2c6-4714-bccc-3a613090b98e service placement] 10.222.0.26 "PUT /placement/allocations/65ae406f-07eb-49c1-b84c-6d2c028d604a" status: 204 len: 0 microversion: 1.36
Oct 14 20:00:01.229977 n-d-805649-7 devstack@placement-api.service[101004]: [pid: 101004|app: 0|req: 117/234] 10.222.0.26 () {64 vars in 1433 bytes} [Thu Oct 14 20:00:01 2021] PUT /placement/allocations/65ae406f-07eb-49c1-b84c-6d2c028d604a => generated 0 bytes in 157 msecs (HTTP/1.1 204) 5 headers in 199 bytes (1 switches on core 0)
Oct 14 20:00:01.769727 n-d-805649-7 devstack@placement-api.service[101005]: DEBUG placement.requestlog [req-93296453-7f00-45f1-b747-8c4e3f501f6b req-2f85cd8e-bec6-478d-ba0f-9f3dd7242711 None None] Starting request: 10.222.0.18 "GET /placement/resource_providers/45424986-e453-48a1-a55e-9af324c121bb/allocations" {{(pid=101005) __call__ /opt/stack/placement/placement/requestlog.py:55}}
Oct 14 20:00:01.875087 n-d-805649-7 devstack@placement-api.service[101005]: INFO placement.requestlog [req-93296453-7f00-45f1-b747-8c4e3f501f6b req-2f85cd8e-bec6-478d-ba0f-9f3dd7242711 service placement] 10.222.0.18 "GET /placement/resource_providers/45424986-e453-48a1-a55e-9af324c121bb/allocations" status: 200 len: 760 microversion: 1.0
Oct 14 20:00:01.881293 n-d-805649-7 devstack@placement-api.service[101005]: [pid: 101005|app: 0|req: 118/235] 10.222.0.18 () {58 vars in 1390 bytes} [Thu Oct 14 20:00:01 2021] GET /placement/resource_providers/45424986-e453-48a1-a55e-9af324c121bb/allocations => generated 760 bytes in 112 msecs (HTTP/1.1 200) 6 headers in 224 bytes (1 switches on core 0)
Oct 14 20:00:01.928067 n-d-805649-7 devstack@placement-api.service[101004]: DEBUG placement.requestlog [req-8c996f0f-bfc1-4038-b307-6103bb6a63d2 req-00bbebe1-9d0a-451d-9802-43ff6de90979 None None] Starting request: 10.222.0.39 "GET /placement/allocations/65ae406f-07eb-49c1-b84c-6d2c028d604a" {{(pid=101004) __call__ /opt/stack/placement/placement/requestlog.py:55}}
Oct 14 20:00:01.964593 n-d-805649-7 devstack@placement-api.service[101005]: DEBUG placement.requestlog [req-93296453-7f00-45f1-b747-8c4e3f501f6b req-a9cc4941-cc43-4088-8301-32e87520fc9b None None] Starting request: 10.222.0.18 "GET /placement/resource_providers?in_tree=45424986-e453-48a1-a55e-9af324c121bb" {{(pid=101005) __call__ /opt/stack/placement/placement/requestlog.py:55}}
Oct 14 20:00:01.974690 n-d-805649-7 devstack@placement-api.service[101004]: INFO placement.requestlog [req-8c996f0f-bfc1-4038-b307-6103bb6a63d2 req-00bbebe1-9d0a-451d-9802-43ff6de90979 service placement] 10.222.0.39 "GET /placement/allocations/65ae406f-07eb-49c1-b84c-6d2c028d604a" status: 200 len: 259 microversion: 1.28
Oct 14 20:00:01.979345 n-d-805649-7 devstack@placement-api.service[101004]: [pid: 101004|app: 0|req: 118/236] 10.222.0.39 () {60 vars in 1377 bytes} [Thu Oct 14 20:00:01 2021] GET /placement/allocations/65ae406f-07eb-49c1-b84c-6d2c028d604a => generated 259 bytes in 52 msecs (HTTP/1.1 200) 8 headers in 296 bytes (1 switches on core 0)
Oct 14 20:00:02.015832 n-d-805649-7 devstack@placement-api.service[101005]: INFO placement.requestlog [req-93296453-7f00-45f1-b747-8c4e3f501f6b req-a9cc4941-cc43-4088-8301-32e87520fc9b service placement] 10.222.0.18 "GET /placement/resource_providers?in_tree=45424986-e453-48a1-a55e-9af324c121bb" status: 200 len: 863 microversion: 1.14
Oct 14 20:00:02.016643 n-d-805649-7 devstack@placement-api.service[101005]: [pid: 101005|app: 0|req: 119/237] 10.222.0.18 () {60 vars in 1376 bytes} [Thu Oct 14 20:00:01 2021] GET /placement/resource_providers?in_tree=45424986-e453-48a1-a55e-9af324c121bb => generated 863 bytes in 52 msecs (HTTP/1.1 200) 6 headers in 225 bytes (1 switches on core 0)
Oct 14 20:00:02.025817 n-d-805649-7 devstack@placement-api.service[101004]: DEBUG placement.requestlog [req-93296453-7f00-45f1-b747-8c4e3f501f6b req-2628f32e-2dc0-4d61-afb9-d98ccaea1f35 None None] Starting request: 10.222.0.18 "GET /placement/resource_providers/45424986-e453-48a1-a55e-9af324c121bb/inventories" {{(pid=101004) __call__ /opt/stack/placement/placement/requestlog.py:55}}
Oct 14 20:00:02.070910 n-d-805649-7 devstack@placement-api.service[101004]: INFO placement.requestlog [req-93296453-7f00-45f1-b747-8c4e3f501f6b req-2628f32e-2dc0-4d61-afb9-d98ccaea1f35 service placement] 10.222.0.18 "GET /placement/resource_providers/45424986-e453-48a1-a55e-9af324c121bb/inventories" status: 200 len: 398 microversion: 1.0
Oct 14 20:00:02.071725 n-d-805649-7 devstack@placement-api.service[101004]: [pid: 101004|app: 0|req: 119/238] 10.222.0.18 () {58 vars in 1390 bytes} [Thu Oct 14 20:00:02 2021] GET /placement/resource_providers/45424986-e453-48a1-a55e-9af324c121bb/inventories => generated 398 bytes in 46 msecs (HTTP/1.1 200) 6 headers in 224 bytes (2 switches on core 0)
Oct 14 20:00:02.081624 n-d-805649-7 devstack@placement-api.service[101005]: DEBUG placement.requestlog [req-93296453-7f00-45f1-b747-8c4e3f501f6b req-746ff624-6210-476f-8024-e6794a9fc3af None None] Starting request: 10.222.0.18 "GET /placement/resource_providers/45424986-e453-48a1-a55e-9af324c121bb/aggregates" {{(pid=101005) __call__ /opt/stack/placement/placement/requestlog.py:55}}
Oct 14 20:00:02.113406 n-d-805649-7 devstack@placement-api.service[101005]: INFO placement.requestlog [req-93296453-7f00-45f1-b747-8c4e3f501f6b req-746ff624-6210-476f-8024-e6794a9fc3af service placement] 10.222.0.18 "GET /placement/resource_providers/45424986-e453-48a1-a55e-9af324c121bb/aggregates" status: 200 len: 54 microversion: 1.19
Oct 14 20:00:02.114150 n-d-805649-7 devstack@placement-api.service[101005]: [pid: 101005|app: 0|req: 120/239] 10.222.0.18 () {60 vars in 1431 bytes} [Thu Oct 14 20:00:02 2021] GET /placement/resource_providers/45424986-e453-48a1-a55e-9af324c121bb/aggregates => generated 54 bytes in 33 msecs (HTTP/1.1 200) 8 headers in 295 bytes (1 switches on core 0)
Oct 14 20:00:02.123407 n-d-805649-7 devstack@placement-api.service[101004]: DEBUG placement.requestlog [req-93296453-7f00-45f1-b747-8c4e3f501f6b req-9ab460a3-091b-4a7a-901d-e51c6d70ccd6 None None] Starting request: 10.222.0.18 "GET /placement/resource_providers/45424986-e453-48a1-a55e-9af324c121bb/traits" {{(pid=101004) __call__ /opt/stack/placement/placement/requestlog.py:55}}
Oct 14 20:00:02.180922 n-d-805649-7 devstack@placement-api.service[101004]: INFO placement.requestlog [req-93296453-7f00-45f1-b747-8c4e3f501f6b req-9ab460a3-091b-4a7a-901d-e51c6d70ccd6 service placement] 10.222.0.18 "GET /placement/resource_providers/45424986-e453-48a1-a55e-9af324c121bb/traits" status: 200 len: 212 microversion: 1.6
Oct 14 20:00:02.182229 n-d-805649-7 devstack@placement-api.service[101004]: [pid: 101004|app: 0|req: 120/240] 10.222.0.18 () {60 vars in 1418 bytes} [Thu Oct 14 20:00:02 2021] GET /placement/resource_providers/45424986-e453-48a1-a55e-9af324c121bb/traits => generated 212 bytes in 59 msecs (HTTP/1.1 200) 6 headers in 224 bytes (1 switches on core 0)
Oct 14 20:00:05.080066 n-d-805649-7 devstack@placement-api.service[101005]: DEBUG placement.requestlog [req-5c81a219-ba11-4bcc-b91a-cb2e721357ee req-e4f42349-9063-4a50-8624-2168935c08ce None None] Starting request: 10.222.0.18 "GET /placement/allocations/3b875d44-e3e1-4332-84f3-bf1f59b06060" {{(pid=101005) __call__ /opt/stack/placement/placement/requestlog.py:55}}
Oct 14 20:00:05.111794 n-d-805649-7 devstack@placement-api.service[101005]: INFO placement.requestlog [req-5c81a219-ba11-4bcc-b91a-cb2e721357ee req-e4f42349-9063-4a50-8624-2168935c08ce service placement] 10.222.0.18 "GET /placement/allocations/3b875d44-e3e1-4332-84f3-bf1f59b06060" status: 200 len: 259 microversion: 1.28
Oct 14 20:00:05.112046 n-d-805649-7 devstack@placement-api.service[101005]: [pid: 101005|app: 0|req: 121/241] 10.222.0.18 () {60 vars in 1377 bytes} [Thu Oct 14 20:00:05 2021] GET /placement/allocations/3b875d44-e3e1-4332-84f3-bf1f59b06060 => generated 259 bytes in 32 msecs (HTTP/1.1 200) 8 headers in 296 bytes (1 switches on core 0)
Oct 14 20:00:05.120758 n-d-805649-7 devstack@placement-api.service[101004]: DEBUG placement.requestlog [req-5c81a219-ba11-4bcc-b91a-cb2e721357ee req-3da1b3e9-7b87-4254-90e8-e76a8094d229 None None] Starting request: 10.222.0.18 "PUT /placement/allocations/3b875d44-e3e1-4332-84f3-bf1f59b06060" {{(pid=101004) __call__ /opt/stack/placement/placement/requestlog.py:55}}
Oct 14 20:00:05.173755 n-d-805649-7 devstack@placement-api.service[101004]: DEBUG placement.handlers.allocation [req-5c81a219-ba11-4bcc-b91a-cb2e721357ee req-3da1b3e9-7b87-4254-90e8-e76a8094d229 service placement] Successfully wrote allocations [, , ] {{(pid=101004) _update_consumers_and_create_allocations /opt/stack/placement/placement/handlers/allocation.py:462}}
Oct 14 20:00:05.183528 n-d-805649-7 devstack@placement-api.service[101004]: INFO placement.requestlog [req-5c81a219-ba11-4bcc-b91a-cb2e721357ee req-3da1b3e9-7b87-4254-90e8-e76a8094d229 service placement] 10.222.0.18 "PUT /placement/allocations/3b875d44-e3e1-4332-84f3-bf1f59b06060" status: 204 len: 0 microversion: 1.28
Oct 14 20:00:05.184511 n-d-805649-7 devstack@placement-api.service[101004]: [pid: 101004|app: 0|req: 121/242] 10.222.0.18 () {64 vars in 1430 bytes} [Thu Oct 14 20:00:05 2021] PUT /placement/allocations/3b875d44-e3e1-4332-84f3-bf1f59b06060 => generated 0 bytes in 64 msecs (HTTP/1.1 204) 5 headers in 199 bytes (1 switches on core 0)
Oct 14 20:00:07.697373 n-d-805649-7 devstack@placement-api.service[101005]: DEBUG placement.requestlog [req-40040abf-785b-4585-a7f8-68734101ceb8 req-839bbe2a-63c5-4c54-aacd-b6eef5f10684 None None] Starting request: 10.222.0.26 "GET /placement/allocation_candidates?limit=1000&resources=DISK_GB%3A1%2CMEMORY_MB%3A1024%2CVCPU%3A1&root_required=%21COMPUTE_STATUS_DISABLED" {{(pid=101005) __call__ /opt/stack/placement/placement/requestlog.py:55}}
Oct 14 20:00:07.745239 n-d-805649-7 devstack@placement-api.service[101005]: DEBUG placement.objects.research_context [req-40040abf-785b-4585-a7f8-68734101ceb8 req-839bbe2a-63c5-4c54-aacd-b6eef5f10684 service placement] getting providers with 1 DISK_GB {{(pid=101005) __init__ /opt/stack/placement/placement/objects/research_context.py:126}}
Oct 14 20:00:07.756809 n-d-805649-7 devstack@placement-api.service[101005]: DEBUG placement.objects.research_context [req-40040abf-785b-4585-a7f8-68734101ceb8 req-839bbe2a-63c5-4c54-aacd-b6eef5f10684 service placement] getting providers with 1024 MEMORY_MB {{(pid=101005) __init__ /opt/stack/placement/placement/objects/research_context.py:126}}
Oct 14 20:00:07.768510 n-d-805649-7 devstack@placement-api.service[101005]: DEBUG placement.objects.research_context [req-40040abf-785b-4585-a7f8-68734101ceb8 req-839bbe2a-63c5-4c54-aacd-b6eef5f10684 service placement] getting providers with 1 VCPU {{(pid=101005) __init__ /opt/stack/placement/placement/objects/research_context.py:126}}
Oct 14 20:00:07.777486 n-d-805649-7 devstack@placement-api.service[101005]: DEBUG placement.objects.research_context [req-40040abf-785b-4585-a7f8-68734101ceb8 req-839bbe2a-63c5-4c54-aacd-b6eef5f10684 service placement] found 2 providers with available 1 DISK_GB {{(pid=101005) get_provider_ids_matching /opt/stack/placement/placement/objects/research_context.py:549}}
Oct 14 20:00:07.777946 n-d-805649-7 devstack@placement-api.service[101005]: DEBUG placement.objects.research_context [req-40040abf-785b-4585-a7f8-68734101ceb8 req-839bbe2a-63c5-4c54-aacd-b6eef5f10684 service placement] found 2 providers with available 1024 MEMORY_MB {{(pid=101005) get_provider_ids_matching /opt/stack/placement/placement/objects/research_context.py:549}}
Oct 14 20:00:07.778412 n-d-805649-7 devstack@placement-api.service[101005]: DEBUG placement.objects.research_context [req-40040abf-785b-4585-a7f8-68734101ceb8 req-839bbe2a-63c5-4c54-aacd-b6eef5f10684 service placement] found 2 providers after filtering by previous result {{(pid=101005) get_provider_ids_matching /opt/stack/placement/placement/objects/research_context.py:580}}
Oct 14 20:00:07.778826 n-d-805649-7 devstack@placement-api.service[101005]: DEBUG placement.objects.research_context [req-40040abf-785b-4585-a7f8-68734101ceb8 req-839bbe2a-63c5-4c54-aacd-b6eef5f10684 service placement] found 2 providers with available 1 VCPU {{(pid=101005) get_provider_ids_matching /opt/stack/placement/placement/objects/research_context.py:549}}
Oct 14 20:00:07.779266 n-d-805649-7 devstack@placement-api.service[101005]: DEBUG placement.objects.research_context [req-40040abf-785b-4585-a7f8-68734101ceb8 req-839bbe2a-63c5-4c54-aacd-b6eef5f10684 service placement] found 2 providers after filtering by previous result {{(pid=101005) get_provider_ids_matching /opt/stack/placement/placement/objects/research_context.py:580}}
Oct 14 20:00:07.792127 n-d-805649-7 devstack@placement-api.service[101005]: DEBUG placement.objects.allocation_candidate [req-40040abf-785b-4585-a7f8-68734101ceb8 req-839bbe2a-63c5-4c54-aacd-b6eef5f10684 service placement] RequestGroup(use_same_provider=False, resources={DISK_GB:1, MEMORY_MB:1024, VCPU:1}, traits=[], aggregates=[]) (suffix '') returned 2 matches {{(pid=101005) _get_by_requests /opt/stack/placement/placement/objects/allocation_candidate.py:145}}
Oct 14 20:00:07.792646 n-d-805649-7 devstack@placement-api.service[101005]: DEBUG placement.objects.allocation_candidate [req-40040abf-785b-4585-a7f8-68734101ceb8 req-839bbe2a-63c5-4c54-aacd-b6eef5f10684 service placement] Merging candidates yields 2 allocation requests and 2 provider summaries {{(pid=101005) _merge_candidates /opt/stack/placement/placement/objects/allocation_candidate.py:783}}
Oct 14 20:00:07.794396 n-d-805649-7 devstack@placement-api.service[101005]: INFO placement.requestlog [req-40040abf-785b-4585-a7f8-68734101ceb8 req-839bbe2a-63c5-4c54-aacd-b6eef5f10684 service placement] 10.222.0.26 "GET /placement/allocation_candidates?limit=1000&resources=DISK_GB%3A1%2CMEMORY_MB%3A1024%2CVCPU%3A1&root_required=%21COMPUTE_STATUS_DISABLED" status: 200 len: 1312 microversion: 1.36
Oct 14 20:00:07.798682 n-d-805649-7 devstack@placement-api.service[101005]: [pid: 101005|app: 0|req: 122/243] 10.222.0.26 () {60 vars in 1506 bytes} [Thu Oct 14 20:00:07 2021] GET /placement/allocation_candidates?limit=1000&resources=DISK_GB%3A1%2CMEMORY_MB%3A1024%2CVCPU%3A1&root_required=%21COMPUTE_STATUS_DISABLED => generated 1312 bytes in 101 msecs (HTTP/1.1 200) 8 headers in 297 bytes (1 switches on core 0)
Oct 14 20:00:07.868609 n-d-805649-7 devstack@placement-api.service[101004]: DEBUG placement.requestlog [req-40040abf-785b-4585-a7f8-68734101ceb8 req-09ffbeb0-3dc1-4b67-9975-f5c35aee97b8 None None] Starting request: 10.222.0.26 "GET /placement/allocations/7454f77e-0f8f-4c37-8fc6-cfc7e1c783da" {{(pid=101004) __call__ /opt/stack/placement/placement/requestlog.py:55}}
Oct 14 20:00:07.891380 n-d-805649-7 devstack@placement-api.service[101004]: INFO placement.requestlog [req-40040abf-785b-4585-a7f8-68734101ceb8 req-09ffbeb0-3dc1-4b67-9975-f5c35aee97b8 service placement] 10.222.0.26 "GET /placement/allocations/7454f77e-0f8f-4c37-8fc6-cfc7e1c783da" status: 200 len: 19 microversion: 1.28
Oct 14 20:00:07.892453 n-d-805649-7 devstack@placement-api.service[101004]: [pid: 101004|app: 0|req: 122/244] 10.222.0.26 () {60 vars in 1380 bytes} [Thu Oct 14 20:00:07 2021] GET /placement/allocations/7454f77e-0f8f-4c37-8fc6-cfc7e1c783da => generated 19 bytes in 24 msecs (HTTP/1.1 200) 8 headers in 295 bytes (1 switches on core 0)
Oct 14 20:00:07.901414 n-d-805649-7 devstack@placement-api.service[101005]: DEBUG placement.requestlog [req-40040abf-785b-4585-a7f8-68734101ceb8 req-7168eb5f-2cee-4bea-a1fd-d9ebdbf27c75 None None] Starting request: 10.222.0.26 "PUT /placement/allocations/7454f77e-0f8f-4c37-8fc6-cfc7e1c783da" {{(pid=101005) __call__ /opt/stack/placement/placement/requestlog.py:55}}
Oct 14 20:00:07.995988 n-d-805649-7 devstack@placement-api.service[101005]: DEBUG placement.handlers.allocation [req-40040abf-785b-4585-a7f8-68734101ceb8 req-7168eb5f-2cee-4bea-a1fd-d9ebdbf27c75 service placement] Successfully wrote allocations [, , ] {{(pid=101005) _update_consumers_and_create_allocations /opt/stack/placement/placement/handlers/allocation.py:462}}
Oct 14 20:00:08.003111 n-d-805649-7 devstack@placement-api.service[101005]: INFO placement.requestlog [req-40040abf-785b-4585-a7f8-68734101ceb8 req-7168eb5f-2cee-4bea-a1fd-d9ebdbf27c75 service placement] 10.222.0.26 "PUT /placement/allocations/7454f77e-0f8f-4c37-8fc6-cfc7e1c783da" status: 204 len: 0 microversion: 1.36
Oct 14 20:00:08.004242 n-d-805649-7 devstack@placement-api.service[101005]: [pid: 101005|app: 0|req: 123/245] 10.222.0.26 () {64 vars in 1433 bytes} [Thu Oct 14 20:00:07 2021] PUT /placement/allocations/7454f77e-0f8f-4c37-8fc6-cfc7e1c783da => generated 0 bytes in 103 msecs (HTTP/1.1 204) 5 headers in 199 bytes (1 switches on core 0)
Oct 14 20:00:08.450996 n-d-805649-7 devstack@placement-api.service[101004]: DEBUG placement.requestlog [req-3a8865a1-6a90-47a0-a64b-b15fc663f0ff req-4f1a0f7a-2113-4ac4-a4b8-4d45e56cb9f4 None None] Starting request: 10.222.0.39 "GET /placement/resource_providers/6c0163ec-7740-4012-9e1e-595dc9d64c98/allocations" {{(pid=101004) __call__ /opt/stack/placement/placement/requestlog.py:55}}
Oct 14 20:00:08.466282 n-d-805649-7 devstack@placement-api.service[101005]: DEBUG placement.requestlog [req-40040abf-785b-4585-a7f8-68734101ceb8 req-cb6d3530-a2f9-4934-bfb2-41ca425fd7d0 None None] Starting request: 10.222.0.18 "GET /placement/allocations/7454f77e-0f8f-4c37-8fc6-cfc7e1c783da" {{(pid=101005) __call__ /opt/stack/placement/placement/requestlog.py:55}}
Oct 14 20:00:08.490033 n-d-805649-7 devstack@placement-api.service[101005]: INFO placement.requestlog [req-40040abf-785b-4585-a7f8-68734101ceb8 req-cb6d3530-a2f9-4934-bfb2-41ca425fd7d0 service placement] 10.222.0.18 "GET /placement/allocations/7454f77e-0f8f-4c37-8fc6-cfc7e1c783da" status: 200 len: 259 microversion: 1.28
Oct 14 20:00:08.490788 n-d-805649-7 devstack@placement-api.service[101005]: [pid: 101005|app: 0|req: 124/246] 10.222.0.18 () {60 vars in 1377 bytes} [Thu Oct 14 20:00:08 2021] GET /placement/allocations/7454f77e-0f8f-4c37-8fc6-cfc7e1c783da => generated 259 bytes in 25 msecs (HTTP/1.1 200) 8 headers in 296 bytes (1 switches on core 0)
Oct 14 20:00:08.598186 n-d-805649-7 devstack@placement-api.service[101004]: INFO placement.requestlog [req-3a8865a1-6a90-47a0-a64b-b15fc663f0ff req-4f1a0f7a-2113-4ac4-a4b8-4d45e56cb9f4 service placement] 10.222.0.39 "GET /placement/resource_providers/6c0163ec-7740-4012-9e1e-595dc9d64c98/allocations" status: 200 len: 1063 microversion: 1.0
Oct 14 20:00:08.599278 n-d-805649-7 devstack@placement-api.service[101004]: [pid: 101004|app: 0|req: 123/247] 10.222.0.39 () {58 vars in 1390 bytes} [Thu Oct 14 20:00:08 2021] GET /placement/resource_providers/6c0163ec-7740-4012-9e1e-595dc9d64c98/allocations => generated 1063 bytes in 149 msecs (HTTP/1.1 200) 6 headers in 225 bytes (1 switches on core 0)
Oct 14 20:00:08.671682 n-d-805649-7 devstack@placement-api.service[101005]: DEBUG placement.requestlog [req-3a8865a1-6a90-47a0-a64b-b15fc663f0ff req-90ed6a06-1e2c-4262-8879-05f10c6e2305 None None] Starting request: 10.222.0.39 "GET /placement/resource_providers?in_tree=6c0163ec-7740-4012-9e1e-595dc9d64c98" {{(pid=101005) __call__ /opt/stack/placement/placement/requestlog.py:55}}
Oct 14 20:00:08.700850 n-d-805649-7 devstack@placement-api.service[101005]: INFO placement.requestlog [req-3a8865a1-6a90-47a0-a64b-b15fc663f0ff req-90ed6a06-1e2c-4262-8879-05f10c6e2305 service placement] 10.222.0.39 "GET /placement/resource_providers?in_tree=6c0163ec-7740-4012-9e1e-595dc9d64c98" status: 200 len: 863 microversion: 1.14
Oct 14 20:00:08.703268 n-d-805649-7 devstack@placement-api.service[101005]: [pid: 101005|app: 0|req: 125/248] 10.222.0.39 () {60 vars in 1376 bytes} [Thu Oct 14 20:00:08 2021] GET /placement/resource_providers?in_tree=6c0163ec-7740-4012-9e1e-595dc9d64c98 => generated 863 bytes in 31 msecs (HTTP/1.1 200) 6 headers in 225 bytes (1 switches on core 0)
Oct 14 20:00:08.716602 n-d-805649-7 devstack@placement-api.service[101004]: DEBUG placement.requestlog [req-3a8865a1-6a90-47a0-a64b-b15fc663f0ff req-80060b43-cf5d-486d-99a3-87ab913f6f1c None None] Starting request: 10.222.0.39 "GET /placement/resource_providers/6c0163ec-7740-4012-9e1e-595dc9d64c98/inventories" {{(pid=101004) __call__ /opt/stack/placement/placement/requestlog.py:55}}
Oct 14 20:00:08.743101 n-d-805649-7 devstack@placement-api.service[101004]: INFO placement.requestlog [req-3a8865a1-6a90-47a0-a64b-b15fc663f0ff req-80060b43-cf5d-486d-99a3-87ab913f6f1c service placement] 10.222.0.39 "GET /placement/resource_providers/6c0163ec-7740-4012-9e1e-595dc9d64c98/inventories" status: 200 len: 398 microversion: 1.0
Oct 14 20:00:08.743735 n-d-805649-7 devstack@placement-api.service[101004]: [pid: 101004|app: 0|req: 124/249] 10.222.0.39 () {58 vars in 1390 bytes} [Thu Oct 14 20:00:08 2021] GET /placement/resource_providers/6c0163ec-7740-4012-9e1e-595dc9d64c98/inventories => generated 398 bytes in 28 msecs (HTTP/1.1 200) 6 headers in 224 bytes (1 switches on core 0)
Oct 14 20:00:08.756560 n-d-805649-7 devstack@placement-api.service[101005]: DEBUG placement.requestlog [req-3a8865a1-6a90-47a0-a64b-b15fc663f0ff req-b881e2ab-6e40-48eb-ac01-e6962714d5eb None None] Starting request: 10.222.0.39 "GET /placement/resource_providers/6c0163ec-7740-4012-9e1e-595dc9d64c98/aggregates" {{(pid=101005) __call__ /opt/stack/placement/placement/requestlog.py:55}}
