Oct 14 20:10:04.589671 n-d-805649-7 devstack@placement-api.service[101004]: [pid: 101004|app: 0|req: 304/606] 10.222.0.18 () {60 vars in 1431 bytes} [Thu Oct 14 20:10:04 2021] GET /placement/resource_providers/45424986-e453-48a1-a55e-9af324c121bb/aggregates => generated 54 bytes in 20 msecs (HTTP/1.1 200) 8 headers in 295 bytes (1 switches on core 0)
Oct 14 20:10:04.599482 n-d-805649-7 devstack@placement-api.service[101005]: DEBUG placement.requestlog [req-e25c6b82-474b-4816-aba3-78b65ebb1854 req-2225006c-fadb-4b65-82b8-efdcfbc2bb7b None None] Starting request: 10.222.0.18 "GET /placement/resource_providers/45424986-e453-48a1-a55e-9af324c121bb/traits" {{(pid=101005) __call__ /opt/stack/placement/placement/requestlog.py:55}}
Oct 14 20:10:04.645696 n-d-805649-7 devstack@placement-api.service[101005]: INFO placement.requestlog [req-e25c6b82-474b-4816-aba3-78b65ebb1854 req-2225006c-fadb-4b65-82b8-efdcfbc2bb7b service placement] 10.222.0.18 "GET /placement/resource_providers/45424986-e453-48a1-a55e-9af324c121bb/traits" status: 200 len: 212 microversion: 1.6
Oct 14 20:10:04.647692 n-d-805649-7 devstack@placement-api.service[101005]: [pid: 101005|app: 0|req: 303/607] 10.222.0.18 () {60 vars in 1418 bytes} [Thu Oct 14 20:10:04 2021] GET /placement/resource_providers/45424986-e453-48a1-a55e-9af324c121bb/traits => generated 212 bytes in 48 msecs (HTTP/1.1 200) 6 headers in 224 bytes (1 switches on core 0)
Oct 14 20:10:04.906420 n-d-805649-7 devstack@placement-api.service[101004]: DEBUG placement.requestlog [req-e25c6b82-474b-4816-aba3-78b65ebb1854 req-9b12c35c-c2e1-4556-b59f-1e8c1d8dde15 None None] Starting request: 10.222.0.18 "DELETE /placement/allocations/9b915c86-8196-4817-a1ee-cdb5b6947f21" {{(pid=101004) __call__ /opt/stack/placement/placement/requestlog.py:55}}
Oct 14 20:10:04.968360 n-d-805649-7 devstack@placement-api.service[101004]: DEBUG placement.handlers.allocation [req-e25c6b82-474b-4816-aba3-78b65ebb1854 req-9b12c35c-c2e1-4556-b59f-1e8c1d8dde15 service placement] Successfully deleted allocations [, , ] {{(pid=101004) delete_allocations /opt/stack/placement/placement/handlers/allocation.py:627}}
Oct 14 20:10:04.969541 n-d-805649-7 devstack@placement-api.service[101004]: INFO placement.requestlog [req-e25c6b82-474b-4816-aba3-78b65ebb1854 req-9b12c35c-c2e1-4556-b59f-1e8c1d8dde15 service placement] 10.222.0.18 "DELETE /placement/allocations/9b915c86-8196-4817-a1ee-cdb5b6947f21" status: 204 len: 0 microversion: 1.0
Oct 14 20:10:04.971175 n-d-805649-7 devstack@placement-api.service[101004]: [pid: 101004|app: 0|req: 305/608] 10.222.0.18 () {60 vars in 1355 bytes} [Thu Oct 14 20:10:04 2021] DELETE /placement/allocations/9b915c86-8196-4817-a1ee-cdb5b6947f21 => generated 0 bytes in 65 msecs (HTTP/1.1 204) 5 headers in 198 bytes (1 switches on core 0)
Oct 14 20:10:07.956720 n-d-805649-7 devstack@placement-api.service[101005]: DEBUG placement.requestlog [req-7e0e6ab4-070c-406f-9447-762c35d0ac42 req-b1d53a0b-89cd-4976-a6b3-bb291bdc16c4 None None] Starting request: 10.222.0.39 "DELETE /placement/allocations/a1125183-4156-4789-85a4-9cbd8324cfe5" {{(pid=101005) __call__ /opt/stack/placement/placement/requestlog.py:55}}
Oct 14 20:10:08.031905 n-d-805649-7 devstack@placement-api.service[101005]: DEBUG placement.handlers.allocation [req-7e0e6ab4-070c-406f-9447-762c35d0ac42 req-b1d53a0b-89cd-4976-a6b3-bb291bdc16c4 service placement] Successfully deleted allocations [, , ] {{(pid=101005) delete_allocations /opt/stack/placement/placement/handlers/allocation.py:627}}
Oct 14 20:10:08.032416 n-d-805649-7 devstack@placement-api.service[101005]: INFO placement.requestlog [req-7e0e6ab4-070c-406f-9447-762c35d0ac42 req-b1d53a0b-89cd-4976-a6b3-bb291bdc16c4 service placement] 10.222.0.39 "DELETE /placement/allocations/a1125183-4156-4789-85a4-9cbd8324cfe5" status: 204 len: 0 microversion: 1.0
Oct 14 20:10:08.032921 n-d-805649-7 devstack@placement-api.service[101005]: [pid: 101005|app: 0|req: 304/609] 10.222.0.39 () {60 vars in 1355 bytes} [Thu Oct 14 20:10:07 2021] DELETE /placement/allocations/a1125183-4156-4789-85a4-9cbd8324cfe5 => generated 0 bytes in 76 msecs (HTTP/1.1 204) 5 headers in 198 bytes (1 switches on core 0)
Oct 14 20:10:11.108187 n-d-805649-7 devstack@placement-api.service[101004]: DEBUG placement.requestlog [req-8feb3dc5-1cf7-4ce0-aeb1-12e4ac228909 req-7ae40a78-09e9-4b9f-946e-b909f32c2468 None None] Starting request: 10.222.0.18 "GET /placement/resource_providers/45424986-e453-48a1-a55e-9af324c121bb/allocations" {{(pid=101004) __call__ /opt/stack/placement/placement/requestlog.py:55}}
Oct 14 20:10:11.150296 n-d-805649-7 devstack@placement-api.service[101004]: INFO placement.requestlog [req-8feb3dc5-1cf7-4ce0-aeb1-12e4ac228909 req-7ae40a78-09e9-4b9f-946e-b909f32c2468 service placement] 10.222.0.18 "GET /placement/resource_providers/45424986-e453-48a1-a55e-9af324c121bb/allocations" status: 200 len: 429 microversion: 1.0
Oct 14 20:10:11.150897 n-d-805649-7 devstack@placement-api.service[101004]: [pid: 101004|app: 0|req: 306/610] 10.222.0.18 () {58 vars in 1390 bytes} [Thu Oct 14 20:10:11 2021] GET /placement/resource_providers/45424986-e453-48a1-a55e-9af324c121bb/allocations => generated 429 bytes in 43 msecs (HTTP/1.1 200) 6 headers in 224 bytes (1 switches on core 0)
Oct 14 20:10:13.182906 n-d-805649-7 devstack@placement-api.service[101005]: DEBUG placement.requestlog [req-191bd0c6-2602-4ccd-bc8a-0839638f378e req-c6b00513-8978-4178-ba70-f209aebe46d8 None None] Starting request: 10.222.0.39 "GET /placement/resource_providers?in_tree=6c0163ec-7740-4012-9e1e-595dc9d64c98" {{(pid=101005) __call__ /opt/stack/placement/placement/requestlog.py:55}}
Oct 14 20:10:13.349299 n-d-805649-7 devstack@placement-api.service[101005]: INFO placement.requestlog [req-191bd0c6-2602-4ccd-bc8a-0839638f378e req-c6b00513-8978-4178-ba70-f209aebe46d8 service placement] 10.222.0.39 "GET /placement/resource_providers?in_tree=6c0163ec-7740-4012-9e1e-595dc9d64c98" status: 200 len: 863 microversion: 1.14
Oct 14 20:10:13.349742 n-d-805649-7 devstack@placement-api.service[101005]: [pid: 101005|app: 0|req: 305/611] 10.222.0.39 () {60 vars in 1376 bytes} [Thu Oct 14 20:10:13 2021] GET /placement/resource_providers?in_tree=6c0163ec-7740-4012-9e1e-595dc9d64c98 => generated 863 bytes in 167 msecs (HTTP/1.1 200) 6 headers in 225 bytes (2 switches on core 0)
Oct 14 20:10:13.360075 n-d-805649-7 devstack@placement-api.service[101004]: DEBUG placement.requestlog [req-191bd0c6-2602-4ccd-bc8a-0839638f378e req-b1aad214-0948-4aa5-b953-4dc02bb92ec0 None None] Starting request: 10.222.0.39 "GET /placement/resource_providers/6c0163ec-7740-4012-9e1e-595dc9d64c98/inventories" {{(pid=101004) __call__ /opt/stack/placement/placement/requestlog.py:55}}
Oct 14 20:10:13.405622 n-d-805649-7 devstack@placement-api.service[101004]: INFO placement.requestlog [req-191bd0c6-2602-4ccd-bc8a-0839638f378e req-b1aad214-0948-4aa5-b953-4dc02bb92ec0 service placement] 10.222.0.39 "GET /placement/resource_providers/6c0163ec-7740-4012-9e1e-595dc9d64c98/inventories" status: 200 len: 398 microversion: 1.0
Oct 14 20:10:13.407542 n-d-805649-7 devstack@placement-api.service[101004]: [pid: 101004|app: 0|req: 307/612] 10.222.0.39 () {58 vars in 1390 bytes} [Thu Oct 14 20:10:13 2021] GET /placement/resource_providers/6c0163ec-7740-4012-9e1e-595dc9d64c98/inventories => generated 398 bytes in 47 msecs (HTTP/1.1 200) 6 headers in 224 bytes (1 switches on core 0)
Oct 14 20:10:13.416901 n-d-805649-7 devstack@placement-api.service[101005]: DEBUG placement.requestlog [req-191bd0c6-2602-4ccd-bc8a-0839638f378e req-810ddb6d-604d-4af3-8bbf-4235e654fc7e None None] Starting request: 10.222.0.39 "GET /placement/resource_providers/6c0163ec-7740-4012-9e1e-595dc9d64c98/aggregates" {{(pid=101005) __call__ /opt/stack/placement/placement/requestlog.py:55}}
Oct 14 20:10:13.445593 n-d-805649-7 devstack@placement-api.service[101005]: INFO placement.requestlog [req-191bd0c6-2602-4ccd-bc8a-0839638f378e req-810ddb6d-604d-4af3-8bbf-4235e654fc7e service placement] 10.222.0.39 "GET /placement/resource_providers/6c0163ec-7740-4012-9e1e-595dc9d64c98/aggregates" status: 200 len: 54 microversion: 1.19
Oct 14 20:10:13.446101 n-d-805649-7 devstack@placement-api.service[101005]: [pid: 101005|app: 0|req: 306/613] 10.222.0.39 () {60 vars in 1431 bytes} [Thu Oct 14 20:10:13 2021] GET /placement/resource_providers/6c0163ec-7740-4012-9e1e-595dc9d64c98/aggregates => generated 54 bytes in 29 msecs (HTTP/1.1 200) 8 headers in 295 bytes (1 switches on core 0)
Oct 14 20:10:13.459425 n-d-805649-7 devstack@placement-api.service[101004]: DEBUG placement.requestlog [req-191bd0c6-2602-4ccd-bc8a-0839638f378e req-e8c97642-8398-4d0b-a72c-2688bc5209c3 None None] Starting request: 10.222.0.39 "GET /placement/resource_providers/6c0163ec-7740-4012-9e1e-595dc9d64c98/traits" {{(pid=101004) __call__ /opt/stack/placement/placement/requestlog.py:55}}
Oct 14 20:10:13.503497 n-d-805649-7 devstack@placement-api.service[101004]: INFO placement.requestlog [req-191bd0c6-2602-4ccd-bc8a-0839638f378e req-e8c97642-8398-4d0b-a72c-2688bc5209c3 service placement] 10.222.0.39 "GET /placement/resource_providers/6c0163ec-7740-4012-9e1e-595dc9d64c98/traits" status: 200 len: 212 microversion: 1.6
Oct 14 20:10:13.505032 n-d-805649-7 devstack@placement-api.service[101004]: [pid: 101004|app: 0|req: 308/614] 10.222.0.39 () {60 vars in 1418 bytes} [Thu Oct 14 20:10:13 2021] GET /placement/resource_providers/6c0163ec-7740-4012-9e1e-595dc9d64c98/traits => generated 212 bytes in 46 msecs (HTTP/1.1 200) 6 headers in 224 bytes (1 switches on core 0)
Oct 14 20:10:13.752306 n-d-805649-7 devstack@placement-api.service[101005]: DEBUG placement.requestlog [req-191bd0c6-2602-4ccd-bc8a-0839638f378e req-bc08e2c8-7f31-47cf-9827-a6bb8f0d8f3f None None] Starting request: 10.222.0.39 "DELETE /placement/allocations/5dd5faba-4e5e-4a84-acb8-7ab3b9182f74" {{(pid=101005) __call__ /opt/stack/placement/placement/requestlog.py:55}}
Oct 14 20:10:13.822445 n-d-805649-7 devstack@placement-api.service[101005]: DEBUG placement.handlers.allocation [req-191bd0c6-2602-4ccd-bc8a-0839638f378e req-bc08e2c8-7f31-47cf-9827-a6bb8f0d8f3f service placement] Successfully deleted allocations [, , ] {{(pid=101005) delete_allocations /opt/stack/placement/placement/handlers/allocation.py:627}}
Oct 14 20:10:13.822967 n-d-805649-7 devstack@placement-api.service[101005]: INFO placement.requestlog [req-191bd0c6-2602-4ccd-bc8a-0839638f378e req-bc08e2c8-7f31-47cf-9827-a6bb8f0d8f3f service placement] 10.222.0.39 "DELETE /placement/allocations/5dd5faba-4e5e-4a84-acb8-7ab3b9182f74" status: 204 len: 0 microversion: 1.0
Oct 14 20:10:13.823548 n-d-805649-7 devstack@placement-api.service[101005]: [pid: 101005|app: 0|req: 307/615] 10.222.0.39 () {60 vars in 1355 bytes} [Thu Oct 14 20:10:13 2021] DELETE /placement/allocations/5dd5faba-4e5e-4a84-acb8-7ab3b9182f74 => generated 0 bytes in 71 msecs (HTTP/1.1 204) 5 headers in 198 bytes (1 switches on core 0)
Oct 14 20:10:19.260197 n-d-805649-7 devstack@placement-api.service[101004]: DEBUG placement.requestlog [req-4dd953d6-9740-4136-b66b-2db8587dc890 req-94e2f242-2c0b-435b-a038-f8879be2b870 None None] Starting request: 10.222.0.39 "GET /placement/resource_providers/6c0163ec-7740-4012-9e1e-595dc9d64c98/allocations" {{(pid=101004) __call__ /opt/stack/placement/placement/requestlog.py:55}}
Oct 14 20:10:19.294815 n-d-805649-7 devstack@placement-api.service[101004]: INFO placement.requestlog [req-4dd953d6-9740-4136-b66b-2db8587dc890 req-94e2f242-2c0b-435b-a038-f8879be2b870 service placement] 10.222.0.39 "GET /placement/resource_providers/6c0163ec-7740-4012-9e1e-595dc9d64c98/allocations" status: 200 len: 255 microversion: 1.0
Oct 14 20:10:19.295504 n-d-805649-7 devstack@placement-api.service[101004]: [pid: 101004|app: 0|req: 309/616] 10.222.0.39 () {58 vars in 1390 bytes} [Thu Oct 14 20:10:19 2021] GET /placement/resource_providers/6c0163ec-7740-4012-9e1e-595dc9d64c98/allocations => generated 255 bytes in 35 msecs (HTTP/1.1 200) 6 headers in 224 bytes (2 switches on core 0)
Oct 14 20:10:23.252528 n-d-805649-7 devstack@placement-api.service[101005]: DEBUG placement.requestlog [req-83275726-d585-42e9-9146-edd5fdf07722 req-1cb1acc6-fa22-446b-a61d-71d3765e60eb None None] Starting request: 10.222.0.26 "GET /placement/allocation_candidates?limit=1000&resources=DISK_GB%3A1%2CMEMORY_MB%3A1024%2CVCPU%3A1&root_required=%21COMPUTE_STATUS_DISABLED" {{(pid=101005) __call__ /opt/stack/placement/placement/requestlog.py:55}}
Oct 14 20:10:23.315297 n-d-805649-7 devstack@placement-api.service[101005]: DEBUG placement.objects.research_context [req-83275726-d585-42e9-9146-edd5fdf07722 req-1cb1acc6-fa22-446b-a61d-71d3765e60eb service placement] getting providers with 1 DISK_GB {{(pid=101005) __init__ /opt/stack/placement/placement/objects/research_context.py:126}}
Oct 14 20:10:23.325052 n-d-805649-7 devstack@placement-api.service[101005]: DEBUG placement.objects.research_context [req-83275726-d585-42e9-9146-edd5fdf07722 req-1cb1acc6-fa22-446b-a61d-71d3765e60eb service placement] getting providers with 1024 MEMORY_MB {{(pid=101005) __init__ /opt/stack/placement/placement/objects/research_context.py:126}}
Oct 14 20:10:23.337617 n-d-805649-7 devstack@placement-api.service[101005]: DEBUG placement.objects.research_context [req-83275726-d585-42e9-9146-edd5fdf07722 req-1cb1acc6-fa22-446b-a61d-71d3765e60eb service placement] getting providers with 1 VCPU {{(pid=101005) __init__ /opt/stack/placement/placement/objects/research_context.py:126}}
Oct 14 20:10:23.350818 n-d-805649-7 devstack@placement-api.service[101005]: DEBUG placement.objects.research_context [req-83275726-d585-42e9-9146-edd5fdf07722 req-1cb1acc6-fa22-446b-a61d-71d3765e60eb service placement] found 2 providers with available 1 DISK_GB {{(pid=101005) get_provider_ids_matching /opt/stack/placement/placement/objects/research_context.py:549}}
Oct 14 20:10:23.351004 n-d-805649-7 devstack@placement-api.service[101005]: DEBUG placement.objects.research_context [req-83275726-d585-42e9-9146-edd5fdf07722 req-1cb1acc6-fa22-446b-a61d-71d3765e60eb service placement] found 2 providers with available 1024 MEMORY_MB {{(pid=101005) get_provider_ids_matching /opt/stack/placement/placement/objects/research_context.py:549}}
Oct 14 20:10:23.352379 n-d-805649-7 devstack@placement-api.service[101005]: DEBUG placement.objects.research_context [req-83275726-d585-42e9-9146-edd5fdf07722 req-1cb1acc6-fa22-446b-a61d-71d3765e60eb service placement] found 2 providers after filtering by previous result {{(pid=101005) get_provider_ids_matching /opt/stack/placement/placement/objects/research_context.py:580}}
Oct 14 20:10:23.352718 n-d-805649-7 devstack@placement-api.service[101005]: DEBUG placement.objects.research_context [req-83275726-d585-42e9-9146-edd5fdf07722 req-1cb1acc6-fa22-446b-a61d-71d3765e60eb service placement] found 2 providers with available 1 VCPU {{(pid=101005) get_provider_ids_matching /opt/stack/placement/placement/objects/research_context.py:549}}
Oct 14 20:10:23.354415 n-d-805649-7 devstack@placement-api.service[101005]: DEBUG placement.objects.research_context [req-83275726-d585-42e9-9146-edd5fdf07722 req-1cb1acc6-fa22-446b-a61d-71d3765e60eb service placement] found 2 providers after filtering by previous result {{(pid=101005) get_provider_ids_matching /opt/stack/placement/placement/objects/research_context.py:580}}
Oct 14 20:10:23.380932 n-d-805649-7 devstack@placement-api.service[101005]: DEBUG placement.objects.allocation_candidate [req-83275726-d585-42e9-9146-edd5fdf07722 req-1cb1acc6-fa22-446b-a61d-71d3765e60eb service placement] RequestGroup(use_same_provider=False, resources={DISK_GB:1, MEMORY_MB:1024, VCPU:1}, traits=[], aggregates=[]) (suffix '') returned 2 matches {{(pid=101005) _get_by_requests /opt/stack/placement/placement/objects/allocation_candidate.py:145}}
Oct 14 20:10:23.383953 n-d-805649-7 devstack@placement-api.service[101005]: DEBUG placement.objects.allocation_candidate [req-83275726-d585-42e9-9146-edd5fdf07722 req-1cb1acc6-fa22-446b-a61d-71d3765e60eb service placement] Merging candidates yields 2 allocation requests and 2 provider summaries {{(pid=101005) _merge_candidates /opt/stack/placement/placement/objects/allocation_candidate.py:783}}
Oct 14 20:10:23.385637 n-d-805649-7 devstack@placement-api.service[101005]: INFO placement.requestlog [req-83275726-d585-42e9-9146-edd5fdf07722 req-1cb1acc6-fa22-446b-a61d-71d3765e60eb service placement] 10.222.0.26 "GET /placement/allocation_candidates?limit=1000&resources=DISK_GB%3A1%2CMEMORY_MB%3A1024%2CVCPU%3A1&root_required=%21COMPUTE_STATUS_DISABLED" status: 200 len: 1309 microversion: 1.36
Oct 14 20:10:23.386192 n-d-805649-7 devstack@placement-api.service[101005]: [pid: 101005|app: 0|req: 308/617] 10.222.0.26 () {60 vars in 1506 bytes} [Thu Oct 14 20:10:23 2021] GET /placement/allocation_candidates?limit=1000&resources=DISK_GB%3A1%2CMEMORY_MB%3A1024%2CVCPU%3A1&root_required=%21COMPUTE_STATUS_DISABLED => generated 1309 bytes in 134 msecs (HTTP/1.1 200) 8 headers in 297 bytes (1 switches on core 0)
Oct 14 20:10:23.498428 n-d-805649-7 devstack@placement-api.service[101004]: DEBUG placement.requestlog [req-83275726-d585-42e9-9146-edd5fdf07722 req-33dcf9ad-82dc-4853-b90c-9a4c90dbef41 None None] Starting request: 10.222.0.26 "GET /placement/allocations/8d25231a-3c68-460e-8227-114f46c3577d" {{(pid=101004) __call__ /opt/stack/placement/placement/requestlog.py:55}}
Oct 14 20:10:23.513419 n-d-805649-7 devstack@placement-api.service[101004]: INFO placement.requestlog [req-83275726-d585-42e9-9146-edd5fdf07722 req-33dcf9ad-82dc-4853-b90c-9a4c90dbef41 service placement] 10.222.0.26 "GET /placement/allocations/8d25231a-3c68-460e-8227-114f46c3577d" status: 200 len: 19 microversion: 1.28
Oct 14 20:10:23.514185 n-d-805649-7 devstack@placement-api.service[101004]: [pid: 101004|app: 0|req: 310/618] 10.222.0.26 () {60 vars in 1380 bytes} [Thu Oct 14 20:10:23 2021] GET /placement/allocations/8d25231a-3c68-460e-8227-114f46c3577d => generated 19 bytes in 16 msecs (HTTP/1.1 200) 8 headers in 295 bytes (1 switches on core 0)
Oct 14 20:10:23.520071 n-d-805649-7 devstack@placement-api.service[101005]: DEBUG placement.requestlog [req-83275726-d585-42e9-9146-edd5fdf07722 req-7f74c1a1-8084-47f8-baf2-fc5458bb2064 None None] Starting request: 10.222.0.26 "PUT /placement/allocations/8d25231a-3c68-460e-8227-114f46c3577d" {{(pid=101005) __call__ /opt/stack/placement/placement/requestlog.py:55}}
Oct 14 20:10:23.642565 n-d-805649-7 devstack@placement-api.service[101005]: DEBUG placement.handlers.allocation [req-83275726-d585-42e9-9146-edd5fdf07722 req-7f74c1a1-8084-47f8-baf2-fc5458bb2064 service placement] Successfully wrote allocations [, , ] {{(pid=101005) _update_consumers_and_create_allocations /opt/stack/placement/placement/handlers/allocation.py:462}}
Oct 14 20:10:23.650128 n-d-805649-7 devstack@placement-api.service[101005]: INFO placement.requestlog [req-83275726-d585-42e9-9146-edd5fdf07722 req-7f74c1a1-8084-47f8-baf2-fc5458bb2064 service placement] 10.222.0.26 "PUT /placement/allocations/8d25231a-3c68-460e-8227-114f46c3577d" status: 204 len: 0 microversion: 1.36
Oct 14 20:10:23.657164 n-d-805649-7 devstack@placement-api.service[101005]: [pid: 101005|app: 0|req: 309/619] 10.222.0.26 () {64 vars in 1433 bytes} [Thu Oct 14 20:10:23 2021] PUT /placement/allocations/8d25231a-3c68-460e-8227-114f46c3577d => generated 0 bytes in 131 msecs (HTTP/1.1 204) 5 headers in 199 bytes (2 switches on core 0)
Oct 14 20:10:24.083838 n-d-805649-7 devstack@placement-api.service[101004]: DEBUG placement.requestlog [req-83275726-d585-42e9-9146-edd5fdf07722 req-6b55b8e2-b80f-4f7a-a031-fff2db2bdae1 None None] Starting request: 10.222.0.39 "GET /placement/allocations/8d25231a-3c68-460e-8227-114f46c3577d" {{(pid=101004) __call__ /opt/stack/placement/placement/requestlog.py:55}}
Oct 14 20:10:24.107210 n-d-805649-7 devstack@placement-api.service[101004]: INFO placement.requestlog [req-83275726-d585-42e9-9146-edd5fdf07722 req-6b55b8e2-b80f-4f7a-a031-fff2db2bdae1 service placement] 10.222.0.39 "GET /placement/allocations/8d25231a-3c68-460e-8227-114f46c3577d" status: 200 len: 259 microversion: 1.28
Oct 14 20:10:24.107862 n-d-805649-7 devstack@placement-api.service[101004]: [pid: 101004|app: 0|req: 311/620] 10.222.0.39 () {60 vars in 1377 bytes} [Thu Oct 14 20:10:24 2021] GET /placement/allocations/8d25231a-3c68-460e-8227-114f46c3577d => generated 259 bytes in 25 msecs (HTTP/1.1 200) 8 headers in 296 bytes (1 switches on core 0)
Oct 14 20:10:29.322260 n-d-805649-7 devstack@placement-api.service[101005]: DEBUG placement.requestlog [req-f39ea26b-270d-4b47-91b0-c2db25bef2a8 req-1e48b83a-e43a-465f-95d8-3d3dc164fe80 None None] Starting request: 10.222.0.18 "DELETE /placement/allocations/0fbc6a23-7ef2-4427-b7f1-ddb312c0178d" {{(pid=101005) __call__ /opt/stack/placement/placement/requestlog.py:55}}
Oct 14 20:10:29.401085 n-d-805649-7 devstack@placement-api.service[101005]: DEBUG placement.handlers.allocation [req-f39ea26b-270d-4b47-91b0-c2db25bef2a8 req-1e48b83a-e43a-465f-95d8-3d3dc164fe80 service placement] Successfully deleted allocations [, , ] {{(pid=101005) delete_allocations /opt/stack/placement/placement/handlers/allocation.py:627}}
Oct 14 20:10:29.401743 n-d-805649-7 devstack@placement-api.service[101005]: INFO placement.requestlog [req-f39ea26b-270d-4b47-91b0-c2db25bef2a8 req-1e48b83a-e43a-465f-95d8-3d3dc164fe80 service placement] 10.222.0.18 "DELETE /placement/allocations/0fbc6a23-7ef2-4427-b7f1-ddb312c0178d" status: 204 len: 0 microversion: 1.0
Oct 14 20:10:29.402311 n-d-805649-7 devstack@placement-api.service[101005]: [pid: 101005|app: 0|req: 310/621] 10.222.0.18 () {60 vars in 1355 bytes} [Thu Oct 14 20:10:29 2021] DELETE /placement/allocations/0fbc6a23-7ef2-4427-b7f1-ddb312c0178d => generated 0 bytes in 80 msecs (HTTP/1.1 204) 5 headers in 198 bytes (1 switches on core 0)
Oct 14 20:10:29.557267 n-d-805649-7 devstack@placement-api.service[101004]: DEBUG placement.requestlog [req-80334ef2-ab77-4aac-8e16-321879fe162d req-70a024fc-7746-4dff-9097-3b6393acf38e None None] Starting request: 10.222.0.26 "GET /placement/allocation_candidates?limit=1000&resources=DISK_GB%3A1%2CMEMORY_MB%3A1024%2CVCPU%3A1&root_required=%21COMPUTE_STATUS_DISABLED" {{(pid=101004) __call__ /opt/stack/placement/placement/requestlog.py:55}}
Oct 14 20:10:29.644760 n-d-805649-7 devstack@placement-api.service[101004]: DEBUG placement.objects.research_context [req-80334ef2-ab77-4aac-8e16-321879fe162d req-70a024fc-7746-4dff-9097-3b6393acf38e service placement] getting providers with 1 DISK_GB {{(pid=101004) __init__ /opt/stack/placement/placement/objects/research_context.py:126}}
Oct 14 20:10:29.660559 n-d-805649-7 devstack@placement-api.service[101004]: DEBUG placement.objects.research_context [req-80334ef2-ab77-4aac-8e16-321879fe162d req-70a024fc-7746-4dff-9097-3b6393acf38e service placement] getting providers with 1024 MEMORY_MB {{(pid=101004) __init__ /opt/stack/placement/placement/objects/research_context.py:126}}
Oct 14 20:10:29.681761 n-d-805649-7 devstack@placement-api.service[101004]: DEBUG placement.objects.research_context [req-80334ef2-ab77-4aac-8e16-321879fe162d req-70a024fc-7746-4dff-9097-3b6393acf38e service placement] getting providers with 1 VCPU {{(pid=101004) __init__ /opt/stack/placement/placement/objects/research_context.py:126}}
Oct 14 20:10:29.692509 n-d-805649-7 devstack@placement-api.service[101004]: DEBUG placement.objects.research_context [req-80334ef2-ab77-4aac-8e16-321879fe162d req-70a024fc-7746-4dff-9097-3b6393acf38e service placement] found 2 providers with available 1 DISK_GB {{(pid=101004) get_provider_ids_matching /opt/stack/placement/placement/objects/research_context.py:549}}
Oct 14 20:10:29.694408 n-d-805649-7 devstack@placement-api.service[101004]: DEBUG placement.objects.research_context [req-80334ef2-ab77-4aac-8e16-321879fe162d req-70a024fc-7746-4dff-9097-3b6393acf38e service placement] found 2 providers with available 1024 MEMORY_MB {{(pid=101004) get_provider_ids_matching /opt/stack/placement/placement/objects/research_context.py:549}}
Oct 14 20:10:29.694866 n-d-805649-7 devstack@placement-api.service[101004]: DEBUG placement.objects.research_context [req-80334ef2-ab77-4aac-8e16-321879fe162d req-70a024fc-7746-4dff-9097-3b6393acf38e service placement] found 2 providers after filtering by previous result {{(pid=101004) get_provider_ids_matching /opt/stack/placement/placement/objects/research_context.py:580}}
Oct 14 20:10:29.696767 n-d-805649-7 devstack@placement-api.service[101004]: DEBUG placement.objects.research_context [req-80334ef2-ab77-4aac-8e16-321879fe162d req-70a024fc-7746-4dff-9097-3b6393acf38e service placement] found 2 providers with available 1 VCPU {{(pid=101004) get_provider_ids_matching /opt/stack/placement/placement/objects/research_context.py:549}}
Oct 14 20:10:29.697258 n-d-805649-7 devstack@placement-api.service[101004]: DEBUG placement.objects.research_context [req-80334ef2-ab77-4aac-8e16-321879fe162d req-70a024fc-7746-4dff-9097-3b6393acf38e service placement] found 2 providers after filtering by previous result {{(pid=101004) get_provider_ids_matching /opt/stack/placement/placement/objects/research_context.py:580}}
Oct 14 20:10:29.723289 n-d-805649-7 devstack@placement-api.service[101004]: DEBUG placement.objects.allocation_candidate [req-80334ef2-ab77-4aac-8e16-321879fe162d req-70a024fc-7746-4dff-9097-3b6393acf38e service placement] RequestGroup(use_same_provider=False, resources={DISK_GB:1, MEMORY_MB:1024, VCPU:1}, traits=[], aggregates=[]) (suffix '') returned 2 matches {{(pid=101004) _get_by_requests /opt/stack/placement/placement/objects/allocation_candidate.py:145}}
Oct 14 20:10:29.723872 n-d-805649-7 devstack@placement-api.service[101004]: DEBUG placement.objects.allocation_candidate [req-80334ef2-ab77-4aac-8e16-321879fe162d req-70a024fc-7746-4dff-9097-3b6393acf38e service placement] Merging candidates yields 2 allocation requests and 2 provider summaries {{(pid=101004) _merge_candidates /opt/stack/placement/placement/objects/allocation_candidate.py:783}}
Oct 14 20:10:29.732900 n-d-805649-7 devstack@placement-api.service[101004]: INFO placement.requestlog [req-80334ef2-ab77-4aac-8e16-321879fe162d req-70a024fc-7746-4dff-9097-3b6393acf38e service placement] 10.222.0.26 "GET /placement/allocation_candidates?limit=1000&resources=DISK_GB%3A1%2CMEMORY_MB%3A1024%2CVCPU%3A1&root_required=%21COMPUTE_STATUS_DISABLED" status: 200 len: 1309 microversion: 1.36
Oct 14 20:10:29.744840 n-d-805649-7 devstack@placement-api.service[101004]: [pid: 101004|app: 0|req: 312/622] 10.222.0.26 () {60 vars in 1506 bytes} [Thu Oct 14 20:10:29 2021] GET /placement/allocation_candidates?limit=1000&resources=DISK_GB%3A1%2CMEMORY_MB%3A1024%2CVCPU%3A1&root_required=%21COMPUTE_STATUS_DISABLED => generated 1309 bytes in 188 msecs (HTTP/1.1 200) 8 headers in 297 bytes (1 switches on core 0)
Oct 14 20:10:29.800306 n-d-805649-7 devstack@placement-api.service[101005]: DEBUG placement.requestlog [req-084938b7-564e-482e-b363-e57713702cef req-7c488739-20eb-48a5-89ab-103af454b33e None None] Starting request: 10.222.0.39 "DELETE /placement/allocations/7a049f7b-645c-4274-8c45-9b8c17d1a938" {{(pid=101005) __call__ /opt/stack/placement/placement/requestlog.py:55}}
Oct 14 20:10:29.836862 n-d-805649-7 devstack@placement-api.service[101004]: DEBUG placement.requestlog [req-80334ef2-ab77-4aac-8e16-321879fe162d req-dfb8a20c-4fb0-41eb-92e7-9cb30fa0631a None None] Starting request: 10.222.0.26 "GET /placement/allocations/13d83c99-728d-4e0e-856d-d2930638b131" {{(pid=101004) __call__ /opt/stack/placement/placement/requestlog.py:55}}
Oct 14 20:10:29.858612 n-d-805649-7 devstack@placement-api.service[101005]: DEBUG placement.handlers.allocation [req-084938b7-564e-482e-b363-e57713702cef req-7c488739-20eb-48a5-89ab-103af454b33e service placement] Successfully deleted allocations [, , ] {{(pid=101005) delete_allocations /opt/stack/placement/placement/handlers/allocation.py:627}}
Oct 14 20:10:29.859594 n-d-805649-7 devstack@placement-api.service[101005]: INFO placement.requestlog [req-084938b7-564e-482e-b363-e57713702cef req-7c488739-20eb-48a5-89ab-103af454b33e service placement] 10.222.0.39 "DELETE /placement/allocations/7a049f7b-645c-4274-8c45-9b8c17d1a938" status: 204 len: 0 microversion: 1.0
Oct 14 20:10:29.860331 n-d-805649-7 devstack@placement-api.service[101005]: [pid: 101005|app: 0|req: 311/623] 10.222.0.39 () {60 vars in 1355 bytes} [Thu Oct 14 20:10:29 2021] DELETE /placement/allocations/7a049f7b-645c-4274-8c45-9b8c17d1a938 => generated 0 bytes in 61 msecs (HTTP/1.1 204) 5 headers in 198 bytes (2 switches on core 0)
Oct 14 20:10:29.862147 n-d-805649-7 devstack@placement-api.service[101004]: INFO placement.requestlog [req-80334ef2-ab77-4aac-8e16-321879fe162d req-dfb8a20c-4fb0-41eb-92e7-9cb30fa0631a service placement] 10.222.0.26 "GET /placement/allocations/13d83c99-728d-4e0e-856d-d2930638b131" status: 200 len: 19 microversion: 1.28
Oct 14 20:10:29.867965 n-d-805649-7 devstack@placement-api.service[101004]: [pid: 101004|app: 0|req: 313/624] 10.222.0.26 () {60 vars in 1380 bytes} [Thu Oct 14 20:10:29 2021] GET /placement/allocations/13d83c99-728d-4e0e-856d-d2930638b131 => generated 19 bytes in 32 msecs (HTTP/1.1 200) 8 headers in 295 bytes (2 switches on core 0)
Oct 14 20:10:29.871688 n-d-805649-7 devstack@placement-api.service[101005]: DEBUG placement.requestlog [req-80334ef2-ab77-4aac-8e16-321879fe162d req-995574f0-13e2-4d69-b8c5-1f43e32573f9 None None] Starting request: 10.222.0.26 "PUT /placement/allocations/13d83c99-728d-4e0e-856d-d2930638b131" {{(pid=101005) __call__ /opt/stack/placement/placement/requestlog.py:55}}
Oct 14 20:10:30.005093 n-d-805649-7 devstack@placement-api.service[101005]: DEBUG placement.handlers.allocation [req-80334ef2-ab77-4aac-8e16-321879fe162d req-995574f0-13e2-4d69-b8c5-1f43e32573f9 service placement] Successfully wrote allocations [, , ] {{(pid=101005) _update_consumers_and_create_allocations /opt/stack/placement/placement/handlers/allocation.py:462}}
Oct 14 20:10:30.013780 n-d-805649-7 devstack@placement-api.service[101005]: INFO placement.requestlog [req-80334ef2-ab77-4aac-8e16-321879fe162d req-995574f0-13e2-4d69-b8c5-1f43e32573f9 service placement] 10.222.0.26 "PUT /placement/allocations/13d83c99-728d-4e0e-856d-d2930638b131" status: 204 len: 0 microversion: 1.36
Oct 14 20:10:30.014487 n-d-805649-7 devstack@placement-api.service[101005]: [pid: 101005|app: 0|req: 312/625] 10.222.0.26 () {64 vars in 1433 bytes} [Thu Oct 14 20:10:29 2021] PUT /placement/allocations/13d83c99-728d-4e0e-856d-d2930638b131 => generated 0 bytes in 143 msecs (HTTP/1.1 204) 5 headers in 199 bytes (1 switches on core 0)
Oct 14 20:10:30.498850 n-d-805649-7 devstack@placement-api.service[101004]: DEBUG placement.requestlog [req-80334ef2-ab77-4aac-8e16-321879fe162d req-e5b3b2a5-e80e-4752-bfbd-be5eda1f98c1 None None] Starting request: 10.222.0.39 "GET /placement/allocations/13d83c99-728d-4e0e-856d-d2930638b131" {{(pid=101004) __call__ /opt/stack/placement/placement/requestlog.py:55}}
Oct 14 20:10:30.520670 n-d-805649-7 devstack@placement-api.service[101004]: INFO placement.requestlog [req-80334ef2-ab77-4aac-8e16-321879fe162d req-e5b3b2a5-e80e-4752-bfbd-be5eda1f98c1 service placement] 10.222.0.39 "GET /placement/allocations/13d83c99-728d-4e0e-856d-d2930638b131" status: 200 len: 259 microversion: 1.28
Oct 14 20:10:30.521209 n-d-805649-7 devstack@placement-api.service[101004]: [pid: 101004|app: 0|req: 314/626] 10.222.0.39 () {60 vars in 1377 bytes} [Thu Oct 14 20:10:30 2021] GET /placement/allocations/13d83c99-728d-4e0e-856d-d2930638b131 => generated 259 bytes in 23 msecs (HTTP/1.1 200) 8 headers in 296 bytes (1 switches on core 0)
Oct 14 20:10:39.360417 n-d-805649-7 devstack@placement-api.service[101005]: DEBUG placement.requestlog [req-49ec8de4-c7c4-4ff0-9704-f016e0febe4a req-17477b4d-3332-4367-a938-04aaf6aaa5a1 None None] Starting request: 10.222.0.18 "DELETE /placement/allocations/19db36e6-65c9-4e4a-aa65-5b83f4979cd6" {{(pid=101005) __call__ /opt/stack/placement/placement/requestlog.py:55}}
Oct 14 20:10:39.412064 n-d-805649-7 devstack@placement-api.service[101005]: DEBUG placement.handlers.allocation [req-49ec8de4-c7c4-4ff0-9704-f016e0febe4a req-17477b4d-3332-4367-a938-04aaf6aaa5a1 service placement] Successfully deleted allocations [, , ] {{(pid=101005) delete_allocations /opt/stack/placement/placement/handlers/allocation.py:627}}
Oct 14 20:10:39.412642 n-d-805649-7 devstack@placement-api.service[101005]: INFO placement.requestlog [req-49ec8de4-c7c4-4ff0-9704-f016e0febe4a req-17477b4d-3332-4367-a938-04aaf6aaa5a1 service placement] 10.222.0.18 "DELETE /placement/allocations/19db36e6-65c9-4e4a-aa65-5b83f4979cd6" status: 204 len: 0 microversion: 1.0
Oct 14 20:10:39.413358 n-d-805649-7 devstack@placement-api.service[101005]: [pid: 101005|app: 0|req: 313/627] 10.222.0.18 () {60 vars in 1355 bytes} [Thu Oct 14 20:10:39 2021] DELETE /placement/allocations/19db36e6-65c9-4e4a-aa65-5b83f4979cd6 => generated 0 bytes in 53 msecs (HTTP/1.1 204) 5 headers in 198 bytes (1 switches on core 0)
Oct 14 20:10:42.285478 n-d-805649-7 devstack@placement-api.service[101004]: DEBUG placement.requestlog [req-c398c2a1-50c6-40bd-a6c1-b6873fc6e2bf req-be5c3e95-71ed-48e4-9640-f8aa40b694e9 None None] Starting request: 10.222.0.26 "GET /placement/allocation_candidates?limit=1000&resources=DISK_GB%3A1%2CMEMORY_MB%3A1024%2CVCPU%3A1&root_required=%21COMPUTE_STATUS_DISABLED" {{(pid=101004) __call__ /opt/stack/placement/placement/requestlog.py:55}}
Oct 14 20:10:42.359742 n-d-805649-7 devstack@placement-api.service[101004]: DEBUG placement.objects.research_context [req-c398c2a1-50c6-40bd-a6c1-b6873fc6e2bf req-be5c3e95-71ed-48e4-9640-f8aa40b694e9 service placement] getting providers with 1 DISK_GB {{(pid=101004) __init__ /opt/stack/placement/placement/objects/research_context.py:126}}
Oct 14 20:10:42.373224 n-d-805649-7 devstack@placement-api.service[101004]: DEBUG placement.objects.research_context [req-c398c2a1-50c6-40bd-a6c1-b6873fc6e2bf req-be5c3e95-71ed-48e4-9640-f8aa40b694e9 service placement] getting providers with 1024 MEMORY_MB {{(pid=101004) __init__ /opt/stack/placement/placement/objects/research_context.py:126}}
Oct 14 20:10:42.389721 n-d-805649-7 devstack@placement-api.service[101004]: DEBUG placement.objects.research_context [req-c398c2a1-50c6-40bd-a6c1-b6873fc6e2bf req-be5c3e95-71ed-48e4-9640-f8aa40b694e9 service placement] getting providers with 1 VCPU {{(pid=101004) __init__ /opt/stack/placement/placement/objects/research_context.py:126}}
Oct 14 20:10:42.404704 n-d-805649-7 devstack@placement-api.service[101004]: DEBUG placement.objects.research_context [req-c398c2a1-50c6-40bd-a6c1-b6873fc6e2bf req-be5c3e95-71ed-48e4-9640-f8aa40b694e9 service placement] found 2 providers with available 1 DISK_GB {{(pid=101004) get_provider_ids_matching /opt/stack/placement/placement/objects/research_context.py:549}}
Oct 14 20:10:42.407476 n-d-805649-7 devstack@placement-api.service[101004]: DEBUG placement.objects.research_context [req-c398c2a1-50c6-40bd-a6c1-b6873fc6e2bf req-be5c3e95-71ed-48e4-9640-f8aa40b694e9 service placement] found 2 providers with available 1024 MEMORY_MB {{(pid=101004) get_provider_ids_matching /opt/stack/placement/placement/objects/research_context.py:549}}
Oct 14 20:10:42.411321 n-d-805649-7 devstack@placement-api.service[101004]: DEBUG placement.objects.research_context [req-c398c2a1-50c6-40bd-a6c1-b6873fc6e2bf req-be5c3e95-71ed-48e4-9640-f8aa40b694e9 service placement] found 2 providers after filtering by previous result {{(pid=101004) get_provider_ids_matching /opt/stack/placement/placement/objects/research_context.py:580}}
Oct 14 20:10:42.411716 n-d-805649-7 devstack@placement-api.service[101004]: DEBUG placement.objects.research_context [req-c398c2a1-50c6-40bd-a6c1-b6873fc6e2bf req-be5c3e95-71ed-48e4-9640-f8aa40b694e9 service placement] found 2 providers with available 1 VCPU {{(pid=101004) get_provider_ids_matching /opt/stack/placement/placement/objects/research_context.py:549}}
Oct 14 20:10:42.412875 n-d-805649-7 devstack@placement-api.service[101004]: DEBUG placement.objects.research_context [req-c398c2a1-50c6-40bd-a6c1-b6873fc6e2bf req-be5c3e95-71ed-48e4-9640-f8aa40b694e9 service placement] found 2 providers after filtering by previous result {{(pid=101004) get_provider_ids_matching /opt/stack/placement/placement/objects/research_context.py:580}}
Oct 14 20:10:42.454734 n-d-805649-7 devstack@placement-api.service[101004]: DEBUG placement.objects.allocation_candidate [req-c398c2a1-50c6-40bd-a6c1-b6873fc6e2bf req-be5c3e95-71ed-48e4-9640-f8aa40b694e9 service placement] RequestGroup(use_same_provider=False, resources={DISK_GB:1, MEMORY_MB:1024, VCPU:1}, traits=[], aggregates=[]) (suffix '') returned 2 matches {{(pid=101004) _get_by_requests /opt/stack/placement/placement/objects/allocation_candidate.py:145}}
Oct 14 20:10:42.455256 n-d-805649-7 devstack@placement-api.service[101004]: DEBUG placement.objects.allocation_candidate [req-c398c2a1-50c6-40bd-a6c1-b6873fc6e2bf req-be5c3e95-71ed-48e4-9640-f8aa40b694e9 service placement] Merging candidates yields 2 allocation requests and 2 provider summaries {{(pid=101004) _merge_candidates /opt/stack/placement/placement/objects/allocation_candidate.py:783}}
Oct 14 20:10:42.472554 n-d-805649-7 devstack@placement-api.service[101004]: INFO placement.requestlog [req-c398c2a1-50c6-40bd-a6c1-b6873fc6e2bf req-be5c3e95-71ed-48e4-9640-f8aa40b694e9 service placement] 10.222.0.26 "GET /placement/allocation_candidates?limit=1000&resources=DISK_GB%3A1%2CMEMORY_MB%3A1024%2CVCPU%3A1&root_required=%21COMPUTE_STATUS_DISABLED" status: 200 len: 1309 microversion: 1.36
Oct 14 20:10:42.473481 n-d-805649-7 devstack@placement-api.service[101004]: [pid: 101004|app: 0|req: 315/628] 10.222.0.26 () {60 vars in 1506 bytes} [Thu Oct 14 20:10:42 2021] GET /placement/allocation_candidates?limit=1000&resources=DISK_GB%3A1%2CMEMORY_MB%3A1024%2CVCPU%3A1&root_required=%21COMPUTE_STATUS_DISABLED => generated 1309 bytes in 188 msecs (HTTP/1.1 200) 8 headers in 297 bytes (1 switches on core 0)
Oct 14 20:10:42.597584 n-d-805649-7 devstack@placement-api.service[101005]: DEBUG placement.requestlog [req-c398c2a1-50c6-40bd-a6c1-b6873fc6e2bf req-897907bf-68a7-467b-add8-58596b877f60 None None] Starting request: 10.222.0.26 "GET /placement/allocations/da4b9632-a3bb-42b0-87eb-b8ba926a026f" {{(pid=101005) __call__ /opt/stack/placement/placement/requestlog.py:55}}
Oct 14 20:10:42.614427 n-d-805649-7 devstack@placement-api.service[101005]: INFO placement.requestlog [req-c398c2a1-50c6-40bd-a6c1-b6873fc6e2bf req-897907bf-68a7-467b-add8-58596b877f60 service placement] 10.222.0.26 "GET /placement/allocations/da4b9632-a3bb-42b0-87eb-b8ba926a026f" status: 200 len: 19 microversion: 1.28
Oct 14 20:10:42.617958 n-d-805649-7 devstack@placement-api.service[101005]: [pid: 101005|app: 0|req: 314/629] 10.222.0.26 () {60 vars in 1380 bytes} [Thu Oct 14 20:10:42 2021] GET /placement/allocations/da4b9632-a3bb-42b0-87eb-b8ba926a026f => generated 19 bytes in 20 msecs (HTTP/1.1 200) 8 headers in 295 bytes (1 switches on core 0)
Oct 14 20:10:42.627846 n-d-805649-7 devstack@placement-api.service[101004]: DEBUG placement.requestlog [req-c398c2a1-50c6-40bd-a6c1-b6873fc6e2bf req-6d477bc5-d379-4fe4-84d6-044a2bed962a None None] Starting request: 10.222.0.26 "PUT /placement/allocations/da4b9632-a3bb-42b0-87eb-b8ba926a026f" {{(pid=101004) __call__ /opt/stack/placement/placement/requestlog.py:55}}
Oct 14 20:10:42.765313 n-d-805649-7 devstack@placement-api.service[101004]: DEBUG placement.handlers.allocation [req-c398c2a1-50c6-40bd-a6c1-b6873fc6e2bf req-6d477bc5-d379-4fe4-84d6-044a2bed962a service placement] Successfully wrote allocations [, , ] {{(pid=101004) _update_consumers_and_create_allocations /opt/stack/placement/placement/handlers/allocation.py:462}}
Oct 14 20:10:42.776603 n-d-805649-7 devstack@placement-api.service[101004]: INFO placement.requestlog [req-c398c2a1-50c6-40bd-a6c1-b6873fc6e2bf req-6d477bc5-d379-4fe4-84d6-044a2bed962a service placement] 10.222.0.26 "PUT /placement/allocations/da4b9632-a3bb-42b0-87eb-b8ba926a026f" status: 204 len: 0 microversion: 1.36
Oct 14 20:10:42.795874 n-d-805649-7 devstack@placement-api.service[101004]: [pid: 101004|app: 0|req: 316/630] 10.222.0.26 () {64 vars in 1433 bytes} [Thu Oct 14 20:10:42 2021] PUT /placement/allocations/da4b9632-a3bb-42b0-87eb-b8ba926a026f => generated 0 bytes in 151 msecs (HTTP/1.1 204) 5 headers in 199 bytes (1 switches on core 0)
Oct 14 20:10:43.287321 n-d-805649-7 devstack@placement-api.service[101005]: DEBUG placement.requestlog [req-c398c2a1-50c6-40bd-a6c1-b6873fc6e2bf req-f9b9e452-157b-42be-8c4d-968f76b79b69 None None] Starting request: 10.222.0.18 "GET /placement/allocations/da4b9632-a3bb-42b0-87eb-b8ba926a026f" {{(pid=101005) __call__ /opt/stack/placement/placement/requestlog.py:55}}
Oct 14 20:10:43.316292 n-d-805649-7 devstack@placement-api.service[101005]: INFO placement.requestlog [req-c398c2a1-50c6-40bd-a6c1-b6873fc6e2bf req-f9b9e452-157b-42be-8c4d-968f76b79b69 service placement] 10.222.0.18 "GET /placement/allocations/da4b9632-a3bb-42b0-87eb-b8ba926a026f" status: 200 len: 259 microversion: 1.28
Oct 14 20:10:43.316795 n-d-805649-7 devstack@placement-api.service[101005]: [pid: 101005|app: 0|req: 315/631] 10.222.0.18 () {60 vars in 1377 bytes} [Thu Oct 14 20:10:43 2021] GET /placement/allocations/da4b9632-a3bb-42b0-87eb-b8ba926a026f => generated 259 bytes in 30 msecs (HTTP/1.1 200) 8 headers in 296 bytes (1 switches on core 0)
Oct 14 20:10:43.421220 n-d-805649-7 devstack@placement-api.service[101004]: DEBUG placement.requestlog [req-f2aee0c8-6d1d-4367-9fd8-7e50d1b3e732 req-800bb328-28ef-4ce6-8232-07ed0ad03d0a None None] Starting request: 10.222.0.39 "DELETE /placement/allocations/8d25231a-3c68-460e-8227-114f46c3577d" {{(pid=101004) __call__ /opt/stack/placement/placement/requestlog.py:55}}
Oct 14 20:10:43.482245 n-d-805649-7 devstack@placement-api.service[101004]: DEBUG placement.handlers.allocation [req-f2aee0c8-6d1d-4367-9fd8-7e50d1b3e732 req-800bb328-28ef-4ce6-8232-07ed0ad03d0a service placement] Successfully deleted allocations [, , ] {{(pid=101004) delete_allocations /opt/stack/placement/placement/handlers/allocation.py:627}}
Oct 14 20:10:43.483202 n-d-805649-7 devstack@placement-api.service[101004]: INFO placement.requestlog [req-f2aee0c8-6d1d-4367-9fd8-7e50d1b3e732 req-800bb328-28ef-4ce6-8232-07ed0ad03d0a service placement] 10.222.0.39 "DELETE /placement/allocations/8d25231a-3c68-460e-8227-114f46c3577d" status: 204 len: 0 microversion: 1.0
Oct 14 20:10:43.483890 n-d-805649-7 devstack@placement-api.service[101004]: [pid: 101004|app: 0|req: 317/632] 10.222.0.39 () {60 vars in 1355 bytes} [Thu Oct 14 20:10:43 2021] DELETE /placement/allocations/8d25231a-3c68-460e-8227-114f46c3577d => generated 0 bytes in 63 msecs (HTTP/1.1 204) 5 headers in 198 bytes (1 switches on core 0)
Oct 14 20:10:45.190391 n-d-805649-7 devstack@placement-api.service[101005]: DEBUG placement.requestlog [req-932f4286-7747-4e71-98e3-a87e15072c91 req-9eb6f76f-ca4e-48bc-9b64-697b57186b8d None None] Starting request: 10.222.0.26 "GET /placement/allocation_candidates?limit=1000&resources=DISK_GB%3A1%2CMEMORY_MB%3A1024%2CVCPU%3A1&root_required=%21COMPUTE_STATUS_DISABLED" {{(pid=101005) __call__ /opt/stack/placement/placement/requestlog.py:55}}
Oct 14 20:10:45.242098 n-d-805649-7 devstack@placement-api.service[101005]: DEBUG placement.objects.research_context [req-932f4286-7747-4e71-98e3-a87e15072c91 req-9eb6f76f-ca4e-48bc-9b64-697b57186b8d service placement] getting providers with 1 DISK_GB {{(pid=101005) __init__ /opt/stack/placement/placement/objects/research_context.py:126}}
Oct 14 20:10:45.248081 n-d-805649-7 devstack@placement-api.service[101005]: DEBUG placement.objects.research_context [req-932f4286-7747-4e71-98e3-a87e15072c91 req-9eb6f76f-ca4e-48bc-9b64-697b57186b8d service placement] getting providers with 1024 MEMORY_MB {{(pid=101005) __init__ /opt/stack/placement/placement/objects/research_context.py:126}}
Oct 14 20:10:45.263143 n-d-805649-7 devstack@placement-api.service[101005]: DEBUG placement.objects.research_context [req-932f4286-7747-4e71-98e3-a87e15072c91 req-9eb6f76f-ca4e-48bc-9b64-697b57186b8d service placement] getting providers with 1 VCPU {{(pid=101005) __init__ /opt/stack/placement/placement/objects/research_context.py:126}}
Oct 14 20:10:45.276265 n-d-805649-7 devstack@placement-api.service[101005]: DEBUG placement.objects.research_context [req-932f4286-7747-4e71-98e3-a87e15072c91 req-9eb6f76f-ca4e-48bc-9b64-697b57186b8d service placement] found 2 providers with available 1 DISK_GB {{(pid=101005) get_provider_ids_matching /opt/stack/placement/placement/objects/research_context.py:549}}
Oct 14 20:10:45.276776 n-d-805649-7 devstack@placement-api.service[101005]: DEBUG placement.objects.research_context [req-932f4286-7747-4e71-98e3-a87e15072c91 req-9eb6f76f-ca4e-48bc-9b64-697b57186b8d service placement] found 2 providers with available 1024 MEMORY_MB {{(pid=101005) get_provider_ids_matching /opt/stack/placement/placement/objects/research_context.py:549}}
Oct 14 20:10:45.277273 n-d-805649-7 devstack@placement-api.service[101005]: DEBUG placement.objects.research_context [req-932f4286-7747-4e71-98e3-a87e15072c91 req-9eb6f76f-ca4e-48bc-9b64-697b57186b8d service placement] found 2 providers after filtering by previous result {{(pid=101005) get_provider_ids_matching /opt/stack/placement/placement/objects/research_context.py:580}}
Oct 14 20:10:45.278816 n-d-805649-7 devstack@placement-api.service[101005]: DEBUG placement.objects.research_context [req-932f4286-7747-4e71-98e3-a87e15072c91 req-9eb6f76f-ca4e-48bc-9b64-697b57186b8d service placement] found 2 providers with available 1 VCPU {{(pid=101005) get_provider_ids_matching /opt/stack/placement/placement/objects/research_context.py:549}}
Oct 14 20:10:45.279273 n-d-805649-7 devstack@placement-api.service[101005]: DEBUG placement.objects.research_context [req-932f4286-7747-4e71-98e3-a87e15072c91 req-9eb6f76f-ca4e-48bc-9b64-697b57186b8d service placement] found 2 providers after filtering by previous result {{(pid=101005) get_provider_ids_matching /opt/stack/placement/placement/objects/research_context.py:580}}
Oct 14 20:10:45.294615 n-d-805649-7 devstack@placement-api.service[101005]: DEBUG placement.objects.allocation_candidate [req-932f4286-7747-4e71-98e3-a87e15072c91 req-9eb6f76f-ca4e-48bc-9b64-697b57186b8d service placement] RequestGroup(use_same_provider=False, resources={DISK_GB:1, MEMORY_MB:1024, VCPU:1}, traits=[], aggregates=[]) (suffix '') returned 2 matches {{(pid=101005) _get_by_requests /opt/stack/placement/placement/objects/allocation_candidate.py:145}}
Oct 14 20:10:45.295528 n-d-805649-7 devstack@placement-api.service[101005]: DEBUG placement.objects.allocation_candidate [req-932f4286-7747-4e71-98e3-a87e15072c91 req-9eb6f76f-ca4e-48bc-9b64-697b57186b8d service placement] Merging candidates yields 2 allocation requests and 2 provider summaries {{(pid=101005) _merge_candidates /opt/stack/placement/placement/objects/allocation_candidate.py:783}}
Oct 14 20:10:45.297496 n-d-805649-7 devstack@placement-api.service[101005]: INFO placement.requestlog [req-932f4286-7747-4e71-98e3-a87e15072c91 req-9eb6f76f-ca4e-48bc-9b64-697b57186b8d service placement] 10.222.0.26 "GET /placement/allocation_candidates?limit=1000&resources=DISK_GB%3A1%2CMEMORY_MB%3A1024%2CVCPU%3A1&root_required=%21COMPUTE_STATUS_DISABLED" status: 200 len: 1309 microversion: 1.36
Oct 14 20:10:45.312414 n-d-805649-7 devstack@placement-api.service[101005]: [pid: 101005|app: 0|req: 316/633] 10.222.0.26 () {60 vars in 1506 bytes} [Thu Oct 14 20:10:45 2021] GET /placement/allocation_candidates?limit=1000&resources=DISK_GB%3A1%2CMEMORY_MB%3A1024%2CVCPU%3A1&root_required=%21COMPUTE_STATUS_DISABLED => generated 1309 bytes in 122 msecs (HTTP/1.1 200) 8 headers in 297 bytes (1 switches on core 0)
Oct 14 20:10:45.374392 n-d-805649-7 devstack@placement-api.service[101004]: DEBUG placement.requestlog [req-932f4286-7747-4e71-98e3-a87e15072c91 req-3137e9b3-ca23-4ae1-bbe2-129202a45d3e None None] Starting request: 10.222.0.26 "GET /placement/allocations/efc49bd6-b8ca-4c16-9bd7-41e887735069" {{(pid=101004) __call__ /opt/stack/placement/placement/requestlog.py:55}}
Oct 14 20:10:45.386630 n-d-805649-7 devstack@placement-api.service[101004]: INFO placement.requestlog [req-932f4286-7747-4e71-98e3-a87e15072c91 req-3137e9b3-ca23-4ae1-bbe2-129202a45d3e service placement] 10.222.0.26 "GET /placement/allocations/efc49bd6-b8ca-4c16-9bd7-41e887735069" status: 200 len: 19 microversion: 1.28
Oct 14 20:10:45.390590 n-d-805649-7 devstack@placement-api.service[101004]: [pid: 101004|app: 0|req: 318/634] 10.222.0.26 () {60 vars in 1380 bytes} [Thu Oct 14 20:10:45 2021] GET /placement/allocations/efc49bd6-b8ca-4c16-9bd7-41e887735069 => generated 19 bytes in 16 msecs (HTTP/1.1 200) 8 headers in 295 bytes (1 switches on core 0)
Oct 14 20:10:45.395484 n-d-805649-7 devstack@placement-api.service[101005]: DEBUG placement.requestlog [req-932f4286-7747-4e71-98e3-a87e15072c91 req-0ebf2219-645a-4455-87ca-337c7857e46d None None] Starting request: 10.222.0.26 "PUT /placement/allocations/efc49bd6-b8ca-4c16-9bd7-41e887735069" {{(pid=101005) __call__ /opt/stack/placement/placement/requestlog.py:55}}
Oct 14 20:10:45.467053 n-d-805649-7 devstack@placement-api.service[101005]: DEBUG placement.handlers.allocation [req-932f4286-7747-4e71-98e3-a87e15072c91 req-0ebf2219-645a-4455-87ca-337c7857e46d service placement] Successfully wrote allocations [, , ] {{(pid=101005) _update_consumers_and_create_allocations /opt/stack/placement/placement/handlers/allocation.py:462}}
Oct 14 20:10:45.472241 n-d-805649-7 devstack@placement-api.service[101005]: INFO placement.requestlog [req-932f4286-7747-4e71-98e3-a87e15072c91 req-0ebf2219-645a-4455-87ca-337c7857e46d service placement] 10.222.0.26 "PUT /placement/allocations/efc49bd6-b8ca-4c16-9bd7-41e887735069" status: 204 len: 0 microversion: 1.36
