Sep 22 09:28:36.124303 n-d-805649-4 devstack@placement-api.service[96001]: INFO placement.requestlog [req-e6089695-6fdc-4aa5-835c-b4814fbbd5c9 req-5e5a34c2-0689-4b58-910b-d33eff9fd61e service placement] 10.222.0.45 "GET /placement/allocations/23d1ac01-5dd6-4c86-b5de-94511769d091" status: 200 len: 259 microversion: 1.28
Sep 22 09:28:36.124687 n-d-805649-4 devstack@placement-api.service[96001]: [pid: 96001|app: 0|req: 195/388] 10.222.0.45 () {60 vars in 1378 bytes} [Wed Sep 22 09:28:36 2021] GET /placement/allocations/23d1ac01-5dd6-4c86-b5de-94511769d091 => generated 259 bytes in 29 msecs (HTTP/1.1 200) 8 headers in 296 bytes (1 switches on core 0)
Sep 22 09:28:43.780252 n-d-805649-4 devstack@placement-api.service[96000]: DEBUG placement.requestlog [req-2296d426-9d88-4393-adff-fd8b717825fe req-018fb2ff-0abe-4164-bbbd-992416db3d36 None None] Starting request: 10.222.0.60 "DELETE /placement/allocations/b285af72-9c60-4e99-bc9c-7cbdccac7d32" {{(pid=96000) __call__ /opt/stack/placement/placement/requestlog.py:55}}
Sep 22 09:28:43.855319 n-d-805649-4 devstack@placement-api.service[96001]: DEBUG placement.requestlog [req-5dc2678f-a2ec-420c-88f7-9137971fd881 req-24612b7f-5d3a-4f73-b8f8-4cca0a34b281 None None] Starting request: 10.222.0.49 "GET /placement/allocation_candidates?limit=1000&resources=DISK_GB%3A1%2CMEMORY_MB%3A1024%2CVCPU%3A1&root_required=%21COMPUTE_STATUS_DISABLED" {{(pid=96001) __call__ /opt/stack/placement/placement/requestlog.py:55}}
Sep 22 09:28:43.914764 n-d-805649-4 devstack@placement-api.service[96001]: DEBUG placement.objects.research_context [req-5dc2678f-a2ec-420c-88f7-9137971fd881 req-24612b7f-5d3a-4f73-b8f8-4cca0a34b281 service placement] getting providers with 1 DISK_GB {{(pid=96001) __init__ /opt/stack/placement/placement/objects/research_context.py:126}}
Sep 22 09:28:43.927797 n-d-805649-4 devstack@placement-api.service[96001]: DEBUG placement.objects.research_context [req-5dc2678f-a2ec-420c-88f7-9137971fd881 req-24612b7f-5d3a-4f73-b8f8-4cca0a34b281 service placement] getting providers with 1024 MEMORY_MB {{(pid=96001) __init__ /opt/stack/placement/placement/objects/research_context.py:126}}
Sep 22 09:28:43.943398 n-d-805649-4 devstack@placement-api.service[96001]: DEBUG placement.objects.research_context [req-5dc2678f-a2ec-420c-88f7-9137971fd881 req-24612b7f-5d3a-4f73-b8f8-4cca0a34b281 service placement] getting providers with 1 VCPU {{(pid=96001) __init__ /opt/stack/placement/placement/objects/research_context.py:126}}
Sep 22 09:28:43.960625 n-d-805649-4 devstack@placement-api.service[96001]: DEBUG placement.objects.research_context [req-5dc2678f-a2ec-420c-88f7-9137971fd881 req-24612b7f-5d3a-4f73-b8f8-4cca0a34b281 service placement] found 2 providers with available 1 DISK_GB {{(pid=96001) get_provider_ids_matching /opt/stack/placement/placement/objects/research_context.py:549}}
Sep 22 09:28:43.961290 n-d-805649-4 devstack@placement-api.service[96001]: DEBUG placement.objects.research_context [req-5dc2678f-a2ec-420c-88f7-9137971fd881 req-24612b7f-5d3a-4f73-b8f8-4cca0a34b281 service placement] found 2 providers with available 1024 MEMORY_MB {{(pid=96001) get_provider_ids_matching /opt/stack/placement/placement/objects/research_context.py:549}}
Sep 22 09:28:43.962542 n-d-805649-4 devstack@placement-api.service[96001]: DEBUG placement.objects.research_context [req-5dc2678f-a2ec-420c-88f7-9137971fd881 req-24612b7f-5d3a-4f73-b8f8-4cca0a34b281 service placement] found 2 providers after filtering by previous result {{(pid=96001) get_provider_ids_matching /opt/stack/placement/placement/objects/research_context.py:580}}
Sep 22 09:28:43.963180 n-d-805649-4 devstack@placement-api.service[96001]: DEBUG placement.objects.research_context [req-5dc2678f-a2ec-420c-88f7-9137971fd881 req-24612b7f-5d3a-4f73-b8f8-4cca0a34b281 service placement] found 2 providers with available 1 VCPU {{(pid=96001) get_provider_ids_matching /opt/stack/placement/placement/objects/research_context.py:549}}
Sep 22 09:28:43.964307 n-d-805649-4 devstack@placement-api.service[96001]: DEBUG placement.objects.research_context [req-5dc2678f-a2ec-420c-88f7-9137971fd881 req-24612b7f-5d3a-4f73-b8f8-4cca0a34b281 service placement] found 2 providers after filtering by previous result {{(pid=96001) get_provider_ids_matching /opt/stack/placement/placement/objects/research_context.py:580}}
Sep 22 09:28:43.980427 n-d-805649-4 devstack@placement-api.service[96001]: DEBUG placement.objects.allocation_candidate [req-5dc2678f-a2ec-420c-88f7-9137971fd881 req-24612b7f-5d3a-4f73-b8f8-4cca0a34b281 service placement] RequestGroup(use_same_provider=False, resources={DISK_GB:1, MEMORY_MB:1024, VCPU:1}, traits=[], aggregates=[]) (suffix '') returned 2 matches {{(pid=96001) _get_by_requests /opt/stack/placement/placement/objects/allocation_candidate.py:145}}
Sep 22 09:28:43.981181 n-d-805649-4 devstack@placement-api.service[96001]: DEBUG placement.objects.allocation_candidate [req-5dc2678f-a2ec-420c-88f7-9137971fd881 req-24612b7f-5d3a-4f73-b8f8-4cca0a34b281 service placement] Merging candidates yields 2 allocation requests and 2 provider summaries {{(pid=96001) _merge_candidates /opt/stack/placement/placement/objects/allocation_candidate.py:783}}
Sep 22 09:28:43.983034 n-d-805649-4 devstack@placement-api.service[96001]: INFO placement.requestlog [req-5dc2678f-a2ec-420c-88f7-9137971fd881 req-24612b7f-5d3a-4f73-b8f8-4cca0a34b281 service placement] 10.222.0.49 "GET /placement/allocation_candidates?limit=1000&resources=DISK_GB%3A1%2CMEMORY_MB%3A1024%2CVCPU%3A1&root_required=%21COMPUTE_STATUS_DISABLED" status: 200 len: 1309 microversion: 1.36
Sep 22 09:28:43.984608 n-d-805649-4 devstack@placement-api.service[96001]: [pid: 96001|app: 0|req: 196/389] 10.222.0.49 () {60 vars in 1507 bytes} [Wed Sep 22 09:28:43 2021] GET /placement/allocation_candidates?limit=1000&resources=DISK_GB%3A1%2CMEMORY_MB%3A1024%2CVCPU%3A1&root_required=%21COMPUTE_STATUS_DISABLED => generated 1309 bytes in 129 msecs (HTTP/1.1 200) 8 headers in 297 bytes (2 switches on core 0)
Sep 22 09:28:44.022071 n-d-805649-4 devstack@placement-api.service[96000]: DEBUG placement.handlers.allocation [req-2296d426-9d88-4393-adff-fd8b717825fe req-018fb2ff-0abe-4164-bbbd-992416db3d36 service placement] Successfully deleted allocations [, , ] {{(pid=96000) delete_allocations /opt/stack/placement/placement/handlers/allocation.py:627}}
Sep 22 09:28:44.023810 n-d-805649-4 devstack@placement-api.service[96000]: INFO placement.requestlog [req-2296d426-9d88-4393-adff-fd8b717825fe req-018fb2ff-0abe-4164-bbbd-992416db3d36 service placement] 10.222.0.60 "DELETE /placement/allocations/b285af72-9c60-4e99-bc9c-7cbdccac7d32" status: 204 len: 0 microversion: 1.0
Sep 22 09:28:44.025445 n-d-805649-4 devstack@placement-api.service[96000]: [pid: 96000|app: 0|req: 194/390] 10.222.0.60 () {60 vars in 1356 bytes} [Wed Sep 22 09:28:43 2021] DELETE /placement/allocations/b285af72-9c60-4e99-bc9c-7cbdccac7d32 => generated 0 bytes in 245 msecs (HTTP/1.1 204) 5 headers in 198 bytes (1 switches on core 0)
Sep 22 09:28:44.134394 n-d-805649-4 devstack@placement-api.service[96001]: DEBUG placement.requestlog [req-5dc2678f-a2ec-420c-88f7-9137971fd881 req-72f33235-aba9-4b33-959b-312b4a048d31 None None] Starting request: 10.222.0.49 "GET /placement/allocations/2843bec4-6795-400e-9486-f38e3c95d810" {{(pid=96001) __call__ /opt/stack/placement/placement/requestlog.py:55}}
Sep 22 09:28:44.153403 n-d-805649-4 devstack@placement-api.service[96001]: INFO placement.requestlog [req-5dc2678f-a2ec-420c-88f7-9137971fd881 req-72f33235-aba9-4b33-959b-312b4a048d31 service placement] 10.222.0.49 "GET /placement/allocations/2843bec4-6795-400e-9486-f38e3c95d810" status: 200 len: 19 microversion: 1.28
Sep 22 09:28:44.153970 n-d-805649-4 devstack@placement-api.service[96001]: [pid: 96001|app: 0|req: 197/391] 10.222.0.49 () {60 vars in 1381 bytes} [Wed Sep 22 09:28:44 2021] GET /placement/allocations/2843bec4-6795-400e-9486-f38e3c95d810 => generated 19 bytes in 21 msecs (HTTP/1.1 200) 8 headers in 295 bytes (1 switches on core 0)
Sep 22 09:28:44.160739 n-d-805649-4 devstack@placement-api.service[96000]: DEBUG placement.requestlog [req-5dc2678f-a2ec-420c-88f7-9137971fd881 req-c19be847-1c76-42c3-85bf-5219a9f05a00 None None] Starting request: 10.222.0.49 "PUT /placement/allocations/2843bec4-6795-400e-9486-f38e3c95d810" {{(pid=96000) __call__ /opt/stack/placement/placement/requestlog.py:55}}
Sep 22 09:28:44.494259 n-d-805649-4 devstack@placement-api.service[96000]: DEBUG placement.handlers.allocation [req-5dc2678f-a2ec-420c-88f7-9137971fd881 req-c19be847-1c76-42c3-85bf-5219a9f05a00 service placement] Successfully wrote allocations [, , ] {{(pid=96000) _update_consumers_and_create_allocations /opt/stack/placement/placement/handlers/allocation.py:462}}
Sep 22 09:28:44.563726 n-d-805649-4 devstack@placement-api.service[96000]: INFO placement.requestlog [req-5dc2678f-a2ec-420c-88f7-9137971fd881 req-c19be847-1c76-42c3-85bf-5219a9f05a00 service placement] 10.222.0.49 "PUT /placement/allocations/2843bec4-6795-400e-9486-f38e3c95d810" status: 204 len: 0 microversion: 1.36
Sep 22 09:28:44.564055 n-d-805649-4 devstack@placement-api.service[96000]: [pid: 96000|app: 0|req: 195/392] 10.222.0.49 () {64 vars in 1434 bytes} [Wed Sep 22 09:28:44 2021] PUT /placement/allocations/2843bec4-6795-400e-9486-f38e3c95d810 => generated 0 bytes in 404 msecs (HTTP/1.1 204) 5 headers in 199 bytes (2 switches on core 0)
Sep 22 09:28:45.658065 n-d-805649-4 devstack@placement-api.service[96001]: DEBUG placement.requestlog [req-5dc2678f-a2ec-420c-88f7-9137971fd881 req-c6a23e7f-ea20-4585-a8c0-69ac70fc6d0a None None] Starting request: 10.222.0.45 "GET /placement/allocations/2843bec4-6795-400e-9486-f38e3c95d810" {{(pid=96001) __call__ /opt/stack/placement/placement/requestlog.py:55}}
Sep 22 09:28:45.695192 n-d-805649-4 devstack@placement-api.service[96001]: INFO placement.requestlog [req-5dc2678f-a2ec-420c-88f7-9137971fd881 req-c6a23e7f-ea20-4585-a8c0-69ac70fc6d0a service placement] 10.222.0.45 "GET /placement/allocations/2843bec4-6795-400e-9486-f38e3c95d810" status: 200 len: 259 microversion: 1.28
Sep 22 09:28:45.696566 n-d-805649-4 devstack@placement-api.service[96001]: [pid: 96001|app: 0|req: 198/393] 10.222.0.45 () {60 vars in 1378 bytes} [Wed Sep 22 09:28:45 2021] GET /placement/allocations/2843bec4-6795-400e-9486-f38e3c95d810 => generated 259 bytes in 38 msecs (HTTP/1.1 200) 8 headers in 296 bytes (1 switches on core 0)
Sep 22 09:28:49.059575 n-d-805649-4 devstack@placement-api.service[96000]: DEBUG placement.requestlog [req-4fdbee1c-a653-497c-a485-e5eca2f4d112 req-eb5250d9-74ca-4a15-ba59-cf0e804d7f97 None None] Starting request: 10.222.0.49 "GET /placement/allocation_candidates?limit=1000&resources=DISK_GB%3A1%2CMEMORY_MB%3A1024%2CVCPU%3A1&root_required=%21COMPUTE_STATUS_DISABLED" {{(pid=96000) __call__ /opt/stack/placement/placement/requestlog.py:55}}
Sep 22 09:28:49.155446 n-d-805649-4 devstack@placement-api.service[96000]: DEBUG placement.objects.research_context [req-4fdbee1c-a653-497c-a485-e5eca2f4d112 req-eb5250d9-74ca-4a15-ba59-cf0e804d7f97 service placement] getting providers with 1 DISK_GB {{(pid=96000) __init__ /opt/stack/placement/placement/objects/research_context.py:126}}
Sep 22 09:28:49.175491 n-d-805649-4 devstack@placement-api.service[96000]: DEBUG placement.objects.research_context [req-4fdbee1c-a653-497c-a485-e5eca2f4d112 req-eb5250d9-74ca-4a15-ba59-cf0e804d7f97 service placement] getting providers with 1024 MEMORY_MB {{(pid=96000) __init__ /opt/stack/placement/placement/objects/research_context.py:126}}
Sep 22 09:28:49.187119 n-d-805649-4 devstack@placement-api.service[96000]: DEBUG placement.objects.research_context [req-4fdbee1c-a653-497c-a485-e5eca2f4d112 req-eb5250d9-74ca-4a15-ba59-cf0e804d7f97 service placement] getting providers with 1 VCPU {{(pid=96000) __init__ /opt/stack/placement/placement/objects/research_context.py:126}}
Sep 22 09:28:49.209547 n-d-805649-4 devstack@placement-api.service[96000]: DEBUG placement.objects.research_context [req-4fdbee1c-a653-497c-a485-e5eca2f4d112 req-eb5250d9-74ca-4a15-ba59-cf0e804d7f97 service placement] found 2 providers with available 1 DISK_GB {{(pid=96000) get_provider_ids_matching /opt/stack/placement/placement/objects/research_context.py:549}}
Sep 22 09:28:49.210067 n-d-805649-4 devstack@placement-api.service[96000]: DEBUG placement.objects.research_context [req-4fdbee1c-a653-497c-a485-e5eca2f4d112 req-eb5250d9-74ca-4a15-ba59-cf0e804d7f97 service placement] found 2 providers with available 1024 MEMORY_MB {{(pid=96000) get_provider_ids_matching /opt/stack/placement/placement/objects/research_context.py:549}}
Sep 22 09:28:49.210502 n-d-805649-4 devstack@placement-api.service[96000]: DEBUG placement.objects.research_context [req-4fdbee1c-a653-497c-a485-e5eca2f4d112 req-eb5250d9-74ca-4a15-ba59-cf0e804d7f97 service placement] found 2 providers after filtering by previous result {{(pid=96000) get_provider_ids_matching /opt/stack/placement/placement/objects/research_context.py:580}}
Sep 22 09:28:49.215111 n-d-805649-4 devstack@placement-api.service[96000]: DEBUG placement.objects.research_context [req-4fdbee1c-a653-497c-a485-e5eca2f4d112 req-eb5250d9-74ca-4a15-ba59-cf0e804d7f97 service placement] found 2 providers with available 1 VCPU {{(pid=96000) get_provider_ids_matching /opt/stack/placement/placement/objects/research_context.py:549}}
Sep 22 09:28:49.215442 n-d-805649-4 devstack@placement-api.service[96000]: DEBUG placement.objects.research_context [req-4fdbee1c-a653-497c-a485-e5eca2f4d112 req-eb5250d9-74ca-4a15-ba59-cf0e804d7f97 service placement] found 2 providers after filtering by previous result {{(pid=96000) get_provider_ids_matching /opt/stack/placement/placement/objects/research_context.py:580}}
Sep 22 09:28:49.243880 n-d-805649-4 devstack@placement-api.service[96000]: DEBUG placement.objects.allocation_candidate [req-4fdbee1c-a653-497c-a485-e5eca2f4d112 req-eb5250d9-74ca-4a15-ba59-cf0e804d7f97 service placement] RequestGroup(use_same_provider=False, resources={DISK_GB:1, MEMORY_MB:1024, VCPU:1}, traits=[], aggregates=[]) (suffix '') returned 2 matches {{(pid=96000) _get_by_requests /opt/stack/placement/placement/objects/allocation_candidate.py:145}}
Sep 22 09:28:49.244247 n-d-805649-4 devstack@placement-api.service[96000]: DEBUG placement.objects.allocation_candidate [req-4fdbee1c-a653-497c-a485-e5eca2f4d112 req-eb5250d9-74ca-4a15-ba59-cf0e804d7f97 service placement] Merging candidates yields 2 allocation requests and 2 provider summaries {{(pid=96000) _merge_candidates /opt/stack/placement/placement/objects/allocation_candidate.py:783}}
Sep 22 09:28:49.248982 n-d-805649-4 devstack@placement-api.service[96000]: INFO placement.requestlog [req-4fdbee1c-a653-497c-a485-e5eca2f4d112 req-eb5250d9-74ca-4a15-ba59-cf0e804d7f97 service placement] 10.222.0.49 "GET /placement/allocation_candidates?limit=1000&resources=DISK_GB%3A1%2CMEMORY_MB%3A1024%2CVCPU%3A1&root_required=%21COMPUTE_STATUS_DISABLED" status: 200 len: 1309 microversion: 1.36
Sep 22 09:28:49.249765 n-d-805649-4 devstack@placement-api.service[96000]: [pid: 96000|app: 0|req: 196/394] 10.222.0.49 () {60 vars in 1507 bytes} [Wed Sep 22 09:28:49 2021] GET /placement/allocation_candidates?limit=1000&resources=DISK_GB%3A1%2CMEMORY_MB%3A1024%2CVCPU%3A1&root_required=%21COMPUTE_STATUS_DISABLED => generated 1309 bytes in 190 msecs (HTTP/1.1 200) 8 headers in 297 bytes (1 switches on core 0)
Sep 22 09:28:49.374919 n-d-805649-4 devstack@placement-api.service[96001]: DEBUG placement.requestlog [req-4fdbee1c-a653-497c-a485-e5eca2f4d112 req-c0691bcb-95d2-432f-a1f6-208c444e1614 None None] Starting request: 10.222.0.49 "GET /placement/allocations/15949be3-4b64-4734-9c78-89bf440774d1" {{(pid=96001) __call__ /opt/stack/placement/placement/requestlog.py:55}}
Sep 22 09:28:49.395222 n-d-805649-4 devstack@placement-api.service[96001]: INFO placement.requestlog [req-4fdbee1c-a653-497c-a485-e5eca2f4d112 req-c0691bcb-95d2-432f-a1f6-208c444e1614 service placement] 10.222.0.49 "GET /placement/allocations/15949be3-4b64-4734-9c78-89bf440774d1" status: 200 len: 19 microversion: 1.28
Sep 22 09:28:49.396572 n-d-805649-4 devstack@placement-api.service[96001]: [pid: 96001|app: 0|req: 199/395] 10.222.0.49 () {60 vars in 1381 bytes} [Wed Sep 22 09:28:49 2021] GET /placement/allocations/15949be3-4b64-4734-9c78-89bf440774d1 => generated 19 bytes in 22 msecs (HTTP/1.1 200) 8 headers in 295 bytes (1 switches on core 0)
Sep 22 09:28:49.411765 n-d-805649-4 devstack@placement-api.service[96000]: DEBUG placement.requestlog [req-4fdbee1c-a653-497c-a485-e5eca2f4d112 req-54d703d4-9ee6-44a0-9a87-0dfbced7ef89 None None] Starting request: 10.222.0.49 "PUT /placement/allocations/15949be3-4b64-4734-9c78-89bf440774d1" {{(pid=96000) __call__ /opt/stack/placement/placement/requestlog.py:55}}
Sep 22 09:28:49.605395 n-d-805649-4 devstack@placement-api.service[96000]: DEBUG placement.handlers.allocation [req-4fdbee1c-a653-497c-a485-e5eca2f4d112 req-54d703d4-9ee6-44a0-9a87-0dfbced7ef89 service placement] Successfully wrote allocations [, , ] {{(pid=96000) _update_consumers_and_create_allocations /opt/stack/placement/placement/handlers/allocation.py:462}}
Sep 22 09:28:49.645824 n-d-805649-4 devstack@placement-api.service[96001]: DEBUG placement.requestlog [req-313e87c0-acee-4bb1-adeb-c1c79eb726e7 req-dcf67aba-d3a0-4e31-9566-a9310b12f33a None None] Starting request: 10.222.0.60 "DELETE /placement/allocations/b1cd4343-6194-4c2a-b340-a81097c8c3d7" {{(pid=96001) __call__ /opt/stack/placement/placement/requestlog.py:55}}
Sep 22 09:28:49.670781 n-d-805649-4 devstack@placement-api.service[96000]: INFO placement.requestlog [req-4fdbee1c-a653-497c-a485-e5eca2f4d112 req-54d703d4-9ee6-44a0-9a87-0dfbced7ef89 service placement] 10.222.0.49 "PUT /placement/allocations/15949be3-4b64-4734-9c78-89bf440774d1" status: 204 len: 0 microversion: 1.36
Sep 22 09:28:49.671044 n-d-805649-4 devstack@placement-api.service[96000]: [pid: 96000|app: 0|req: 197/396] 10.222.0.49 () {64 vars in 1434 bytes} [Wed Sep 22 09:28:49 2021] PUT /placement/allocations/15949be3-4b64-4734-9c78-89bf440774d1 => generated 0 bytes in 260 msecs (HTTP/1.1 204) 5 headers in 199 bytes (1 switches on core 0)
Sep 22 09:28:49.864252 n-d-805649-4 devstack@placement-api.service[96001]: DEBUG placement.handlers.allocation [req-313e87c0-acee-4bb1-adeb-c1c79eb726e7 req-dcf67aba-d3a0-4e31-9566-a9310b12f33a service placement] Successfully deleted allocations [, , ] {{(pid=96001) delete_allocations /opt/stack/placement/placement/handlers/allocation.py:627}}
Sep 22 09:28:49.864883 n-d-805649-4 devstack@placement-api.service[96001]: INFO placement.requestlog [req-313e87c0-acee-4bb1-adeb-c1c79eb726e7 req-dcf67aba-d3a0-4e31-9566-a9310b12f33a service placement] 10.222.0.60 "DELETE /placement/allocations/b1cd4343-6194-4c2a-b340-a81097c8c3d7" status: 204 len: 0 microversion: 1.0
Sep 22 09:28:49.865174 n-d-805649-4 devstack@placement-api.service[96001]: [pid: 96001|app: 0|req: 200/397] 10.222.0.60 () {60 vars in 1356 bytes} [Wed Sep 22 09:28:49 2021] DELETE /placement/allocations/b1cd4343-6194-4c2a-b340-a81097c8c3d7 => generated 0 bytes in 220 msecs (HTTP/1.1 204) 5 headers in 198 bytes (2 switches on core 0)
Sep 22 09:28:50.814670 n-d-805649-4 devstack@placement-api.service[96000]: DEBUG placement.requestlog [req-4fdbee1c-a653-497c-a485-e5eca2f4d112 req-9088356d-cb64-451c-8f88-be9a12f13c50 None None] Starting request: 10.222.0.60 "GET /placement/allocations/15949be3-4b64-4734-9c78-89bf440774d1" {{(pid=96000) __call__ /opt/stack/placement/placement/requestlog.py:55}}
Sep 22 09:28:50.832663 n-d-805649-4 devstack@placement-api.service[96000]: INFO placement.requestlog [req-4fdbee1c-a653-497c-a485-e5eca2f4d112 req-9088356d-cb64-451c-8f88-be9a12f13c50 service placement] 10.222.0.60 "GET /placement/allocations/15949be3-4b64-4734-9c78-89bf440774d1" status: 200 len: 259 microversion: 1.28
Sep 22 09:28:50.833792 n-d-805649-4 devstack@placement-api.service[96000]: [pid: 96000|app: 0|req: 198/398] 10.222.0.60 () {60 vars in 1378 bytes} [Wed Sep 22 09:28:50 2021] GET /placement/allocations/15949be3-4b64-4734-9c78-89bf440774d1 => generated 259 bytes in 19 msecs (HTTP/1.1 200) 8 headers in 296 bytes (1 switches on core 0)
Sep 22 09:28:54.220307 n-d-805649-4 devstack@placement-api.service[96001]: DEBUG placement.requestlog [req-d99fbff5-78da-47b2-abd5-b2210b827716 req-d61df83d-6296-4b71-b6a7-f2c5e9a57ace None None] Starting request: 10.222.0.45 "DELETE /placement/allocations/f056d0a6-0c4a-4c7f-85de-e3fbfbcc0aa8" {{(pid=96001) __call__ /opt/stack/placement/placement/requestlog.py:55}}
Sep 22 09:28:54.426052 n-d-805649-4 devstack@placement-api.service[96001]: DEBUG placement.handlers.allocation [req-d99fbff5-78da-47b2-abd5-b2210b827716 req-d61df83d-6296-4b71-b6a7-f2c5e9a57ace service placement] Successfully deleted allocations [, , ] {{(pid=96001) delete_allocations /opt/stack/placement/placement/handlers/allocation.py:627}}
Sep 22 09:28:54.427364 n-d-805649-4 devstack@placement-api.service[96001]: INFO placement.requestlog [req-d99fbff5-78da-47b2-abd5-b2210b827716 req-d61df83d-6296-4b71-b6a7-f2c5e9a57ace service placement] 10.222.0.45 "DELETE /placement/allocations/f056d0a6-0c4a-4c7f-85de-e3fbfbcc0aa8" status: 204 len: 0 microversion: 1.0
Sep 22 09:28:54.427833 n-d-805649-4 devstack@placement-api.service[96001]: [pid: 96001|app: 0|req: 201/399] 10.222.0.45 () {60 vars in 1356 bytes} [Wed Sep 22 09:28:54 2021] DELETE /placement/allocations/f056d0a6-0c4a-4c7f-85de-e3fbfbcc0aa8 => generated 0 bytes in 208 msecs (HTTP/1.1 204) 5 headers in 198 bytes (1 switches on core 0)
Sep 22 09:28:55.150209 n-d-805649-4 devstack@placement-api.service[96000]: DEBUG placement.requestlog [req-69b25a52-fe56-4230-a3ea-a665744333e6 req-1c9da405-8dc7-4400-88f1-6caf1993e73a None None] Starting request: 10.222.0.49 "GET /placement/allocation_candidates?limit=1000&resources=DISK_GB%3A1%2CMEMORY_MB%3A1024%2CVCPU%3A1&root_required=%21COMPUTE_STATUS_DISABLED" {{(pid=96000) __call__ /opt/stack/placement/placement/requestlog.py:55}}
Sep 22 09:28:55.225101 n-d-805649-4 devstack@placement-api.service[96000]: DEBUG placement.objects.research_context [req-69b25a52-fe56-4230-a3ea-a665744333e6 req-1c9da405-8dc7-4400-88f1-6caf1993e73a service placement] getting providers with 1 DISK_GB {{(pid=96000) __init__ /opt/stack/placement/placement/objects/research_context.py:126}}
Sep 22 09:28:55.246959 n-d-805649-4 devstack@placement-api.service[96000]: DEBUG placement.objects.research_context [req-69b25a52-fe56-4230-a3ea-a665744333e6 req-1c9da405-8dc7-4400-88f1-6caf1993e73a service placement] getting providers with 1024 MEMORY_MB {{(pid=96000) __init__ /opt/stack/placement/placement/objects/research_context.py:126}}
Sep 22 09:28:55.267624 n-d-805649-4 devstack@placement-api.service[96000]: DEBUG placement.objects.research_context [req-69b25a52-fe56-4230-a3ea-a665744333e6 req-1c9da405-8dc7-4400-88f1-6caf1993e73a service placement] getting providers with 1 VCPU {{(pid=96000) __init__ /opt/stack/placement/placement/objects/research_context.py:126}}
Sep 22 09:28:55.282764 n-d-805649-4 devstack@placement-api.service[96000]: DEBUG placement.objects.research_context [req-69b25a52-fe56-4230-a3ea-a665744333e6 req-1c9da405-8dc7-4400-88f1-6caf1993e73a service placement] found 2 providers with available 1 DISK_GB {{(pid=96000) get_provider_ids_matching /opt/stack/placement/placement/objects/research_context.py:549}}
Sep 22 09:28:55.284476 n-d-805649-4 devstack@placement-api.service[96000]: DEBUG placement.objects.research_context [req-69b25a52-fe56-4230-a3ea-a665744333e6 req-1c9da405-8dc7-4400-88f1-6caf1993e73a service placement] found 2 providers with available 1024 MEMORY_MB {{(pid=96000) get_provider_ids_matching /opt/stack/placement/placement/objects/research_context.py:549}}
Sep 22 09:28:55.285058 n-d-805649-4 devstack@placement-api.service[96000]: DEBUG placement.objects.research_context [req-69b25a52-fe56-4230-a3ea-a665744333e6 req-1c9da405-8dc7-4400-88f1-6caf1993e73a service placement] found 2 providers after filtering by previous result {{(pid=96000) get_provider_ids_matching /opt/stack/placement/placement/objects/research_context.py:580}}
Sep 22 09:28:55.286974 n-d-805649-4 devstack@placement-api.service[96000]: DEBUG placement.objects.research_context [req-69b25a52-fe56-4230-a3ea-a665744333e6 req-1c9da405-8dc7-4400-88f1-6caf1993e73a service placement] found 2 providers with available 1 VCPU {{(pid=96000) get_provider_ids_matching /opt/stack/placement/placement/objects/research_context.py:549}}
Sep 22 09:28:55.295601 n-d-805649-4 devstack@placement-api.service[96000]: DEBUG placement.objects.research_context [req-69b25a52-fe56-4230-a3ea-a665744333e6 req-1c9da405-8dc7-4400-88f1-6caf1993e73a service placement] found 2 providers after filtering by previous result {{(pid=96000) get_provider_ids_matching /opt/stack/placement/placement/objects/research_context.py:580}}
Sep 22 09:28:55.332474 n-d-805649-4 devstack@placement-api.service[96000]: DEBUG placement.objects.allocation_candidate [req-69b25a52-fe56-4230-a3ea-a665744333e6 req-1c9da405-8dc7-4400-88f1-6caf1993e73a service placement] RequestGroup(use_same_provider=False, resources={DISK_GB:1, MEMORY_MB:1024, VCPU:1}, traits=[], aggregates=[]) (suffix '') returned 2 matches {{(pid=96000) _get_by_requests /opt/stack/placement/placement/objects/allocation_candidate.py:145}}
Sep 22 09:28:55.333035 n-d-805649-4 devstack@placement-api.service[96000]: DEBUG placement.objects.allocation_candidate [req-69b25a52-fe56-4230-a3ea-a665744333e6 req-1c9da405-8dc7-4400-88f1-6caf1993e73a service placement] Merging candidates yields 2 allocation requests and 2 provider summaries {{(pid=96000) _merge_candidates /opt/stack/placement/placement/objects/allocation_candidate.py:783}}
Sep 22 09:28:55.336198 n-d-805649-4 devstack@placement-api.service[96000]: INFO placement.requestlog [req-69b25a52-fe56-4230-a3ea-a665744333e6 req-1c9da405-8dc7-4400-88f1-6caf1993e73a service placement] 10.222.0.49 "GET /placement/allocation_candidates?limit=1000&resources=DISK_GB%3A1%2CMEMORY_MB%3A1024%2CVCPU%3A1&root_required=%21COMPUTE_STATUS_DISABLED" status: 200 len: 1309 microversion: 1.36
Sep 22 09:28:55.336596 n-d-805649-4 devstack@placement-api.service[96000]: [pid: 96000|app: 0|req: 199/400] 10.222.0.49 () {60 vars in 1507 bytes} [Wed Sep 22 09:28:55 2021] GET /placement/allocation_candidates?limit=1000&resources=DISK_GB%3A1%2CMEMORY_MB%3A1024%2CVCPU%3A1&root_required=%21COMPUTE_STATUS_DISABLED => generated 1309 bytes in 188 msecs (HTTP/1.1 200) 8 headers in 297 bytes (1 switches on core 0)
Sep 22 09:28:55.395568 n-d-805649-4 devstack@placement-api.service[96001]: DEBUG placement.requestlog [req-69b25a52-fe56-4230-a3ea-a665744333e6 req-3a118b04-ea28-4277-823c-a9e1667b361f None None] Starting request: 10.222.0.49 "GET /placement/allocations/16cad33d-f931-4577-bd0a-6b5e506037f5" {{(pid=96001) __call__ /opt/stack/placement/placement/requestlog.py:55}}
Sep 22 09:28:55.411569 n-d-805649-4 devstack@placement-api.service[96001]: INFO placement.requestlog [req-69b25a52-fe56-4230-a3ea-a665744333e6 req-3a118b04-ea28-4277-823c-a9e1667b361f service placement] 10.222.0.49 "GET /placement/allocations/16cad33d-f931-4577-bd0a-6b5e506037f5" status: 200 len: 19 microversion: 1.28
Sep 22 09:28:55.419485 n-d-805649-4 devstack@placement-api.service[96001]: [pid: 96001|app: 0|req: 202/401] 10.222.0.49 () {60 vars in 1381 bytes} [Wed Sep 22 09:28:55 2021] GET /placement/allocations/16cad33d-f931-4577-bd0a-6b5e506037f5 => generated 19 bytes in 24 msecs (HTTP/1.1 200) 8 headers in 295 bytes (1 switches on core 0)
Sep 22 09:28:55.420046 n-d-805649-4 devstack@placement-api.service[96000]: DEBUG placement.requestlog [req-69b25a52-fe56-4230-a3ea-a665744333e6 req-01098994-a923-4436-ab49-c4a511ef1246 None None] Starting request: 10.222.0.49 "PUT /placement/allocations/16cad33d-f931-4577-bd0a-6b5e506037f5" {{(pid=96000) __call__ /opt/stack/placement/placement/requestlog.py:55}}
Sep 22 09:28:55.567312 n-d-805649-4 devstack@placement-api.service[96000]: DEBUG placement.handlers.allocation [req-69b25a52-fe56-4230-a3ea-a665744333e6 req-01098994-a923-4436-ab49-c4a511ef1246 service placement] Successfully wrote allocations [, , ] {{(pid=96000) _update_consumers_and_create_allocations /opt/stack/placement/placement/handlers/allocation.py:462}}
Sep 22 09:28:55.646723 n-d-805649-4 devstack@placement-api.service[96000]: INFO placement.requestlog [req-69b25a52-fe56-4230-a3ea-a665744333e6 req-01098994-a923-4436-ab49-c4a511ef1246 service placement] 10.222.0.49 "PUT /placement/allocations/16cad33d-f931-4577-bd0a-6b5e506037f5" status: 204 len: 0 microversion: 1.36
Sep 22 09:28:55.647831 n-d-805649-4 devstack@placement-api.service[96000]: [pid: 96000|app: 0|req: 200/402] 10.222.0.49 () {64 vars in 1434 bytes} [Wed Sep 22 09:28:55 2021] PUT /placement/allocations/16cad33d-f931-4577-bd0a-6b5e506037f5 => generated 0 bytes in 228 msecs (HTTP/1.1 204) 5 headers in 199 bytes (2 switches on core 0)
Sep 22 09:28:56.699488 n-d-805649-4 devstack@placement-api.service[96001]: DEBUG placement.requestlog [req-69b25a52-fe56-4230-a3ea-a665744333e6 req-2b8265ba-0c24-4d1f-b202-ad373bae4e54 None None] Starting request: 10.222.0.45 "GET /placement/allocations/16cad33d-f931-4577-bd0a-6b5e506037f5" {{(pid=96001) __call__ /opt/stack/placement/placement/requestlog.py:55}}
Sep 22 09:28:56.726115 n-d-805649-4 devstack@placement-api.service[96001]: INFO placement.requestlog [req-69b25a52-fe56-4230-a3ea-a665744333e6 req-2b8265ba-0c24-4d1f-b202-ad373bae4e54 service placement] 10.222.0.45 "GET /placement/allocations/16cad33d-f931-4577-bd0a-6b5e506037f5" status: 200 len: 259 microversion: 1.28
Sep 22 09:28:56.729383 n-d-805649-4 devstack@placement-api.service[96001]: [pid: 96001|app: 0|req: 203/403] 10.222.0.45 () {60 vars in 1378 bytes} [Wed Sep 22 09:28:56 2021] GET /placement/allocations/16cad33d-f931-4577-bd0a-6b5e506037f5 => generated 259 bytes in 30 msecs (HTTP/1.1 200) 8 headers in 296 bytes (1 switches on core 0)
Sep 22 09:28:58.650741 n-d-805649-4 devstack@placement-api.service[96000]: DEBUG placement.requestlog [req-f20b39f5-626c-4d23-a660-5f351ea154ae req-74a17cba-377a-42f0-83ba-c1c3a3775241 None None] Starting request: 10.222.0.49 "GET /placement/allocation_candidates?limit=1000&resources=DISK_GB%3A1%2CMEMORY_MB%3A1024%2CVCPU%3A1&root_required=%21COMPUTE_STATUS_DISABLED" {{(pid=96000) __call__ /opt/stack/placement/placement/requestlog.py:55}}
Sep 22 09:28:58.741954 n-d-805649-4 devstack@placement-api.service[96000]: DEBUG placement.objects.research_context [req-f20b39f5-626c-4d23-a660-5f351ea154ae req-74a17cba-377a-42f0-83ba-c1c3a3775241 service placement] getting providers with 1 DISK_GB {{(pid=96000) __init__ /opt/stack/placement/placement/objects/research_context.py:126}}
Sep 22 09:28:58.775120 n-d-805649-4 devstack@placement-api.service[96000]: DEBUG placement.objects.research_context [req-f20b39f5-626c-4d23-a660-5f351ea154ae req-74a17cba-377a-42f0-83ba-c1c3a3775241 service placement] getting providers with 1024 MEMORY_MB {{(pid=96000) __init__ /opt/stack/placement/placement/objects/research_context.py:126}}
Sep 22 09:28:58.793248 n-d-805649-4 devstack@placement-api.service[96000]: DEBUG placement.objects.research_context [req-f20b39f5-626c-4d23-a660-5f351ea154ae req-74a17cba-377a-42f0-83ba-c1c3a3775241 service placement] getting providers with 1 VCPU {{(pid=96000) __init__ /opt/stack/placement/placement/objects/research_context.py:126}}
Sep 22 09:28:58.804328 n-d-805649-4 devstack@placement-api.service[96000]: DEBUG placement.objects.research_context [req-f20b39f5-626c-4d23-a660-5f351ea154ae req-74a17cba-377a-42f0-83ba-c1c3a3775241 service placement] found 2 providers with available 1 DISK_GB {{(pid=96000) get_provider_ids_matching /opt/stack/placement/placement/objects/research_context.py:549}}
Sep 22 09:28:58.804601 n-d-805649-4 devstack@placement-api.service[96000]: DEBUG placement.objects.research_context [req-f20b39f5-626c-4d23-a660-5f351ea154ae req-74a17cba-377a-42f0-83ba-c1c3a3775241 service placement] found 2 providers with available 1024 MEMORY_MB {{(pid=96000) get_provider_ids_matching /opt/stack/placement/placement/objects/research_context.py:549}}
Sep 22 09:28:58.805109 n-d-805649-4 devstack@placement-api.service[96000]: DEBUG placement.objects.research_context [req-f20b39f5-626c-4d23-a660-5f351ea154ae req-74a17cba-377a-42f0-83ba-c1c3a3775241 service placement] found 2 providers after filtering by previous result {{(pid=96000) get_provider_ids_matching /opt/stack/placement/placement/objects/research_context.py:580}}
Sep 22 09:28:58.805669 n-d-805649-4 devstack@placement-api.service[96000]: DEBUG placement.objects.research_context [req-f20b39f5-626c-4d23-a660-5f351ea154ae req-74a17cba-377a-42f0-83ba-c1c3a3775241 service placement] found 2 providers with available 1 VCPU {{(pid=96000) get_provider_ids_matching /opt/stack/placement/placement/objects/research_context.py:549}}
Sep 22 09:28:58.821447 n-d-805649-4 devstack@placement-api.service[96000]: DEBUG placement.objects.research_context [req-f20b39f5-626c-4d23-a660-5f351ea154ae req-74a17cba-377a-42f0-83ba-c1c3a3775241 service placement] found 2 providers after filtering by previous result {{(pid=96000) get_provider_ids_matching /opt/stack/placement/placement/objects/research_context.py:580}}
Sep 22 09:28:58.822344 n-d-805649-4 devstack@placement-api.service[96000]: DEBUG placement.objects.allocation_candidate [req-f20b39f5-626c-4d23-a660-5f351ea154ae req-74a17cba-377a-42f0-83ba-c1c3a3775241 service placement] RequestGroup(use_same_provider=False, resources={DISK_GB:1, MEMORY_MB:1024, VCPU:1}, traits=[], aggregates=[]) (suffix '') returned 2 matches {{(pid=96000) _get_by_requests /opt/stack/placement/placement/objects/allocation_candidate.py:145}}
Sep 22 09:28:58.822911 n-d-805649-4 devstack@placement-api.service[96000]: DEBUG placement.objects.allocation_candidate [req-f20b39f5-626c-4d23-a660-5f351ea154ae req-74a17cba-377a-42f0-83ba-c1c3a3775241 service placement] Merging candidates yields 2 allocation requests and 2 provider summaries {{(pid=96000) _merge_candidates /opt/stack/placement/placement/objects/allocation_candidate.py:783}}
Sep 22 09:28:58.825469 n-d-805649-4 devstack@placement-api.service[96000]: INFO placement.requestlog [req-f20b39f5-626c-4d23-a660-5f351ea154ae req-74a17cba-377a-42f0-83ba-c1c3a3775241 service placement] 10.222.0.49 "GET /placement/allocation_candidates?limit=1000&resources=DISK_GB%3A1%2CMEMORY_MB%3A1024%2CVCPU%3A1&root_required=%21COMPUTE_STATUS_DISABLED" status: 200 len: 1309 microversion: 1.36
Sep 22 09:28:58.826243 n-d-805649-4 devstack@placement-api.service[96000]: [pid: 96000|app: 0|req: 201/404] 10.222.0.49 () {60 vars in 1507 bytes} [Wed Sep 22 09:28:58 2021] GET /placement/allocation_candidates?limit=1000&resources=DISK_GB%3A1%2CMEMORY_MB%3A1024%2CVCPU%3A1&root_required=%21COMPUTE_STATUS_DISABLED => generated 1309 bytes in 176 msecs (HTTP/1.1 200) 8 headers in 297 bytes (1 switches on core 0)
Sep 22 09:28:58.925588 n-d-805649-4 devstack@placement-api.service[96001]: DEBUG placement.requestlog [req-f20b39f5-626c-4d23-a660-5f351ea154ae req-6a1b1a3e-34bc-4e93-b979-59feb00528d7 None None] Starting request: 10.222.0.49 "GET /placement/allocations/1f6eaf0d-50cd-4ee8-9f9f-6263bb4c4e54" {{(pid=96001) __call__ /opt/stack/placement/placement/requestlog.py:55}}
Sep 22 09:28:58.948366 n-d-805649-4 devstack@placement-api.service[96001]: INFO placement.requestlog [req-f20b39f5-626c-4d23-a660-5f351ea154ae req-6a1b1a3e-34bc-4e93-b979-59feb00528d7 service placement] 10.222.0.49 "GET /placement/allocations/1f6eaf0d-50cd-4ee8-9f9f-6263bb4c4e54" status: 200 len: 19 microversion: 1.28
Sep 22 09:28:58.949630 n-d-805649-4 devstack@placement-api.service[96001]: [pid: 96001|app: 0|req: 204/405] 10.222.0.49 () {60 vars in 1381 bytes} [Wed Sep 22 09:28:58 2021] GET /placement/allocations/1f6eaf0d-50cd-4ee8-9f9f-6263bb4c4e54 => generated 19 bytes in 24 msecs (HTTP/1.1 200) 8 headers in 295 bytes (1 switches on core 0)
Sep 22 09:28:58.956126 n-d-805649-4 devstack@placement-api.service[96000]: DEBUG placement.requestlog [req-f20b39f5-626c-4d23-a660-5f351ea154ae req-3cf877a4-c34d-415d-94bf-f897ccd81047 None None] Starting request: 10.222.0.49 "PUT /placement/allocations/1f6eaf0d-50cd-4ee8-9f9f-6263bb4c4e54" {{(pid=96000) __call__ /opt/stack/placement/placement/requestlog.py:55}}
Sep 22 09:28:59.419173 n-d-805649-4 devstack@placement-api.service[96000]: DEBUG placement.handlers.allocation [req-f20b39f5-626c-4d23-a660-5f351ea154ae req-3cf877a4-c34d-415d-94bf-f897ccd81047 service placement] Successfully wrote allocations [, , ] {{(pid=96000) _update_consumers_and_create_allocations /opt/stack/placement/placement/handlers/allocation.py:462}}
Sep 22 09:28:59.489335 n-d-805649-4 devstack@placement-api.service[96000]: INFO placement.requestlog [req-f20b39f5-626c-4d23-a660-5f351ea154ae req-3cf877a4-c34d-415d-94bf-f897ccd81047 service placement] 10.222.0.49 "PUT /placement/allocations/1f6eaf0d-50cd-4ee8-9f9f-6263bb4c4e54" status: 204 len: 0 microversion: 1.36
Sep 22 09:28:59.489843 n-d-805649-4 devstack@placement-api.service[96000]: [pid: 96000|app: 0|req: 202/406] 10.222.0.49 () {64 vars in 1434 bytes} [Wed Sep 22 09:28:58 2021] PUT /placement/allocations/1f6eaf0d-50cd-4ee8-9f9f-6263bb4c4e54 => generated 0 bytes in 534 msecs (HTTP/1.1 204) 5 headers in 199 bytes (2 switches on core 0)
Sep 22 09:29:00.734652 n-d-805649-4 devstack@placement-api.service[96001]: DEBUG placement.requestlog [req-f20b39f5-626c-4d23-a660-5f351ea154ae req-72d7d176-2c0a-46cc-bdb2-c9a4c6d2cf6f None None] Starting request: 10.222.0.60 "GET /placement/allocations/1f6eaf0d-50cd-4ee8-9f9f-6263bb4c4e54" {{(pid=96001) __call__ /opt/stack/placement/placement/requestlog.py:55}}
Sep 22 09:29:00.756755 n-d-805649-4 devstack@placement-api.service[96001]: INFO placement.requestlog [req-f20b39f5-626c-4d23-a660-5f351ea154ae req-72d7d176-2c0a-46cc-bdb2-c9a4c6d2cf6f service placement] 10.222.0.60 "GET /placement/allocations/1f6eaf0d-50cd-4ee8-9f9f-6263bb4c4e54" status: 200 len: 259 microversion: 1.28
Sep 22 09:29:00.757372 n-d-805649-4 devstack@placement-api.service[96001]: [pid: 96001|app: 0|req: 205/407] 10.222.0.60 () {60 vars in 1378 bytes} [Wed Sep 22 09:29:00 2021] GET /placement/allocations/1f6eaf0d-50cd-4ee8-9f9f-6263bb4c4e54 => generated 259 bytes in 23 msecs (HTTP/1.1 200) 8 headers in 296 bytes (1 switches on core 0)
Sep 22 09:29:02.139730 n-d-805649-4 devstack@placement-api.service[96000]: DEBUG placement.requestlog [req-b29f14a3-44ea-45f2-aaa9-eb2c0f5d9da7 req-465b2fff-dcc0-4e8e-94fb-1d3fd8f61f9f None None] Starting request: 10.222.0.45 "DELETE /placement/allocations/2843bec4-6795-400e-9486-f38e3c95d810" {{(pid=96000) __call__ /opt/stack/placement/placement/requestlog.py:55}}
Sep 22 09:29:02.345483 n-d-805649-4 devstack@placement-api.service[96000]: DEBUG placement.handlers.allocation [req-b29f14a3-44ea-45f2-aaa9-eb2c0f5d9da7 req-465b2fff-dcc0-4e8e-94fb-1d3fd8f61f9f service placement] Successfully deleted allocations [, , ] {{(pid=96000) delete_allocations /opt/stack/placement/placement/handlers/allocation.py:627}}
Sep 22 09:29:02.346039 n-d-805649-4 devstack@placement-api.service[96000]: INFO placement.requestlog [req-b29f14a3-44ea-45f2-aaa9-eb2c0f5d9da7 req-465b2fff-dcc0-4e8e-94fb-1d3fd8f61f9f service placement] 10.222.0.45 "DELETE /placement/allocations/2843bec4-6795-400e-9486-f38e3c95d810" status: 204 len: 0 microversion: 1.0
Sep 22 09:29:02.346552 n-d-805649-4 devstack@placement-api.service[96000]: [pid: 96000|app: 0|req: 203/408] 10.222.0.45 () {60 vars in 1356 bytes} [Wed Sep 22 09:29:02 2021] DELETE /placement/allocations/2843bec4-6795-400e-9486-f38e3c95d810 => generated 0 bytes in 207 msecs (HTTP/1.1 204) 5 headers in 198 bytes (1 switches on core 0)
Sep 22 09:29:02.631467 n-d-805649-4 devstack@placement-api.service[96001]: DEBUG placement.requestlog [req-26a6486b-fd5a-43d5-8e42-5283431ec49e req-5187580f-afa6-47fb-a100-a8904d7384e4 None None] Starting request: 10.222.0.60 "DELETE /placement/allocations/be325252-5021-4657-a9db-f77e719305a6" {{(pid=96001) __call__ /opt/stack/placement/placement/requestlog.py:55}}
Sep 22 09:29:02.876766 n-d-805649-4 devstack@placement-api.service[96001]: DEBUG placement.handlers.allocation [req-26a6486b-fd5a-43d5-8e42-5283431ec49e req-5187580f-afa6-47fb-a100-a8904d7384e4 service placement] Successfully deleted allocations [, , ] {{(pid=96001) delete_allocations /opt/stack/placement/placement/handlers/allocation.py:627}}
Sep 22 09:29:02.877281 n-d-805649-4 devstack@placement-api.service[96001]: INFO placement.requestlog [req-26a6486b-fd5a-43d5-8e42-5283431ec49e req-5187580f-afa6-47fb-a100-a8904d7384e4 service placement] 10.222.0.60 "DELETE /placement/allocations/be325252-5021-4657-a9db-f77e719305a6" status: 204 len: 0 microversion: 1.0
Sep 22 09:29:02.879666 n-d-805649-4 devstack@placement-api.service[96001]: [pid: 96001|app: 0|req: 206/409] 10.222.0.60 () {60 vars in 1356 bytes} [Wed Sep 22 09:29:02 2021] DELETE /placement/allocations/be325252-5021-4657-a9db-f77e719305a6 => generated 0 bytes in 247 msecs (HTTP/1.1 204) 5 headers in 198 bytes (1 switches on core 0)
Sep 22 09:29:17.184876 n-d-805649-4 devstack@placement-api.service[96000]: DEBUG placement.requestlog [req-54802a19-6cdf-45b5-ab41-86f05b7d9ffd req-6fcd93f9-a1e1-41e4-a3b6-64c84914309d None None] Starting request: 10.222.0.49 "GET /placement/allocation_candidates?limit=1000&resources=DISK_GB%3A1%2CMEMORY_MB%3A1024%2CVCPU%3A1&root_required=%21COMPUTE_STATUS_DISABLED" {{(pid=96000) __call__ /opt/stack/placement/placement/requestlog.py:55}}
Sep 22 09:29:17.287238 n-d-805649-4 devstack@placement-api.service[96000]: DEBUG placement.objects.research_context [req-54802a19-6cdf-45b5-ab41-86f05b7d9ffd req-6fcd93f9-a1e1-41e4-a3b6-64c84914309d service placement] getting providers with 1 DISK_GB {{(pid=96000) __init__ /opt/stack/placement/placement/objects/research_context.py:126}}
Sep 22 09:29:17.295210 n-d-805649-4 devstack@placement-api.service[96000]: DEBUG placement.objects.research_context [req-54802a19-6cdf-45b5-ab41-86f05b7d9ffd req-6fcd93f9-a1e1-41e4-a3b6-64c84914309d service placement] getting providers with 1024 MEMORY_MB {{(pid=96000) __init__ /opt/stack/placement/placement/objects/research_context.py:126}}
Sep 22 09:29:17.303232 n-d-805649-4 devstack@placement-api.service[96000]: DEBUG placement.objects.research_context [req-54802a19-6cdf-45b5-ab41-86f05b7d9ffd req-6fcd93f9-a1e1-41e4-a3b6-64c84914309d service placement] getting providers with 1 VCPU {{(pid=96000) __init__ /opt/stack/placement/placement/objects/research_context.py:126}}
Sep 22 09:29:17.320542 n-d-805649-4 devstack@placement-api.service[96000]: DEBUG placement.objects.research_context [req-54802a19-6cdf-45b5-ab41-86f05b7d9ffd req-6fcd93f9-a1e1-41e4-a3b6-64c84914309d service placement] found 2 providers with available 1 DISK_GB {{(pid=96000) get_provider_ids_matching /opt/stack/placement/placement/objects/research_context.py:549}}
Sep 22 09:29:17.321182 n-d-805649-4 devstack@placement-api.service[96000]: DEBUG placement.objects.research_context [req-54802a19-6cdf-45b5-ab41-86f05b7d9ffd req-6fcd93f9-a1e1-41e4-a3b6-64c84914309d service placement] found 2 providers with available 1024 MEMORY_MB {{(pid=96000) get_provider_ids_matching /opt/stack/placement/placement/objects/research_context.py:549}}
Sep 22 09:29:17.321520 n-d-805649-4 devstack@placement-api.service[96000]: DEBUG placement.objects.research_context [req-54802a19-6cdf-45b5-ab41-86f05b7d9ffd req-6fcd93f9-a1e1-41e4-a3b6-64c84914309d service placement] found 2 providers after filtering by previous result {{(pid=96000) get_provider_ids_matching /opt/stack/placement/placement/objects/research_context.py:580}}
Sep 22 09:29:17.321777 n-d-805649-4 devstack@placement-api.service[96000]: DEBUG placement.objects.research_context [req-54802a19-6cdf-45b5-ab41-86f05b7d9ffd req-6fcd93f9-a1e1-41e4-a3b6-64c84914309d service placement] found 2 providers with available 1 VCPU {{(pid=96000) get_provider_ids_matching /opt/stack/placement/placement/objects/research_context.py:549}}
Sep 22 09:29:17.322220 n-d-805649-4 devstack@placement-api.service[96000]: DEBUG placement.objects.research_context [req-54802a19-6cdf-45b5-ab41-86f05b7d9ffd req-6fcd93f9-a1e1-41e4-a3b6-64c84914309d service placement] found 2 providers after filtering by previous result {{(pid=96000) get_provider_ids_matching /opt/stack/placement/placement/objects/research_context.py:580}}
Sep 22 09:29:17.338332 n-d-805649-4 devstack@placement-api.service[96000]: DEBUG placement.objects.allocation_candidate [req-54802a19-6cdf-45b5-ab41-86f05b7d9ffd req-6fcd93f9-a1e1-41e4-a3b6-64c84914309d service placement] RequestGroup(use_same_provider=False, resources={DISK_GB:1, MEMORY_MB:1024, VCPU:1}, traits=[], aggregates=[]) (suffix '') returned 2 matches {{(pid=96000) _get_by_requests /opt/stack/placement/placement/objects/allocation_candidate.py:145}}
Sep 22 09:29:17.339141 n-d-805649-4 devstack@placement-api.service[96000]: DEBUG placement.objects.allocation_candidate [req-54802a19-6cdf-45b5-ab41-86f05b7d9ffd req-6fcd93f9-a1e1-41e4-a3b6-64c84914309d service placement] Merging candidates yields 2 allocation requests and 2 provider summaries {{(pid=96000) _merge_candidates /opt/stack/placement/placement/objects/allocation_candidate.py:783}}
Sep 22 09:29:17.340963 n-d-805649-4 devstack@placement-api.service[96000]: INFO placement.requestlog [req-54802a19-6cdf-45b5-ab41-86f05b7d9ffd req-6fcd93f9-a1e1-41e4-a3b6-64c84914309d service placement] 10.222.0.49 "GET /placement/allocation_candidates?limit=1000&resources=DISK_GB%3A1%2CMEMORY_MB%3A1024%2CVCPU%3A1&root_required=%21COMPUTE_STATUS_DISABLED" status: 200 len: 1309 microversion: 1.36
Sep 22 09:29:17.346431 n-d-805649-4 devstack@placement-api.service[96000]: [pid: 96000|app: 0|req: 204/410] 10.222.0.49 () {60 vars in 1507 bytes} [Wed Sep 22 09:29:17 2021] GET /placement/allocation_candidates?limit=1000&resources=DISK_GB%3A1%2CMEMORY_MB%3A1024%2CVCPU%3A1&root_required=%21COMPUTE_STATUS_DISABLED => generated 1309 bytes in 162 msecs (HTTP/1.1 200) 8 headers in 297 bytes (1 switches on core 0)
Sep 22 09:29:17.406300 n-d-805649-4 devstack@placement-api.service[96001]: DEBUG placement.requestlog [req-54802a19-6cdf-45b5-ab41-86f05b7d9ffd req-0235e909-31d7-4629-ad3f-37598c6894fe None None] Starting request: 10.222.0.49 "GET /placement/allocations/6ebffaba-7570-4ae0-806a-42b4b702a40e" {{(pid=96001) __call__ /opt/stack/placement/placement/requestlog.py:55}}
Sep 22 09:29:17.421668 n-d-805649-4 devstack@placement-api.service[96001]: INFO placement.requestlog [req-54802a19-6cdf-45b5-ab41-86f05b7d9ffd req-0235e909-31d7-4629-ad3f-37598c6894fe service placement] 10.222.0.49 "GET /placement/allocations/6ebffaba-7570-4ae0-806a-42b4b702a40e" status: 200 len: 19 microversion: 1.28
Sep 22 09:29:17.422344 n-d-805649-4 devstack@placement-api.service[96001]: [pid: 96001|app: 0|req: 207/411] 10.222.0.49 () {60 vars in 1381 bytes} [Wed Sep 22 09:29:17 2021] GET /placement/allocations/6ebffaba-7570-4ae0-806a-42b4b702a40e => generated 19 bytes in 16 msecs (HTTP/1.1 200) 8 headers in 295 bytes (1 switches on core 0)
Sep 22 09:29:17.431227 n-d-805649-4 devstack@placement-api.service[96000]: DEBUG placement.requestlog [req-54802a19-6cdf-45b5-ab41-86f05b7d9ffd req-be1a2ece-6182-4155-ba0d-b9c0eebebbc2 None None] Starting request: 10.222.0.49 "PUT /placement/allocations/6ebffaba-7570-4ae0-806a-42b4b702a40e" {{(pid=96000) __call__ /opt/stack/placement/placement/requestlog.py:55}}
Sep 22 09:29:17.645368 n-d-805649-4 devstack@placement-api.service[96000]: DEBUG placement.handlers.allocation [req-54802a19-6cdf-45b5-ab41-86f05b7d9ffd req-be1a2ece-6182-4155-ba0d-b9c0eebebbc2 service placement] Successfully wrote allocations [, , ] {{(pid=96000) _update_consumers_and_create_allocations /opt/stack/placement/placement/handlers/allocation.py:462}}
Sep 22 09:29:17.718088 n-d-805649-4 devstack@placement-api.service[96000]: INFO placement.requestlog [req-54802a19-6cdf-45b5-ab41-86f05b7d9ffd req-be1a2ece-6182-4155-ba0d-b9c0eebebbc2 service placement] 10.222.0.49 "PUT /placement/allocations/6ebffaba-7570-4ae0-806a-42b4b702a40e" status: 204 len: 0 microversion: 1.36
Sep 22 09:29:17.719356 n-d-805649-4 devstack@placement-api.service[96000]: [pid: 96000|app: 0|req: 205/412] 10.222.0.49 () {64 vars in 1434 bytes} [Wed Sep 22 09:29:17 2021] PUT /placement/allocations/6ebffaba-7570-4ae0-806a-42b4b702a40e => generated 0 bytes in 288 msecs (HTTP/1.1 204) 5 headers in 199 bytes (2 switches on core 0)
Sep 22 09:29:18.720214 n-d-805649-4 devstack@placement-api.service[96001]: DEBUG placement.requestlog [req-54802a19-6cdf-45b5-ab41-86f05b7d9ffd req-813b73e6-6f1b-4e4d-a22a-f2fb8c91a21f None None] Starting request: 10.222.0.45 "GET /placement/allocations/6ebffaba-7570-4ae0-806a-42b4b702a40e" {{(pid=96001) __call__ /opt/stack/placement/placement/requestlog.py:55}}
Sep 22 09:29:18.737465 n-d-805649-4 devstack@placement-api.service[96001]: INFO placement.requestlog [req-54802a19-6cdf-45b5-ab41-86f05b7d9ffd req-813b73e6-6f1b-4e4d-a22a-f2fb8c91a21f service placement] 10.222.0.45 "GET /placement/allocations/6ebffaba-7570-4ae0-806a-42b4b702a40e" status: 200 len: 259 microversion: 1.28
Sep 22 09:29:18.751897 n-d-805649-4 devstack@placement-api.service[96001]: [pid: 96001|app: 0|req: 208/413] 10.222.0.45 () {60 vars in 1378 bytes} [Wed Sep 22 09:29:18 2021] GET /placement/allocations/6ebffaba-7570-4ae0-806a-42b4b702a40e => generated 259 bytes in 31 msecs (HTTP/1.1 200) 8 headers in 296 bytes (1 switches on core 0)
Sep 22 09:29:24.024479 n-d-805649-4 devstack@placement-api.service[96000]: DEBUG placement.requestlog [req-6d3f0aa8-2397-4d3c-af9b-54b1522f0b30 req-3d048a2c-f71f-4a53-979d-0cbdd293690b None None] Starting request: 10.222.0.60 "DELETE /placement/allocations/15949be3-4b64-4734-9c78-89bf440774d1" {{(pid=96000) __call__ /opt/stack/placement/placement/requestlog.py:55}}
