Sep 22 09:22:58.013952 n-d-805649-4 devstack@n-api.service[110604]: INFO nova.api.openstack.wsgi [None req-fd72030c-7d2b-4ff1-8cdd-3246d06e38a2 tempest-FlavorsAccessNegativeTestJSON-832324676 tempest-FlavorsAccessNegativeTestJSON-832324676-project-admin] HTTP exception thrown: Flavor access already exists for flavor 19 and project d18a42a762ca4f21bf37582ef0e8ceb8 combination.
Sep 22 09:22:58.021171 n-d-805649-4 devstack@n-api.service[110604]: DEBUG nova.api.openstack.wsgi [None req-fd72030c-7d2b-4ff1-8cdd-3246d06e38a2 tempest-FlavorsAccessNegativeTestJSON-832324676 tempest-FlavorsAccessNegativeTestJSON-832324676-project-admin] Returning 409 to user: Flavor access already exists for flavor 19 and project d18a42a762ca4f21bf37582ef0e8ceb8 combination. {{(pid=110604) __call__ /opt/stack/nova/nova/api/openstack/wsgi.py:936}}
Sep 22 09:22:58.021171 n-d-805649-4 devstack@n-api.service[110604]: INFO nova.api.openstack.requestlog [None req-fd72030c-7d2b-4ff1-8cdd-3246d06e38a2 tempest-FlavorsAccessNegativeTestJSON-832324676 tempest-FlavorsAccessNegativeTestJSON-832324676-project-admin] 10.222.0.49 "POST /compute/v2.1/flavors/1567941247/action" status: 409 len: 152 microversion: 2.1 time: 0.127452
Sep 22 09:22:58.021171 n-d-805649-4 devstack@n-api.service[110604]: [pid: 110604|app: 0|req: 40/95] 10.222.0.49 () {60 vars in 1200 bytes} [Wed Sep 22 09:22:57 2021] POST /compute/v2.1/flavors/1567941247/action => generated 152 bytes in 129 msecs (HTTP/1.1 409) 9 headers in 378 bytes (1 switches on core 0)
Sep 22 09:22:58.025294 n-d-805649-4 devstack@n-api.service[110603]: DEBUG nova.api.openstack.wsgi [None req-c215c633-804f-4000-8480-5a8ef663b2d4 tempest-FlavorsV261TestJSON-570889444 tempest-FlavorsV261TestJSON-570889444-project] Calling method '>' {{(pid=110603) _process_stack /opt/stack/nova/nova/api/openstack/wsgi.py:513}}
Sep 22 09:22:58.025777 n-d-805649-4 devstack@n-api.service[110604]: DEBUG nova.api.openstack.wsgi [None req-3e0432b2-6fae-41d1-9780-f4996f440a8f tempest-FlavorsAccessNegativeTestJSON-832324676 tempest-FlavorsAccessNegativeTestJSON-832324676-project-admin] Action: 'action', calling method: >, body: {"removeTenantAccess": {"tenant": "d18a42a762ca4f21bf37582ef0e8ceb8"}} {{(pid=110604) _process_stack /opt/stack/nova/nova/api/openstack/wsgi.py:511}}
Sep 22 09:22:58.026963 n-d-805649-4 devstack@n-api.service[110604]: /usr/local/lib/python3.8/dist-packages/oslo_policy/policy.py:1064: UserWarning: Policy os_compute_api:os-flavor-access:remove_tenant_access failed scope check. The token used to make the request was project scoped but the policy requires ['system'] scope. This behavior may change in the future where using the intended scope is required
Sep 22 09:22:58.026963 n-d-805649-4 devstack@n-api.service[110604]: warnings.warn(msg)
Sep 22 09:22:58.047031 n-d-805649-4 devstack@n-api.service[110603]: INFO nova.api.openstack.requestlog [None req-c215c633-804f-4000-8480-5a8ef663b2d4 tempest-FlavorsV261TestJSON-570889444 tempest-FlavorsV261TestJSON-570889444-project] 10.222.0.49 "GET /compute/v2.1/flavors" status: 200 len: 3153 microversion: 2.61 time: 0.029278
Sep 22 09:22:58.047611 n-d-805649-4 devstack@n-api.service[110603]: [pid: 110603|app: 0|req: 56/96] 10.222.0.49 () {60 vars in 1166 bytes} [Wed Sep 22 09:22:58 2021] GET /compute/v2.1/flavors => generated 3153 bytes in 31 msecs (HTTP/1.1 200) 9 headers in 360 bytes (1 switches on core 0)
Sep 22 09:22:58.061813 n-d-805649-4 devstack@n-api.service[110603]: DEBUG nova.api.openstack.wsgi [None req-421fdfc6-87d9-478d-a514-086d5cfae59b tempest-FlavorsV261TestJSON-329563231 tempest-FlavorsV261TestJSON-329563231-project-admin] Calling method '>' {{(pid=110603) _process_stack /opt/stack/nova/nova/api/openstack/wsgi.py:513}}
Sep 22 09:22:58.062555 n-d-805649-4 devstack@n-api.service[110603]: /usr/local/lib/python3.8/dist-packages/oslo_policy/policy.py:1064: UserWarning: Policy os_compute_api:os-flavor-manage:delete failed scope check. The token used to make the request was project scoped but the policy requires ['system'] scope. This behavior may change in the future where using the intended scope is required
Sep 22 09:22:58.062555 n-d-805649-4 devstack@n-api.service[110603]: warnings.warn(msg)
Sep 22 09:22:58.158020 n-d-805649-4 devstack@n-api.service[110603]: INFO nova.api.openstack.requestlog [None req-421fdfc6-87d9-478d-a514-086d5cfae59b tempest-FlavorsV261TestJSON-329563231 tempest-FlavorsV261TestJSON-329563231-project-admin] 10.222.0.49 "DELETE /compute/v2.1/flavors/639238618" status: 202 len: 0 microversion: 2.61 time: 0.099835
Sep 22 09:22:58.158609 n-d-805649-4 devstack@n-api.service[110603]: [pid: 110603|app: 0|req: 57/97] 10.222.0.49 () {60 vars in 1199 bytes} [Wed Sep 22 09:22:58 2021] DELETE /compute/v2.1/flavors/639238618 => generated 0 bytes in 101 msecs (HTTP/1.1 202) 9 headers in 363 bytes (2 switches on core 0)
Sep 22 09:22:58.167201 n-d-805649-4 devstack@n-api.service[110603]: DEBUG nova.api.openstack.wsgi [None req-04552779-acc6-4760-be3d-c2efdf5475a7 tempest-FlavorsV261TestJSON-329563231 tempest-FlavorsV261TestJSON-329563231-project-admin] Calling method '>' {{(pid=110603) _process_stack /opt/stack/nova/nova/api/openstack/wsgi.py:513}}
Sep 22 09:22:58.200236 n-d-805649-4 devstack@n-api.service[110603]: INFO nova.api.openstack.requestlog [None req-04552779-acc6-4760-be3d-c2efdf5475a7 tempest-FlavorsV261TestJSON-329563231 tempest-FlavorsV261TestJSON-329563231-project-admin] 10.222.0.49 "GET /compute/v2.1/flavors/detail" status: 200 len: 5791 microversion: 2.61 time: 0.036695
Sep 22 09:22:58.200873 n-d-805649-4 devstack@n-api.service[110603]: [pid: 110603|app: 0|req: 58/98] 10.222.0.49 () {60 vars in 1187 bytes} [Wed Sep 22 09:22:58 2021] GET /compute/v2.1/flavors/detail => generated 5791 bytes in 38 msecs (HTTP/1.1 200) 9 headers in 360 bytes (2 switches on core 0)
Sep 22 09:22:58.220973 n-d-805649-4 devstack@n-api.service[110604]: INFO nova.api.openstack.requestlog [None req-3e0432b2-6fae-41d1-9780-f4996f440a8f tempest-FlavorsAccessNegativeTestJSON-832324676 tempest-FlavorsAccessNegativeTestJSON-832324676-project-admin] 10.222.0.49 "POST /compute/v2.1/flavors/1567941247/action" status: 200 len: 21 microversion: 2.1 time: 0.198625
Sep 22 09:22:58.221574 n-d-805649-4 devstack@n-api.service[110604]: [pid: 110604|app: 0|req: 41/99] 10.222.0.49 () {60 vars in 1200 bytes} [Wed Sep 22 09:22:58 2021] POST /compute/v2.1/flavors/1567941247/action => generated 21 bytes in 200 msecs (HTTP/1.1 200) 9 headers in 356 bytes (2 switches on core 0)
Sep 22 09:22:58.234853 n-d-805649-4 devstack@n-api.service[110603]: DEBUG nova.api.openstack.wsgi [None req-7031cfa0-3160-4330-b597-3ecf81ffe685 tempest-FlavorsAccessNegativeTestJSON-832324676 tempest-FlavorsAccessNegativeTestJSON-832324676-project-admin] Calling method '>' {{(pid=110603) _process_stack /opt/stack/nova/nova/api/openstack/wsgi.py:513}}
Sep 22 09:22:58.335199 n-d-805649-4 devstack@n-api.service[110603]: INFO nova.api.openstack.requestlog [None req-7031cfa0-3160-4330-b597-3ecf81ffe685 tempest-FlavorsAccessNegativeTestJSON-832324676 tempest-FlavorsAccessNegativeTestJSON-832324676-project-admin] 10.222.0.49 "DELETE /compute/v2.1/flavors/1567941247" status: 202 len: 0 microversion: 2.1 time: 0.106903
Sep 22 09:22:58.335907 n-d-805649-4 devstack@n-api.service[110603]: [pid: 110603|app: 0|req: 59/100] 10.222.0.49 () {58 vars in 1161 bytes} [Wed Sep 22 09:22:58 2021] DELETE /compute/v2.1/flavors/1567941247 => generated 0 bytes in 109 msecs (HTTP/1.1 202) 9 headers in 361 bytes (2 switches on core 0)
Sep 22 09:22:58.345453 n-d-805649-4 devstack@n-api.service[110604]: DEBUG nova.api.openstack.wsgi [None req-cfc2bcd3-dfc0-4bd9-810c-76ad5603458e tempest-FlavorsAccessNegativeTestJSON-832324676 tempest-FlavorsAccessNegativeTestJSON-832324676-project-admin] Calling method '>' {{(pid=110604) _process_stack /opt/stack/nova/nova/api/openstack/wsgi.py:513}}
Sep 22 09:22:58.365415 n-d-805649-4 devstack@n-api.service[110604]: INFO nova.api.openstack.requestlog [None req-cfc2bcd3-dfc0-4bd9-810c-76ad5603458e tempest-FlavorsAccessNegativeTestJSON-832324676 tempest-FlavorsAccessNegativeTestJSON-832324676-project-admin] 10.222.0.49 "GET /compute/v2.1/flavors/detail" status: 200 len: 4991 microversion: 2.1 time: 0.024469
Sep 22 09:22:58.366050 n-d-805649-4 devstack@n-api.service[110604]: [pid: 110604|app: 0|req: 42/101] 10.222.0.49 () {58 vars in 1146 bytes} [Wed Sep 22 09:22:58 2021] GET /compute/v2.1/flavors/detail => generated 4991 bytes in 26 msecs (HTTP/1.1 200) 9 headers in 358 bytes (1 switches on core 0)
Sep 22 09:22:58.380882 n-d-805649-4 devstack@n-api.service[110603]: DEBUG nova.api.openstack.wsgi [None req-0756396e-0fea-4634-a710-05767718bf02 tempest-FlavorsAccessNegativeTestJSON-832324676 tempest-FlavorsAccessNegativeTestJSON-832324676-project-admin] Action: 'create', calling method: >, body: {"flavor": {"ram": 512, "vcpus": 1, "disk": 10, "name": "tempest-FlavorsAccessNegativeTestJSON-flavor-1544053399", "id": 355113996, "os-flavor-access:is_public": "True"}} {{(pid=110603) _process_stack /opt/stack/nova/nova/api/openstack/wsgi.py:511}}
Sep 22 09:22:58.447274 n-d-805649-4 devstack@n-api.service[110604]: DEBUG nova.api.openstack.wsgi [None req-f816c070-a459-441f-9e9d-1504ddf7cbe2 tempest-AggregatesAdminTestJSON-1800109976 tempest-AggregatesAdminTestJSON-1800109976-project] Calling method '>' {{(pid=110604) _process_stack /opt/stack/nova/nova/api/openstack/wsgi.py:513}}
Sep 22 09:22:58.447889 n-d-805649-4 devstack@n-api.service[110604]: DEBUG nova.compute.api [None req-f816c070-a459-441f-9e9d-1504ddf7cbe2 tempest-AggregatesAdminTestJSON-1800109976 tempest-AggregatesAdminTestJSON-1800109976-project] [instance: 00b2182e-bee0-4f91-bb92-f50a77e3135b] Fetching instance by UUID {{(pid=110604) get /opt/stack/nova/nova/compute/api.py:2863}}
Sep 22 09:22:58.453796 n-d-805649-4 devstack@n-api.service[110604]: DEBUG oslo_concurrency.lockutils [None req-f816c070-a459-441f-9e9d-1504ddf7cbe2 tempest-AggregatesAdminTestJSON-1800109976 tempest-AggregatesAdminTestJSON-1800109976-project] Lock "91c5e888-3ba9-45ef-be4c-3a72933bcaac" acquired by "nova.context.set_target_cell..get_or_set_cached_cell_and_set_connections" :: waited 0.000s {{(pid=110604) inner /usr/local/lib/python3.8/dist-packages/oslo_concurrency/lockutils.py:355}}
Sep 22 09:22:58.456694 n-d-805649-4 devstack@n-api.service[110604]: DEBUG oslo_concurrency.lockutils [None req-f816c070-a459-441f-9e9d-1504ddf7cbe2 tempest-AggregatesAdminTestJSON-1800109976 tempest-AggregatesAdminTestJSON-1800109976-project] Lock "91c5e888-3ba9-45ef-be4c-3a72933bcaac" released by "nova.context.set_target_cell..get_or_set_cached_cell_and_set_connections" :: held 0.001s {{(pid=110604) inner /usr/local/lib/python3.8/dist-packages/oslo_concurrency/lockutils.py:367}}
Sep 22 09:22:58.456694 n-d-805649-4 devstack@n-api.service[110604]: DEBUG oslo_concurrency.lockutils [None req-f816c070-a459-441f-9e9d-1504ddf7cbe2 tempest-AggregatesAdminTestJSON-1800109976 tempest-AggregatesAdminTestJSON-1800109976-project] Lock "91c5e888-3ba9-45ef-be4c-3a72933bcaac" acquired by "nova.context.set_target_cell..get_or_set_cached_cell_and_set_connections" :: waited 0.000s {{(pid=110604) inner /usr/local/lib/python3.8/dist-packages/oslo_concurrency/lockutils.py:355}}
Sep 22 09:22:58.456694 n-d-805649-4 devstack@n-api.service[110604]: DEBUG oslo_concurrency.lockutils [None req-f816c070-a459-441f-9e9d-1504ddf7cbe2 tempest-AggregatesAdminTestJSON-1800109976 tempest-AggregatesAdminTestJSON-1800109976-project] Lock "91c5e888-3ba9-45ef-be4c-3a72933bcaac" released by "nova.context.set_target_cell..get_or_set_cached_cell_and_set_connections" :: held 0.000s {{(pid=110604) inner /usr/local/lib/python3.8/dist-packages/oslo_concurrency/lockutils.py:367}}
Sep 22 09:22:58.463397 n-d-805649-4 devstack@n-api.service[110603]: INFO nova.api.openstack.requestlog [None req-0756396e-0fea-4634-a710-05767718bf02 tempest-FlavorsAccessNegativeTestJSON-832324676 tempest-FlavorsAccessNegativeTestJSON-832324676-project-admin] 10.222.0.49 "POST /compute/v2.1/flavors" status: 200 len: 435 microversion: 2.1 time: 0.086006
Sep 22 09:22:58.464177 n-d-805649-4 devstack@n-api.service[110603]: [pid: 110603|app: 0|req: 60/102] 10.222.0.49 () {60 vars in 1147 bytes} [Wed Sep 22 09:22:58 2021] POST /compute/v2.1/flavors => generated 435 bytes in 87 msecs (HTTP/1.1 200) 9 headers in 357 bytes (1 switches on core 0)
Sep 22 09:22:58.475022 n-d-805649-4 devstack@n-api.service[110603]: DEBUG nova.api.openstack.wsgi [None req-e6e8e50e-c9c2-4106-b65e-9d03228396d3 tempest-FlavorsAccessNegativeTestJSON-832324676 tempest-FlavorsAccessNegativeTestJSON-832324676-project-admin] Calling method '>' {{(pid=110603) _process_stack /opt/stack/nova/nova/api/openstack/wsgi.py:513}}
Sep 22 09:22:58.476070 n-d-805649-4 devstack@n-api.service[110603]: /usr/local/lib/python3.8/dist-packages/oslo_policy/policy.py:1064: UserWarning: Policy os_compute_api:os-flavor-access failed scope check. The token used to make the request was project scoped but the policy requires ['system'] scope. This behavior may change in the future where using the intended scope is required
Sep 22 09:22:58.476070 n-d-805649-4 devstack@n-api.service[110603]: warnings.warn(msg)
Sep 22 09:22:58.495386 n-d-805649-4 devstack@n-api.service[110603]: INFO nova.api.openstack.wsgi [None req-e6e8e50e-c9c2-4106-b65e-9d03228396d3 tempest-FlavorsAccessNegativeTestJSON-832324676 tempest-FlavorsAccessNegativeTestJSON-832324676-project-admin] HTTP exception thrown: Access list not available for public flavors.
Sep 22 09:22:58.496049 n-d-805649-4 devstack@n-api.service[110603]: DEBUG nova.api.openstack.wsgi [None req-e6e8e50e-c9c2-4106-b65e-9d03228396d3 tempest-FlavorsAccessNegativeTestJSON-832324676 tempest-FlavorsAccessNegativeTestJSON-832324676-project-admin] Returning 404 to user: Access list not available for public flavors. {{(pid=110603) __call__ /opt/stack/nova/nova/api/openstack/wsgi.py:936}}
Sep 22 09:22:58.497117 n-d-805649-4 devstack@n-api.service[110603]: INFO nova.api.openstack.requestlog [None req-e6e8e50e-c9c2-4106-b65e-9d03228396d3 tempest-FlavorsAccessNegativeTestJSON-832324676 tempest-FlavorsAccessNegativeTestJSON-832324676-project-admin] 10.222.0.49 "GET /compute/v2.1/flavors/355113996/os-flavor-access" status: 404 len: 91 microversion: 2.1 time: 0.026503
Sep 22 09:22:58.497669 n-d-805649-4 devstack@n-api.service[110603]: [pid: 110603|app: 0|req: 61/103] 10.222.0.49 () {58 vars in 1206 bytes} [Wed Sep 22 09:22:58 2021] GET /compute/v2.1/flavors/355113996/os-flavor-access => generated 91 bytes in 28 msecs (HTTP/1.1 404) 9 headers in 378 bytes (1 switches on core 0)
Sep 22 09:22:58.508634 n-d-805649-4 devstack@n-api.service[110603]: DEBUG nova.api.openstack.wsgi [None req-58dfafd1-6a02-46ea-a708-5f3767c12ff0 tempest-FlavorsAccessNegativeTestJSON-832324676 tempest-FlavorsAccessNegativeTestJSON-832324676-project-admin] Calling method '>' {{(pid=110603) _process_stack /opt/stack/nova/nova/api/openstack/wsgi.py:513}}
Sep 22 09:22:58.624877 n-d-805649-4 devstack@n-api.service[110604]: DEBUG nova.policy [None req-f816c070-a459-441f-9e9d-1504ddf7cbe2 tempest-AggregatesAdminTestJSON-1800109976 tempest-AggregatesAdminTestJSON-1800109976-project] Policy check for os_compute_api:os-extended-server-attributes failed with credentials {'is_admin': False, 'user_id': 'f61073bb5e584ffa8dbb96c464ec47fc', 'user_domain_id': 'default', 'system_scope': None, 'domain_id': None, 'project_id': 'c5650d2ac8c44e72ae3c0c1d92eb0e57', 'project_domain_id': 'default', 'roles': ['member', 'reader'], 'is_admin_project': True, 'service_user_id': None, 'service_user_domain_id': None, 'service_project_id': None, 'service_project_domain_id': None, 'service_roles': []} {{(pid=110604) authorize /opt/stack/nova/nova/policy.py:199}}
Sep 22 09:22:58.629868 n-d-805649-4 devstack@n-api.service[110604]: INFO nova.api.openstack.requestlog [None req-f816c070-a459-441f-9e9d-1504ddf7cbe2 tempest-AggregatesAdminTestJSON-1800109976 tempest-AggregatesAdminTestJSON-1800109976-project] 10.222.0.49 "GET /compute/v2.1/servers/00b2182e-bee0-4f91-bb92-f50a77e3135b" status: 200 len: 1339 microversion: 2.1 time: 0.187145
Sep 22 09:22:58.630534 n-d-805649-4 devstack@n-api.service[110604]: [pid: 110604|app: 0|req: 43/104] 10.222.0.49 () {58 vars in 1236 bytes} [Wed Sep 22 09:22:58 2021] GET /compute/v2.1/servers/00b2182e-bee0-4f91-bb92-f50a77e3135b => generated 1339 bytes in 189 msecs (HTTP/1.1 200) 9 headers in 358 bytes (1 switches on core 0)
Sep 22 09:22:58.634807 n-d-805649-4 devstack@n-api.service[110604]: DEBUG nova.api.openstack.wsgi [None req-30aed6f9-0704-478b-81b2-2945ef96eb4f tempest-LiveMigrationNegativeTest-880813457 tempest-LiveMigrationNegativeTest-880813457-project] Calling method '>' {{(pid=110604) _process_stack /opt/stack/nova/nova/api/openstack/wsgi.py:513}}
Sep 22 09:22:58.635408 n-d-805649-4 devstack@n-api.service[110604]: DEBUG nova.compute.api [None req-30aed6f9-0704-478b-81b2-2945ef96eb4f tempest-LiveMigrationNegativeTest-880813457 tempest-LiveMigrationNegativeTest-880813457-project] [instance: dd42acb2-d29b-49e8-901f-efdf6101e0cc] Fetching instance by UUID {{(pid=110604) get /opt/stack/nova/nova/compute/api.py:2863}}
Sep 22 09:22:58.641082 n-d-805649-4 devstack@n-api.service[110604]: DEBUG oslo_concurrency.lockutils [None req-30aed6f9-0704-478b-81b2-2945ef96eb4f tempest-LiveMigrationNegativeTest-880813457 tempest-LiveMigrationNegativeTest-880813457-project] Lock "91c5e888-3ba9-45ef-be4c-3a72933bcaac" acquired by "nova.context.set_target_cell..get_or_set_cached_cell_and_set_connections" :: waited 0.000s {{(pid=110604) inner /usr/local/lib/python3.8/dist-packages/oslo_concurrency/lockutils.py:355}}
Sep 22 09:22:58.641524 n-d-805649-4 devstack@n-api.service[110604]: DEBUG oslo_concurrency.lockutils [None req-30aed6f9-0704-478b-81b2-2945ef96eb4f tempest-LiveMigrationNegativeTest-880813457 tempest-LiveMigrationNegativeTest-880813457-project] Lock "91c5e888-3ba9-45ef-be4c-3a72933bcaac" released by "nova.context.set_target_cell..get_or_set_cached_cell_and_set_connections" :: held 0.001s {{(pid=110604) inner /usr/local/lib/python3.8/dist-packages/oslo_concurrency/lockutils.py:367}}
Sep 22 09:22:58.642287 n-d-805649-4 devstack@n-api.service[110604]: DEBUG oslo_concurrency.lockutils [None req-30aed6f9-0704-478b-81b2-2945ef96eb4f tempest-LiveMigrationNegativeTest-880813457 tempest-LiveMigrationNegativeTest-880813457-project] Lock "91c5e888-3ba9-45ef-be4c-3a72933bcaac" acquired by "nova.context.set_target_cell..get_or_set_cached_cell_and_set_connections" :: waited 0.000s {{(pid=110604) inner /usr/local/lib/python3.8/dist-packages/oslo_concurrency/lockutils.py:355}}
Sep 22 09:22:58.642726 n-d-805649-4 devstack@n-api.service[110604]: DEBUG oslo_concurrency.lockutils [None req-30aed6f9-0704-478b-81b2-2945ef96eb4f tempest-LiveMigrationNegativeTest-880813457 tempest-LiveMigrationNegativeTest-880813457-project] Lock "91c5e888-3ba9-45ef-be4c-3a72933bcaac" released by "nova.context.set_target_cell..get_or_set_cached_cell_and_set_connections" :: held 0.000s {{(pid=110604) inner /usr/local/lib/python3.8/dist-packages/oslo_concurrency/lockutils.py:367}}
Sep 22 09:22:58.649641 n-d-805649-4 devstack@n-api.service[110603]: INFO nova.api.openstack.requestlog [None req-58dfafd1-6a02-46ea-a708-5f3767c12ff0 tempest-FlavorsAccessNegativeTestJSON-832324676 tempest-FlavorsAccessNegativeTestJSON-832324676-project-admin] 10.222.0.49 "DELETE /compute/v2.1/flavors/355113996" status: 202 len: 0 microversion: 2.1 time: 0.146739
Sep 22 09:22:58.650713 n-d-805649-4 devstack@n-api.service[110603]: [pid: 110603|app: 0|req: 62/105] 10.222.0.49 () {58 vars in 1158 bytes} [Wed Sep 22 09:22:58 2021] DELETE /compute/v2.1/flavors/355113996 => generated 0 bytes in 149 msecs (HTTP/1.1 202) 9 headers in 361 bytes (1 switches on core 0)
Sep 22 09:22:58.656621 n-d-805649-4 devstack@n-api.service[110603]: DEBUG nova.api.openstack.wsgi [None req-ebca86d9-221b-4369-92d7-5cdff9c3a325 tempest-ServersAdminNegativeTestJSON-667739898 tempest-ServersAdminNegativeTestJSON-667739898-project] Calling method '>' {{(pid=110603) _process_stack /opt/stack/nova/nova/api/openstack/wsgi.py:513}}
Sep 22 09:22:58.659798 n-d-805649-4 devstack@n-api.service[110603]: DEBUG nova.compute.api [None req-ebca86d9-221b-4369-92d7-5cdff9c3a325 tempest-ServersAdminNegativeTestJSON-667739898 tempest-ServersAdminNegativeTestJSON-667739898-project] [instance: 7f766952-350d-4ee0-928e-4fbd5e82a501] Fetching instance by UUID {{(pid=110603) get /opt/stack/nova/nova/compute/api.py:2863}}
Sep 22 09:22:58.663780 n-d-805649-4 devstack@n-api.service[110603]: DEBUG oslo_concurrency.lockutils [None req-ebca86d9-221b-4369-92d7-5cdff9c3a325 tempest-ServersAdminNegativeTestJSON-667739898 tempest-ServersAdminNegativeTestJSON-667739898-project] Lock "91c5e888-3ba9-45ef-be4c-3a72933bcaac" acquired by "nova.context.set_target_cell..get_or_set_cached_cell_and_set_connections" :: waited 0.000s {{(pid=110603) inner /usr/local/lib/python3.8/dist-packages/oslo_concurrency/lockutils.py:355}}
Sep 22 09:22:58.664221 n-d-805649-4 devstack@n-api.service[110603]: DEBUG oslo_concurrency.lockutils [None req-ebca86d9-221b-4369-92d7-5cdff9c3a325 tempest-ServersAdminNegativeTestJSON-667739898 tempest-ServersAdminNegativeTestJSON-667739898-project] Lock "91c5e888-3ba9-45ef-be4c-3a72933bcaac" released by "nova.context.set_target_cell..get_or_set_cached_cell_and_set_connections" :: held 0.001s {{(pid=110603) inner /usr/local/lib/python3.8/dist-packages/oslo_concurrency/lockutils.py:367}}
Sep 22 09:22:58.665194 n-d-805649-4 devstack@n-api.service[110603]: DEBUG oslo_concurrency.lockutils [None req-ebca86d9-221b-4369-92d7-5cdff9c3a325 tempest-ServersAdminNegativeTestJSON-667739898 tempest-ServersAdminNegativeTestJSON-667739898-project] Lock "91c5e888-3ba9-45ef-be4c-3a72933bcaac" acquired by "nova.context.set_target_cell..get_or_set_cached_cell_and_set_connections" :: waited 0.000s {{(pid=110603) inner /usr/local/lib/python3.8/dist-packages/oslo_concurrency/lockutils.py:355}}
Sep 22 09:22:58.665632 n-d-805649-4 devstack@n-api.service[110603]: DEBUG oslo_concurrency.lockutils [None req-ebca86d9-221b-4369-92d7-5cdff9c3a325 tempest-ServersAdminNegativeTestJSON-667739898 tempest-ServersAdminNegativeTestJSON-667739898-project] Lock "91c5e888-3ba9-45ef-be4c-3a72933bcaac" released by "nova.context.set_target_cell..get_or_set_cached_cell_and_set_connections" :: held 0.000s {{(pid=110603) inner /usr/local/lib/python3.8/dist-packages/oslo_concurrency/lockutils.py:367}}
Sep 22 09:22:58.772946 n-d-805649-4 devstack@n-api.service[110603]: DEBUG nova.policy [None req-ebca86d9-221b-4369-92d7-5cdff9c3a325 tempest-ServersAdminNegativeTestJSON-667739898 tempest-ServersAdminNegativeTestJSON-667739898-project] Policy check for os_compute_api:os-extended-server-attributes failed with credentials {'is_admin': False, 'user_id': '5691fe3c3f694d2ebbc2e0bd14bab2cd', 'user_domain_id': 'default', 'system_scope': None, 'domain_id': None, 'project_id': '1751bfb8c7754c5e873ac1c3d69929ef', 'project_domain_id': 'default', 'roles': ['member', 'reader'], 'is_admin_project': True, 'service_user_id': None, 'service_user_domain_id': None, 'service_project_id': None, 'service_project_domain_id': None, 'service_roles': []} {{(pid=110603) authorize /opt/stack/nova/nova/policy.py:199}}
Sep 22 09:22:58.786821 n-d-805649-4 devstack@n-api.service[110603]: INFO nova.api.openstack.requestlog [None req-ebca86d9-221b-4369-92d7-5cdff9c3a325 tempest-ServersAdminNegativeTestJSON-667739898 tempest-ServersAdminNegativeTestJSON-667739898-project] 10.222.0.49 "GET /compute/v2.1/servers/7f766952-350d-4ee0-928e-4fbd5e82a501" status: 200 len: 1217 microversion: 2.1 time: 0.130616
Sep 22 09:22:58.793493 n-d-805649-4 devstack@n-api.service[110603]: [pid: 110603|app: 0|req: 63/106] 10.222.0.49 () {58 vars in 1236 bytes} [Wed Sep 22 09:22:58 2021] GET /compute/v2.1/servers/7f766952-350d-4ee0-928e-4fbd5e82a501 => generated 1217 bytes in 142 msecs (HTTP/1.1 200) 9 headers in 358 bytes (1 switches on core 0)
Sep 22 09:22:58.798787 n-d-805649-4 devstack@n-api.service[110603]: DEBUG nova.api.openstack.wsgi [None req-65b9a51f-06a4-4867-b6e0-a300d2acbceb tempest-FlavorsAccessNegativeTestJSON-832324676 tempest-FlavorsAccessNegativeTestJSON-832324676-project-admin] Calling method '>' {{(pid=110603) _process_stack /opt/stack/nova/nova/api/openstack/wsgi.py:513}}
Sep 22 09:22:58.820174 n-d-805649-4 devstack@n-api.service[110603]: INFO nova.api.openstack.requestlog [None req-65b9a51f-06a4-4867-b6e0-a300d2acbceb tempest-FlavorsAccessNegativeTestJSON-832324676 tempest-FlavorsAccessNegativeTestJSON-832324676-project-admin] 10.222.0.49 "GET /compute/v2.1/flavors/detail" status: 200 len: 4991 microversion: 2.1 time: 0.025345
Sep 22 09:22:58.820915 n-d-805649-4 devstack@n-api.service[110603]: [pid: 110603|app: 0|req: 64/107] 10.222.0.49 () {58 vars in 1146 bytes} [Wed Sep 22 09:22:58 2021] GET /compute/v2.1/flavors/detail => generated 4991 bytes in 27 msecs (HTTP/1.1 200) 9 headers in 358 bytes (1 switches on core 0)
Sep 22 09:22:58.830320 n-d-805649-4 devstack@n-api.service[110603]: DEBUG nova.api.openstack.wsgi [None req-44643c44-e403-400f-bbf1-e070c6650988 tempest-MigrationsAdminTest-333701695 tempest-MigrationsAdminTest-333701695-project] Calling method '>' {{(pid=110603) _process_stack /opt/stack/nova/nova/api/openstack/wsgi.py:513}}
Sep 22 09:22:58.831128 n-d-805649-4 devstack@n-api.service[110603]: DEBUG nova.compute.api [None req-44643c44-e403-400f-bbf1-e070c6650988 tempest-MigrationsAdminTest-333701695 tempest-MigrationsAdminTest-333701695-project] [instance: c877ff0e-df4d-45f6-b8c0-62114cadf406] Fetching instance by UUID {{(pid=110603) get /opt/stack/nova/nova/compute/api.py:2863}}
Sep 22 09:22:58.836467 n-d-805649-4 devstack@n-api.service[110604]: DEBUG nova.policy [None req-30aed6f9-0704-478b-81b2-2945ef96eb4f tempest-LiveMigrationNegativeTest-880813457 tempest-LiveMigrationNegativeTest-880813457-project] Policy check for os_compute_api:os-extended-server-attributes failed with credentials {'is_admin': False, 'user_id': 'f3021b1b1f4b45bc81c9e11630aecc20', 'user_domain_id': 'default', 'system_scope': None, 'domain_id': None, 'project_id': 'cccf4f5c32f64a2aad005f97f6abc32e', 'project_domain_id': 'default', 'roles': ['member', 'reader'], 'is_admin_project': True, 'service_user_id': None, 'service_user_domain_id': None, 'service_project_id': None, 'service_project_domain_id': None, 'service_roles': []} {{(pid=110604) authorize /opt/stack/nova/nova/policy.py:199}}
Sep 22 09:22:58.838466 n-d-805649-4 devstack@n-api.service[110603]: DEBUG oslo_concurrency.lockutils [None req-44643c44-e403-400f-bbf1-e070c6650988 tempest-MigrationsAdminTest-333701695 tempest-MigrationsAdminTest-333701695-project] Lock "91c5e888-3ba9-45ef-be4c-3a72933bcaac" acquired by "nova.context.set_target_cell..get_or_set_cached_cell_and_set_connections" :: waited 0.000s {{(pid=110603) inner /usr/local/lib/python3.8/dist-packages/oslo_concurrency/lockutils.py:355}}
Sep 22 09:22:58.839030 n-d-805649-4 devstack@n-api.service[110603]: DEBUG oslo_concurrency.lockutils [None req-44643c44-e403-400f-bbf1-e070c6650988 tempest-MigrationsAdminTest-333701695 tempest-MigrationsAdminTest-333701695-project] Lock "91c5e888-3ba9-45ef-be4c-3a72933bcaac" released by "nova.context.set_target_cell..get_or_set_cached_cell_and_set_connections" :: held 0.001s {{(pid=110603) inner /usr/local/lib/python3.8/dist-packages/oslo_concurrency/lockutils.py:367}}
Sep 22 09:22:58.839765 n-d-805649-4 devstack@n-api.service[110603]: DEBUG oslo_concurrency.lockutils [None req-44643c44-e403-400f-bbf1-e070c6650988 tempest-MigrationsAdminTest-333701695 tempest-MigrationsAdminTest-333701695-project] Lock "91c5e888-3ba9-45ef-be4c-3a72933bcaac" acquired by "nova.context.set_target_cell..get_or_set_cached_cell_and_set_connections" :: waited 0.000s {{(pid=110603) inner /usr/local/lib/python3.8/dist-packages/oslo_concurrency/lockutils.py:355}}
Sep 22 09:22:58.840205 n-d-805649-4 devstack@n-api.service[110603]: DEBUG oslo_concurrency.lockutils [None req-44643c44-e403-400f-bbf1-e070c6650988 tempest-MigrationsAdminTest-333701695 tempest-MigrationsAdminTest-333701695-project] Lock "91c5e888-3ba9-45ef-be4c-3a72933bcaac" released by "nova.context.set_target_cell..get_or_set_cached_cell_and_set_connections" :: held 0.001s {{(pid=110603) inner /usr/local/lib/python3.8/dist-packages/oslo_concurrency/lockutils.py:367}}
Sep 22 09:22:58.847582 n-d-805649-4 devstack@n-api.service[110604]: INFO nova.api.openstack.requestlog [None req-30aed6f9-0704-478b-81b2-2945ef96eb4f tempest-LiveMigrationNegativeTest-880813457 tempest-LiveMigrationNegativeTest-880813457-project] 10.222.0.49 "GET /compute/v2.1/servers/dd42acb2-d29b-49e8-901f-efdf6101e0cc" status: 200 len: 1318 microversion: 2.1 time: 0.216036
Sep 22 09:22:58.848134 n-d-805649-4 devstack@n-api.service[110604]: [pid: 110604|app: 0|req: 44/108] 10.222.0.49 () {58 vars in 1236 bytes} [Wed Sep 22 09:22:58 2021] GET /compute/v2.1/servers/dd42acb2-d29b-49e8-901f-efdf6101e0cc => generated 1318 bytes in 217 msecs (HTTP/1.1 200) 9 headers in 358 bytes (1 switches on core 0)
Sep 22 09:22:58.853217 n-d-805649-4 devstack@n-api.service[110604]: DEBUG nova.api.openstack.wsgi [None req-c98822af-8d27-4731-b2ab-79468e15419e tempest-FlavorsAccessNegativeTestJSON-832324676 tempest-FlavorsAccessNegativeTestJSON-832324676-project-admin] Action: 'create', calling method: >, body: {"flavor": {"ram": 512, "vcpus": 1, "disk": 10, "name": "tempest-FlavorsAccessNegativeTestJSON-flavor-1437216041", "id": 2044615816, "os-flavor-access:is_public": "False"}} {{(pid=110604) _process_stack /opt/stack/nova/nova/api/openstack/wsgi.py:511}}
Sep 22 09:22:58.855560 n-d-805649-4 devstack@n-api.service[110604]: /usr/local/lib/python3.8/dist-packages/oslo_policy/policy.py:1064: UserWarning: Policy os_compute_api:os-flavor-manage:create failed scope check. The token used to make the request was project scoped but the policy requires ['system'] scope. This behavior may change in the future where using the intended scope is required
Sep 22 09:22:58.855560 n-d-805649-4 devstack@n-api.service[110604]: warnings.warn(msg)
Sep 22 09:22:58.904944 n-d-805649-4 devstack@n-api.service[110603]: DEBUG nova.policy [None req-44643c44-e403-400f-bbf1-e070c6650988 tempest-MigrationsAdminTest-333701695 tempest-MigrationsAdminTest-333701695-project] Policy check for os_compute_api:os-extended-server-attributes failed with credentials {'is_admin': False, 'user_id': '8ad779e01471410387569db2881c396f', 'user_domain_id': 'default', 'system_scope': None, 'domain_id': None, 'project_id': '1cf14f0d57b04db4bde24027d9724d39', 'project_domain_id': 'default', 'roles': ['member', 'reader'], 'is_admin_project': True, 'service_user_id': None, 'service_user_domain_id': None, 'service_project_id': None, 'service_project_domain_id': None, 'service_roles': []} {{(pid=110603) authorize /opt/stack/nova/nova/policy.py:199}}
Sep 22 09:22:58.912183 n-d-805649-4 devstack@n-api.service[110603]: INFO nova.api.openstack.requestlog [None req-44643c44-e403-400f-bbf1-e070c6650988 tempest-MigrationsAdminTest-333701695 tempest-MigrationsAdminTest-333701695-project] 10.222.0.49 "GET /compute/v2.1/servers/c877ff0e-df4d-45f6-b8c0-62114cadf406" status: 200 len: 1209 microversion: 2.1 time: 0.086038
Sep 22 09:22:58.912988 n-d-805649-4 devstack@n-api.service[110603]: [pid: 110603|app: 0|req: 65/109] 10.222.0.49 () {58 vars in 1236 bytes} [Wed Sep 22 09:22:58 2021] GET /compute/v2.1/servers/c877ff0e-df4d-45f6-b8c0-62114cadf406 => generated 1209 bytes in 91 msecs (HTTP/1.1 200) 9 headers in 358 bytes (1 switches on core 0)
Sep 22 09:22:58.946509 n-d-805649-4 devstack@n-api.service[110604]: INFO nova.api.openstack.requestlog [None req-c98822af-8d27-4731-b2ab-79468e15419e tempest-FlavorsAccessNegativeTestJSON-832324676 tempest-FlavorsAccessNegativeTestJSON-832324676-project-admin] 10.222.0.49 "POST /compute/v2.1/flavors" status: 200 len: 439 microversion: 2.1 time: 0.097098
Sep 22 09:22:58.947091 n-d-805649-4 devstack@n-api.service[110604]: [pid: 110604|app: 0|req: 45/110] 10.222.0.49 () {60 vars in 1147 bytes} [Wed Sep 22 09:22:58 2021] POST /compute/v2.1/flavors => generated 439 bytes in 98 msecs (HTTP/1.1 200) 9 headers in 357 bytes (1 switches on core 0)
Sep 22 09:22:59.129218 n-d-805649-4 devstack@n-api.service[110603]: DEBUG nova.api.openstack.wsgi [None req-b909bb9c-7d4a-423e-9093-07b3d94086ba tempest-FlavorsAccessNegativeTestJSON-1053188408 tempest-FlavorsAccessNegativeTestJSON-1053188408-project] Action: 'action', calling method: >, body: {"addTenantAccess": {"tenant": "d18a42a762ca4f21bf37582ef0e8ceb8"}} {{(pid=110603) _process_stack /opt/stack/nova/nova/api/openstack/wsgi.py:511}}
Sep 22 09:22:59.131024 n-d-805649-4 devstack@n-api.service[110603]: /usr/local/lib/python3.8/dist-packages/oslo_policy/policy.py:1064: UserWarning: Policy os_compute_api:os-flavor-access:add_tenant_access failed scope check. The token used to make the request was project scoped but the policy requires ['system'] scope. This behavior may change in the future where using the intended scope is required
Sep 22 09:22:59.131024 n-d-805649-4 devstack@n-api.service[110603]: warnings.warn(msg)
Sep 22 09:22:59.131954 n-d-805649-4 devstack@n-api.service[110603]: DEBUG nova.policy [None req-b909bb9c-7d4a-423e-9093-07b3d94086ba tempest-FlavorsAccessNegativeTestJSON-1053188408 tempest-FlavorsAccessNegativeTestJSON-1053188408-project] Policy check for os_compute_api:os-flavor-access:add_tenant_access failed with credentials {'is_admin': False, 'user_id': '60ec0f87e8f94e7dbd1c123a3b3ec12d', 'user_domain_id': 'default', 'system_scope': None, 'domain_id': None, 'project_id': 'd18a42a762ca4f21bf37582ef0e8ceb8', 'project_domain_id': 'default', 'roles': ['member', 'reader'], 'is_admin_project': True, 'service_user_id': None, 'service_user_domain_id': None, 'service_project_id': None, 'service_project_domain_id': None, 'service_roles': []} {{(pid=110603) authorize /opt/stack/nova/nova/policy.py:199}}
Sep 22 09:22:59.132621 n-d-805649-4 devstack@n-api.service[110603]: DEBUG nova.api.openstack.wsgi [None req-b909bb9c-7d4a-423e-9093-07b3d94086ba tempest-FlavorsAccessNegativeTestJSON-1053188408 tempest-FlavorsAccessNegativeTestJSON-1053188408-project] Returning 403 to user: Policy doesn't allow os_compute_api:os-flavor-access:add_tenant_access to be performed. {{(pid=110603) __call__ /opt/stack/nova/nova/api/openstack/wsgi.py:936}}
Sep 22 09:22:59.133440 n-d-805649-4 devstack@n-api.service[110603]: INFO nova.api.openstack.requestlog [None req-b909bb9c-7d4a-423e-9093-07b3d94086ba tempest-FlavorsAccessNegativeTestJSON-1053188408 tempest-FlavorsAccessNegativeTestJSON-1053188408-project] 10.222.0.49 "POST /compute/v2.1/flavors/2044615816/action" status: 403 len: 130 microversion: 2.1 time: 0.179664
Sep 22 09:22:59.133967 n-d-805649-4 devstack@n-api.service[110603]: [pid: 110603|app: 0|req: 66/111] 10.222.0.49 () {60 vars in 1200 bytes} [Wed Sep 22 09:22:58 2021] POST /compute/v2.1/flavors/2044615816/action => generated 130 bytes in 181 msecs (HTTP/1.1 403) 9 headers in 379 bytes (1 switches on core 0)
Sep 22 09:22:59.141968 n-d-805649-4 devstack@n-api.service[110604]: DEBUG nova.api.openstack.wsgi [None req-95923258-9fa1-402a-831f-96fcfc7048de tempest-FlavorsAccessNegativeTestJSON-832324676 tempest-FlavorsAccessNegativeTestJSON-832324676-project-admin] Calling method '>' {{(pid=110604) _process_stack /opt/stack/nova/nova/api/openstack/wsgi.py:513}}
Sep 22 09:22:59.142722 n-d-805649-4 devstack@n-api.service[110604]: /usr/local/lib/python3.8/dist-packages/oslo_policy/policy.py:1064: UserWarning: Policy os_compute_api:os-flavor-manage:delete failed scope check. The token used to make the request was project scoped but the policy requires ['system'] scope. This behavior may change in the future where using the intended scope is required
Sep 22 09:22:59.142722 n-d-805649-4 devstack@n-api.service[110604]: warnings.warn(msg)
Sep 22 09:22:59.262896 n-d-805649-4 devstack@n-api.service[110604]: INFO nova.api.openstack.requestlog [None req-95923258-9fa1-402a-831f-96fcfc7048de tempest-FlavorsAccessNegativeTestJSON-832324676 tempest-FlavorsAccessNegativeTestJSON-832324676-project-admin] 10.222.0.49 "DELETE /compute/v2.1/flavors/2044615816" status: 202 len: 0 microversion: 2.1 time: 0.124405
Sep 22 09:22:59.264790 n-d-805649-4 devstack@n-api.service[110604]: [pid: 110604|app: 0|req: 46/112] 10.222.0.49 () {58 vars in 1161 bytes} [Wed Sep 22 09:22:59 2021] DELETE /compute/v2.1/flavors/2044615816 => generated 0 bytes in 127 msecs (HTTP/1.1 202) 9 headers in 361 bytes (1 switches on core 0)
Sep 22 09:22:59.275254 n-d-805649-4 devstack@n-api.service[110603]: DEBUG nova.api.openstack.wsgi [None req-0df1aedc-9637-43eb-84e0-d0afb0e6c60a tempest-FlavorsAccessNegativeTestJSON-832324676 tempest-FlavorsAccessNegativeTestJSON-832324676-project-admin] Calling method '>' {{(pid=110603) _process_stack /opt/stack/nova/nova/api/openstack/wsgi.py:513}}
Sep 22 09:22:59.307674 n-d-805649-4 devstack@n-api.service[110603]: INFO nova.api.openstack.requestlog [None req-0df1aedc-9637-43eb-84e0-d0afb0e6c60a tempest-FlavorsAccessNegativeTestJSON-832324676 tempest-FlavorsAccessNegativeTestJSON-832324676-project-admin] 10.222.0.49 "GET /compute/v2.1/flavors/detail" status: 200 len: 4991 microversion: 2.1 time: 0.038215
Sep 22 09:22:59.308277 n-d-805649-4 devstack@n-api.service[110603]: [pid: 110603|app: 0|req: 67/113] 10.222.0.49 () {58 vars in 1146 bytes} [Wed Sep 22 09:22:59 2021] GET /compute/v2.1/flavors/detail => generated 4991 bytes in 40 msecs (HTTP/1.1 200) 9 headers in 358 bytes (1 switches on core 0)
Sep 22 09:22:59.324536 n-d-805649-4 devstack@n-api.service[110604]: DEBUG nova.api.openstack.wsgi [None req-34329bfc-aa3b-49da-b0ae-f9b238227f8c tempest-FlavorsAccessNegativeTestJSON-832324676 tempest-FlavorsAccessNegativeTestJSON-832324676-project-admin] Action: 'create', calling method: >, body: {"flavor": {"ram": 512, "vcpus": 1, "disk": 10, "name": "tempest-FlavorsAccessNegativeTestJSON-flavor-103524327", "id": 532391915, "os-flavor-access:is_public": "False"}} {{(pid=110604) _process_stack /opt/stack/nova/nova/api/openstack/wsgi.py:511}}
Sep 22 09:22:59.402944 n-d-805649-4 devstack@n-api.service[110604]: INFO nova.api.openstack.requestlog [None req-34329bfc-aa3b-49da-b0ae-f9b238227f8c tempest-FlavorsAccessNegativeTestJSON-832324676 tempest-FlavorsAccessNegativeTestJSON-832324676-project-admin] 10.222.0.49 "POST /compute/v2.1/flavors" status: 200 len: 435 microversion: 2.1 time: 0.082238
Sep 22 09:22:59.403532 n-d-805649-4 devstack@n-api.service[110604]: [pid: 110604|app: 0|req: 47/114] 10.222.0.49 () {60 vars in 1147 bytes} [Wed Sep 22 09:22:59 2021] POST /compute/v2.1/flavors => generated 435 bytes in 83 msecs (HTTP/1.1 200) 9 headers in 357 bytes (1 switches on core 0)
Sep 22 09:22:59.414028 n-d-805649-4 devstack@n-api.service[110603]: DEBUG nova.api.openstack.wsgi [None req-39a94dbf-a9c9-4dc4-811b-10606e8f0d6b tempest-FlavorsAccessNegativeTestJSON-832324676 tempest-FlavorsAccessNegativeTestJSON-832324676-project-admin] Action: 'action', calling method: >, body: {"addTenantAccess": {"tenant": "d18a42a762ca4f21bf37582ef0e8ceb8"}} {{(pid=110603) _process_stack /opt/stack/nova/nova/api/openstack/wsgi.py:511}}
Sep 22 09:22:59.646908 n-d-805649-4 devstack@n-api.service[110604]: DEBUG nova.api.openstack.wsgi [None req-6a2764d5-44ec-4857-b8e9-1fcb1a30bae4 tempest-AggregatesAdminTestJSON-1800109976 tempest-AggregatesAdminTestJSON-1800109976-project] Calling method '>' {{(pid=110604) _process_stack /opt/stack/nova/nova/api/openstack/wsgi.py:513}}
Sep 22 09:22:59.647582 n-d-805649-4 devstack@n-api.service[110604]: DEBUG nova.compute.api [None req-6a2764d5-44ec-4857-b8e9-1fcb1a30bae4 tempest-AggregatesAdminTestJSON-1800109976 tempest-AggregatesAdminTestJSON-1800109976-project] [instance: 00b2182e-bee0-4f91-bb92-f50a77e3135b] Fetching instance by UUID {{(pid=110604) get /opt/stack/nova/nova/compute/api.py:2863}}
Sep 22 09:22:59.655623 n-d-805649-4 devstack@n-api.service[110604]: DEBUG oslo_concurrency.lockutils [None req-6a2764d5-44ec-4857-b8e9-1fcb1a30bae4 tempest-AggregatesAdminTestJSON-1800109976 tempest-AggregatesAdminTestJSON-1800109976-project] Lock "91c5e888-3ba9-45ef-be4c-3a72933bcaac" acquired by "nova.context.set_target_cell..get_or_set_cached_cell_and_set_connections" :: waited 0.000s {{(pid=110604) inner /usr/local/lib/python3.8/dist-packages/oslo_concurrency/lockutils.py:355}}
Sep 22 09:22:59.656082 n-d-805649-4 devstack@n-api.service[110604]: DEBUG oslo_concurrency.lockutils [None req-6a2764d5-44ec-4857-b8e9-1fcb1a30bae4 tempest-AggregatesAdminTestJSON-1800109976 tempest-AggregatesAdminTestJSON-1800109976-project] Lock "91c5e888-3ba9-45ef-be4c-3a72933bcaac" released by "nova.context.set_target_cell..get_or_set_cached_cell_and_set_connections" :: held 0.001s {{(pid=110604) inner /usr/local/lib/python3.8/dist-packages/oslo_concurrency/lockutils.py:367}}
Sep 22 09:22:59.657151 n-d-805649-4 devstack@n-api.service[110604]: DEBUG oslo_concurrency.lockutils [None req-6a2764d5-44ec-4857-b8e9-1fcb1a30bae4 tempest-AggregatesAdminTestJSON-1800109976 tempest-AggregatesAdminTestJSON-1800109976-project] Lock "91c5e888-3ba9-45ef-be4c-3a72933bcaac" acquired by "nova.context.set_target_cell..get_or_set_cached_cell_and_set_connections" :: waited 0.000s {{(pid=110604) inner /usr/local/lib/python3.8/dist-packages/oslo_concurrency/lockutils.py:355}}
Sep 22 09:22:59.657586 n-d-805649-4 devstack@n-api.service[110604]: DEBUG oslo_concurrency.lockutils [None req-6a2764d5-44ec-4857-b8e9-1fcb1a30bae4 tempest-AggregatesAdminTestJSON-1800109976 tempest-AggregatesAdminTestJSON-1800109976-project] Lock "91c5e888-3ba9-45ef-be4c-3a72933bcaac" released by "nova.context.set_target_cell..get_or_set_cached_cell_and_set_connections" :: held 0.000s {{(pid=110604) inner /usr/local/lib/python3.8/dist-packages/oslo_concurrency/lockutils.py:367}}
Sep 22 09:22:59.660262 n-d-805649-4 devstack@n-api.service[110603]: INFO nova.api.openstack.requestlog [None req-39a94dbf-a9c9-4dc4-811b-10606e8f0d6b tempest-FlavorsAccessNegativeTestJSON-832324676 tempest-FlavorsAccessNegativeTestJSON-832324676-project-admin] 10.222.0.49 "POST /compute/v2.1/flavors/532391915/action" status: 200 len: 96 microversion: 2.1 time: 0.249904
Sep 22 09:22:59.673285 n-d-805649-4 devstack@n-api.service[110603]: [pid: 110603|app: 0|req: 68/115] 10.222.0.49 () {60 vars in 1197 bytes} [Wed Sep 22 09:22:59 2021] POST /compute/v2.1/flavors/532391915/action => generated 96 bytes in 254 msecs (HTTP/1.1 200) 9 headers in 356 bytes (1 switches on core 0)
Sep 22 09:22:59.673285 n-d-805649-4 devstack@n-api.service[110603]: DEBUG nova.api.openstack.wsgi [None req-3aac2f8d-b18f-481c-a418-6848140589d6 tempest-FlavorsAccessNegativeTestJSON-1053188408 tempest-FlavorsAccessNegativeTestJSON-1053188408-project] Action: 'action', calling method: >, body: {"removeTenantAccess": {"tenant": "d18a42a762ca4f21bf37582ef0e8ceb8"}} {{(pid=110603) _process_stack /opt/stack/nova/nova/api/openstack/wsgi.py:511}}
Sep 22 09:22:59.676142 n-d-805649-4 devstack@n-api.service[110603]: /usr/local/lib/python3.8/dist-packages/oslo_policy/policy.py:1064: UserWarning: Policy os_compute_api:os-flavor-access:remove_tenant_access failed scope check. The token used to make the request was project scoped but the policy requires ['system'] scope. This behavior may change in the future where using the intended scope is required
Sep 22 09:22:59.676142 n-d-805649-4 devstack@n-api.service[110603]: warnings.warn(msg)
Sep 22 09:22:59.678686 n-d-805649-4 devstack@n-api.service[110603]: DEBUG nova.policy [None req-3aac2f8d-b18f-481c-a418-6848140589d6 tempest-FlavorsAccessNegativeTestJSON-1053188408 tempest-FlavorsAccessNegativeTestJSON-1053188408-project] Policy check for os_compute_api:os-flavor-access:remove_tenant_access failed with credentials {'is_admin': False, 'user_id': '60ec0f87e8f94e7dbd1c123a3b3ec12d', 'user_domain_id': 'default', 'system_scope': None, 'domain_id': None, 'project_id': 'd18a42a762ca4f21bf37582ef0e8ceb8', 'project_domain_id': 'default', 'roles': ['member', 'reader'], 'is_admin_project': True, 'service_user_id': None, 'service_user_domain_id': None, 'service_project_id': None, 'service_project_domain_id': None, 'service_roles': []} {{(pid=110603) authorize /opt/stack/nova/nova/policy.py:199}}
Sep 22 09:22:59.679436 n-d-805649-4 devstack@n-api.service[110603]: DEBUG nova.api.openstack.wsgi [None req-3aac2f8d-b18f-481c-a418-6848140589d6 tempest-FlavorsAccessNegativeTestJSON-1053188408 tempest-FlavorsAccessNegativeTestJSON-1053188408-project] Returning 403 to user: Policy doesn't allow os_compute_api:os-flavor-access:remove_tenant_access to be performed. {{(pid=110603) __call__ /opt/stack/nova/nova/api/openstack/wsgi.py:936}}
Sep 22 09:22:59.680368 n-d-805649-4 devstack@n-api.service[110603]: INFO nova.api.openstack.requestlog [None req-3aac2f8d-b18f-481c-a418-6848140589d6 tempest-FlavorsAccessNegativeTestJSON-1053188408 tempest-FlavorsAccessNegativeTestJSON-1053188408-project] 10.222.0.49 "POST /compute/v2.1/flavors/532391915/action" status: 403 len: 133 microversion: 2.1 time: 0.011480
Sep 22 09:22:59.681049 n-d-805649-4 devstack@n-api.service[110603]: [pid: 110603|app: 0|req: 69/116] 10.222.0.49 () {60 vars in 1197 bytes} [Wed Sep 22 09:22:59 2021] POST /compute/v2.1/flavors/532391915/action => generated 133 bytes in 13 msecs (HTTP/1.1 403) 9 headers in 379 bytes (2 switches on core 0)
Sep 22 09:22:59.688739 n-d-805649-4 devstack@n-api.service[110603]: DEBUG nova.api.openstack.wsgi [None req-0f1ef5b0-1c5e-462c-ba40-1f425eb90c3c tempest-FlavorsAccessNegativeTestJSON-832324676 tempest-FlavorsAccessNegativeTestJSON-832324676-project-admin] Action: 'action', calling method: >, body: {"removeTenantAccess": {"tenant": "d18a42a762ca4f21bf37582ef0e8ceb8"}} {{(pid=110603) _process_stack /opt/stack/nova/nova/api/openstack/wsgi.py:511}}
Sep 22 09:22:59.843353 n-d-805649-4 devstack@n-api.service[110604]: DEBUG nova.policy [None req-6a2764d5-44ec-4857-b8e9-1fcb1a30bae4 tempest-AggregatesAdminTestJSON-1800109976 tempest-AggregatesAdminTestJSON-1800109976-project] Policy check for os_compute_api:os-extended-server-attributes failed with credentials {'is_admin': False, 'user_id': 'f61073bb5e584ffa8dbb96c464ec47fc', 'user_domain_id': 'default', 'system_scope': None, 'domain_id': None, 'project_id': 'c5650d2ac8c44e72ae3c0c1d92eb0e57', 'project_domain_id': 'default', 'roles': ['member', 'reader'], 'is_admin_project': True, 'service_user_id': None, 'service_user_domain_id': None, 'service_project_id': None, 'service_project_domain_id': None, 'service_roles': []} {{(pid=110604) authorize /opt/stack/nova/nova/policy.py:199}}
Sep 22 09:22:59.851046 n-d-805649-4 devstack@n-api.service[110604]: INFO nova.api.openstack.requestlog [None req-6a2764d5-44ec-4857-b8e9-1fcb1a30bae4 tempest-AggregatesAdminTestJSON-1800109976 tempest-AggregatesAdminTestJSON-1800109976-project] 10.222.0.49 "GET /compute/v2.1/servers/00b2182e-bee0-4f91-bb92-f50a77e3135b" status: 200 len: 1339 microversion: 2.1 time: 0.208832
Sep 22 09:22:59.852188 n-d-805649-4 devstack@n-api.service[110604]: [pid: 110604|app: 0|req: 48/117] 10.222.0.49 () {58 vars in 1236 bytes} [Wed Sep 22 09:22:59 2021] GET /compute/v2.1/servers/00b2182e-bee0-4f91-bb92-f50a77e3135b => generated 1339 bytes in 210 msecs (HTTP/1.1 200) 9 headers in 358 bytes (2 switches on core 0)
Sep 22 09:22:59.865171 n-d-805649-4 devstack@n-api.service[110604]: DEBUG nova.api.openstack.wsgi [None req-c8ad7bb9-8dba-4bd8-8cd8-7c5ff76043e9 tempest-ServersAdminNegativeTestJSON-667739898 tempest-ServersAdminNegativeTestJSON-667739898-project] Calling method '>' {{(pid=110604) _process_stack /opt/stack/nova/nova/api/openstack/wsgi.py:513}}
Sep 22 09:22:59.865834 n-d-805649-4 devstack@n-api.service[110604]: DEBUG nova.compute.api [None req-c8ad7bb9-8dba-4bd8-8cd8-7c5ff76043e9 tempest-ServersAdminNegativeTestJSON-667739898 tempest-ServersAdminNegativeTestJSON-667739898-project] [instance: 7f766952-350d-4ee0-928e-4fbd5e82a501] Fetching instance by UUID {{(pid=110604) get /opt/stack/nova/nova/compute/api.py:2863}}
Sep 22 09:22:59.872612 n-d-805649-4 devstack@n-api.service[110604]: DEBUG oslo_concurrency.lockutils [None req-c8ad7bb9-8dba-4bd8-8cd8-7c5ff76043e9 tempest-ServersAdminNegativeTestJSON-667739898 tempest-ServersAdminNegativeTestJSON-667739898-project] Lock "91c5e888-3ba9-45ef-be4c-3a72933bcaac" acquired by "nova.context.set_target_cell..get_or_set_cached_cell_and_set_connections" :: waited 0.000s {{(pid=110604) inner /usr/local/lib/python3.8/dist-packages/oslo_concurrency/lockutils.py:355}}
Sep 22 09:22:59.873377 n-d-805649-4 devstack@n-api.service[110604]: DEBUG oslo_concurrency.lockutils [None req-c8ad7bb9-8dba-4bd8-8cd8-7c5ff76043e9 tempest-ServersAdminNegativeTestJSON-667739898 tempest-ServersAdminNegativeTestJSON-667739898-project] Lock "91c5e888-3ba9-45ef-be4c-3a72933bcaac" released by "nova.context.set_target_cell..get_or_set_cached_cell_and_set_connections" :: held 0.001s {{(pid=110604) inner /usr/local/lib/python3.8/dist-packages/oslo_concurrency/lockutils.py:367}}
Sep 22 09:22:59.874343 n-d-805649-4 devstack@n-api.service[110604]: DEBUG oslo_concurrency.lockutils [None req-c8ad7bb9-8dba-4bd8-8cd8-7c5ff76043e9 tempest-ServersAdminNegativeTestJSON-667739898 tempest-ServersAdminNegativeTestJSON-667739898-project] Lock "91c5e888-3ba9-45ef-be4c-3a72933bcaac" acquired by "nova.context.set_target_cell..get_or_set_cached_cell_and_set_connections" :: waited 0.000s {{(pid=110604) inner /usr/local/lib/python3.8/dist-packages/oslo_concurrency/lockutils.py:355}}
