Sep 22 09:23:39.024716 n-d-805649-4 devstack@n-api.service[110604]: [pid: 110604|app: 0|req: 153/348] 10.222.0.49 () {58 vars in 1200 bytes} [Wed Sep 22 09:23:38 2021] GET /compute/v2.1/flavors/942413037/os-extra_specs => generated 66 bytes in 456 msecs (HTTP/1.1 200) 9 headers in 356 bytes (1 switches on core 0)
Sep 22 09:23:39.046156 n-d-805649-4 devstack@n-api.service[110604]: DEBUG nova.api.openstack.wsgi [req-1c485252-094c-45f0-9a5a-26f01bb918a5 req-e189b892-81ea-476b-8f4a-160dba13fb31 service nova] Action: 'create', calling method: >, body: {"events": [{"server_uuid": "dd42acb2-d29b-49e8-901f-efdf6101e0cc", "name": "network-vif-deleted", "tag": "2256551e-20ae-4a50-bd6a-2517e787d3b2"}]} {{(pid=110604) _process_stack /opt/stack/nova/nova/api/openstack/wsgi.py:511}}
Sep 22 09:23:39.049498 n-d-805649-4 devstack@n-api.service[110604]: /usr/local/lib/python3.8/dist-packages/oslo_policy/policy.py:1064: UserWarning: Policy os_compute_api:os-server-external-events:create failed scope check. The token used to make the request was project scoped but the policy requires ['system'] scope. This behavior may change in the future where using the intended scope is required
Sep 22 09:23:39.049498 n-d-805649-4 devstack@n-api.service[110604]: warnings.warn(msg)
Sep 22 09:23:39.051673 n-d-805649-4 devstack@n-api.service[110603]: DEBUG nova.policy [None req-1ad2ed0e-7c0d-45e7-a3f8-c66b86cdfc47 tempest-LiveMigrationNegativeTest-880813457 tempest-LiveMigrationNegativeTest-880813457-project] Policy check for os_compute_api:os-extended-server-attributes failed with credentials {'is_admin': False, 'user_id': 'f3021b1b1f4b45bc81c9e11630aecc20', 'user_domain_id': 'default', 'system_scope': None, 'domain_id': None, 'project_id': 'cccf4f5c32f64a2aad005f97f6abc32e', 'project_domain_id': 'default', 'roles': ['member', 'reader'], 'is_admin_project': True, 'service_user_id': None, 'service_user_domain_id': None, 'service_project_id': None, 'service_project_domain_id': None, 'service_roles': []} {{(pid=110603) authorize /opt/stack/nova/nova/policy.py:199}}
Sep 22 09:23:39.061063 n-d-805649-4 devstack@n-api.service[110603]: INFO nova.api.openstack.requestlog [None req-1ad2ed0e-7c0d-45e7-a3f8-c66b86cdfc47 tempest-LiveMigrationNegativeTest-880813457 tempest-LiveMigrationNegativeTest-880813457-project] 10.222.0.49 "GET /compute/v2.1/servers/dd42acb2-d29b-49e8-901f-efdf6101e0cc" status: 200 len: 1431 microversion: 2.1 time: 0.129998
Sep 22 09:23:39.062048 n-d-805649-4 devstack@n-api.service[110603]: [pid: 110603|app: 0|req: 196/349] 10.222.0.49 () {58 vars in 1236 bytes} [Wed Sep 22 09:23:38 2021] GET /compute/v2.1/servers/dd42acb2-d29b-49e8-901f-efdf6101e0cc => generated 1431 bytes in 132 msecs (HTTP/1.1 200) 9 headers in 358 bytes (1 switches on core 0)
Sep 22 09:23:39.069838 n-d-805649-4 devstack@n-api.service[110603]: DEBUG nova.api.openstack.wsgi [None req-8071891e-ed7d-4519-9661-fa811a5ad239 tempest-AZAdminV2TestJSON-610833319 tempest-AZAdminV2TestJSON-610833319-project-admin] Calling method '>' {{(pid=110603) _process_stack /opt/stack/nova/nova/api/openstack/wsgi.py:513}}
Sep 22 09:23:39.070783 n-d-805649-4 devstack@n-api.service[110603]: /usr/local/lib/python3.8/dist-packages/oslo_policy/policy.py:1064: UserWarning: Policy os_compute_api:os-availability-zone:detail failed scope check. The token used to make the request was project scoped but the policy requires ['system'] scope. This behavior may change in the future where using the intended scope is required
Sep 22 09:23:39.070783 n-d-805649-4 devstack@n-api.service[110603]: warnings.warn(msg)
Sep 22 09:23:39.073009 n-d-805649-4 devstack@n-api.service[110603]: DEBUG oslo_concurrency.lockutils [None req-8071891e-ed7d-4519-9661-fa811a5ad239 tempest-AZAdminV2TestJSON-610833319 tempest-AZAdminV2TestJSON-610833319-project-admin] Lock "00000000-0000-0000-0000-000000000000" acquired by "nova.context.set_target_cell..get_or_set_cached_cell_and_set_connections" :: waited 0.000s {{(pid=110603) inner /usr/local/lib/python3.8/dist-packages/oslo_concurrency/lockutils.py:355}}
Sep 22 09:23:39.074027 n-d-805649-4 devstack@n-api.service[110603]: DEBUG oslo_concurrency.lockutils [None req-8071891e-ed7d-4519-9661-fa811a5ad239 tempest-AZAdminV2TestJSON-610833319 tempest-AZAdminV2TestJSON-610833319-project-admin] Lock "00000000-0000-0000-0000-000000000000" released by "nova.context.set_target_cell..get_or_set_cached_cell_and_set_connections" :: held 0.001s {{(pid=110603) inner /usr/local/lib/python3.8/dist-packages/oslo_concurrency/lockutils.py:367}}
Sep 22 09:23:39.078447 n-d-805649-4 devstack@n-api.service[110603]: DEBUG oslo_concurrency.lockutils [None req-8071891e-ed7d-4519-9661-fa811a5ad239 tempest-AZAdminV2TestJSON-610833319 tempest-AZAdminV2TestJSON-610833319-project-admin] Lock "91c5e888-3ba9-45ef-be4c-3a72933bcaac" acquired by "nova.context.set_target_cell..get_or_set_cached_cell_and_set_connections" :: waited 0.000s {{(pid=110603) inner /usr/local/lib/python3.8/dist-packages/oslo_concurrency/lockutils.py:355}}
Sep 22 09:23:39.079176 n-d-805649-4 devstack@n-api.service[110603]: DEBUG oslo_concurrency.lockutils [None req-8071891e-ed7d-4519-9661-fa811a5ad239 tempest-AZAdminV2TestJSON-610833319 tempest-AZAdminV2TestJSON-610833319-project-admin] Lock "91c5e888-3ba9-45ef-be4c-3a72933bcaac" released by "nova.context.set_target_cell..get_or_set_cached_cell_and_set_connections" :: held 0.001s {{(pid=110603) inner /usr/local/lib/python3.8/dist-packages/oslo_concurrency/lockutils.py:367}}
Sep 22 09:23:39.080074 n-d-805649-4 devstack@n-api.service[110604]: DEBUG oslo_concurrency.lockutils [req-1c485252-094c-45f0-9a5a-26f01bb918a5 req-e189b892-81ea-476b-8f4a-160dba13fb31 service nova] Lock "91c5e888-3ba9-45ef-be4c-3a72933bcaac" acquired by "nova.context.set_target_cell..get_or_set_cached_cell_and_set_connections" :: waited 0.000s {{(pid=110604) inner /usr/local/lib/python3.8/dist-packages/oslo_concurrency/lockutils.py:355}}
Sep 22 09:23:39.081323 n-d-805649-4 devstack@n-api.service[110604]: DEBUG oslo_concurrency.lockutils [req-1c485252-094c-45f0-9a5a-26f01bb918a5 req-e189b892-81ea-476b-8f4a-160dba13fb31 service nova] Lock "91c5e888-3ba9-45ef-be4c-3a72933bcaac" released by "nova.context.set_target_cell..get_or_set_cached_cell_and_set_connections" :: held 0.001s {{(pid=110604) inner /usr/local/lib/python3.8/dist-packages/oslo_concurrency/lockutils.py:367}}
Sep 22 09:23:39.109473 n-d-805649-4 devstack@n-api.service[110603]: INFO nova.api.openstack.requestlog [None req-8071891e-ed7d-4519-9661-fa811a5ad239 tempest-AZAdminV2TestJSON-610833319 tempest-AZAdminV2TestJSON-610833319-project-admin] 10.222.0.49 "GET /compute/v2.1/os-availability-zone/detail" status: 200 len: 612 microversion: 2.1 time: 0.045846
Sep 22 09:23:39.109730 n-d-805649-4 devstack@n-api.service[110604]: INFO nova.api.openstack.compute.server_external_events [req-1c485252-094c-45f0-9a5a-26f01bb918a5 req-e189b892-81ea-476b-8f4a-160dba13fb31 service nova] Creating event network-vif-deleted:2256551e-20ae-4a50-bd6a-2517e787d3b2 for instance dd42acb2-d29b-49e8-901f-efdf6101e0cc on n-h2-805649-4
Sep 22 09:23:39.110826 n-d-805649-4 devstack@n-api.service[110603]: [pid: 110603|app: 0|req: 197/350] 10.222.0.49 () {58 vars in 1185 bytes} [Wed Sep 22 09:23:39 2021] GET /compute/v2.1/os-availability-zone/detail => generated 612 bytes in 48 msecs (HTTP/1.1 200) 9 headers in 357 bytes (1 switches on core 0)
Sep 22 09:23:39.116545 n-d-805649-4 devstack@n-api.service[110603]: DEBUG nova.api.openstack.wsgi [None req-5060adab-e6dc-4594-b645-cdedd0b56400 tempest-MigrationsAdminTest-333701695 tempest-MigrationsAdminTest-333701695-project] Calling method '>' {{(pid=110603) _process_stack /opt/stack/nova/nova/api/openstack/wsgi.py:513}}
Sep 22 09:23:39.117189 n-d-805649-4 devstack@n-api.service[110603]: DEBUG nova.compute.api [None req-5060adab-e6dc-4594-b645-cdedd0b56400 tempest-MigrationsAdminTest-333701695 tempest-MigrationsAdminTest-333701695-project] [instance: c877ff0e-df4d-45f6-b8c0-62114cadf406] Fetching instance by UUID {{(pid=110603) get /opt/stack/nova/nova/compute/api.py:2863}}
Sep 22 09:23:39.121856 n-d-805649-4 devstack@n-api.service[110604]: INFO nova.api.openstack.requestlog [req-1c485252-094c-45f0-9a5a-26f01bb918a5 req-e189b892-81ea-476b-8f4a-160dba13fb31 service nova] 10.222.0.49 "POST /compute/v2.1/os-server-external-events" status: 200 len: 183 microversion: 2.1 time: 0.098476
Sep 22 09:23:39.126748 n-d-805649-4 devstack@n-api.service[110604]: [pid: 110604|app: 0|req: 154/351] 10.222.0.49 () {64 vars in 1318 bytes} [Wed Sep 22 09:23:39 2021] POST /compute/v2.1/os-server-external-events => generated 183 bytes in 106 msecs (HTTP/1.1 200) 9 headers in 357 bytes (1 switches on core 0)
Sep 22 09:23:39.141247 n-d-805649-4 devstack@n-api.service[110604]: DEBUG nova.api.openstack.wsgi [None req-9465382b-1c8f-478e-981f-692da213c6f7 tempest-FlavorsExtraSpecsTestJSON-1293689454 tempest-FlavorsExtraSpecsTestJSON-1293689454-project-admin] Action: 'create', calling method: >, body: {"extra_specs": {"hw:numa_nodes": "1", "hw:cpu_policy": "shared"}} {{(pid=110604) _process_stack /opt/stack/nova/nova/api/openstack/wsgi.py:511}}
Sep 22 09:23:39.145836 n-d-805649-4 devstack@n-api.service[110603]: DEBUG oslo_concurrency.lockutils [None req-5060adab-e6dc-4594-b645-cdedd0b56400 tempest-MigrationsAdminTest-333701695 tempest-MigrationsAdminTest-333701695-project] Lock "91c5e888-3ba9-45ef-be4c-3a72933bcaac" acquired by "nova.context.set_target_cell..get_or_set_cached_cell_and_set_connections" :: waited 0.000s {{(pid=110603) inner /usr/local/lib/python3.8/dist-packages/oslo_concurrency/lockutils.py:355}}
Sep 22 09:23:39.146010 n-d-805649-4 devstack@n-api.service[110603]: DEBUG oslo_concurrency.lockutils [None req-5060adab-e6dc-4594-b645-cdedd0b56400 tempest-MigrationsAdminTest-333701695 tempest-MigrationsAdminTest-333701695-project] Lock "91c5e888-3ba9-45ef-be4c-3a72933bcaac" released by "nova.context.set_target_cell..get_or_set_cached_cell_and_set_connections" :: held 0.001s {{(pid=110603) inner /usr/local/lib/python3.8/dist-packages/oslo_concurrency/lockutils.py:367}}
Sep 22 09:23:39.146782 n-d-805649-4 devstack@n-api.service[110603]: DEBUG oslo_concurrency.lockutils [None req-5060adab-e6dc-4594-b645-cdedd0b56400 tempest-MigrationsAdminTest-333701695 tempest-MigrationsAdminTest-333701695-project] Lock "91c5e888-3ba9-45ef-be4c-3a72933bcaac" acquired by "nova.context.set_target_cell..get_or_set_cached_cell_and_set_connections" :: waited 0.000s {{(pid=110603) inner /usr/local/lib/python3.8/dist-packages/oslo_concurrency/lockutils.py:355}}
Sep 22 09:23:39.147220 n-d-805649-4 devstack@n-api.service[110603]: DEBUG oslo_concurrency.lockutils [None req-5060adab-e6dc-4594-b645-cdedd0b56400 tempest-MigrationsAdminTest-333701695 tempest-MigrationsAdminTest-333701695-project] Lock "91c5e888-3ba9-45ef-be4c-3a72933bcaac" released by "nova.context.set_target_cell..get_or_set_cached_cell_and_set_connections" :: held 0.000s {{(pid=110603) inner /usr/local/lib/python3.8/dist-packages/oslo_concurrency/lockutils.py:367}}
Sep 22 09:23:39.149052 n-d-805649-4 devstack@n-api.service[110604]: /usr/local/lib/python3.8/dist-packages/oslo_policy/policy.py:1064: UserWarning: Policy os_compute_api:os-flavor-extra-specs:create failed scope check. The token used to make the request was project scoped but the policy requires ['system'] scope. This behavior may change in the future where using the intended scope is required
Sep 22 09:23:39.149052 n-d-805649-4 devstack@n-api.service[110604]: warnings.warn(msg)
Sep 22 09:23:39.210672 n-d-805649-4 devstack@n-api.service[110604]: INFO nova.api.openstack.requestlog [None req-9465382b-1c8f-478e-981f-692da213c6f7 tempest-FlavorsExtraSpecsTestJSON-1293689454 tempest-FlavorsExtraSpecsTestJSON-1293689454-project-admin] 10.222.0.49 "POST /compute/v2.1/flavors/942413037/os-extra_specs" status: 200 len: 66 microversion: 2.1 time: 0.079384
Sep 22 09:23:39.217196 n-d-805649-4 devstack@n-api.service[110604]: [pid: 110604|app: 0|req: 155/352] 10.222.0.49 () {60 vars in 1221 bytes} [Wed Sep 22 09:23:39 2021] POST /compute/v2.1/flavors/942413037/os-extra_specs => generated 66 bytes in 87 msecs (HTTP/1.1 200) 9 headers in 356 bytes (1 switches on core 0)
Sep 22 09:23:39.231258 n-d-805649-4 devstack@n-api.service[110604]: DEBUG nova.api.openstack.wsgi [None req-4003ee82-f2da-437d-9e70-8c27c1fa680b tempest-FlavorsExtraSpecsTestJSON-1239653277 tempest-FlavorsExtraSpecsTestJSON-1239653277-project] Calling method '>' {{(pid=110604) _process_stack /opt/stack/nova/nova/api/openstack/wsgi.py:513}}
Sep 22 09:23:39.246373 n-d-805649-4 devstack@n-api.service[110604]: INFO nova.api.openstack.requestlog [None req-4003ee82-f2da-437d-9e70-8c27c1fa680b tempest-FlavorsExtraSpecsTestJSON-1239653277 tempest-FlavorsExtraSpecsTestJSON-1239653277-project] 10.222.0.49 "GET /compute/v2.1/flavors/942413037/os-extra_specs/hw:numa_nodes" status: 200 len: 22 microversion: 2.1 time: 0.023298
Sep 22 09:23:39.247267 n-d-805649-4 devstack@n-api.service[110604]: [pid: 110604|app: 0|req: 156/353] 10.222.0.49 () {58 vars in 1242 bytes} [Wed Sep 22 09:23:39 2021] GET /compute/v2.1/flavors/942413037/os-extra_specs/hw:numa_nodes => generated 22 bytes in 25 msecs (HTTP/1.1 200) 9 headers in 356 bytes (1 switches on core 0)
Sep 22 09:23:39.277422 n-d-805649-4 devstack@n-api.service[110604]: DEBUG nova.api.openstack.wsgi [None req-85115728-eadb-4f53-bfca-4583bd433818 tempest-FlavorsExtraSpecsTestJSON-1293689454 tempest-FlavorsExtraSpecsTestJSON-1293689454-project-admin] Action: 'create', calling method: >, body: {"extra_specs": {"hw:numa_nodes": "1", "hw:cpu_policy": "shared"}} {{(pid=110604) _process_stack /opt/stack/nova/nova/api/openstack/wsgi.py:511}}
Sep 22 09:23:39.340119 n-d-805649-4 devstack@n-api.service[110604]: INFO nova.api.openstack.requestlog [None req-85115728-eadb-4f53-bfca-4583bd433818 tempest-FlavorsExtraSpecsTestJSON-1293689454 tempest-FlavorsExtraSpecsTestJSON-1293689454-project-admin] 10.222.0.49 "POST /compute/v2.1/flavors/942413037/os-extra_specs" status: 200 len: 66 microversion: 2.1 time: 0.077487
Sep 22 09:23:39.344264 n-d-805649-4 devstack@n-api.service[110604]: [pid: 110604|app: 0|req: 157/354] 10.222.0.49 () {60 vars in 1221 bytes} [Wed Sep 22 09:23:39 2021] POST /compute/v2.1/flavors/942413037/os-extra_specs => generated 66 bytes in 82 msecs (HTTP/1.1 200) 9 headers in 356 bytes (1 switches on core 0)
Sep 22 09:23:39.351958 n-d-805649-4 devstack@n-api.service[110604]: DEBUG nova.api.openstack.wsgi [None req-b013fd07-7e39-474e-9393-0d9833a0ecb5 tempest-FlavorsExtraSpecsTestJSON-1293689454 tempest-FlavorsExtraSpecsTestJSON-1293689454-project-admin] Calling method '>' {{(pid=110604) _process_stack /opt/stack/nova/nova/api/openstack/wsgi.py:513}}
Sep 22 09:23:39.372661 n-d-805649-4 devstack@n-api.service[110604]: INFO nova.api.openstack.requestlog [None req-b013fd07-7e39-474e-9393-0d9833a0ecb5 tempest-FlavorsExtraSpecsTestJSON-1293689454 tempest-FlavorsExtraSpecsTestJSON-1293689454-project-admin] 10.222.0.49 "GET /compute/v2.1/flavors/942413037/os-extra_specs" status: 200 len: 66 microversion: 2.1 time: 0.024667
Sep 22 09:23:39.379384 n-d-805649-4 devstack@n-api.service[110604]: [pid: 110604|app: 0|req: 158/355] 10.222.0.49 () {58 vars in 1200 bytes} [Wed Sep 22 09:23:39 2021] GET /compute/v2.1/flavors/942413037/os-extra_specs => generated 66 bytes in 30 msecs (HTTP/1.1 200) 9 headers in 356 bytes (1 switches on core 0)
Sep 22 09:23:39.392379 n-d-805649-4 devstack@n-api.service[110603]: DEBUG nova.policy [None req-5060adab-e6dc-4594-b645-cdedd0b56400 tempest-MigrationsAdminTest-333701695 tempest-MigrationsAdminTest-333701695-project] Policy check for os_compute_api:os-extended-server-attributes failed with credentials {'is_admin': False, 'user_id': '8ad779e01471410387569db2881c396f', 'user_domain_id': 'default', 'system_scope': None, 'domain_id': None, 'project_id': '1cf14f0d57b04db4bde24027d9724d39', 'project_domain_id': 'default', 'roles': ['member', 'reader'], 'is_admin_project': True, 'service_user_id': None, 'service_user_domain_id': None, 'service_project_id': None, 'service_project_domain_id': None, 'service_roles': []} {{(pid=110603) authorize /opt/stack/nova/nova/policy.py:199}}
Sep 22 09:23:39.399526 n-d-805649-4 devstack@n-api.service[110604]: DEBUG nova.api.openstack.wsgi [None req-118f6ad6-f82b-4c4c-b80b-a8cf3c9dcab9 tempest-FlavorsExtraSpecsTestJSON-1293689454 tempest-FlavorsExtraSpecsTestJSON-1293689454-project-admin] Action: 'update', calling method: >, body: {"hw:numa_nodes": "2"} {{(pid=110604) _process_stack /opt/stack/nova/nova/api/openstack/wsgi.py:511}}
Sep 22 09:23:39.399526 n-d-805649-4 devstack@n-api.service[110604]: /usr/local/lib/python3.8/dist-packages/oslo_policy/policy.py:1064: UserWarning: Policy os_compute_api:os-flavor-extra-specs:update failed scope check. The token used to make the request was project scoped but the policy requires ['system'] scope. This behavior may change in the future where using the intended scope is required
Sep 22 09:23:39.399526 n-d-805649-4 devstack@n-api.service[110604]: warnings.warn(msg)
Sep 22 09:23:39.402113 n-d-805649-4 devstack@n-api.service[110603]: INFO nova.api.openstack.requestlog [None req-5060adab-e6dc-4594-b645-cdedd0b56400 tempest-MigrationsAdminTest-333701695 tempest-MigrationsAdminTest-333701695-project] 10.222.0.49 "GET /compute/v2.1/servers/c877ff0e-df4d-45f6-b8c0-62114cadf406" status: 200 len: 1477 microversion: 2.1 time: 0.290141
Sep 22 09:23:39.403198 n-d-805649-4 devstack@n-api.service[110603]: [pid: 110603|app: 0|req: 198/356] 10.222.0.49 () {58 vars in 1236 bytes} [Wed Sep 22 09:23:39 2021] GET /compute/v2.1/servers/c877ff0e-df4d-45f6-b8c0-62114cadf406 => generated 1477 bytes in 292 msecs (HTTP/1.1 200) 9 headers in 358 bytes (1 switches on core 0)
Sep 22 09:23:39.454042 n-d-805649-4 devstack@n-api.service[110603]: DEBUG nova.api.openstack.wsgi [None req-b9695ee1-653f-4514-b01e-59490c4131ad tempest-ServersAdminNegativeTestJSON-667739898 tempest-ServersAdminNegativeTestJSON-667739898-project] Calling method '>' {{(pid=110603) _process_stack /opt/stack/nova/nova/api/openstack/wsgi.py:513}}
Sep 22 09:23:39.454939 n-d-805649-4 devstack@n-api.service[110603]: DEBUG nova.compute.api [None req-b9695ee1-653f-4514-b01e-59490c4131ad tempest-ServersAdminNegativeTestJSON-667739898 tempest-ServersAdminNegativeTestJSON-667739898-project] [instance: 7f766952-350d-4ee0-928e-4fbd5e82a501] Fetching instance by UUID {{(pid=110603) get /opt/stack/nova/nova/compute/api.py:2863}}
Sep 22 09:23:39.469026 n-d-805649-4 devstack@n-api.service[110603]: DEBUG oslo_concurrency.lockutils [None req-b9695ee1-653f-4514-b01e-59490c4131ad tempest-ServersAdminNegativeTestJSON-667739898 tempest-ServersAdminNegativeTestJSON-667739898-project] Lock "91c5e888-3ba9-45ef-be4c-3a72933bcaac" acquired by "nova.context.set_target_cell..get_or_set_cached_cell_and_set_connections" :: waited 0.000s {{(pid=110603) inner /usr/local/lib/python3.8/dist-packages/oslo_concurrency/lockutils.py:355}}
Sep 22 09:23:39.469746 n-d-805649-4 devstack@n-api.service[110603]: DEBUG oslo_concurrency.lockutils [None req-b9695ee1-653f-4514-b01e-59490c4131ad tempest-ServersAdminNegativeTestJSON-667739898 tempest-ServersAdminNegativeTestJSON-667739898-project] Lock "91c5e888-3ba9-45ef-be4c-3a72933bcaac" released by "nova.context.set_target_cell..get_or_set_cached_cell_and_set_connections" :: held 0.001s {{(pid=110603) inner /usr/local/lib/python3.8/dist-packages/oslo_concurrency/lockutils.py:367}}
Sep 22 09:23:39.471786 n-d-805649-4 devstack@n-api.service[110603]: DEBUG oslo_concurrency.lockutils [None req-b9695ee1-653f-4514-b01e-59490c4131ad tempest-ServersAdminNegativeTestJSON-667739898 tempest-ServersAdminNegativeTestJSON-667739898-project] Lock "91c5e888-3ba9-45ef-be4c-3a72933bcaac" acquired by "nova.context.set_target_cell..get_or_set_cached_cell_and_set_connections" :: waited 0.000s {{(pid=110603) inner /usr/local/lib/python3.8/dist-packages/oslo_concurrency/lockutils.py:355}}
Sep 22 09:23:39.473717 n-d-805649-4 devstack@n-api.service[110603]: DEBUG oslo_concurrency.lockutils [None req-b9695ee1-653f-4514-b01e-59490c4131ad tempest-ServersAdminNegativeTestJSON-667739898 tempest-ServersAdminNegativeTestJSON-667739898-project] Lock "91c5e888-3ba9-45ef-be4c-3a72933bcaac" released by "nova.context.set_target_cell..get_or_set_cached_cell_and_set_connections" :: held 0.002s {{(pid=110603) inner /usr/local/lib/python3.8/dist-packages/oslo_concurrency/lockutils.py:367}}
Sep 22 09:23:39.568293 n-d-805649-4 devstack@n-api.service[110604]: INFO nova.api.openstack.requestlog [None req-118f6ad6-f82b-4c4c-b80b-a8cf3c9dcab9 tempest-FlavorsExtraSpecsTestJSON-1293689454 tempest-FlavorsExtraSpecsTestJSON-1293689454-project-admin] 10.222.0.49 "PUT /compute/v2.1/flavors/942413037/os-extra_specs/hw:numa_nodes" status: 200 len: 22 microversion: 2.1 time: 0.186197
Sep 22 09:23:39.569705 n-d-805649-4 devstack@n-api.service[110604]: [pid: 110604|app: 0|req: 159/357] 10.222.0.49 () {60 vars in 1262 bytes} [Wed Sep 22 09:23:39 2021] PUT /compute/v2.1/flavors/942413037/os-extra_specs/hw:numa_nodes => generated 22 bytes in 190 msecs (HTTP/1.1 200) 9 headers in 356 bytes (1 switches on core 0)
Sep 22 09:23:39.584381 n-d-805649-4 devstack@n-api.service[110604]: DEBUG nova.api.openstack.wsgi [None req-dc62b60c-bbb0-442b-b320-b2d018ba8dc4 tempest-FlavorsExtraSpecsTestJSON-1293689454 tempest-FlavorsExtraSpecsTestJSON-1293689454-project-admin] Calling method '>' {{(pid=110604) _process_stack /opt/stack/nova/nova/api/openstack/wsgi.py:513}}
Sep 22 09:23:39.593943 n-d-805649-4 devstack@n-api.service[110604]: INFO nova.api.openstack.requestlog [None req-dc62b60c-bbb0-442b-b320-b2d018ba8dc4 tempest-FlavorsExtraSpecsTestJSON-1293689454 tempest-FlavorsExtraSpecsTestJSON-1293689454-project-admin] 10.222.0.49 "GET /compute/v2.1/flavors/942413037/os-extra_specs" status: 200 len: 66 microversion: 2.1 time: 0.014392
Sep 22 09:23:39.599882 n-d-805649-4 devstack@n-api.service[110604]: [pid: 110604|app: 0|req: 160/358] 10.222.0.49 () {58 vars in 1200 bytes} [Wed Sep 22 09:23:39 2021] GET /compute/v2.1/flavors/942413037/os-extra_specs => generated 66 bytes in 21 msecs (HTTP/1.1 200) 9 headers in 356 bytes (1 switches on core 0)
Sep 22 09:23:39.606424 n-d-805649-4 devstack@n-api.service[110604]: DEBUG nova.api.openstack.wsgi [None req-34726473-26bc-4cad-a0ab-783c5cbd51ba tempest-FlavorsExtraSpecsTestJSON-1293689454 tempest-FlavorsExtraSpecsTestJSON-1293689454-project-admin] Calling method '>' {{(pid=110604) _process_stack /opt/stack/nova/nova/api/openstack/wsgi.py:513}}
Sep 22 09:23:39.607371 n-d-805649-4 devstack@n-api.service[110604]: /usr/local/lib/python3.8/dist-packages/oslo_policy/policy.py:1064: UserWarning: Policy os_compute_api:os-flavor-extra-specs:delete failed scope check. The token used to make the request was project scoped but the policy requires ['system'] scope. This behavior may change in the future where using the intended scope is required
Sep 22 09:23:39.607371 n-d-805649-4 devstack@n-api.service[110604]: warnings.warn(msg)
Sep 22 09:23:39.734485 n-d-805649-4 devstack@n-api.service[110604]: INFO nova.api.openstack.requestlog [None req-34726473-26bc-4cad-a0ab-783c5cbd51ba tempest-FlavorsExtraSpecsTestJSON-1293689454 tempest-FlavorsExtraSpecsTestJSON-1293689454-project-admin] 10.222.0.49 "DELETE /compute/v2.1/flavors/942413037/os-extra_specs/hw:numa_nodes" status: 200 len: 0 microversion: 2.1 time: 0.132732
Sep 22 09:23:39.735087 n-d-805649-4 devstack@n-api.service[110604]: [pid: 110604|app: 0|req: 161/359] 10.222.0.49 () {58 vars in 1245 bytes} [Wed Sep 22 09:23:39 2021] DELETE /compute/v2.1/flavors/942413037/os-extra_specs/hw:numa_nodes => generated 0 bytes in 134 msecs (HTTP/1.1 200) 9 headers in 355 bytes (1 switches on core 0)
Sep 22 09:23:39.753002 n-d-805649-4 devstack@n-api.service[110604]: DEBUG nova.api.openstack.wsgi [None req-7883b046-c357-4968-bd06-58a803cadccf tempest-LiveAutoBlockMigrationV225Test-347273989 tempest-LiveAutoBlockMigrationV225Test-347273989-project] Calling method '>' {{(pid=110604) _process_stack /opt/stack/nova/nova/api/openstack/wsgi.py:513}}
Sep 22 09:23:39.755913 n-d-805649-4 devstack@n-api.service[110604]: DEBUG nova.compute.api [None req-7883b046-c357-4968-bd06-58a803cadccf tempest-LiveAutoBlockMigrationV225Test-347273989 tempest-LiveAutoBlockMigrationV225Test-347273989-project] [instance: f5132235-51a5-4025-b7f9-d840ac83fd2b] Fetching instance by UUID {{(pid=110604) get /opt/stack/nova/nova/compute/api.py:2863}}
Sep 22 09:23:39.772018 n-d-805649-4 devstack@n-api.service[110603]: DEBUG nova.policy [None req-b9695ee1-653f-4514-b01e-59490c4131ad tempest-ServersAdminNegativeTestJSON-667739898 tempest-ServersAdminNegativeTestJSON-667739898-project] Policy check for os_compute_api:os-extended-server-attributes failed with credentials {'is_admin': False, 'user_id': '5691fe3c3f694d2ebbc2e0bd14bab2cd', 'user_domain_id': 'default', 'system_scope': None, 'domain_id': None, 'project_id': '1751bfb8c7754c5e873ac1c3d69929ef', 'project_domain_id': 'default', 'roles': ['member', 'reader'], 'is_admin_project': True, 'service_user_id': None, 'service_user_domain_id': None, 'service_project_id': None, 'service_project_domain_id': None, 'service_roles': []} {{(pid=110603) authorize /opt/stack/nova/nova/policy.py:199}}
Sep 22 09:23:39.784802 n-d-805649-4 devstack@n-api.service[110603]: INFO nova.api.openstack.requestlog [None req-b9695ee1-653f-4514-b01e-59490c4131ad tempest-ServersAdminNegativeTestJSON-667739898 tempest-ServersAdminNegativeTestJSON-667739898-project] 10.222.0.49 "GET /compute/v2.1/servers/7f766952-350d-4ee0-928e-4fbd5e82a501" status: 200 len: 1477 microversion: 2.1 time: 0.331349
Sep 22 09:23:39.787083 n-d-805649-4 devstack@n-api.service[110603]: [pid: 110603|app: 0|req: 199/360] 10.222.0.49 () {58 vars in 1236 bytes} [Wed Sep 22 09:23:39 2021] GET /compute/v2.1/servers/7f766952-350d-4ee0-928e-4fbd5e82a501 => generated 1477 bytes in 337 msecs (HTTP/1.1 200) 9 headers in 358 bytes (1 switches on core 0)
Sep 22 09:23:39.791290 n-d-805649-4 devstack@n-api.service[110604]: DEBUG oslo_concurrency.lockutils [None req-7883b046-c357-4968-bd06-58a803cadccf tempest-LiveAutoBlockMigrationV225Test-347273989 tempest-LiveAutoBlockMigrationV225Test-347273989-project] Lock "91c5e888-3ba9-45ef-be4c-3a72933bcaac" acquired by "nova.context.set_target_cell..get_or_set_cached_cell_and_set_connections" :: waited 0.000s {{(pid=110604) inner /usr/local/lib/python3.8/dist-packages/oslo_concurrency/lockutils.py:355}}
Sep 22 09:23:39.791725 n-d-805649-4 devstack@n-api.service[110604]: DEBUG oslo_concurrency.lockutils [None req-7883b046-c357-4968-bd06-58a803cadccf tempest-LiveAutoBlockMigrationV225Test-347273989 tempest-LiveAutoBlockMigrationV225Test-347273989-project] Lock "91c5e888-3ba9-45ef-be4c-3a72933bcaac" released by "nova.context.set_target_cell..get_or_set_cached_cell_and_set_connections" :: held 0.002s {{(pid=110604) inner /usr/local/lib/python3.8/dist-packages/oslo_concurrency/lockutils.py:367}}
Sep 22 09:23:39.793227 n-d-805649-4 devstack@n-api.service[110604]: DEBUG oslo_concurrency.lockutils [None req-7883b046-c357-4968-bd06-58a803cadccf tempest-LiveAutoBlockMigrationV225Test-347273989 tempest-LiveAutoBlockMigrationV225Test-347273989-project] Lock "91c5e888-3ba9-45ef-be4c-3a72933bcaac" acquired by "nova.context.set_target_cell..get_or_set_cached_cell_and_set_connections" :: waited 0.000s {{(pid=110604) inner /usr/local/lib/python3.8/dist-packages/oslo_concurrency/lockutils.py:355}}
Sep 22 09:23:39.793869 n-d-805649-4 devstack@n-api.service[110604]: DEBUG oslo_concurrency.lockutils [None req-7883b046-c357-4968-bd06-58a803cadccf tempest-LiveAutoBlockMigrationV225Test-347273989 tempest-LiveAutoBlockMigrationV225Test-347273989-project] Lock "91c5e888-3ba9-45ef-be4c-3a72933bcaac" released by "nova.context.set_target_cell..get_or_set_cached_cell_and_set_connections" :: held 0.001s {{(pid=110604) inner /usr/local/lib/python3.8/dist-packages/oslo_concurrency/lockutils.py:367}}
Sep 22 09:23:39.798682 n-d-805649-4 devstack@n-api.service[110603]: DEBUG nova.api.openstack.wsgi [None req-77d15ebf-eebf-4d6e-8ccd-7961e1e72662 tempest-FlavorsExtraSpecsTestJSON-1293689454 tempest-FlavorsExtraSpecsTestJSON-1293689454-project-admin] Calling method '>' {{(pid=110603) _process_stack /opt/stack/nova/nova/api/openstack/wsgi.py:513}}
Sep 22 09:23:39.802056 n-d-805649-4 devstack@n-api.service[110603]: /usr/local/lib/python3.8/dist-packages/oslo_policy/policy.py:1064: UserWarning: Policy os_compute_api:os-flavor-extra-specs:delete failed scope check. The token used to make the request was project scoped but the policy requires ['system'] scope. This behavior may change in the future where using the intended scope is required
Sep 22 09:23:39.802056 n-d-805649-4 devstack@n-api.service[110603]: warnings.warn(msg)
Sep 22 09:23:39.957713 n-d-805649-4 devstack@n-api.service[110603]: INFO nova.api.openstack.requestlog [None req-77d15ebf-eebf-4d6e-8ccd-7961e1e72662 tempest-FlavorsExtraSpecsTestJSON-1293689454 tempest-FlavorsExtraSpecsTestJSON-1293689454-project-admin] 10.222.0.49 "DELETE /compute/v2.1/flavors/942413037/os-extra_specs/hw:cpu_policy" status: 200 len: 0 microversion: 2.1 time: 0.169560
Sep 22 09:23:39.964429 n-d-805649-4 devstack@n-api.service[110603]: [pid: 110603|app: 0|req: 200/361] 10.222.0.49 () {58 vars in 1245 bytes} [Wed Sep 22 09:23:39 2021] DELETE /compute/v2.1/flavors/942413037/os-extra_specs/hw:cpu_policy => generated 0 bytes in 177 msecs (HTTP/1.1 200) 9 headers in 355 bytes (1 switches on core 0)
Sep 22 09:23:39.976017 n-d-805649-4 devstack@n-api.service[110603]: DEBUG nova.api.openstack.wsgi [None req-7b9f900b-c309-4d68-96f2-54f60c575b03 tempest-FlavorsExtraSpecsTestJSON-1293689454 tempest-FlavorsExtraSpecsTestJSON-1293689454-project-admin] Calling method '>' {{(pid=110603) _process_stack /opt/stack/nova/nova/api/openstack/wsgi.py:513}}
Sep 22 09:23:39.998845 n-d-805649-4 devstack@n-api.service[110603]: INFO nova.api.openstack.requestlog [None req-7b9f900b-c309-4d68-96f2-54f60c575b03 tempest-FlavorsExtraSpecsTestJSON-1293689454 tempest-FlavorsExtraSpecsTestJSON-1293689454-project-admin] 10.222.0.49 "GET /compute/v2.1/flavors/942413037/os-extra_specs" status: 200 len: 19 microversion: 2.1 time: 0.032848
Sep 22 09:23:40.000339 n-d-805649-4 devstack@n-api.service[110603]: [pid: 110603|app: 0|req: 201/362] 10.222.0.49 () {58 vars in 1200 bytes} [Wed Sep 22 09:23:39 2021] GET /compute/v2.1/flavors/942413037/os-extra_specs => generated 19 bytes in 35 msecs (HTTP/1.1 200) 9 headers in 356 bytes (1 switches on core 0)
Sep 22 09:23:40.010583 n-d-805649-4 devstack@n-api.service[110603]: DEBUG nova.api.openstack.wsgi [None req-b0c81970-747c-420f-88f2-67e7fbae38e6 tempest-FlavorsExtraSpecsTestJSON-1293689454 tempest-FlavorsExtraSpecsTestJSON-1293689454-project-admin] Calling method '>' {{(pid=110603) _process_stack /opt/stack/nova/nova/api/openstack/wsgi.py:513}}
Sep 22 09:23:40.011866 n-d-805649-4 devstack@n-api.service[110603]: /usr/local/lib/python3.8/dist-packages/oslo_policy/policy.py:1064: UserWarning: Policy os_compute_api:os-flavor-manage:delete failed scope check. The token used to make the request was project scoped but the policy requires ['system'] scope. This behavior may change in the future where using the intended scope is required
Sep 22 09:23:40.011866 n-d-805649-4 devstack@n-api.service[110603]: warnings.warn(msg)
Sep 22 09:23:40.057594 n-d-805649-4 devstack@n-api.service[110604]: DEBUG nova.policy [None req-7883b046-c357-4968-bd06-58a803cadccf tempest-LiveAutoBlockMigrationV225Test-347273989 tempest-LiveAutoBlockMigrationV225Test-347273989-project] Policy check for os_compute_api:os-extended-server-attributes failed with credentials {'is_admin': False, 'user_id': '66968a02752446d2a2bacb7d9e70055b', 'user_domain_id': 'default', 'system_scope': None, 'domain_id': None, 'project_id': 'c5e50368fa5242f5942a8543dc7c27ba', 'project_domain_id': 'default', 'roles': ['member', 'reader'], 'is_admin_project': True, 'service_user_id': None, 'service_user_domain_id': None, 'service_project_id': None, 'service_project_domain_id': None, 'service_roles': []} {{(pid=110604) authorize /opt/stack/nova/nova/policy.py:199}}
Sep 22 09:23:40.092967 n-d-805649-4 devstack@n-api.service[110604]: DEBUG nova.policy [None req-7883b046-c357-4968-bd06-58a803cadccf tempest-LiveAutoBlockMigrationV225Test-347273989 tempest-LiveAutoBlockMigrationV225Test-347273989-project] Policy check for os_compute_api:servers:show:host_status failed with credentials {'is_admin': False, 'user_id': '66968a02752446d2a2bacb7d9e70055b', 'user_domain_id': 'default', 'system_scope': None, 'domain_id': None, 'project_id': 'c5e50368fa5242f5942a8543dc7c27ba', 'project_domain_id': 'default', 'roles': ['member', 'reader'], 'is_admin_project': True, 'service_user_id': None, 'service_user_domain_id': None, 'service_project_id': None, 'service_project_domain_id': None, 'service_roles': []} {{(pid=110604) authorize /opt/stack/nova/nova/policy.py:199}}
Sep 22 09:23:40.092967 n-d-805649-4 devstack@n-api.service[110604]: DEBUG nova.policy [None req-7883b046-c357-4968-bd06-58a803cadccf tempest-LiveAutoBlockMigrationV225Test-347273989 tempest-LiveAutoBlockMigrationV225Test-347273989-project] Policy check for os_compute_api:servers:show:host_status:unknown-only failed with credentials {'is_admin': False, 'user_id': '66968a02752446d2a2bacb7d9e70055b', 'user_domain_id': 'default', 'system_scope': None, 'domain_id': None, 'project_id': 'c5e50368fa5242f5942a8543dc7c27ba', 'project_domain_id': 'default', 'roles': ['member', 'reader'], 'is_admin_project': True, 'service_user_id': None, 'service_user_domain_id': None, 'service_project_id': None, 'service_project_domain_id': None, 'service_roles': []} {{(pid=110604) authorize /opt/stack/nova/nova/policy.py:199}}
Sep 22 09:23:40.092967 n-d-805649-4 devstack@n-api.service[110604]: INFO nova.api.openstack.requestlog [None req-7883b046-c357-4968-bd06-58a803cadccf tempest-LiveAutoBlockMigrationV225Test-347273989 tempest-LiveAutoBlockMigrationV225Test-347273989-project] 10.222.0.49 "GET /compute/v2.1/servers/f5132235-51a5-4025-b7f9-d840ac83fd2b" status: 200 len: 1362 microversion: 2.25 time: 0.337936
Sep 22 09:23:40.093311 n-d-805649-4 devstack@n-api.service[110604]: [pid: 110604|app: 0|req: 162/363] 10.222.0.49 () {60 vars in 1277 bytes} [Wed Sep 22 09:23:39 2021] GET /compute/v2.1/servers/f5132235-51a5-4025-b7f9-d840ac83fd2b => generated 1362 bytes in 344 msecs (HTTP/1.1 200) 9 headers in 360 bytes (1 switches on core 0)
Sep 22 09:23:40.100628 n-d-805649-4 devstack@n-api.service[110604]: DEBUG nova.api.openstack.wsgi [None req-4d6cbce9-d28b-4b56-b537-4a215b770a7a tempest-LiveMigrationNegativeTest-880813457 tempest-LiveMigrationNegativeTest-880813457-project] Calling method '>' {{(pid=110604) _process_stack /opt/stack/nova/nova/api/openstack/wsgi.py:513}}
Sep 22 09:23:40.102085 n-d-805649-4 devstack@n-api.service[110604]: DEBUG nova.compute.api [None req-4d6cbce9-d28b-4b56-b537-4a215b770a7a tempest-LiveMigrationNegativeTest-880813457 tempest-LiveMigrationNegativeTest-880813457-project] [instance: dd42acb2-d29b-49e8-901f-efdf6101e0cc] Fetching instance by UUID {{(pid=110604) get /opt/stack/nova/nova/compute/api.py:2863}}
Sep 22 09:23:40.108851 n-d-805649-4 devstack@n-api.service[110604]: DEBUG oslo_concurrency.lockutils [None req-4d6cbce9-d28b-4b56-b537-4a215b770a7a tempest-LiveMigrationNegativeTest-880813457 tempest-LiveMigrationNegativeTest-880813457-project] Lock "91c5e888-3ba9-45ef-be4c-3a72933bcaac" acquired by "nova.context.set_target_cell..get_or_set_cached_cell_and_set_connections" :: waited 0.000s {{(pid=110604) inner /usr/local/lib/python3.8/dist-packages/oslo_concurrency/lockutils.py:355}}
Sep 22 09:23:40.109868 n-d-805649-4 devstack@n-api.service[110604]: DEBUG oslo_concurrency.lockutils [None req-4d6cbce9-d28b-4b56-b537-4a215b770a7a tempest-LiveMigrationNegativeTest-880813457 tempest-LiveMigrationNegativeTest-880813457-project] Lock "91c5e888-3ba9-45ef-be4c-3a72933bcaac" released by "nova.context.set_target_cell..get_or_set_cached_cell_and_set_connections" :: held 0.001s {{(pid=110604) inner /usr/local/lib/python3.8/dist-packages/oslo_concurrency/lockutils.py:367}}
Sep 22 09:23:40.110853 n-d-805649-4 devstack@n-api.service[110604]: DEBUG oslo_concurrency.lockutils [None req-4d6cbce9-d28b-4b56-b537-4a215b770a7a tempest-LiveMigrationNegativeTest-880813457 tempest-LiveMigrationNegativeTest-880813457-project] Lock "91c5e888-3ba9-45ef-be4c-3a72933bcaac" acquired by "nova.context.set_target_cell..get_or_set_cached_cell_and_set_connections" :: waited 0.000s {{(pid=110604) inner /usr/local/lib/python3.8/dist-packages/oslo_concurrency/lockutils.py:355}}
Sep 22 09:23:40.111698 n-d-805649-4 devstack@n-api.service[110604]: DEBUG oslo_concurrency.lockutils [None req-4d6cbce9-d28b-4b56-b537-4a215b770a7a tempest-LiveMigrationNegativeTest-880813457 tempest-LiveMigrationNegativeTest-880813457-project] Lock "91c5e888-3ba9-45ef-be4c-3a72933bcaac" released by "nova.context.set_target_cell..get_or_set_cached_cell_and_set_connections" :: held 0.001s {{(pid=110604) inner /usr/local/lib/python3.8/dist-packages/oslo_concurrency/lockutils.py:367}}
Sep 22 09:23:40.156919 n-d-805649-4 devstack@n-api.service[110603]: INFO nova.api.openstack.requestlog [None req-b0c81970-747c-420f-88f2-67e7fbae38e6 tempest-FlavorsExtraSpecsTestJSON-1293689454 tempest-FlavorsExtraSpecsTestJSON-1293689454-project-admin] 10.222.0.49 "DELETE /compute/v2.1/flavors/942413037" status: 202 len: 0 microversion: 2.1 time: 0.150138
Sep 22 09:23:40.160752 n-d-805649-4 devstack@n-api.service[110603]: [pid: 110603|app: 0|req: 202/364] 10.222.0.49 () {58 vars in 1158 bytes} [Wed Sep 22 09:23:40 2021] DELETE /compute/v2.1/flavors/942413037 => generated 0 bytes in 152 msecs (HTTP/1.1 202) 9 headers in 361 bytes (2 switches on core 0)
Sep 22 09:23:40.166272 n-d-805649-4 devstack@n-api.service[110603]: DEBUG nova.api.openstack.wsgi [None req-4437e24b-9600-4847-839c-8cfde4d25a6f tempest-FlavorsExtraSpecsTestJSON-1293689454 tempest-FlavorsExtraSpecsTestJSON-1293689454-project-admin] Calling method '>' {{(pid=110603) _process_stack /opt/stack/nova/nova/api/openstack/wsgi.py:513}}
Sep 22 09:23:40.169569 n-d-805649-4 devstack@n-api.service[110604]: DEBUG oslo_concurrency.lockutils [None req-4d6cbce9-d28b-4b56-b537-4a215b770a7a tempest-LiveMigrationNegativeTest-880813457 tempest-LiveMigrationNegativeTest-880813457-project] Lock "91c5e888-3ba9-45ef-be4c-3a72933bcaac" acquired by "nova.context.set_target_cell..get_or_set_cached_cell_and_set_connections" :: waited 0.000s {{(pid=110604) inner /usr/local/lib/python3.8/dist-packages/oslo_concurrency/lockutils.py:355}}
Sep 22 09:23:40.170289 n-d-805649-4 devstack@n-api.service[110604]: DEBUG oslo_concurrency.lockutils [None req-4d6cbce9-d28b-4b56-b537-4a215b770a7a tempest-LiveMigrationNegativeTest-880813457 tempest-LiveMigrationNegativeTest-880813457-project] Lock "91c5e888-3ba9-45ef-be4c-3a72933bcaac" released by "nova.context.set_target_cell..get_or_set_cached_cell_and_set_connections" :: held 0.001s {{(pid=110604) inner /usr/local/lib/python3.8/dist-packages/oslo_concurrency/lockutils.py:367}}
Sep 22 09:23:40.170916 n-d-805649-4 devstack@n-api.service[110604]: DEBUG nova.objects.instance [None req-4d6cbce9-d28b-4b56-b537-4a215b770a7a tempest-LiveMigrationNegativeTest-880813457 tempest-LiveMigrationNegativeTest-880813457-project] Lazy-loading 'fault' on Instance uuid dd42acb2-d29b-49e8-901f-efdf6101e0cc {{(pid=110604) obj_load_attr /opt/stack/nova/nova/objects/instance.py:1098}}
Sep 22 09:23:40.219610 n-d-805649-4 devstack@n-api.service[110603]: INFO nova.api.openstack.requestlog [None req-4437e24b-9600-4847-839c-8cfde4d25a6f tempest-FlavorsExtraSpecsTestJSON-1293689454 tempest-FlavorsExtraSpecsTestJSON-1293689454-project-admin] 10.222.0.49 "GET /compute/v2.1/flavors/detail" status: 200 len: 4991 microversion: 2.1 time: 0.057460
Sep 22 09:23:40.232477 n-d-805649-4 devstack@n-api.service[110603]: [pid: 110603|app: 0|req: 203/365] 10.222.0.49 () {58 vars in 1146 bytes} [Wed Sep 22 09:23:40 2021] GET /compute/v2.1/flavors/detail => generated 4991 bytes in 71 msecs (HTTP/1.1 200) 9 headers in 358 bytes (2 switches on core 0)
Sep 22 09:23:40.257165 n-d-805649-4 devstack@n-api.service[110604]: DEBUG nova.policy [None req-4d6cbce9-d28b-4b56-b537-4a215b770a7a tempest-LiveMigrationNegativeTest-880813457 tempest-LiveMigrationNegativeTest-880813457-project] Policy check for os_compute_api:os-extended-server-attributes failed with credentials {'is_admin': False, 'user_id': 'f3021b1b1f4b45bc81c9e11630aecc20', 'user_domain_id': 'default', 'system_scope': None, 'domain_id': None, 'project_id': 'cccf4f5c32f64a2aad005f97f6abc32e', 'project_domain_id': 'default', 'roles': ['member', 'reader'], 'is_admin_project': True, 'service_user_id': None, 'service_user_domain_id': None, 'service_project_id': None, 'service_project_domain_id': None, 'service_roles': []} {{(pid=110604) authorize /opt/stack/nova/nova/policy.py:199}}
Sep 22 09:23:40.265989 n-d-805649-4 devstack@n-api.service[110604]: INFO nova.api.openstack.requestlog [None req-4d6cbce9-d28b-4b56-b537-4a215b770a7a tempest-LiveMigrationNegativeTest-880813457 tempest-LiveMigrationNegativeTest-880813457-project] 10.222.0.49 "GET /compute/v2.1/servers/dd42acb2-d29b-49e8-901f-efdf6101e0cc" status: 200 len: 1308 microversion: 2.1 time: 0.185042
Sep 22 09:23:40.270827 n-d-805649-4 devstack@n-api.service[110604]: [pid: 110604|app: 0|req: 163/366] 10.222.0.49 () {58 vars in 1236 bytes} [Wed Sep 22 09:23:40 2021] GET /compute/v2.1/servers/dd42acb2-d29b-49e8-901f-efdf6101e0cc => generated 1308 bytes in 190 msecs (HTTP/1.1 200) 9 headers in 358 bytes (1 switches on core 0)
Sep 22 09:23:40.419602 n-d-805649-4 devstack@n-api.service[110603]: DEBUG nova.api.openstack.wsgi [None req-1cf578ec-9d66-459d-a42e-ddc8700e90b6 tempest-MigrationsAdminTest-333701695 tempest-MigrationsAdminTest-333701695-project] Calling method '>' {{(pid=110603) _process_stack /opt/stack/nova/nova/api/openstack/wsgi.py:513}}
Sep 22 09:23:40.420223 n-d-805649-4 devstack@n-api.service[110603]: DEBUG nova.compute.api [None req-1cf578ec-9d66-459d-a42e-ddc8700e90b6 tempest-MigrationsAdminTest-333701695 tempest-MigrationsAdminTest-333701695-project] [instance: c877ff0e-df4d-45f6-b8c0-62114cadf406] Fetching instance by UUID {{(pid=110603) get /opt/stack/nova/nova/compute/api.py:2863}}
Sep 22 09:23:40.427464 n-d-805649-4 devstack@n-api.service[110603]: DEBUG oslo_concurrency.lockutils [None req-1cf578ec-9d66-459d-a42e-ddc8700e90b6 tempest-MigrationsAdminTest-333701695 tempest-MigrationsAdminTest-333701695-project] Lock "91c5e888-3ba9-45ef-be4c-3a72933bcaac" acquired by "nova.context.set_target_cell..get_or_set_cached_cell_and_set_connections" :: waited 0.000s {{(pid=110603) inner /usr/local/lib/python3.8/dist-packages/oslo_concurrency/lockutils.py:355}}
Sep 22 09:23:40.428270 n-d-805649-4 devstack@n-api.service[110603]: DEBUG oslo_concurrency.lockutils [None req-1cf578ec-9d66-459d-a42e-ddc8700e90b6 tempest-MigrationsAdminTest-333701695 tempest-MigrationsAdminTest-333701695-project] Lock "91c5e888-3ba9-45ef-be4c-3a72933bcaac" released by "nova.context.set_target_cell..get_or_set_cached_cell_and_set_connections" :: held 0.001s {{(pid=110603) inner /usr/local/lib/python3.8/dist-packages/oslo_concurrency/lockutils.py:367}}
Sep 22 09:23:40.429408 n-d-805649-4 devstack@n-api.service[110603]: DEBUG oslo_concurrency.lockutils [None req-1cf578ec-9d66-459d-a42e-ddc8700e90b6 tempest-MigrationsAdminTest-333701695 tempest-MigrationsAdminTest-333701695-project] Lock "91c5e888-3ba9-45ef-be4c-3a72933bcaac" acquired by "nova.context.set_target_cell..get_or_set_cached_cell_and_set_connections" :: waited 0.000s {{(pid=110603) inner /usr/local/lib/python3.8/dist-packages/oslo_concurrency/lockutils.py:355}}
Sep 22 09:23:40.430083 n-d-805649-4 devstack@n-api.service[110603]: DEBUG oslo_concurrency.lockutils [None req-1cf578ec-9d66-459d-a42e-ddc8700e90b6 tempest-MigrationsAdminTest-333701695 tempest-MigrationsAdminTest-333701695-project] Lock "91c5e888-3ba9-45ef-be4c-3a72933bcaac" released by "nova.context.set_target_cell..get_or_set_cached_cell_and_set_connections" :: held 0.001s {{(pid=110603) inner /usr/local/lib/python3.8/dist-packages/oslo_concurrency/lockutils.py:367}}
Sep 22 09:23:40.639414 n-d-805649-4 devstack@n-api.service[110603]: DEBUG nova.policy [None req-1cf578ec-9d66-459d-a42e-ddc8700e90b6 tempest-MigrationsAdminTest-333701695 tempest-MigrationsAdminTest-333701695-project] Policy check for os_compute_api:os-extended-server-attributes failed with credentials {'is_admin': False, 'user_id': '8ad779e01471410387569db2881c396f', 'user_domain_id': 'default', 'system_scope': None, 'domain_id': None, 'project_id': '1cf14f0d57b04db4bde24027d9724d39', 'project_domain_id': 'default', 'roles': ['member', 'reader'], 'is_admin_project': True, 'service_user_id': None, 'service_user_domain_id': None, 'service_project_id': None, 'service_project_domain_id': None, 'service_roles': []} {{(pid=110603) authorize /opt/stack/nova/nova/policy.py:199}}
Sep 22 09:23:40.655046 n-d-805649-4 devstack@n-api.service[110603]: INFO nova.api.openstack.requestlog [None req-1cf578ec-9d66-459d-a42e-ddc8700e90b6 tempest-MigrationsAdminTest-333701695 tempest-MigrationsAdminTest-333701695-project] 10.222.0.49 "GET /compute/v2.1/servers/c877ff0e-df4d-45f6-b8c0-62114cadf406" status: 200 len: 1477 microversion: 2.1 time: 0.239089
Sep 22 09:23:40.656440 n-d-805649-4 devstack@n-api.service[110603]: [pid: 110603|app: 0|req: 204/367] 10.222.0.49 () {58 vars in 1236 bytes} [Wed Sep 22 09:23:40 2021] GET /compute/v2.1/servers/c877ff0e-df4d-45f6-b8c0-62114cadf406 => generated 1477 bytes in 240 msecs (HTTP/1.1 200) 9 headers in 358 bytes (1 switches on core 0)
Sep 22 09:23:40.805753 n-d-805649-4 devstack@n-api.service[110604]: DEBUG nova.api.openstack.wsgi [None req-dcd9f908-49d8-4bbb-a655-e176903abdbf tempest-ServersAdminNegativeTestJSON-667739898 tempest-ServersAdminNegativeTestJSON-667739898-project] Calling method '>' {{(pid=110604) _process_stack /opt/stack/nova/nova/api/openstack/wsgi.py:513}}
Sep 22 09:23:40.806561 n-d-805649-4 devstack@n-api.service[110604]: DEBUG nova.compute.api [None req-dcd9f908-49d8-4bbb-a655-e176903abdbf tempest-ServersAdminNegativeTestJSON-667739898 tempest-ServersAdminNegativeTestJSON-667739898-project] [instance: 7f766952-350d-4ee0-928e-4fbd5e82a501] Fetching instance by UUID {{(pid=110604) get /opt/stack/nova/nova/compute/api.py:2863}}
Sep 22 09:23:40.817006 n-d-805649-4 devstack@n-api.service[110604]: DEBUG oslo_concurrency.lockutils [None req-dcd9f908-49d8-4bbb-a655-e176903abdbf tempest-ServersAdminNegativeTestJSON-667739898 tempest-ServersAdminNegativeTestJSON-667739898-project] Lock "91c5e888-3ba9-45ef-be4c-3a72933bcaac" acquired by "nova.context.set_target_cell..get_or_set_cached_cell_and_set_connections" :: waited 0.000s {{(pid=110604) inner /usr/local/lib/python3.8/dist-packages/oslo_concurrency/lockutils.py:355}}
Sep 22 09:23:40.817761 n-d-805649-4 devstack@n-api.service[110604]: DEBUG oslo_concurrency.lockutils [None req-dcd9f908-49d8-4bbb-a655-e176903abdbf tempest-ServersAdminNegativeTestJSON-667739898 tempest-ServersAdminNegativeTestJSON-667739898-project] Lock "91c5e888-3ba9-45ef-be4c-3a72933bcaac" released by "nova.context.set_target_cell..get_or_set_cached_cell_and_set_connections" :: held 0.003s {{(pid=110604) inner /usr/local/lib/python3.8/dist-packages/oslo_concurrency/lockutils.py:367}}
Sep 22 09:23:40.819039 n-d-805649-4 devstack@n-api.service[110604]: DEBUG oslo_concurrency.lockutils [None req-dcd9f908-49d8-4bbb-a655-e176903abdbf tempest-ServersAdminNegativeTestJSON-667739898 tempest-ServersAdminNegativeTestJSON-667739898-project] Lock "91c5e888-3ba9-45ef-be4c-3a72933bcaac" acquired by "nova.context.set_target_cell..get_or_set_cached_cell_and_set_connections" :: waited 0.000s {{(pid=110604) inner /usr/local/lib/python3.8/dist-packages/oslo_concurrency/lockutils.py:355}}
Sep 22 09:23:40.821878 n-d-805649-4 devstack@n-api.service[110604]: DEBUG oslo_concurrency.lockutils [None req-dcd9f908-49d8-4bbb-a655-e176903abdbf tempest-ServersAdminNegativeTestJSON-667739898 tempest-ServersAdminNegativeTestJSON-667739898-project] Lock "91c5e888-3ba9-45ef-be4c-3a72933bcaac" released by "nova.context.set_target_cell..get_or_set_cached_cell_and_set_connections" :: held 0.003s {{(pid=110604) inner /usr/local/lib/python3.8/dist-packages/oslo_concurrency/lockutils.py:367}}
Sep 22 09:23:40.942580 n-d-805649-4 devstack@n-api.service[110604]: DEBUG nova.policy [None req-dcd9f908-49d8-4bbb-a655-e176903abdbf tempest-ServersAdminNegativeTestJSON-667739898 tempest-ServersAdminNegativeTestJSON-667739898-project] Policy check for os_compute_api:os-extended-server-attributes failed with credentials {'is_admin': False, 'user_id': '5691fe3c3f694d2ebbc2e0bd14bab2cd', 'user_domain_id': 'default', 'system_scope': None, 'domain_id': None, 'project_id': '1751bfb8c7754c5e873ac1c3d69929ef', 'project_domain_id': 'default', 'roles': ['member', 'reader'], 'is_admin_project': True, 'service_user_id': None, 'service_user_domain_id': None, 'service_project_id': None, 'service_project_domain_id': None, 'service_roles': []} {{(pid=110604) authorize /opt/stack/nova/nova/policy.py:199}}
Sep 22 09:23:40.950910 n-d-805649-4 devstack@n-api.service[110604]: INFO nova.api.openstack.requestlog [None req-dcd9f908-49d8-4bbb-a655-e176903abdbf tempest-ServersAdminNegativeTestJSON-667739898 tempest-ServersAdminNegativeTestJSON-667739898-project] 10.222.0.49 "GET /compute/v2.1/servers/7f766952-350d-4ee0-928e-4fbd5e82a501" status: 200 len: 1435 microversion: 2.1 time: 0.151415
