Feb 07 23:05:04.895412 n-d-805649-27 devstack@placement-api.service[104075]: [pid: 104075|app: 0|req: 126/250] 10.222.0.42 () {60 vars in 1355 bytes} [Mon Feb 7 23:05:04 2022] DELETE /placement/allocations/479353db-ef21-44f3-9bbd-dbf84e8b1151 => generated 0 bytes in 249 msecs (HTTP/1.1 204) 5 headers in 198 bytes (1 switches on core 0)
Feb 07 23:05:04.940300 n-d-805649-27 devstack@placement-api.service[104076]: DEBUG placement.requestlog [None req-aa5239c1-eaab-4d84-9e66-fd0cacf9f8cf None None] Starting request: 10.222.0.21 "GET /placement/" {{(pid=104076) __call__ /opt/stack/placement/placement/requestlog.py:55}}
Feb 07 23:05:04.942090 n-d-805649-27 devstack@placement-api.service[104076]: INFO placement.requestlog [None req-aa5239c1-eaab-4d84-9e66-fd0cacf9f8cf None None] 10.222.0.21 "GET /placement/" status: 200 len: 136 microversion: 1.0
Feb 07 23:05:04.943989 n-d-805649-27 devstack@placement-api.service[104076]: [pid: 104076|app: 0|req: 125/251] 10.222.0.21 () {54 vars in 916 bytes} [Mon Feb 7 23:05:04 2022] GET /placement => generated 136 bytes in 4 msecs (HTTP/1.1 200) 6 headers in 224 bytes (1 switches on core 0)
Feb 07 23:05:04.976629 n-d-805649-27 devstack@placement-api.service[104075]: DEBUG placement.requestlog [req-e8387b69-c3a1-43c8-be5d-79920d3c4f76 req-69080593-ea8d-46ef-b3c0-da44a068a33f None None] Starting request: 10.222.0.21 "GET /placement/allocations/5a3d070b-9417-4528-ba01-73e3ff1a57cd" {{(pid=104075) __call__ /opt/stack/placement/placement/requestlog.py:55}}
Feb 07 23:05:05.098509 n-d-805649-27 devstack@placement-api.service[104075]: INFO placement.requestlog [req-e8387b69-c3a1-43c8-be5d-79920d3c4f76 req-69080593-ea8d-46ef-b3c0-da44a068a33f service placement] 10.222.0.21 "GET /placement/allocations/5a3d070b-9417-4528-ba01-73e3ff1a57cd" status: 200 len: 259 microversion: 1.28
Feb 07 23:05:05.099725 n-d-805649-27 devstack@placement-api.service[104075]: [pid: 104075|app: 0|req: 127/252] 10.222.0.21 () {60 vars in 1380 bytes} [Mon Feb 7 23:05:04 2022] GET /placement/allocations/5a3d070b-9417-4528-ba01-73e3ff1a57cd => generated 259 bytes in 124 msecs (HTTP/1.1 200) 8 headers in 296 bytes (1 switches on core 0)
Feb 07 23:05:05.113251 n-d-805649-27 devstack@placement-api.service[104076]: DEBUG placement.requestlog [req-e8387b69-c3a1-43c8-be5d-79920d3c4f76 req-6e136b4c-95fb-4e08-8c59-c6c2aa6cd2c2 None None] Starting request: 10.222.0.21 "GET /placement/allocations/5a3d070b-9417-4528-ba01-73e3ff1a57cd" {{(pid=104076) __call__ /opt/stack/placement/placement/requestlog.py:55}}
Feb 07 23:05:05.132685 n-d-805649-27 devstack@placement-api.service[104076]: INFO placement.requestlog [req-e8387b69-c3a1-43c8-be5d-79920d3c4f76 req-6e136b4c-95fb-4e08-8c59-c6c2aa6cd2c2 service placement] 10.222.0.21 "GET /placement/allocations/5a3d070b-9417-4528-ba01-73e3ff1a57cd" status: 200 len: 259 microversion: 1.28
Feb 07 23:05:05.133773 n-d-805649-27 devstack@placement-api.service[104076]: [pid: 104076|app: 0|req: 126/253] 10.222.0.21 () {60 vars in 1380 bytes} [Mon Feb 7 23:05:05 2022] GET /placement/allocations/5a3d070b-9417-4528-ba01-73e3ff1a57cd => generated 259 bytes in 21 msecs (HTTP/1.1 200) 8 headers in 296 bytes (1 switches on core 0)
Feb 07 23:05:05.140027 n-d-805649-27 devstack@placement-api.service[104075]: DEBUG placement.requestlog [req-e8387b69-c3a1-43c8-be5d-79920d3c4f76 req-c9ac17ca-f029-4d96-a575-a0b7196cc819 None None] Starting request: 10.222.0.21 "GET /placement/allocations/e3040531-2131-49e4-ad22-69f2089526c6" {{(pid=104075) __call__ /opt/stack/placement/placement/requestlog.py:55}}
Feb 07 23:05:05.154556 n-d-805649-27 devstack@placement-api.service[104075]: INFO placement.requestlog [req-e8387b69-c3a1-43c8-be5d-79920d3c4f76 req-c9ac17ca-f029-4d96-a575-a0b7196cc819 service placement] 10.222.0.21 "GET /placement/allocations/e3040531-2131-49e4-ad22-69f2089526c6" status: 200 len: 19 microversion: 1.28
Feb 07 23:05:05.155653 n-d-805649-27 devstack@placement-api.service[104075]: [pid: 104075|app: 0|req: 128/254] 10.222.0.21 () {60 vars in 1380 bytes} [Mon Feb 7 23:05:05 2022] GET /placement/allocations/e3040531-2131-49e4-ad22-69f2089526c6 => generated 19 bytes in 16 msecs (HTTP/1.1 200) 8 headers in 295 bytes (2 switches on core 0)
Feb 07 23:05:05.162475 n-d-805649-27 devstack@placement-api.service[104076]: DEBUG placement.requestlog [req-e8387b69-c3a1-43c8-be5d-79920d3c4f76 req-612a7490-e123-4336-a1ce-6da39d784dba None None] Starting request: 10.222.0.21 "POST /placement/allocations" {{(pid=104076) __call__ /opt/stack/placement/placement/requestlog.py:55}}
Feb 07 23:05:05.379826 n-d-805649-27 devstack@placement-api.service[104076]: DEBUG placement.handlers.allocation [req-e8387b69-c3a1-43c8-be5d-79920d3c4f76 req-612a7490-e123-4336-a1ce-6da39d784dba service placement] Successfully wrote allocations [, , , , , ] {{(pid=104076) _update_consumers_and_create_allocations /opt/stack/placement/placement/handlers/allocation.py:572}}
Feb 07 23:05:05.439299 n-d-805649-27 devstack@placement-api.service[104076]: INFO placement.requestlog [req-e8387b69-c3a1-43c8-be5d-79920d3c4f76 req-612a7490-e123-4336-a1ce-6da39d784dba service placement] 10.222.0.21 "POST /placement/allocations" status: 204 len: 0 microversion: 1.28
Feb 07 23:05:05.439911 n-d-805649-27 devstack@placement-api.service[104076]: [pid: 104076|app: 0|req: 127/255] 10.222.0.21 () {64 vars in 1323 bytes} [Mon Feb 7 23:05:05 2022] POST /placement/allocations => generated 0 bytes in 278 msecs (HTTP/1.1 204) 5 headers in 199 bytes (2 switches on core 0)
Feb 07 23:05:05.471557 n-d-805649-27 devstack@placement-api.service[104075]: DEBUG placement.requestlog [req-e8387b69-c3a1-43c8-be5d-79920d3c4f76 req-c860f229-ec2e-4f27-bf05-1912b9dd415f None None] Starting request: 10.222.0.21 "GET /placement/allocation_candidates?limit=1000&resources=DISK_GB%3A1%2CMEMORY_MB%3A512%2CVCPU%3A1&root_required=%21COMPUTE_STATUS_DISABLED" {{(pid=104075) __call__ /opt/stack/placement/placement/requestlog.py:55}}
Feb 07 23:05:05.504764 n-d-805649-27 devstack@placement-api.service[104075]: DEBUG placement.objects.research_context [req-e8387b69-c3a1-43c8-be5d-79920d3c4f76 req-c860f229-ec2e-4f27-bf05-1912b9dd415f service placement] getting providers with 1 DISK_GB {{(pid=104075) __init__ /opt/stack/placement/placement/objects/research_context.py:126}}
Feb 07 23:05:05.510956 n-d-805649-27 devstack@placement-api.service[104075]: DEBUG placement.objects.research_context [req-e8387b69-c3a1-43c8-be5d-79920d3c4f76 req-c860f229-ec2e-4f27-bf05-1912b9dd415f service placement] getting providers with 512 MEMORY_MB {{(pid=104075) __init__ /opt/stack/placement/placement/objects/research_context.py:126}}
Feb 07 23:05:05.516723 n-d-805649-27 devstack@placement-api.service[104075]: DEBUG placement.objects.research_context [req-e8387b69-c3a1-43c8-be5d-79920d3c4f76 req-c860f229-ec2e-4f27-bf05-1912b9dd415f service placement] getting providers with 1 VCPU {{(pid=104075) __init__ /opt/stack/placement/placement/objects/research_context.py:126}}
Feb 07 23:05:05.522190 n-d-805649-27 devstack@placement-api.service[104075]: DEBUG placement.objects.research_context [req-e8387b69-c3a1-43c8-be5d-79920d3c4f76 req-c860f229-ec2e-4f27-bf05-1912b9dd415f service placement] found 2 providers with available 1 DISK_GB {{(pid=104075) get_provider_ids_matching /opt/stack/placement/placement/objects/research_context.py:549}}
Feb 07 23:05:05.522484 n-d-805649-27 devstack@placement-api.service[104075]: DEBUG placement.objects.research_context [req-e8387b69-c3a1-43c8-be5d-79920d3c4f76 req-c860f229-ec2e-4f27-bf05-1912b9dd415f service placement] found 2 providers with available 512 MEMORY_MB {{(pid=104075) get_provider_ids_matching /opt/stack/placement/placement/objects/research_context.py:549}}
Feb 07 23:05:05.523015 n-d-805649-27 devstack@placement-api.service[104075]: DEBUG placement.objects.research_context [req-e8387b69-c3a1-43c8-be5d-79920d3c4f76 req-c860f229-ec2e-4f27-bf05-1912b9dd415f service placement] found 2 providers after filtering by previous result {{(pid=104075) get_provider_ids_matching /opt/stack/placement/placement/objects/research_context.py:580}}
Feb 07 23:05:05.523542 n-d-805649-27 devstack@placement-api.service[104075]: DEBUG placement.objects.research_context [req-e8387b69-c3a1-43c8-be5d-79920d3c4f76 req-c860f229-ec2e-4f27-bf05-1912b9dd415f service placement] found 2 providers with available 1 VCPU {{(pid=104075) get_provider_ids_matching /opt/stack/placement/placement/objects/research_context.py:549}}
Feb 07 23:05:05.523977 n-d-805649-27 devstack@placement-api.service[104075]: DEBUG placement.objects.research_context [req-e8387b69-c3a1-43c8-be5d-79920d3c4f76 req-c860f229-ec2e-4f27-bf05-1912b9dd415f service placement] found 2 providers after filtering by previous result {{(pid=104075) get_provider_ids_matching /opt/stack/placement/placement/objects/research_context.py:580}}
Feb 07 23:05:05.537785 n-d-805649-27 devstack@placement-api.service[104075]: DEBUG placement.objects.allocation_candidate [req-e8387b69-c3a1-43c8-be5d-79920d3c4f76 req-c860f229-ec2e-4f27-bf05-1912b9dd415f service placement] RequestGroup(use_same_provider=False, resources={DISK_GB:1, MEMORY_MB:512, VCPU:1}, traits=[], aggregates=[]) (suffix '') returned 2 matches {{(pid=104075) _get_by_requests /opt/stack/placement/placement/objects/allocation_candidate.py:145}}
Feb 07 23:05:05.538484 n-d-805649-27 devstack@placement-api.service[104075]: DEBUG placement.objects.allocation_candidate [req-e8387b69-c3a1-43c8-be5d-79920d3c4f76 req-c860f229-ec2e-4f27-bf05-1912b9dd415f service placement] Merging candidates yields 2 allocation requests and 2 provider summaries {{(pid=104075) _merge_candidates /opt/stack/placement/placement/objects/allocation_candidate.py:783}}
Feb 07 23:05:05.543849 n-d-805649-27 devstack@placement-api.service[104075]: INFO placement.requestlog [req-e8387b69-c3a1-43c8-be5d-79920d3c4f76 req-c860f229-ec2e-4f27-bf05-1912b9dd415f service placement] 10.222.0.21 "GET /placement/allocation_candidates?limit=1000&resources=DISK_GB%3A1%2CMEMORY_MB%3A512%2CVCPU%3A1&root_required=%21COMPUTE_STATUS_DISABLED" status: 200 len: 1307 microversion: 1.36
Feb 07 23:05:05.543849 n-d-805649-27 devstack@placement-api.service[104075]: [pid: 104075|app: 0|req: 129/256] 10.222.0.21 () {60 vars in 1504 bytes} [Mon Feb 7 23:05:05 2022] GET /placement/allocation_candidates?limit=1000&resources=DISK_GB%3A1%2CMEMORY_MB%3A512%2CVCPU%3A1&root_required=%21COMPUTE_STATUS_DISABLED => generated 1307 bytes in 70 msecs (HTTP/1.1 200) 8 headers in 297 bytes (1 switches on core 0)
Feb 07 23:05:05.597460 n-d-805649-27 devstack@placement-api.service[104076]: DEBUG placement.requestlog [req-e8387b69-c3a1-43c8-be5d-79920d3c4f76 req-a87456fe-836b-4cb1-82f8-9cb2e2ecf716 None None] Starting request: 10.222.0.21 "GET /placement/allocations/5a3d070b-9417-4528-ba01-73e3ff1a57cd" {{(pid=104076) __call__ /opt/stack/placement/placement/requestlog.py:55}}
Feb 07 23:05:05.609432 n-d-805649-27 devstack@placement-api.service[104076]: INFO placement.requestlog [req-e8387b69-c3a1-43c8-be5d-79920d3c4f76 req-a87456fe-836b-4cb1-82f8-9cb2e2ecf716 service placement] 10.222.0.21 "GET /placement/allocations/5a3d070b-9417-4528-ba01-73e3ff1a57cd" status: 200 len: 19 microversion: 1.28
Feb 07 23:05:05.610237 n-d-805649-27 devstack@placement-api.service[104076]: [pid: 104076|app: 0|req: 128/257] 10.222.0.21 () {60 vars in 1380 bytes} [Mon Feb 7 23:05:05 2022] GET /placement/allocations/5a3d070b-9417-4528-ba01-73e3ff1a57cd => generated 19 bytes in 13 msecs (HTTP/1.1 200) 8 headers in 295 bytes (1 switches on core 0)
Feb 07 23:05:05.617735 n-d-805649-27 devstack@placement-api.service[104075]: DEBUG placement.requestlog [req-e8387b69-c3a1-43c8-be5d-79920d3c4f76 req-106f8ea7-1e75-455e-b8e0-1c1945b4c186 None None] Starting request: 10.222.0.21 "PUT /placement/allocations/5a3d070b-9417-4528-ba01-73e3ff1a57cd" {{(pid=104075) __call__ /opt/stack/placement/placement/requestlog.py:55}}
Feb 07 23:05:05.734035 n-d-805649-27 devstack@placement-api.service[104075]: DEBUG placement.handlers.allocation [req-e8387b69-c3a1-43c8-be5d-79920d3c4f76 req-106f8ea7-1e75-455e-b8e0-1c1945b4c186 service placement] Successfully wrote allocations [, , ] {{(pid=104075) _update_consumers_and_create_allocations /opt/stack/placement/placement/handlers/allocation.py:462}}
Feb 07 23:05:05.821936 n-d-805649-27 devstack@placement-api.service[104075]: INFO placement.requestlog [req-e8387b69-c3a1-43c8-be5d-79920d3c4f76 req-106f8ea7-1e75-455e-b8e0-1c1945b4c186 service placement] 10.222.0.21 "PUT /placement/allocations/5a3d070b-9417-4528-ba01-73e3ff1a57cd" status: 204 len: 0 microversion: 1.36
Feb 07 23:05:05.822424 n-d-805649-27 devstack@placement-api.service[104075]: [pid: 104075|app: 0|req: 130/258] 10.222.0.21 () {64 vars in 1433 bytes} [Mon Feb 7 23:05:05 2022] PUT /placement/allocations/5a3d070b-9417-4528-ba01-73e3ff1a57cd => generated 0 bytes in 205 msecs (HTTP/1.1 204) 5 headers in 199 bytes (1 switches on core 0)
Feb 07 23:05:08.401896 n-d-805649-27 devstack@placement-api.service[104076]: DEBUG placement.requestlog [req-e8387b69-c3a1-43c8-be5d-79920d3c4f76 req-57467495-6a96-476e-8341-c0fca4868049 None None] Starting request: 10.222.0.42 "GET /placement/allocations/5a3d070b-9417-4528-ba01-73e3ff1a57cd" {{(pid=104076) __call__ /opt/stack/placement/placement/requestlog.py:55}}
Feb 07 23:05:08.418692 n-d-805649-27 devstack@placement-api.service[104076]: INFO placement.requestlog [req-e8387b69-c3a1-43c8-be5d-79920d3c4f76 req-57467495-6a96-476e-8341-c0fca4868049 service placement] 10.222.0.42 "GET /placement/allocations/5a3d070b-9417-4528-ba01-73e3ff1a57cd" status: 200 len: 258 microversion: 1.28
Feb 07 23:05:08.419531 n-d-805649-27 devstack@placement-api.service[104076]: [pid: 104076|app: 0|req: 129/259] 10.222.0.42 () {60 vars in 1377 bytes} [Mon Feb 7 23:05:08 2022] GET /placement/allocations/5a3d070b-9417-4528-ba01-73e3ff1a57cd => generated 258 bytes in 18 msecs (HTTP/1.1 200) 8 headers in 296 bytes (1 switches on core 0)
Feb 07 23:05:10.677273 n-d-805649-27 devstack@placement-api.service[104075]: DEBUG placement.requestlog [req-b2403e74-5b59-4f63-9b4d-999c28818c5d req-5bff9323-d093-4deb-856f-15125f7fa53c None None] Starting request: 10.222.0.21 "GET /placement/allocation_candidates?limit=1000&resources=DISK_GB%3A1%2CMEMORY_MB%3A1024%2CVCPU%3A1&root_required=%21COMPUTE_STATUS_DISABLED" {{(pid=104075) __call__ /opt/stack/placement/placement/requestlog.py:55}}
Feb 07 23:05:10.717019 n-d-805649-27 devstack@placement-api.service[104075]: DEBUG placement.objects.research_context [req-b2403e74-5b59-4f63-9b4d-999c28818c5d req-5bff9323-d093-4deb-856f-15125f7fa53c service placement] getting providers with 1 DISK_GB {{(pid=104075) __init__ /opt/stack/placement/placement/objects/research_context.py:126}}
Feb 07 23:05:10.722946 n-d-805649-27 devstack@placement-api.service[104075]: DEBUG placement.objects.research_context [req-b2403e74-5b59-4f63-9b4d-999c28818c5d req-5bff9323-d093-4deb-856f-15125f7fa53c service placement] getting providers with 1024 MEMORY_MB {{(pid=104075) __init__ /opt/stack/placement/placement/objects/research_context.py:126}}
Feb 07 23:05:10.729535 n-d-805649-27 devstack@placement-api.service[104075]: DEBUG placement.objects.research_context [req-b2403e74-5b59-4f63-9b4d-999c28818c5d req-5bff9323-d093-4deb-856f-15125f7fa53c service placement] getting providers with 1 VCPU {{(pid=104075) __init__ /opt/stack/placement/placement/objects/research_context.py:126}}
Feb 07 23:05:10.736004 n-d-805649-27 devstack@placement-api.service[104075]: DEBUG placement.objects.research_context [req-b2403e74-5b59-4f63-9b4d-999c28818c5d req-5bff9323-d093-4deb-856f-15125f7fa53c service placement] found 2 providers with available 1 DISK_GB {{(pid=104075) get_provider_ids_matching /opt/stack/placement/placement/objects/research_context.py:549}}
Feb 07 23:05:10.736508 n-d-805649-27 devstack@placement-api.service[104075]: DEBUG placement.objects.research_context [req-b2403e74-5b59-4f63-9b4d-999c28818c5d req-5bff9323-d093-4deb-856f-15125f7fa53c service placement] found 2 providers with available 1024 MEMORY_MB {{(pid=104075) get_provider_ids_matching /opt/stack/placement/placement/objects/research_context.py:549}}
Feb 07 23:05:10.736937 n-d-805649-27 devstack@placement-api.service[104075]: DEBUG placement.objects.research_context [req-b2403e74-5b59-4f63-9b4d-999c28818c5d req-5bff9323-d093-4deb-856f-15125f7fa53c service placement] found 2 providers after filtering by previous result {{(pid=104075) get_provider_ids_matching /opt/stack/placement/placement/objects/research_context.py:580}}
Feb 07 23:05:10.737248 n-d-805649-27 devstack@placement-api.service[104075]: DEBUG placement.objects.research_context [req-b2403e74-5b59-4f63-9b4d-999c28818c5d req-5bff9323-d093-4deb-856f-15125f7fa53c service placement] found 2 providers with available 1 VCPU {{(pid=104075) get_provider_ids_matching /opt/stack/placement/placement/objects/research_context.py:549}}
Feb 07 23:05:10.737512 n-d-805649-27 devstack@placement-api.service[104075]: DEBUG placement.objects.research_context [req-b2403e74-5b59-4f63-9b4d-999c28818c5d req-5bff9323-d093-4deb-856f-15125f7fa53c service placement] found 2 providers after filtering by previous result {{(pid=104075) get_provider_ids_matching /opt/stack/placement/placement/objects/research_context.py:580}}
Feb 07 23:05:10.746529 n-d-805649-27 devstack@placement-api.service[104076]: DEBUG placement.requestlog [req-9c54fc88-2f9e-4166-9f10-76a6e31b0606 req-cd96f0ab-e34e-42c4-b7bf-4bbca3e5995d None None] Starting request: 10.222.0.52 "GET /placement/resource_providers/0c5e5801-b626-4687-a0f0-0e2cda693801/allocations" {{(pid=104076) __call__ /opt/stack/placement/placement/requestlog.py:55}}
Feb 07 23:05:10.749667 n-d-805649-27 devstack@placement-api.service[104075]: DEBUG placement.objects.allocation_candidate [req-b2403e74-5b59-4f63-9b4d-999c28818c5d req-5bff9323-d093-4deb-856f-15125f7fa53c service placement] RequestGroup(use_same_provider=False, resources={DISK_GB:1, MEMORY_MB:1024, VCPU:1}, traits=[], aggregates=[]) (suffix '') returned 2 matches {{(pid=104075) _get_by_requests /opt/stack/placement/placement/objects/allocation_candidate.py:145}}
Feb 07 23:05:10.750115 n-d-805649-27 devstack@placement-api.service[104075]: DEBUG placement.objects.allocation_candidate [req-b2403e74-5b59-4f63-9b4d-999c28818c5d req-5bff9323-d093-4deb-856f-15125f7fa53c service placement] Merging candidates yields 2 allocation requests and 2 provider summaries {{(pid=104075) _merge_candidates /opt/stack/placement/placement/objects/allocation_candidate.py:783}}
Feb 07 23:05:10.751882 n-d-805649-27 devstack@placement-api.service[104075]: INFO placement.requestlog [req-b2403e74-5b59-4f63-9b4d-999c28818c5d req-5bff9323-d093-4deb-856f-15125f7fa53c service placement] 10.222.0.21 "GET /placement/allocation_candidates?limit=1000&resources=DISK_GB%3A1%2CMEMORY_MB%3A1024%2CVCPU%3A1&root_required=%21COMPUTE_STATUS_DISABLED" status: 200 len: 1309 microversion: 1.36
Feb 07 23:05:10.752860 n-d-805649-27 devstack@placement-api.service[104075]: [pid: 104075|app: 0|req: 131/260] 10.222.0.21 () {60 vars in 1506 bytes} [Mon Feb 7 23:05:10 2022] GET /placement/allocation_candidates?limit=1000&resources=DISK_GB%3A1%2CMEMORY_MB%3A1024%2CVCPU%3A1&root_required=%21COMPUTE_STATUS_DISABLED => generated 1309 bytes in 76 msecs (HTTP/1.1 200) 8 headers in 297 bytes (1 switches on core 0)
Feb 07 23:05:10.787642 n-d-805649-27 devstack@placement-api.service[104076]: INFO placement.requestlog [req-9c54fc88-2f9e-4166-9f10-76a6e31b0606 req-cd96f0ab-e34e-42c4-b7bf-4bbca3e5995d service placement] 10.222.0.52 "GET /placement/resource_providers/0c5e5801-b626-4687-a0f0-0e2cda693801/allocations" status: 200 len: 760 microversion: 1.0
Feb 07 23:05:10.787642 n-d-805649-27 devstack@placement-api.service[104076]: [pid: 104076|app: 0|req: 130/261] 10.222.0.52 () {58 vars in 1390 bytes} [Mon Feb 7 23:05:10 2022] GET /placement/resource_providers/0c5e5801-b626-4687-a0f0-0e2cda693801/allocations => generated 760 bytes in 33 msecs (HTTP/1.1 200) 6 headers in 224 bytes (2 switches on core 0)
Feb 07 23:05:10.799747 n-d-805649-27 devstack@placement-api.service[104075]: DEBUG placement.requestlog [req-b2403e74-5b59-4f63-9b4d-999c28818c5d req-c49d227d-c306-40ed-8549-dd97cc4053bf None None] Starting request: 10.222.0.21 "GET /placement/allocations/339cc097-efc5-4ce1-a00b-7e4d8960e261" {{(pid=104075) __call__ /opt/stack/placement/placement/requestlog.py:55}}
Feb 07 23:05:10.813069 n-d-805649-27 devstack@placement-api.service[104075]: INFO placement.requestlog [req-b2403e74-5b59-4f63-9b4d-999c28818c5d req-c49d227d-c306-40ed-8549-dd97cc4053bf service placement] 10.222.0.21 "GET /placement/allocations/339cc097-efc5-4ce1-a00b-7e4d8960e261" status: 200 len: 19 microversion: 1.28
Feb 07 23:05:10.813798 n-d-805649-27 devstack@placement-api.service[104075]: [pid: 104075|app: 0|req: 132/262] 10.222.0.21 () {60 vars in 1380 bytes} [Mon Feb 7 23:05:10 2022] GET /placement/allocations/339cc097-efc5-4ce1-a00b-7e4d8960e261 => generated 19 bytes in 14 msecs (HTTP/1.1 200) 8 headers in 295 bytes (1 switches on core 0)
Feb 07 23:05:10.822571 n-d-805649-27 devstack@placement-api.service[104076]: DEBUG placement.requestlog [req-b2403e74-5b59-4f63-9b4d-999c28818c5d req-cc149c88-70a4-4e52-9e50-31c7582a694c None None] Starting request: 10.222.0.21 "PUT /placement/allocations/339cc097-efc5-4ce1-a00b-7e4d8960e261" {{(pid=104076) __call__ /opt/stack/placement/placement/requestlog.py:55}}
Feb 07 23:05:11.135527 n-d-805649-27 devstack@placement-api.service[104076]: DEBUG placement.handlers.allocation [req-b2403e74-5b59-4f63-9b4d-999c28818c5d req-cc149c88-70a4-4e52-9e50-31c7582a694c service placement] Successfully wrote allocations [, , ] {{(pid=104076) _update_consumers_and_create_allocations /opt/stack/placement/placement/handlers/allocation.py:462}}
Feb 07 23:05:11.221808 n-d-805649-27 devstack@placement-api.service[104076]: INFO placement.requestlog [req-b2403e74-5b59-4f63-9b4d-999c28818c5d req-cc149c88-70a4-4e52-9e50-31c7582a694c service placement] 10.222.0.21 "PUT /placement/allocations/339cc097-efc5-4ce1-a00b-7e4d8960e261" status: 204 len: 0 microversion: 1.36
Feb 07 23:05:11.222258 n-d-805649-27 devstack@placement-api.service[104076]: [pid: 104076|app: 0|req: 131/263] 10.222.0.21 () {64 vars in 1433 bytes} [Mon Feb 7 23:05:10 2022] PUT /placement/allocations/339cc097-efc5-4ce1-a00b-7e4d8960e261 => generated 0 bytes in 400 msecs (HTTP/1.1 204) 5 headers in 199 bytes (2 switches on core 0)
Feb 07 23:05:11.590849 n-d-805649-27 devstack@placement-api.service[104075]: DEBUG placement.requestlog [req-9c54fc88-2f9e-4166-9f10-76a6e31b0606 req-f622a43c-48c3-4b55-aa2b-a42e20eef0a1 None None] Starting request: 10.222.0.52 "GET /placement/allocations/3b091daf-d46d-4636-a4cf-07fdcc084b32" {{(pid=104075) __call__ /opt/stack/placement/placement/requestlog.py:55}}
Feb 07 23:05:11.609395 n-d-805649-27 devstack@placement-api.service[104075]: INFO placement.requestlog [req-9c54fc88-2f9e-4166-9f10-76a6e31b0606 req-f622a43c-48c3-4b55-aa2b-a42e20eef0a1 service placement] 10.222.0.52 "GET /placement/allocations/3b091daf-d46d-4636-a4cf-07fdcc084b32" status: 200 len: 259 microversion: 1.28
Feb 07 23:05:11.609749 n-d-805649-27 devstack@placement-api.service[104075]: [pid: 104075|app: 0|req: 133/264] 10.222.0.52 () {60 vars in 1377 bytes} [Mon Feb 7 23:05:11 2022] GET /placement/allocations/3b091daf-d46d-4636-a4cf-07fdcc084b32 => generated 259 bytes in 19 msecs (HTTP/1.1 200) 8 headers in 296 bytes (1 switches on core 0)
Feb 07 23:05:11.620485 n-d-805649-27 devstack@placement-api.service[104076]: DEBUG placement.requestlog [req-9c54fc88-2f9e-4166-9f10-76a6e31b0606 req-456b333a-f4b5-4aad-bed6-69dae19f390a None None] Starting request: 10.222.0.52 "PUT /placement/allocations/3b091daf-d46d-4636-a4cf-07fdcc084b32" {{(pid=104076) __call__ /opt/stack/placement/placement/requestlog.py:55}}
Feb 07 23:05:11.659692 n-d-805649-27 devstack@placement-api.service[104076]: DEBUG placement.handlers.allocation [req-9c54fc88-2f9e-4166-9f10-76a6e31b0606 req-456b333a-f4b5-4aad-bed6-69dae19f390a service placement] Successfully wrote allocations [, , ] {{(pid=104076) _update_consumers_and_create_allocations /opt/stack/placement/placement/handlers/allocation.py:462}}
Feb 07 23:05:11.719053 n-d-805649-27 devstack@placement-api.service[104076]: INFO placement.requestlog [req-9c54fc88-2f9e-4166-9f10-76a6e31b0606 req-456b333a-f4b5-4aad-bed6-69dae19f390a service placement] 10.222.0.52 "PUT /placement/allocations/3b091daf-d46d-4636-a4cf-07fdcc084b32" status: 204 len: 0 microversion: 1.28
Feb 07 23:05:11.719742 n-d-805649-27 devstack@placement-api.service[104076]: [pid: 104076|app: 0|req: 132/265] 10.222.0.52 () {64 vars in 1430 bytes} [Mon Feb 7 23:05:11 2022] PUT /placement/allocations/3b091daf-d46d-4636-a4cf-07fdcc084b32 => generated 0 bytes in 101 msecs (HTTP/1.1 204) 5 headers in 199 bytes (1 switches on core 0)
Feb 07 23:05:12.223074 n-d-805649-27 devstack@placement-api.service[104075]: DEBUG placement.requestlog [req-b2403e74-5b59-4f63-9b4d-999c28818c5d req-b6299340-9f8d-4250-8a31-862f905c0a83 None None] Starting request: 10.222.0.42 "GET /placement/allocations/339cc097-efc5-4ce1-a00b-7e4d8960e261" {{(pid=104075) __call__ /opt/stack/placement/placement/requestlog.py:55}}
Feb 07 23:05:12.239340 n-d-805649-27 devstack@placement-api.service[104075]: INFO placement.requestlog [req-b2403e74-5b59-4f63-9b4d-999c28818c5d req-b6299340-9f8d-4250-8a31-862f905c0a83 service placement] 10.222.0.42 "GET /placement/allocations/339cc097-efc5-4ce1-a00b-7e4d8960e261" status: 200 len: 259 microversion: 1.28
Feb 07 23:05:12.242234 n-d-805649-27 devstack@placement-api.service[104075]: [pid: 104075|app: 0|req: 134/266] 10.222.0.42 () {60 vars in 1377 bytes} [Mon Feb 7 23:05:12 2022] GET /placement/allocations/339cc097-efc5-4ce1-a00b-7e4d8960e261 => generated 259 bytes in 17 msecs (HTTP/1.1 200) 8 headers in 296 bytes (1 switches on core 0)
Feb 07 23:05:29.645482 n-d-805649-27 devstack@placement-api.service[104076]: DEBUG placement.requestlog [req-7d40e7b0-4247-493c-add8-0526532fff34 req-581091f3-69b4-4f1a-b9e2-25d7563748a0 None None] Starting request: 10.222.0.52 "GET /placement/resource_providers/0c5e5801-b626-4687-a0f0-0e2cda693801/allocations" {{(pid=104076) __call__ /opt/stack/placement/placement/requestlog.py:55}}
Feb 07 23:05:29.709884 n-d-805649-27 devstack@placement-api.service[104076]: INFO placement.requestlog [req-7d40e7b0-4247-493c-add8-0526532fff34 req-581091f3-69b4-4f1a-b9e2-25d7563748a0 service placement] 10.222.0.52 "GET /placement/resource_providers/0c5e5801-b626-4687-a0f0-0e2cda693801/allocations" status: 200 len: 659 microversion: 1.0
Feb 07 23:05:29.722976 n-d-805649-27 devstack@placement-api.service[104076]: [pid: 104076|app: 0|req: 133/267] 10.222.0.52 () {58 vars in 1390 bytes} [Mon Feb 7 23:05:29 2022] GET /placement/resource_providers/0c5e5801-b626-4687-a0f0-0e2cda693801/allocations => generated 659 bytes in 65 msecs (HTTP/1.1 200) 6 headers in 224 bytes (1 switches on core 0)
Feb 07 23:05:31.527760 n-d-805649-27 devstack@placement-api.service[104075]: DEBUG placement.requestlog [req-d10f3c31-691f-4a3e-b1df-e7fa9690cc44 req-cee46691-6a6b-49fd-80a2-4fc58a127ebf None None] Starting request: 10.222.0.42 "GET /placement/resource_providers/e1d51f53-b235-419c-a139-13f87f16ed4e/allocations" {{(pid=104075) __call__ /opt/stack/placement/placement/requestlog.py:55}}
Feb 07 23:05:31.566202 n-d-805649-27 devstack@placement-api.service[104075]: INFO placement.requestlog [req-d10f3c31-691f-4a3e-b1df-e7fa9690cc44 req-cee46691-6a6b-49fd-80a2-4fc58a127ebf service placement] 10.222.0.42 "GET /placement/resource_providers/e1d51f53-b235-419c-a139-13f87f16ed4e/allocations" status: 200 len: 759 microversion: 1.0
Feb 07 23:05:31.567154 n-d-805649-27 devstack@placement-api.service[104075]: [pid: 104075|app: 0|req: 135/268] 10.222.0.42 () {58 vars in 1390 bytes} [Mon Feb 7 23:05:31 2022] GET /placement/resource_providers/e1d51f53-b235-419c-a139-13f87f16ed4e/allocations => generated 759 bytes in 40 msecs (HTTP/1.1 200) 6 headers in 224 bytes (1 switches on core 0)
Feb 07 23:05:38.666035 n-d-805649-27 devstack@placement-api.service[104076]: DEBUG placement.requestlog [req-748115c1-776a-4be2-8333-1339de2401cd req-6bcd43eb-34da-4518-9792-abea2c03e1b9 None None] Starting request: 10.222.0.52 "DELETE /placement/allocations/7c182514-403d-4904-aa88-5d676d49a77d" {{(pid=104076) __call__ /opt/stack/placement/placement/requestlog.py:55}}
Feb 07 23:05:38.861562 n-d-805649-27 devstack@placement-api.service[104076]: DEBUG placement.handlers.allocation [req-748115c1-776a-4be2-8333-1339de2401cd req-6bcd43eb-34da-4518-9792-abea2c03e1b9 service placement] Successfully deleted allocations [, , ] {{(pid=104076) delete_allocations /opt/stack/placement/placement/handlers/allocation.py:627}}
Feb 07 23:05:38.862682 n-d-805649-27 devstack@placement-api.service[104076]: INFO placement.requestlog [req-748115c1-776a-4be2-8333-1339de2401cd req-6bcd43eb-34da-4518-9792-abea2c03e1b9 service placement] 10.222.0.52 "DELETE /placement/allocations/7c182514-403d-4904-aa88-5d676d49a77d" status: 204 len: 0 microversion: 1.0
Feb 07 23:05:38.863504 n-d-805649-27 devstack@placement-api.service[104076]: [pid: 104076|app: 0|req: 134/269] 10.222.0.52 () {60 vars in 1355 bytes} [Mon Feb 7 23:05:38 2022] DELETE /placement/allocations/7c182514-403d-4904-aa88-5d676d49a77d => generated 0 bytes in 198 msecs (HTTP/1.1 204) 5 headers in 198 bytes (2 switches on core 0)
Feb 07 23:05:40.459391 n-d-805649-27 devstack@placement-api.service[104075]: DEBUG placement.requestlog [req-3d3a27ec-b78f-4d30-acd1-23bc58ce00e8 req-be4419fd-4f1c-4a3e-a217-04d7fa0a2186 None None] Starting request: 10.222.0.42 "DELETE /placement/allocations/339cc097-efc5-4ce1-a00b-7e4d8960e261" {{(pid=104075) __call__ /opt/stack/placement/placement/requestlog.py:55}}
Feb 07 23:05:40.660654 n-d-805649-27 devstack@placement-api.service[104075]: DEBUG placement.handlers.allocation [req-3d3a27ec-b78f-4d30-acd1-23bc58ce00e8 req-be4419fd-4f1c-4a3e-a217-04d7fa0a2186 service placement] Successfully deleted allocations [, , ] {{(pid=104075) delete_allocations /opt/stack/placement/placement/handlers/allocation.py:627}}
Feb 07 23:05:40.672246 n-d-805649-27 devstack@placement-api.service[104075]: INFO placement.requestlog [req-3d3a27ec-b78f-4d30-acd1-23bc58ce00e8 req-be4419fd-4f1c-4a3e-a217-04d7fa0a2186 service placement] 10.222.0.42 "DELETE /placement/allocations/339cc097-efc5-4ce1-a00b-7e4d8960e261" status: 204 len: 0 microversion: 1.0
Feb 07 23:05:40.672246 n-d-805649-27 devstack@placement-api.service[104075]: [pid: 104075|app: 0|req: 136/270] 10.222.0.42 () {60 vars in 1355 bytes} [Mon Feb 7 23:05:40 2022] DELETE /placement/allocations/339cc097-efc5-4ce1-a00b-7e4d8960e261 => generated 0 bytes in 203 msecs (HTTP/1.1 204) 5 headers in 198 bytes (1 switches on core 0)
Feb 07 23:05:48.542583 n-d-805649-27 devstack@placement-api.service[104076]: DEBUG placement.requestlog [req-868cf6fc-f62c-426d-9dc1-b0a6d5723e78 req-6b634cff-0983-4761-b225-04d12d26a334 None None] Starting request: 10.222.0.42 "DELETE /placement/allocations/4d391988-4163-4574-a4bb-385acaf8ee4a" {{(pid=104076) __call__ /opt/stack/placement/placement/requestlog.py:55}}
Feb 07 23:05:49.219503 n-d-805649-27 devstack@placement-api.service[104076]: DEBUG placement.handlers.allocation [req-868cf6fc-f62c-426d-9dc1-b0a6d5723e78 req-6b634cff-0983-4761-b225-04d12d26a334 service placement] Successfully deleted allocations [, , ] {{(pid=104076) delete_allocations /opt/stack/placement/placement/handlers/allocation.py:627}}
Feb 07 23:05:49.220351 n-d-805649-27 devstack@placement-api.service[104076]: INFO placement.requestlog [req-868cf6fc-f62c-426d-9dc1-b0a6d5723e78 req-6b634cff-0983-4761-b225-04d12d26a334 service placement] 10.222.0.42 "DELETE /placement/allocations/4d391988-4163-4574-a4bb-385acaf8ee4a" status: 204 len: 0 microversion: 1.0
Feb 07 23:05:49.222290 n-d-805649-27 devstack@placement-api.service[104076]: [pid: 104076|app: 0|req: 135/271] 10.222.0.42 () {60 vars in 1355 bytes} [Mon Feb 7 23:05:48 2022] DELETE /placement/allocations/4d391988-4163-4574-a4bb-385acaf8ee4a => generated 0 bytes in 680 msecs (HTTP/1.1 204) 5 headers in 198 bytes (1 switches on core 0)
Feb 07 23:05:51.455299 n-d-805649-27 devstack@placement-api.service[104075]: DEBUG placement.requestlog [req-46dfca8d-fd7f-48a1-9355-bef077df2afe req-99656378-d6fc-4a26-860d-23f378382f7d None None] Starting request: 10.222.0.21 "GET /placement/allocation_candidates?limit=1000&resources=DISK_GB%3A1%2CMEMORY_MB%3A1024%2CVCPU%3A1&root_required=%21COMPUTE_STATUS_DISABLED" {{(pid=104075) __call__ /opt/stack/placement/placement/requestlog.py:55}}
Feb 07 23:05:51.552687 n-d-805649-27 devstack@placement-api.service[104075]: DEBUG placement.objects.research_context [req-46dfca8d-fd7f-48a1-9355-bef077df2afe req-99656378-d6fc-4a26-860d-23f378382f7d service placement] getting providers with 1 DISK_GB {{(pid=104075) __init__ /opt/stack/placement/placement/objects/research_context.py:126}}
Feb 07 23:05:51.583605 n-d-805649-27 devstack@placement-api.service[104075]: DEBUG placement.objects.research_context [req-46dfca8d-fd7f-48a1-9355-bef077df2afe req-99656378-d6fc-4a26-860d-23f378382f7d service placement] getting providers with 1024 MEMORY_MB {{(pid=104075) __init__ /opt/stack/placement/placement/objects/research_context.py:126}}
Feb 07 23:05:51.599403 n-d-805649-27 devstack@placement-api.service[104075]: DEBUG placement.objects.research_context [req-46dfca8d-fd7f-48a1-9355-bef077df2afe req-99656378-d6fc-4a26-860d-23f378382f7d service placement] getting providers with 1 VCPU {{(pid=104075) __init__ /opt/stack/placement/placement/objects/research_context.py:126}}
Feb 07 23:05:51.618423 n-d-805649-27 devstack@placement-api.service[104075]: DEBUG placement.objects.research_context [req-46dfca8d-fd7f-48a1-9355-bef077df2afe req-99656378-d6fc-4a26-860d-23f378382f7d service placement] found 2 providers with available 1 DISK_GB {{(pid=104075) get_provider_ids_matching /opt/stack/placement/placement/objects/research_context.py:549}}
Feb 07 23:05:51.618740 n-d-805649-27 devstack@placement-api.service[104075]: DEBUG placement.objects.research_context [req-46dfca8d-fd7f-48a1-9355-bef077df2afe req-99656378-d6fc-4a26-860d-23f378382f7d service placement] found 2 providers with available 1024 MEMORY_MB {{(pid=104075) get_provider_ids_matching /opt/stack/placement/placement/objects/research_context.py:549}}
Feb 07 23:05:51.618970 n-d-805649-27 devstack@placement-api.service[104075]: DEBUG placement.objects.research_context [req-46dfca8d-fd7f-48a1-9355-bef077df2afe req-99656378-d6fc-4a26-860d-23f378382f7d service placement] found 2 providers after filtering by previous result {{(pid=104075) get_provider_ids_matching /opt/stack/placement/placement/objects/research_context.py:580}}
Feb 07 23:05:51.619220 n-d-805649-27 devstack@placement-api.service[104075]: DEBUG placement.objects.research_context [req-46dfca8d-fd7f-48a1-9355-bef077df2afe req-99656378-d6fc-4a26-860d-23f378382f7d service placement] found 2 providers with available 1 VCPU {{(pid=104075) get_provider_ids_matching /opt/stack/placement/placement/objects/research_context.py:549}}
Feb 07 23:05:51.624194 n-d-805649-27 devstack@placement-api.service[104075]: DEBUG placement.objects.research_context [req-46dfca8d-fd7f-48a1-9355-bef077df2afe req-99656378-d6fc-4a26-860d-23f378382f7d service placement] found 2 providers after filtering by previous result {{(pid=104075) get_provider_ids_matching /opt/stack/placement/placement/objects/research_context.py:580}}
Feb 07 23:05:51.649716 n-d-805649-27 devstack@placement-api.service[104075]: DEBUG placement.objects.allocation_candidate [req-46dfca8d-fd7f-48a1-9355-bef077df2afe req-99656378-d6fc-4a26-860d-23f378382f7d service placement] RequestGroup(use_same_provider=False, resources={DISK_GB:1, MEMORY_MB:1024, VCPU:1}, traits=[], aggregates=[]) (suffix '') returned 2 matches {{(pid=104075) _get_by_requests /opt/stack/placement/placement/objects/allocation_candidate.py:145}}
Feb 07 23:05:51.650347 n-d-805649-27 devstack@placement-api.service[104075]: DEBUG placement.objects.allocation_candidate [req-46dfca8d-fd7f-48a1-9355-bef077df2afe req-99656378-d6fc-4a26-860d-23f378382f7d service placement] Merging candidates yields 2 allocation requests and 2 provider summaries {{(pid=104075) _merge_candidates /opt/stack/placement/placement/objects/allocation_candidate.py:783}}
Feb 07 23:05:51.653846 n-d-805649-27 devstack@placement-api.service[104075]: INFO placement.requestlog [req-46dfca8d-fd7f-48a1-9355-bef077df2afe req-99656378-d6fc-4a26-860d-23f378382f7d service placement] 10.222.0.21 "GET /placement/allocation_candidates?limit=1000&resources=DISK_GB%3A1%2CMEMORY_MB%3A1024%2CVCPU%3A1&root_required=%21COMPUTE_STATUS_DISABLED" status: 200 len: 1309 microversion: 1.36
Feb 07 23:05:51.654701 n-d-805649-27 devstack@placement-api.service[104075]: [pid: 104075|app: 0|req: 137/272] 10.222.0.21 () {60 vars in 1506 bytes} [Mon Feb 7 23:05:51 2022] GET /placement/allocation_candidates?limit=1000&resources=DISK_GB%3A1%2CMEMORY_MB%3A1024%2CVCPU%3A1&root_required=%21COMPUTE_STATUS_DISABLED => generated 1309 bytes in 200 msecs (HTTP/1.1 200) 8 headers in 297 bytes (1 switches on core 0)
Feb 07 23:05:51.799854 n-d-805649-27 devstack@placement-api.service[104076]: DEBUG placement.requestlog [req-46dfca8d-fd7f-48a1-9355-bef077df2afe req-c75fc0d4-1f22-4491-93e6-44b0f1453d5e None None] Starting request: 10.222.0.21 "GET /placement/allocations/85cf497a-818c-4231-9d0f-cc45605a3efe" {{(pid=104076) __call__ /opt/stack/placement/placement/requestlog.py:55}}
Feb 07 23:05:51.814694 n-d-805649-27 devstack@placement-api.service[104076]: INFO placement.requestlog [req-46dfca8d-fd7f-48a1-9355-bef077df2afe req-c75fc0d4-1f22-4491-93e6-44b0f1453d5e service placement] 10.222.0.21 "GET /placement/allocations/85cf497a-818c-4231-9d0f-cc45605a3efe" status: 200 len: 19 microversion: 1.28
Feb 07 23:05:51.821474 n-d-805649-27 devstack@placement-api.service[104076]: [pid: 104076|app: 0|req: 136/273] 10.222.0.21 () {60 vars in 1380 bytes} [Mon Feb 7 23:05:51 2022] GET /placement/allocations/85cf497a-818c-4231-9d0f-cc45605a3efe => generated 19 bytes in 22 msecs (HTTP/1.1 200) 8 headers in 295 bytes (1 switches on core 0)
Feb 07 23:05:51.832726 n-d-805649-27 devstack@placement-api.service[104075]: DEBUG placement.requestlog [req-46dfca8d-fd7f-48a1-9355-bef077df2afe req-519461c3-80eb-43e4-98c0-b85c2b1a8b8b None None] Starting request: 10.222.0.21 "PUT /placement/allocations/85cf497a-818c-4231-9d0f-cc45605a3efe" {{(pid=104075) __call__ /opt/stack/placement/placement/requestlog.py:55}}
Feb 07 23:05:52.192330 n-d-805649-27 devstack@placement-api.service[104075]: DEBUG placement.handlers.allocation [req-46dfca8d-fd7f-48a1-9355-bef077df2afe req-519461c3-80eb-43e4-98c0-b85c2b1a8b8b service placement] Successfully wrote allocations [, , ] {{(pid=104075) _update_consumers_and_create_allocations /opt/stack/placement/placement/handlers/allocation.py:462}}
Feb 07 23:05:52.273033 n-d-805649-27 devstack@placement-api.service[104075]: INFO placement.requestlog [req-46dfca8d-fd7f-48a1-9355-bef077df2afe req-519461c3-80eb-43e4-98c0-b85c2b1a8b8b service placement] 10.222.0.21 "PUT /placement/allocations/85cf497a-818c-4231-9d0f-cc45605a3efe" status: 204 len: 0 microversion: 1.36
Feb 07 23:05:52.280902 n-d-805649-27 devstack@placement-api.service[104075]: [pid: 104075|app: 0|req: 138/274] 10.222.0.21 () {64 vars in 1433 bytes} [Mon Feb 7 23:05:51 2022] PUT /placement/allocations/85cf497a-818c-4231-9d0f-cc45605a3efe => generated 0 bytes in 441 msecs (HTTP/1.1 204) 5 headers in 199 bytes (1 switches on core 0)
Feb 07 23:05:52.287391 n-d-805649-27 devstack@placement-api.service[104076]: DEBUG placement.requestlog [req-46dfca8d-fd7f-48a1-9355-bef077df2afe req-b12a5ab4-610a-4750-86e6-a8e0cd27c0c2 None None] Starting request: 10.222.0.21 "GET /placement/allocations/b263a4a1-1724-4bc8-a5ee-1db537465c65" {{(pid=104076) __call__ /opt/stack/placement/placement/requestlog.py:55}}
Feb 07 23:05:52.307803 n-d-805649-27 devstack@placement-api.service[104076]: INFO placement.requestlog [req-46dfca8d-fd7f-48a1-9355-bef077df2afe req-b12a5ab4-610a-4750-86e6-a8e0cd27c0c2 service placement] 10.222.0.21 "GET /placement/allocations/b263a4a1-1724-4bc8-a5ee-1db537465c65" status: 200 len: 19 microversion: 1.28
Feb 07 23:05:52.315147 n-d-805649-27 devstack@placement-api.service[104075]: DEBUG placement.requestlog [req-46dfca8d-fd7f-48a1-9355-bef077df2afe req-dee42fa7-8e4b-4d08-8d31-5e189238333a None None] Starting request: 10.222.0.21 "PUT /placement/allocations/b263a4a1-1724-4bc8-a5ee-1db537465c65" {{(pid=104075) __call__ /opt/stack/placement/placement/requestlog.py:55}}
Feb 07 23:05:52.326548 n-d-805649-27 devstack@placement-api.service[104076]: [pid: 104076|app: 0|req: 137/275] 10.222.0.21 () {60 vars in 1380 bytes} [Mon Feb 7 23:05:52 2022] GET /placement/allocations/b263a4a1-1724-4bc8-a5ee-1db537465c65 => generated 19 bytes in 40 msecs (HTTP/1.1 200) 8 headers in 295 bytes (2 switches on core 0)
Feb 07 23:05:52.465728 n-d-805649-27 devstack@placement-api.service[104075]: DEBUG placement.handlers.allocation [req-46dfca8d-fd7f-48a1-9355-bef077df2afe req-dee42fa7-8e4b-4d08-8d31-5e189238333a service placement] Successfully wrote allocations [, , ] {{(pid=104075) _update_consumers_and_create_allocations /opt/stack/placement/placement/handlers/allocation.py:462}}
Feb 07 23:05:52.540120 n-d-805649-27 devstack@placement-api.service[104075]: INFO placement.requestlog [req-46dfca8d-fd7f-48a1-9355-bef077df2afe req-dee42fa7-8e4b-4d08-8d31-5e189238333a service placement] 10.222.0.21 "PUT /placement/allocations/b263a4a1-1724-4bc8-a5ee-1db537465c65" status: 204 len: 0 microversion: 1.36
Feb 07 23:05:52.540842 n-d-805649-27 devstack@placement-api.service[104075]: [pid: 104075|app: 0|req: 139/276] 10.222.0.21 () {64 vars in 1433 bytes} [Mon Feb 7 23:05:52 2022] PUT /placement/allocations/b263a4a1-1724-4bc8-a5ee-1db537465c65 => generated 0 bytes in 226 msecs (HTTP/1.1 204) 5 headers in 199 bytes (1 switches on core 0)
Feb 07 23:05:52.551577 n-d-805649-27 devstack@placement-api.service[104076]: DEBUG placement.requestlog [req-46dfca8d-fd7f-48a1-9355-bef077df2afe req-b809713a-e528-4a91-ac91-604c66c4000c None None] Starting request: 10.222.0.21 "GET /placement/allocations/c579243b-2614-4588-9589-f55dedf31bc0" {{(pid=104076) __call__ /opt/stack/placement/placement/requestlog.py:55}}
Feb 07 23:05:52.564431 n-d-805649-27 devstack@placement-api.service[104076]: INFO placement.requestlog [req-46dfca8d-fd7f-48a1-9355-bef077df2afe req-b809713a-e528-4a91-ac91-604c66c4000c service placement] 10.222.0.21 "GET /placement/allocations/c579243b-2614-4588-9589-f55dedf31bc0" status: 200 len: 19 microversion: 1.28
Feb 07 23:05:52.565489 n-d-805649-27 devstack@placement-api.service[104076]: [pid: 104076|app: 0|req: 138/277] 10.222.0.21 () {60 vars in 1380 bytes} [Mon Feb 7 23:05:52 2022] GET /placement/allocations/c579243b-2614-4588-9589-f55dedf31bc0 => generated 19 bytes in 14 msecs (HTTP/1.1 200) 8 headers in 295 bytes (1 switches on core 0)
Feb 07 23:05:52.571555 n-d-805649-27 devstack@placement-api.service[104075]: DEBUG placement.requestlog [req-46dfca8d-fd7f-48a1-9355-bef077df2afe req-5d9585ed-918e-4d8a-b01d-72b81c2dca3d None None] Starting request: 10.222.0.21 "PUT /placement/allocations/c579243b-2614-4588-9589-f55dedf31bc0" {{(pid=104075) __call__ /opt/stack/placement/placement/requestlog.py:55}}
Feb 07 23:05:52.723191 n-d-805649-27 devstack@placement-api.service[104075]: DEBUG placement.handlers.allocation [req-46dfca8d-fd7f-48a1-9355-bef077df2afe req-5d9585ed-918e-4d8a-b01d-72b81c2dca3d service placement] Successfully wrote allocations [, , ] {{(pid=104075) _update_consumers_and_create_allocations /opt/stack/placement/placement/handlers/allocation.py:462}}
Feb 07 23:05:52.776697 n-d-805649-27 devstack@placement-api.service[104075]: INFO placement.requestlog [req-46dfca8d-fd7f-48a1-9355-bef077df2afe req-5d9585ed-918e-4d8a-b01d-72b81c2dca3d service placement] 10.222.0.21 "PUT /placement/allocations/c579243b-2614-4588-9589-f55dedf31bc0" status: 204 len: 0 microversion: 1.36
Feb 07 23:05:52.777509 n-d-805649-27 devstack@placement-api.service[104075]: [pid: 104075|app: 0|req: 140/278] 10.222.0.21 () {64 vars in 1433 bytes} [Mon Feb 7 23:05:52 2022] PUT /placement/allocations/c579243b-2614-4588-9589-f55dedf31bc0 => generated 0 bytes in 206 msecs (HTTP/1.1 204) 5 headers in 199 bytes (1 switches on core 0)
Feb 07 23:05:54.527874 n-d-805649-27 devstack@placement-api.service[104076]: DEBUG placement.requestlog [req-46dfca8d-fd7f-48a1-9355-bef077df2afe req-d42fef25-15f6-4c52-b0a5-a60e483a467e None None] Starting request: 10.222.0.42 "GET /placement/allocations/85cf497a-818c-4231-9d0f-cc45605a3efe" {{(pid=104076) __call__ /opt/stack/placement/placement/requestlog.py:55}}
Feb 07 23:05:54.564648 n-d-805649-27 devstack@placement-api.service[104076]: INFO placement.requestlog [req-46dfca8d-fd7f-48a1-9355-bef077df2afe req-d42fef25-15f6-4c52-b0a5-a60e483a467e service placement] 10.222.0.42 "GET /placement/allocations/85cf497a-818c-4231-9d0f-cc45605a3efe" status: 200 len: 259 microversion: 1.28
Feb 07 23:05:54.566879 n-d-805649-27 devstack@placement-api.service[104076]: [pid: 104076|app: 0|req: 139/279] 10.222.0.42 () {60 vars in 1377 bytes} [Mon Feb 7 23:05:54 2022] GET /placement/allocations/85cf497a-818c-4231-9d0f-cc45605a3efe => generated 259 bytes in 39 msecs (HTTP/1.1 200) 8 headers in 296 bytes (1 switches on core 0)
Feb 07 23:05:55.039252 n-d-805649-27 devstack@placement-api.service[104075]: DEBUG placement.requestlog [req-46dfca8d-fd7f-48a1-9355-bef077df2afe req-7a57280f-c5be-4937-90ce-3bcff886aa5f None None] Starting request: 10.222.0.52 "GET /placement/allocations/b263a4a1-1724-4bc8-a5ee-1db537465c65" {{(pid=104075) __call__ /opt/stack/placement/placement/requestlog.py:55}}
Feb 07 23:05:55.111694 n-d-805649-27 devstack@placement-api.service[104075]: INFO placement.requestlog [req-46dfca8d-fd7f-48a1-9355-bef077df2afe req-7a57280f-c5be-4937-90ce-3bcff886aa5f service placement] 10.222.0.52 "GET /placement/allocations/b263a4a1-1724-4bc8-a5ee-1db537465c65" status: 200 len: 259 microversion: 1.28
Feb 07 23:05:55.113760 n-d-805649-27 devstack@placement-api.service[104075]: [pid: 104075|app: 0|req: 141/280] 10.222.0.52 () {60 vars in 1377 bytes} [Mon Feb 7 23:05:55 2022] GET /placement/allocations/b263a4a1-1724-4bc8-a5ee-1db537465c65 => generated 259 bytes in 74 msecs (HTTP/1.1 200) 8 headers in 296 bytes (1 switches on core 0)
Feb 07 23:05:55.387644 n-d-805649-27 devstack@placement-api.service[104076]: DEBUG placement.requestlog [req-46dfca8d-fd7f-48a1-9355-bef077df2afe req-21589226-4ac0-48e9-bf93-9c00a5892b55 None None] Starting request: 10.222.0.42 "GET /placement/allocations/c579243b-2614-4588-9589-f55dedf31bc0" {{(pid=104076) __call__ /opt/stack/placement/placement/requestlog.py:55}}
Feb 07 23:05:55.439205 n-d-805649-27 devstack@placement-api.service[104076]: INFO placement.requestlog [req-46dfca8d-fd7f-48a1-9355-bef077df2afe req-21589226-4ac0-48e9-bf93-9c00a5892b55 service placement] 10.222.0.42 "GET /placement/allocations/c579243b-2614-4588-9589-f55dedf31bc0" status: 200 len: 259 microversion: 1.28
Feb 07 23:05:55.439824 n-d-805649-27 devstack@placement-api.service[104076]: [pid: 104076|app: 0|req: 140/281] 10.222.0.42 () {60 vars in 1377 bytes} [Mon Feb 7 23:05:55 2022] GET /placement/allocations/c579243b-2614-4588-9589-f55dedf31bc0 => generated 259 bytes in 52 msecs (HTTP/1.1 200) 8 headers in 296 bytes (1 switches on core 0)
Feb 07 23:06:01.077190 n-d-805649-27 devstack@placement-api.service[104075]: DEBUG placement.requestlog [req-e8387b69-c3a1-43c8-be5d-79920d3c4f76 req-e20ae779-fd58-431a-8cbb-d8336133ceeb None None] Starting request: 10.222.0.42 "GET /placement/allocations/5a3d070b-9417-4528-ba01-73e3ff1a57cd" {{(pid=104075) __call__ /opt/stack/placement/placement/requestlog.py:55}}
Feb 07 23:06:01.100600 n-d-805649-27 devstack@placement-api.service[104075]: INFO placement.requestlog [req-e8387b69-c3a1-43c8-be5d-79920d3c4f76 req-e20ae779-fd58-431a-8cbb-d8336133ceeb service placement] 10.222.0.42 "GET /placement/allocations/5a3d070b-9417-4528-ba01-73e3ff1a57cd" status: 200 len: 258 microversion: 1.28
Feb 07 23:06:01.101249 n-d-805649-27 devstack@placement-api.service[104075]: [pid: 104075|app: 0|req: 142/282] 10.222.0.42 () {60 vars in 1377 bytes} [Mon Feb 7 23:06:01 2022] GET /placement/allocations/5a3d070b-9417-4528-ba01-73e3ff1a57cd => generated 258 bytes in 24 msecs (HTTP/1.1 200) 8 headers in 296 bytes (1 switches on core 0)
Feb 07 23:06:02.170650 n-d-805649-27 devstack@placement-api.service[104076]: DEBUG placement.requestlog [None req-b5ac06bb-22c6-40a2-9b00-d7a4fc8daaeb None None] Starting request: 10.222.0.21 "GET /placement/" {{(pid=104076) __call__ /opt/stack/placement/placement/requestlog.py:55}}
Feb 07 23:06:02.171730 n-d-805649-27 devstack@placement-api.service[104076]: INFO placement.requestlog [None req-b5ac06bb-22c6-40a2-9b00-d7a4fc8daaeb None None] 10.222.0.21 "GET /placement/" status: 200 len: 136 microversion: 1.0
Feb 07 23:06:02.172162 n-d-805649-27 devstack@placement-api.service[104076]: [pid: 104076|app: 0|req: 141/283] 10.222.0.21 () {54 vars in 916 bytes} [Mon Feb 7 23:06:02 2022] GET /placement => generated 136 bytes in 2 msecs (HTTP/1.1 200) 6 headers in 224 bytes (1 switches on core 0)
Feb 07 23:06:02.183711 n-d-805649-27 devstack@placement-api.service[104075]: DEBUG placement.requestlog [req-a0f12b5a-9554-436d-8a86-5819318b1ed0 req-61964ef7-eb2e-4432-ba30-ff466f62638a None None] Starting request: 10.222.0.21 "GET /placement/allocations/0d4f4900-b24d-483d-a224-17105d7c484a" {{(pid=104075) __call__ /opt/stack/placement/placement/requestlog.py:55}}
