Jan 11 12:17:45.234960 n-d-805649-22 devstack@placement-api.service[104422]: DEBUG placement.handlers.allocation [req-7acf7109-f71b-47d1-89c7-2cebda92f3cb req-0d67a08f-b24c-414f-8135-b50c65a5e568 service placement] Successfully deleted allocations [, , ] {{(pid=104422) delete_allocations /opt/stack/placement/placement/handlers/allocation.py:627}}
Jan 11 12:17:45.236502 n-d-805649-22 devstack@placement-api.service[104422]: INFO placement.requestlog [req-7acf7109-f71b-47d1-89c7-2cebda92f3cb req-0d67a08f-b24c-414f-8135-b50c65a5e568 service placement] 10.222.0.44 "DELETE /placement/allocations/5cba08eb-7498-4c83-9220-9db47d6009dd" status: 204 len: 0 microversion: 1.0
Jan 11 12:17:45.236890 n-d-805649-22 devstack@placement-api.service[104422]: [pid: 104422|app: 0|req: 245/480] 10.222.0.44 () {60 vars in 1355 bytes} [Tue Jan 11 12:17:44 2022] DELETE /placement/allocations/5cba08eb-7498-4c83-9220-9db47d6009dd => generated 0 bytes in 282 msecs (HTTP/1.1 204) 5 headers in 198 bytes (1 switches on core 0)
Jan 11 12:17:47.309186 n-d-805649-22 devstack@placement-api.service[104421]: DEBUG placement.requestlog [req-8ecdd378-6255-4cdc-b9a2-c68e2a8a3a90 req-9d6b38f2-8664-4323-b718-3a76f41c1546 None None] Starting request: 10.222.0.42 "DELETE /placement/allocations/74f825e0-a93d-4486-8c42-ef7287b83b41" {{(pid=104421) __call__ /opt/stack/placement/placement/requestlog.py:55}}
Jan 11 12:17:47.527875 n-d-805649-22 devstack@placement-api.service[104421]: DEBUG placement.handlers.allocation [req-8ecdd378-6255-4cdc-b9a2-c68e2a8a3a90 req-9d6b38f2-8664-4323-b718-3a76f41c1546 service placement] Successfully deleted allocations [, , ] {{(pid=104421) delete_allocations /opt/stack/placement/placement/handlers/allocation.py:627}}
Jan 11 12:17:47.529561 n-d-805649-22 devstack@placement-api.service[104421]: INFO placement.requestlog [req-8ecdd378-6255-4cdc-b9a2-c68e2a8a3a90 req-9d6b38f2-8664-4323-b718-3a76f41c1546 service placement] 10.222.0.42 "DELETE /placement/allocations/74f825e0-a93d-4486-8c42-ef7287b83b41" status: 204 len: 0 microversion: 1.0
Jan 11 12:17:47.529561 n-d-805649-22 devstack@placement-api.service[104421]: [pid: 104421|app: 0|req: 236/481] 10.222.0.42 () {60 vars in 1355 bytes} [Tue Jan 11 12:17:47 2022] DELETE /placement/allocations/74f825e0-a93d-4486-8c42-ef7287b83b41 => generated 0 bytes in 220 msecs (HTTP/1.1 204) 5 headers in 198 bytes (2 switches on core 0)
Jan 11 12:17:52.270016 n-d-805649-22 devstack@placement-api.service[104422]: DEBUG placement.requestlog [req-808bec44-c13b-4b2e-ba5e-01515509190d req-aca12ed0-eea5-4f60-bceb-e398aa39446b None None] Starting request: 10.222.0.44 "DELETE /placement/allocations/c17ba90b-7a9b-4965-b591-4af179f773a4" {{(pid=104422) __call__ /opt/stack/placement/placement/requestlog.py:55}}
Jan 11 12:17:52.476191 n-d-805649-22 devstack@placement-api.service[104422]: DEBUG placement.handlers.allocation [req-808bec44-c13b-4b2e-ba5e-01515509190d req-aca12ed0-eea5-4f60-bceb-e398aa39446b service placement] Successfully deleted allocations [, , ] {{(pid=104422) delete_allocations /opt/stack/placement/placement/handlers/allocation.py:627}}
Jan 11 12:17:52.476840 n-d-805649-22 devstack@placement-api.service[104422]: INFO placement.requestlog [req-808bec44-c13b-4b2e-ba5e-01515509190d req-aca12ed0-eea5-4f60-bceb-e398aa39446b service placement] 10.222.0.44 "DELETE /placement/allocations/c17ba90b-7a9b-4965-b591-4af179f773a4" status: 204 len: 0 microversion: 1.0
Jan 11 12:17:52.477198 n-d-805649-22 devstack@placement-api.service[104422]: [pid: 104422|app: 0|req: 246/482] 10.222.0.44 () {60 vars in 1355 bytes} [Tue Jan 11 12:17:52 2022] DELETE /placement/allocations/c17ba90b-7a9b-4965-b591-4af179f773a4 => generated 0 bytes in 208 msecs (HTTP/1.1 204) 5 headers in 198 bytes (1 switches on core 0)
Jan 11 12:17:56.914492 n-d-805649-22 devstack@placement-api.service[104421]: DEBUG placement.requestlog [req-fb945641-d4c9-410c-b7cb-7de3043ee40e req-456548d0-6269-4699-9a24-1f01f282f32e None None] Starting request: 10.222.0.44 "DELETE /placement/allocations/98b344ba-be79-40ed-8e62-3b09b4fea899" {{(pid=104421) __call__ /opt/stack/placement/placement/requestlog.py:55}}
Jan 11 12:17:57.106775 n-d-805649-22 devstack@placement-api.service[104421]: DEBUG placement.handlers.allocation [req-fb945641-d4c9-410c-b7cb-7de3043ee40e req-456548d0-6269-4699-9a24-1f01f282f32e service placement] Successfully deleted allocations [, , ] {{(pid=104421) delete_allocations /opt/stack/placement/placement/handlers/allocation.py:627}}
Jan 11 12:17:57.109107 n-d-805649-22 devstack@placement-api.service[104421]: INFO placement.requestlog [req-fb945641-d4c9-410c-b7cb-7de3043ee40e req-456548d0-6269-4699-9a24-1f01f282f32e service placement] 10.222.0.44 "DELETE /placement/allocations/98b344ba-be79-40ed-8e62-3b09b4fea899" status: 204 len: 0 microversion: 1.0
Jan 11 12:17:57.109107 n-d-805649-22 devstack@placement-api.service[104421]: [pid: 104421|app: 0|req: 237/483] 10.222.0.44 () {60 vars in 1355 bytes} [Tue Jan 11 12:17:56 2022] DELETE /placement/allocations/98b344ba-be79-40ed-8e62-3b09b4fea899 => generated 0 bytes in 198 msecs (HTTP/1.1 204) 5 headers in 198 bytes (1 switches on core 0)
Jan 11 12:18:00.365886 n-d-805649-22 devstack@placement-api.service[104422]: DEBUG placement.requestlog [req-35b80a8e-89fe-445f-9a0b-136db4851ab3 req-0c7eab98-dfec-4b62-8ed2-003aab2d6186 None None] Starting request: 10.222.0.44 "DELETE /placement/allocations/5a023f98-15a1-4f3e-a341-eb66520aab67" {{(pid=104422) __call__ /opt/stack/placement/placement/requestlog.py:55}}
Jan 11 12:18:00.546149 n-d-805649-22 devstack@placement-api.service[104422]: DEBUG placement.handlers.allocation [req-35b80a8e-89fe-445f-9a0b-136db4851ab3 req-0c7eab98-dfec-4b62-8ed2-003aab2d6186 service placement] Successfully deleted allocations [, , ] {{(pid=104422) delete_allocations /opt/stack/placement/placement/handlers/allocation.py:627}}
Jan 11 12:18:00.550851 n-d-805649-22 devstack@placement-api.service[104422]: INFO placement.requestlog [req-35b80a8e-89fe-445f-9a0b-136db4851ab3 req-0c7eab98-dfec-4b62-8ed2-003aab2d6186 service placement] 10.222.0.44 "DELETE /placement/allocations/5a023f98-15a1-4f3e-a341-eb66520aab67" status: 204 len: 0 microversion: 1.0
Jan 11 12:18:00.550851 n-d-805649-22 devstack@placement-api.service[104422]: [pid: 104422|app: 0|req: 247/484] 10.222.0.44 () {60 vars in 1355 bytes} [Tue Jan 11 12:18:00 2022] DELETE /placement/allocations/5a023f98-15a1-4f3e-a341-eb66520aab67 => generated 0 bytes in 182 msecs (HTTP/1.1 204) 5 headers in 198 bytes (1 switches on core 0)
Jan 11 12:18:01.828164 n-d-805649-22 devstack@placement-api.service[104421]: DEBUG placement.requestlog [req-5c0151b3-f8c2-46f3-a4c0-958dd2046abf req-37a0f904-fd57-485d-9244-dbbe3f5830dd None None] Starting request: 10.222.0.42 "DELETE /placement/allocations/1c9d13c0-3265-4d44-a078-6b4ab9000b1a" {{(pid=104421) __call__ /opt/stack/placement/placement/requestlog.py:55}}
Jan 11 12:18:02.099178 n-d-805649-22 devstack@placement-api.service[104421]: DEBUG placement.handlers.allocation [req-5c0151b3-f8c2-46f3-a4c0-958dd2046abf req-37a0f904-fd57-485d-9244-dbbe3f5830dd service placement] Successfully deleted allocations [, , ] {{(pid=104421) delete_allocations /opt/stack/placement/placement/handlers/allocation.py:627}}
Jan 11 12:18:02.100429 n-d-805649-22 devstack@placement-api.service[104421]: INFO placement.requestlog [req-5c0151b3-f8c2-46f3-a4c0-958dd2046abf req-37a0f904-fd57-485d-9244-dbbe3f5830dd service placement] 10.222.0.42 "DELETE /placement/allocations/1c9d13c0-3265-4d44-a078-6b4ab9000b1a" status: 204 len: 0 microversion: 1.0
Jan 11 12:18:02.101915 n-d-805649-22 devstack@placement-api.service[104421]: [pid: 104421|app: 0|req: 238/485] 10.222.0.42 () {60 vars in 1355 bytes} [Tue Jan 11 12:18:01 2022] DELETE /placement/allocations/1c9d13c0-3265-4d44-a078-6b4ab9000b1a => generated 0 bytes in 274 msecs (HTTP/1.1 204) 5 headers in 198 bytes (2 switches on core 0)
Jan 11 12:18:05.087957 n-d-805649-22 devstack@placement-api.service[104422]: DEBUG placement.requestlog [req-7ec443e7-bb70-4cfc-a756-a877bef54fe9 req-8dc1dd9c-04a5-4db1-85b7-47dd572fed67 None None] Starting request: 10.222.0.42 "DELETE /placement/allocations/3528045d-f648-4296-8f9b-cf8082a0d667" {{(pid=104422) __call__ /opt/stack/placement/placement/requestlog.py:55}}
Jan 11 12:18:05.454876 n-d-805649-22 devstack@placement-api.service[104422]: DEBUG placement.handlers.allocation [req-7ec443e7-bb70-4cfc-a756-a877bef54fe9 req-8dc1dd9c-04a5-4db1-85b7-47dd572fed67 service placement] Successfully deleted allocations [, , ] {{(pid=104422) delete_allocations /opt/stack/placement/placement/handlers/allocation.py:627}}
Jan 11 12:18:05.455665 n-d-805649-22 devstack@placement-api.service[104422]: INFO placement.requestlog [req-7ec443e7-bb70-4cfc-a756-a877bef54fe9 req-8dc1dd9c-04a5-4db1-85b7-47dd572fed67 service placement] 10.222.0.42 "DELETE /placement/allocations/3528045d-f648-4296-8f9b-cf8082a0d667" status: 204 len: 0 microversion: 1.0
Jan 11 12:18:05.456647 n-d-805649-22 devstack@placement-api.service[104422]: [pid: 104422|app: 0|req: 248/486] 10.222.0.42 () {60 vars in 1355 bytes} [Tue Jan 11 12:18:05 2022] DELETE /placement/allocations/3528045d-f648-4296-8f9b-cf8082a0d667 => generated 0 bytes in 369 msecs (HTTP/1.1 204) 5 headers in 198 bytes (1 switches on core 0)
Jan 11 12:18:07.571602 n-d-805649-22 devstack@placement-api.service[104421]: DEBUG placement.requestlog [req-fde71c91-2ef3-45df-8d43-177c1a0d9d3f req-d18ccf07-acc0-42ac-b8ff-e0e512c83337 None None] Starting request: 10.222.0.42 "DELETE /placement/allocations/7dc0efb9-23c4-4d5a-b7ce-bb11492a0d29" {{(pid=104421) __call__ /opt/stack/placement/placement/requestlog.py:55}}
Jan 11 12:18:07.867590 n-d-805649-22 devstack@placement-api.service[104421]: DEBUG placement.handlers.allocation [req-fde71c91-2ef3-45df-8d43-177c1a0d9d3f req-d18ccf07-acc0-42ac-b8ff-e0e512c83337 service placement] Successfully deleted allocations [, , ] {{(pid=104421) delete_allocations /opt/stack/placement/placement/handlers/allocation.py:627}}
Jan 11 12:18:07.868341 n-d-805649-22 devstack@placement-api.service[104421]: INFO placement.requestlog [req-fde71c91-2ef3-45df-8d43-177c1a0d9d3f req-d18ccf07-acc0-42ac-b8ff-e0e512c83337 service placement] 10.222.0.42 "DELETE /placement/allocations/7dc0efb9-23c4-4d5a-b7ce-bb11492a0d29" status: 204 len: 0 microversion: 1.0
Jan 11 12:18:07.869158 n-d-805649-22 devstack@placement-api.service[104421]: [pid: 104421|app: 0|req: 239/487] 10.222.0.42 () {60 vars in 1355 bytes} [Tue Jan 11 12:18:07 2022] DELETE /placement/allocations/7dc0efb9-23c4-4d5a-b7ce-bb11492a0d29 => generated 0 bytes in 298 msecs (HTTP/1.1 204) 5 headers in 198 bytes (1 switches on core 0)
Jan 11 12:18:15.958912 n-d-805649-22 devstack@placement-api.service[104422]: DEBUG placement.requestlog [req-cd50aec7-4b4a-4c78-bf7b-777ec781f73d req-3f3936b1-91b5-472a-9c55-e631b976fd86 None None] Starting request: 10.222.0.44 "DELETE /placement/allocations/8d28d26c-4dbf-4acf-8f99-0a2cd196ce82" {{(pid=104422) __call__ /opt/stack/placement/placement/requestlog.py:55}}
Jan 11 12:18:16.121389 n-d-805649-22 devstack@placement-api.service[104422]: DEBUG placement.handlers.allocation [req-cd50aec7-4b4a-4c78-bf7b-777ec781f73d req-3f3936b1-91b5-472a-9c55-e631b976fd86 service placement] Successfully deleted allocations [, , ] {{(pid=104422) delete_allocations /opt/stack/placement/placement/handlers/allocation.py:627}}
Jan 11 12:18:16.125875 n-d-805649-22 devstack@placement-api.service[104422]: INFO placement.requestlog [req-cd50aec7-4b4a-4c78-bf7b-777ec781f73d req-3f3936b1-91b5-472a-9c55-e631b976fd86 service placement] 10.222.0.44 "DELETE /placement/allocations/8d28d26c-4dbf-4acf-8f99-0a2cd196ce82" status: 204 len: 0 microversion: 1.0
Jan 11 12:18:16.125875 n-d-805649-22 devstack@placement-api.service[104422]: [pid: 104422|app: 0|req: 249/488] 10.222.0.44 () {60 vars in 1355 bytes} [Tue Jan 11 12:18:15 2022] DELETE /placement/allocations/8d28d26c-4dbf-4acf-8f99-0a2cd196ce82 => generated 0 bytes in 164 msecs (HTTP/1.1 204) 5 headers in 198 bytes (1 switches on core 0)
Jan 11 12:18:21.208053 n-d-805649-22 devstack@placement-api.service[104421]: DEBUG placement.requestlog [None req-45ede689-c62b-4fc4-be8c-3702f5fa64fe None None] Starting request: 10.222.0.26 "GET /placement/" {{(pid=104421) __call__ /opt/stack/placement/placement/requestlog.py:55}}
Jan 11 12:18:21.210498 n-d-805649-22 devstack@placement-api.service[104421]: INFO placement.requestlog [None req-45ede689-c62b-4fc4-be8c-3702f5fa64fe None None] 10.222.0.26 "GET /placement/" status: 200 len: 136 microversion: 1.0
Jan 11 12:18:21.213108 n-d-805649-22 devstack@placement-api.service[104421]: [pid: 104421|app: 0|req: 240/489] 10.222.0.26 () {54 vars in 907 bytes} [Tue Jan 11 12:18:21 2022] GET /placement => generated 136 bytes in 4 msecs (HTTP/1.1 200) 6 headers in 224 bytes (1 switches on core 0)
Jan 11 12:18:21.228745 n-d-805649-22 devstack@placement-api.service[104422]: DEBUG placement.requestlog [req-6d55e5d0-1370-4a62-9a0c-e509c0b7a7d5 req-4ad69104-219f-49fc-854f-954e83aa0cb1 None None] Starting request: 10.222.0.26 "DELETE /placement/allocations/8d28d26c-4dbf-4acf-8f99-0a2cd196ce82" {{(pid=104422) __call__ /opt/stack/placement/placement/requestlog.py:55}}
Jan 11 12:18:21.618128 n-d-805649-22 devstack@placement-api.service[104422]: DEBUG placement.wsgi_wrapper [req-6d55e5d0-1370-4a62-9a0c-e509c0b7a7d5 req-4ad69104-219f-49fc-854f-954e83aa0cb1 service placement] Placement API returning an error response: No allocations for consumer '8d28d26c-4dbf-4acf-8f99-0a2cd196ce82' {{(pid=104422) call_func /opt/stack/placement/placement/wsgi_wrapper.py:31}}
Jan 11 12:18:21.618776 n-d-805649-22 devstack@placement-api.service[104422]: INFO placement.requestlog [req-6d55e5d0-1370-4a62-9a0c-e509c0b7a7d5 req-4ad69104-219f-49fc-854f-954e83aa0cb1 service placement] 10.222.0.26 "DELETE /placement/allocations/8d28d26c-4dbf-4acf-8f99-0a2cd196ce82" status: 404 len: 228 microversion: 1.0
Jan 11 12:18:21.621949 n-d-805649-22 devstack@placement-api.service[104422]: [pid: 104422|app: 0|req: 250/490] 10.222.0.26 () {60 vars in 1349 bytes} [Tue Jan 11 12:18:21 2022] DELETE /placement/allocations/8d28d26c-4dbf-4acf-8f99-0a2cd196ce82 => generated 228 bytes in 393 msecs (HTTP/1.1 404) 6 headers in 231 bytes (1 switches on core 0)
Jan 11 12:18:23.112973 n-d-805649-22 devstack@placement-api.service[104421]: DEBUG placement.requestlog [req-4e413c7b-1469-487f-92cf-dc3337829a69 req-18a10348-d16b-4495-9a55-1f31fea48630 None None] Starting request: 10.222.0.42 "GET /placement/resource_providers/1c508da1-100a-4339-b339-1e5d41b665cf/allocations" {{(pid=104421) __call__ /opt/stack/placement/placement/requestlog.py:55}}
Jan 11 12:18:23.143570 n-d-805649-22 devstack@placement-api.service[104421]: INFO placement.requestlog [req-4e413c7b-1469-487f-92cf-dc3337829a69 req-18a10348-d16b-4495-9a55-1f31fea48630 service placement] 10.222.0.42 "GET /placement/resource_providers/1c508da1-100a-4339-b339-1e5d41b665cf/allocations" status: 200 len: 255 microversion: 1.0
Jan 11 12:18:23.144585 n-d-805649-22 devstack@placement-api.service[104421]: [pid: 104421|app: 0|req: 241/491] 10.222.0.42 () {58 vars in 1390 bytes} [Tue Jan 11 12:18:23 2022] GET /placement/resource_providers/1c508da1-100a-4339-b339-1e5d41b665cf/allocations => generated 255 bytes in 32 msecs (HTTP/1.1 200) 6 headers in 224 bytes (1 switches on core 0)
Jan 11 12:18:23.785772 n-d-805649-22 devstack@placement-api.service[104422]: DEBUG placement.requestlog [None req-b2df7ed3-97d3-4384-ae9f-a47158176f4a None None] Starting request: 10.222.0.26 "GET /placement/" {{(pid=104422) __call__ /opt/stack/placement/placement/requestlog.py:55}}
Jan 11 12:18:23.786865 n-d-805649-22 devstack@placement-api.service[104422]: INFO placement.requestlog [None req-b2df7ed3-97d3-4384-ae9f-a47158176f4a None None] 10.222.0.26 "GET /placement/" status: 200 len: 136 microversion: 1.0
Jan 11 12:18:23.787172 n-d-805649-22 devstack@placement-api.service[104422]: [pid: 104422|app: 0|req: 251/492] 10.222.0.26 () {54 vars in 916 bytes} [Tue Jan 11 12:18:23 2022] GET /placement => generated 136 bytes in 2 msecs (HTTP/1.1 200) 6 headers in 224 bytes (1 switches on core 0)
Jan 11 12:18:23.807333 n-d-805649-22 devstack@placement-api.service[104421]: DEBUG placement.requestlog [req-405b74e9-5289-4c80-a25d-d4058241a56a req-ca138080-88ea-4fd9-97ff-b524e4fb12d7 None None] Starting request: 10.222.0.26 "GET /placement/allocations/7c4e2aee-d710-41d4-a2a2-6d20de0ecf63" {{(pid=104421) __call__ /opt/stack/placement/placement/requestlog.py:55}}
Jan 11 12:18:24.149819 n-d-805649-22 devstack@placement-api.service[104421]: INFO placement.requestlog [req-405b74e9-5289-4c80-a25d-d4058241a56a req-ca138080-88ea-4fd9-97ff-b524e4fb12d7 service placement] 10.222.0.26 "GET /placement/allocations/7c4e2aee-d710-41d4-a2a2-6d20de0ecf63" status: 200 len: 259 microversion: 1.28
Jan 11 12:18:24.151629 n-d-805649-22 devstack@placement-api.service[104421]: [pid: 104421|app: 0|req: 242/493] 10.222.0.26 () {60 vars in 1380 bytes} [Tue Jan 11 12:18:23 2022] GET /placement/allocations/7c4e2aee-d710-41d4-a2a2-6d20de0ecf63 => generated 259 bytes in 344 msecs (HTTP/1.1 200) 8 headers in 296 bytes (1 switches on core 0)
Jan 11 12:18:24.159763 n-d-805649-22 devstack@placement-api.service[104422]: DEBUG placement.requestlog [req-405b74e9-5289-4c80-a25d-d4058241a56a req-b6c713bc-c639-4a4c-9fa3-db72988aeb3d None None] Starting request: 10.222.0.26 "GET /placement/allocations/7c4e2aee-d710-41d4-a2a2-6d20de0ecf63" {{(pid=104422) __call__ /opt/stack/placement/placement/requestlog.py:55}}
Jan 11 12:18:24.182120 n-d-805649-22 devstack@placement-api.service[104422]: INFO placement.requestlog [req-405b74e9-5289-4c80-a25d-d4058241a56a req-b6c713bc-c639-4a4c-9fa3-db72988aeb3d service placement] 10.222.0.26 "GET /placement/allocations/7c4e2aee-d710-41d4-a2a2-6d20de0ecf63" status: 200 len: 259 microversion: 1.28
Jan 11 12:18:24.192430 n-d-805649-22 devstack@placement-api.service[104421]: DEBUG placement.requestlog [req-405b74e9-5289-4c80-a25d-d4058241a56a req-b79de8e2-8aa2-49d2-b1fb-e6c5b60ee0b5 None None] Starting request: 10.222.0.26 "GET /placement/allocations/3aaa9766-ec8e-491b-8ed5-1ff35faf83ae" {{(pid=104421) __call__ /opt/stack/placement/placement/requestlog.py:55}}
Jan 11 12:18:24.207836 n-d-805649-22 devstack@placement-api.service[104422]: [pid: 104422|app: 0|req: 252/494] 10.222.0.26 () {60 vars in 1380 bytes} [Tue Jan 11 12:18:24 2022] GET /placement/allocations/7c4e2aee-d710-41d4-a2a2-6d20de0ecf63 => generated 259 bytes in 47 msecs (HTTP/1.1 200) 8 headers in 296 bytes (1 switches on core 0)
Jan 11 12:18:24.214630 n-d-805649-22 devstack@placement-api.service[104421]: INFO placement.requestlog [req-405b74e9-5289-4c80-a25d-d4058241a56a req-b79de8e2-8aa2-49d2-b1fb-e6c5b60ee0b5 service placement] 10.222.0.26 "GET /placement/allocations/3aaa9766-ec8e-491b-8ed5-1ff35faf83ae" status: 200 len: 19 microversion: 1.28
Jan 11 12:18:24.224227 n-d-805649-22 devstack@placement-api.service[104421]: [pid: 104421|app: 0|req: 243/495] 10.222.0.26 () {60 vars in 1380 bytes} [Tue Jan 11 12:18:24 2022] GET /placement/allocations/3aaa9766-ec8e-491b-8ed5-1ff35faf83ae => generated 19 bytes in 32 msecs (HTTP/1.1 200) 8 headers in 295 bytes (2 switches on core 0)
Jan 11 12:18:24.224430 n-d-805649-22 devstack@placement-api.service[104422]: DEBUG placement.requestlog [req-405b74e9-5289-4c80-a25d-d4058241a56a req-4d18bbbb-01f6-4a8a-99b4-41d4015527ce None None] Starting request: 10.222.0.26 "POST /placement/allocations" {{(pid=104422) __call__ /opt/stack/placement/placement/requestlog.py:55}}
Jan 11 12:18:24.455705 n-d-805649-22 devstack@placement-api.service[104421]: DEBUG placement.requestlog [req-aad5c57f-1f90-46f6-822c-24b3a470e313 req-6de19f60-b39d-4e89-abec-9bdaf38a10c6 None None] Starting request: 10.222.0.26 "GET /placement/allocation_candidates?limit=1000&resources=DISK_GB%3A1%2CMEMORY_MB%3A1024%2CVCPU%3A1&root_required=%21COMPUTE_STATUS_DISABLED" {{(pid=104421) __call__ /opt/stack/placement/placement/requestlog.py:55}}
Jan 11 12:18:24.504673 n-d-805649-22 devstack@placement-api.service[104421]: DEBUG placement.objects.research_context [req-aad5c57f-1f90-46f6-822c-24b3a470e313 req-6de19f60-b39d-4e89-abec-9bdaf38a10c6 service placement] getting providers with 1 DISK_GB {{(pid=104421) __init__ /opt/stack/placement/placement/objects/research_context.py:126}}
Jan 11 12:18:24.505664 n-d-805649-22 devstack@placement-api.service[104422]: DEBUG placement.handlers.allocation [req-405b74e9-5289-4c80-a25d-d4058241a56a req-4d18bbbb-01f6-4a8a-99b4-41d4015527ce service placement] Successfully wrote allocations [, , , , , ] {{(pid=104422) _update_consumers_and_create_allocations /opt/stack/placement/placement/handlers/allocation.py:572}}
Jan 11 12:18:24.510844 n-d-805649-22 devstack@placement-api.service[104421]: DEBUG placement.objects.research_context [req-aad5c57f-1f90-46f6-822c-24b3a470e313 req-6de19f60-b39d-4e89-abec-9bdaf38a10c6 service placement] getting providers with 1024 MEMORY_MB {{(pid=104421) __init__ /opt/stack/placement/placement/objects/research_context.py:126}}
Jan 11 12:18:24.516545 n-d-805649-22 devstack@placement-api.service[104421]: DEBUG placement.objects.research_context [req-aad5c57f-1f90-46f6-822c-24b3a470e313 req-6de19f60-b39d-4e89-abec-9bdaf38a10c6 service placement] getting providers with 1 VCPU {{(pid=104421) __init__ /opt/stack/placement/placement/objects/research_context.py:126}}
Jan 11 12:18:24.522213 n-d-805649-22 devstack@placement-api.service[104421]: DEBUG placement.objects.research_context [req-aad5c57f-1f90-46f6-822c-24b3a470e313 req-6de19f60-b39d-4e89-abec-9bdaf38a10c6 service placement] found 2 providers with available 1 DISK_GB {{(pid=104421) get_provider_ids_matching /opt/stack/placement/placement/objects/research_context.py:549}}
Jan 11 12:18:24.526929 n-d-805649-22 devstack@placement-api.service[104421]: DEBUG placement.objects.research_context [req-aad5c57f-1f90-46f6-822c-24b3a470e313 req-6de19f60-b39d-4e89-abec-9bdaf38a10c6 service placement] found 2 providers with available 1024 MEMORY_MB {{(pid=104421) get_provider_ids_matching /opt/stack/placement/placement/objects/research_context.py:549}}
Jan 11 12:18:24.526929 n-d-805649-22 devstack@placement-api.service[104421]: DEBUG placement.objects.research_context [req-aad5c57f-1f90-46f6-822c-24b3a470e313 req-6de19f60-b39d-4e89-abec-9bdaf38a10c6 service placement] found 2 providers after filtering by previous result {{(pid=104421) get_provider_ids_matching /opt/stack/placement/placement/objects/research_context.py:580}}
Jan 11 12:18:24.526929 n-d-805649-22 devstack@placement-api.service[104421]: DEBUG placement.objects.research_context [req-aad5c57f-1f90-46f6-822c-24b3a470e313 req-6de19f60-b39d-4e89-abec-9bdaf38a10c6 service placement] found 2 providers with available 1 VCPU {{(pid=104421) get_provider_ids_matching /opt/stack/placement/placement/objects/research_context.py:549}}
Jan 11 12:18:24.526929 n-d-805649-22 devstack@placement-api.service[104421]: DEBUG placement.objects.research_context [req-aad5c57f-1f90-46f6-822c-24b3a470e313 req-6de19f60-b39d-4e89-abec-9bdaf38a10c6 service placement] found 2 providers after filtering by previous result {{(pid=104421) get_provider_ids_matching /opt/stack/placement/placement/objects/research_context.py:580}}
Jan 11 12:18:24.534818 n-d-805649-22 devstack@placement-api.service[104421]: DEBUG placement.objects.allocation_candidate [req-aad5c57f-1f90-46f6-822c-24b3a470e313 req-6de19f60-b39d-4e89-abec-9bdaf38a10c6 service placement] RequestGroup(use_same_provider=False, resources={DISK_GB:1, MEMORY_MB:1024, VCPU:1}, traits=[], aggregates=[]) (suffix '') returned 2 matches {{(pid=104421) _get_by_requests /opt/stack/placement/placement/objects/allocation_candidate.py:145}}
Jan 11 12:18:24.535300 n-d-805649-22 devstack@placement-api.service[104421]: DEBUG placement.objects.allocation_candidate [req-aad5c57f-1f90-46f6-822c-24b3a470e313 req-6de19f60-b39d-4e89-abec-9bdaf38a10c6 service placement] Merging candidates yields 2 allocation requests and 2 provider summaries {{(pid=104421) _merge_candidates /opt/stack/placement/placement/objects/allocation_candidate.py:783}}
Jan 11 12:18:24.536948 n-d-805649-22 devstack@placement-api.service[104421]: INFO placement.requestlog [req-aad5c57f-1f90-46f6-822c-24b3a470e313 req-6de19f60-b39d-4e89-abec-9bdaf38a10c6 service placement] 10.222.0.26 "GET /placement/allocation_candidates?limit=1000&resources=DISK_GB%3A1%2CMEMORY_MB%3A1024%2CVCPU%3A1&root_required=%21COMPUTE_STATUS_DISABLED" status: 200 len: 1309 microversion: 1.36
Jan 11 12:18:24.537444 n-d-805649-22 devstack@placement-api.service[104421]: [pid: 104421|app: 0|req: 244/496] 10.222.0.26 () {60 vars in 1506 bytes} [Tue Jan 11 12:18:24 2022] GET /placement/allocation_candidates?limit=1000&resources=DISK_GB%3A1%2CMEMORY_MB%3A1024%2CVCPU%3A1&root_required=%21COMPUTE_STATUS_DISABLED => generated 1309 bytes in 82 msecs (HTTP/1.1 200) 8 headers in 297 bytes (1 switches on core 0)
Jan 11 12:18:24.586348 n-d-805649-22 devstack@placement-api.service[104422]: INFO placement.requestlog [req-405b74e9-5289-4c80-a25d-d4058241a56a req-4d18bbbb-01f6-4a8a-99b4-41d4015527ce service placement] 10.222.0.26 "POST /placement/allocations" status: 204 len: 0 microversion: 1.28
Jan 11 12:18:24.587053 n-d-805649-22 devstack@placement-api.service[104422]: [pid: 104422|app: 0|req: 253/497] 10.222.0.26 () {64 vars in 1323 bytes} [Tue Jan 11 12:18:24 2022] POST /placement/allocations => generated 0 bytes in 363 msecs (HTTP/1.1 204) 5 headers in 199 bytes (2 switches on core 0)
Jan 11 12:18:24.593665 n-d-805649-22 devstack@placement-api.service[104421]: DEBUG placement.requestlog [req-aad5c57f-1f90-46f6-822c-24b3a470e313 req-f2684d5b-cefd-4881-86f2-1ccda2653cd0 None None] Starting request: 10.222.0.26 "GET /placement/allocations/d0cf57b8-3dd6-4cae-aafa-6552e4b5defb" {{(pid=104421) __call__ /opt/stack/placement/placement/requestlog.py:55}}
Jan 11 12:18:24.603926 n-d-805649-22 devstack@placement-api.service[104421]: INFO placement.requestlog [req-aad5c57f-1f90-46f6-822c-24b3a470e313 req-f2684d5b-cefd-4881-86f2-1ccda2653cd0 service placement] 10.222.0.26 "GET /placement/allocations/d0cf57b8-3dd6-4cae-aafa-6552e4b5defb" status: 200 len: 19 microversion: 1.28
Jan 11 12:18:24.604754 n-d-805649-22 devstack@placement-api.service[104421]: [pid: 104421|app: 0|req: 245/498] 10.222.0.26 () {60 vars in 1380 bytes} [Tue Jan 11 12:18:24 2022] GET /placement/allocations/d0cf57b8-3dd6-4cae-aafa-6552e4b5defb => generated 19 bytes in 14 msecs (HTTP/1.1 200) 8 headers in 295 bytes (1 switches on core 0)
Jan 11 12:18:24.617702 n-d-805649-22 devstack@placement-api.service[104422]: DEBUG placement.requestlog [req-aad5c57f-1f90-46f6-822c-24b3a470e313 req-67e154e4-15cb-4f5d-a668-975b090f0dee None None] Starting request: 10.222.0.26 "PUT /placement/allocations/d0cf57b8-3dd6-4cae-aafa-6552e4b5defb" {{(pid=104422) __call__ /opt/stack/placement/placement/requestlog.py:55}}
Jan 11 12:18:24.631956 n-d-805649-22 devstack@placement-api.service[104421]: DEBUG placement.requestlog [req-405b74e9-5289-4c80-a25d-d4058241a56a req-fcb0c0e1-05c7-49be-bced-010bb9ecec82 None None] Starting request: 10.222.0.26 "GET /placement/allocations/7c4e2aee-d710-41d4-a2a2-6d20de0ecf63" {{(pid=104421) __call__ /opt/stack/placement/placement/requestlog.py:55}}
Jan 11 12:18:24.642927 n-d-805649-22 devstack@placement-api.service[104421]: INFO placement.requestlog [req-405b74e9-5289-4c80-a25d-d4058241a56a req-fcb0c0e1-05c7-49be-bced-010bb9ecec82 service placement] 10.222.0.26 "GET /placement/allocations/7c4e2aee-d710-41d4-a2a2-6d20de0ecf63" status: 200 len: 19 microversion: 1.28
Jan 11 12:18:24.648453 n-d-805649-22 devstack@placement-api.service[104421]: [pid: 104421|app: 0|req: 246/499] 10.222.0.26 () {60 vars in 1380 bytes} [Tue Jan 11 12:18:24 2022] GET /placement/allocations/7c4e2aee-d710-41d4-a2a2-6d20de0ecf63 => generated 19 bytes in 17 msecs (HTTP/1.1 200) 8 headers in 295 bytes (1 switches on core 0)
Jan 11 12:18:24.652713 n-d-805649-22 devstack@placement-api.service[104421]: DEBUG placement.requestlog [req-405b74e9-5289-4c80-a25d-d4058241a56a req-68cd2e19-e23e-4338-9e3a-b6219af2b050 None None] Starting request: 10.222.0.26 "PUT /placement/allocations/7c4e2aee-d710-41d4-a2a2-6d20de0ecf63" {{(pid=104421) __call__ /opt/stack/placement/placement/requestlog.py:55}}
Jan 11 12:18:24.780941 n-d-805649-22 devstack@placement-api.service[104421]: DEBUG placement.handlers.allocation [req-405b74e9-5289-4c80-a25d-d4058241a56a req-68cd2e19-e23e-4338-9e3a-b6219af2b050 service placement] Successfully wrote allocations [, , ] {{(pid=104421) _update_consumers_and_create_allocations /opt/stack/placement/placement/handlers/allocation.py:462}}
Jan 11 12:18:24.808754 n-d-805649-22 devstack@placement-api.service[104422]: DEBUG oslo_db.api [req-aad5c57f-1f90-46f6-822c-24b3a470e313 req-67e154e4-15cb-4f5d-a668-975b090f0dee service placement] DB error: (pymysql.err.OperationalError) (1213, 'Deadlock found when trying to get lock; try restarting transaction')
Jan 11 12:18:24.808754 n-d-805649-22 devstack@placement-api.service[104422]: [SQL: INSERT INTO allocations (created_at, resource_provider_id, consumer_id, resource_class_id, used) VALUES (%(created_at)s, %(resource_provider_id)s, %(consumer_id)s, %(resource_class_id)s, %(used)s)]
Jan 11 12:18:24.808754 n-d-805649-22 devstack@placement-api.service[104422]: [parameters: {'created_at': datetime.datetime(2022, 1, 11, 12, 18, 24, 771637), 'resource_provider_id': 1, 'consumer_id': 'd0cf57b8-3dd6-4cae-aafa-6552e4b5defb', 'resource_class_id': 2, 'used': 1}]
Jan 11 12:18:24.808754 n-d-805649-22 devstack@placement-api.service[104422]: (Background on this error at: https://sqlalche.me/e/14/e3q8) {{(pid=104422) _is_exception_expected /usr/local/lib/python3.8/dist-packages/oslo_db/api.py:184}}
Jan 11 12:18:24.809553 n-d-805649-22 devstack@placement-api.service[104422]: DEBUG oslo_db.api [req-aad5c57f-1f90-46f6-822c-24b3a470e313 req-67e154e4-15cb-4f5d-a668-975b090f0dee service placement] Performing DB retry for function placement.objects.allocation._set_allocations {{(pid=104422) wrapper /usr/local/lib/python3.8/dist-packages/oslo_db/api.py:155}}
Jan 11 12:18:24.837061 n-d-805649-22 devstack@placement-api.service[104421]: INFO placement.requestlog [req-405b74e9-5289-4c80-a25d-d4058241a56a req-68cd2e19-e23e-4338-9e3a-b6219af2b050 service placement] 10.222.0.26 "PUT /placement/allocations/7c4e2aee-d710-41d4-a2a2-6d20de0ecf63" status: 204 len: 0 microversion: 1.28
Jan 11 12:18:24.837699 n-d-805649-22 devstack@placement-api.service[104421]: [pid: 104421|app: 0|req: 247/500] 10.222.0.26 () {64 vars in 1433 bytes} [Tue Jan 11 12:18:24 2022] PUT /placement/allocations/7c4e2aee-d710-41d4-a2a2-6d20de0ecf63 => generated 0 bytes in 186 msecs (HTTP/1.1 204) 5 headers in 199 bytes (1 switches on core 0)
Jan 11 12:18:25.232038 n-d-805649-22 devstack@placement-api.service[104421]: DEBUG placement.requestlog [req-405b74e9-5289-4c80-a25d-d4058241a56a req-fa027015-2520-4938-9855-4242fd93b8c7 None None] Starting request: 10.222.0.42 "GET /placement/allocations/7c4e2aee-d710-41d4-a2a2-6d20de0ecf63" {{(pid=104421) __call__ /opt/stack/placement/placement/requestlog.py:55}}
Jan 11 12:18:25.261153 n-d-805649-22 devstack@placement-api.service[104421]: INFO placement.requestlog [req-405b74e9-5289-4c80-a25d-d4058241a56a req-fa027015-2520-4938-9855-4242fd93b8c7 service placement] 10.222.0.42 "GET /placement/allocations/7c4e2aee-d710-41d4-a2a2-6d20de0ecf63" status: 200 len: 259 microversion: 1.28
Jan 11 12:18:25.261536 n-d-805649-22 devstack@placement-api.service[104421]: [pid: 104421|app: 0|req: 248/501] 10.222.0.42 () {60 vars in 1377 bytes} [Tue Jan 11 12:18:25 2022] GET /placement/allocations/7c4e2aee-d710-41d4-a2a2-6d20de0ecf63 => generated 259 bytes in 30 msecs (HTTP/1.1 200) 8 headers in 296 bytes (1 switches on core 0)
Jan 11 12:18:25.674997 n-d-805649-22 devstack@placement-api.service[104421]: DEBUG placement.requestlog [req-aa7db248-e536-48b4-86e5-1fb5909e7c84 req-0e5b8c86-3cbd-4082-acef-db4dbcd2dd9d None None] Starting request: 10.222.0.44 "GET /placement/resource_providers/f57bfccd-5821-4baa-9c0a-955a0fe1c10a/allocations" {{(pid=104421) __call__ /opt/stack/placement/placement/requestlog.py:55}}
Jan 11 12:18:25.701893 n-d-805649-22 devstack@placement-api.service[104421]: INFO placement.requestlog [req-aa7db248-e536-48b4-86e5-1fb5909e7c84 req-0e5b8c86-3cbd-4082-acef-db4dbcd2dd9d service placement] 10.222.0.44 "GET /placement/resource_providers/f57bfccd-5821-4baa-9c0a-955a0fe1c10a/allocations" status: 200 len: 255 microversion: 1.0
Jan 11 12:18:25.702982 n-d-805649-22 devstack@placement-api.service[104421]: [pid: 104421|app: 0|req: 249/502] 10.222.0.44 () {58 vars in 1390 bytes} [Tue Jan 11 12:18:25 2022] GET /placement/resource_providers/f57bfccd-5821-4baa-9c0a-955a0fe1c10a/allocations => generated 255 bytes in 28 msecs (HTTP/1.1 200) 6 headers in 224 bytes (2 switches on core 0)
Jan 11 12:18:25.827906 n-d-805649-22 devstack@placement-api.service[104422]: DEBUG placement.objects.allocation [req-aad5c57f-1f90-46f6-822c-24b3a470e313 req-67e154e4-15cb-4f5d-a668-975b090f0dee service placement] Retrying allocations write on resource provider generation conflict {{(pid=104422) replace_all /opt/stack/placement/placement/objects/allocation.py:507}}
Jan 11 12:18:25.865413 n-d-805649-22 devstack@placement-api.service[104422]: DEBUG placement.handlers.allocation [req-aad5c57f-1f90-46f6-822c-24b3a470e313 req-67e154e4-15cb-4f5d-a668-975b090f0dee service placement] Successfully wrote allocations [, , ] {{(pid=104422) _update_consumers_and_create_allocations /opt/stack/placement/placement/handlers/allocation.py:462}}
Jan 11 12:18:25.938498 n-d-805649-22 devstack@placement-api.service[104422]: INFO placement.requestlog [req-aad5c57f-1f90-46f6-822c-24b3a470e313 req-67e154e4-15cb-4f5d-a668-975b090f0dee service placement] 10.222.0.26 "PUT /placement/allocations/d0cf57b8-3dd6-4cae-aafa-6552e4b5defb" status: 204 len: 0 microversion: 1.36
Jan 11 12:18:25.942661 n-d-805649-22 devstack@placement-api.service[104422]: [pid: 104422|app: 0|req: 254/503] 10.222.0.26 () {64 vars in 1433 bytes} [Tue Jan 11 12:18:24 2022] PUT /placement/allocations/d0cf57b8-3dd6-4cae-aafa-6552e4b5defb => generated 0 bytes in 1322 msecs (HTTP/1.1 204) 5 headers in 199 bytes (2 switches on core 0)
Jan 11 12:18:27.108284 n-d-805649-22 devstack@placement-api.service[104421]: DEBUG placement.requestlog [req-aad5c57f-1f90-46f6-822c-24b3a470e313 req-0cf308c4-c4c1-4995-a119-54d881ac67b8 None None] Starting request: 10.222.0.42 "GET /placement/allocations/d0cf57b8-3dd6-4cae-aafa-6552e4b5defb" {{(pid=104421) __call__ /opt/stack/placement/placement/requestlog.py:55}}
Jan 11 12:18:27.141375 n-d-805649-22 devstack@placement-api.service[104421]: INFO placement.requestlog [req-aad5c57f-1f90-46f6-822c-24b3a470e313 req-0cf308c4-c4c1-4995-a119-54d881ac67b8 service placement] 10.222.0.42 "GET /placement/allocations/d0cf57b8-3dd6-4cae-aafa-6552e4b5defb" status: 200 len: 259 microversion: 1.28
Jan 11 12:18:27.142733 n-d-805649-22 devstack@placement-api.service[104421]: [pid: 104421|app: 0|req: 250/504] 10.222.0.42 () {60 vars in 1377 bytes} [Tue Jan 11 12:18:27 2022] GET /placement/allocations/d0cf57b8-3dd6-4cae-aafa-6552e4b5defb => generated 259 bytes in 35 msecs (HTTP/1.1 200) 8 headers in 296 bytes (1 switches on core 0)
Jan 11 12:18:32.621267 n-d-805649-22 devstack@placement-api.service[104422]: DEBUG placement.requestlog [req-3cf09afa-339c-4971-b644-75e807b7376e req-c201cbaa-e782-4bbb-9b88-caa7e91628c0 None None] Starting request: 10.222.0.26 "GET /placement/allocation_candidates?limit=1000&resources=DISK_GB%3A1%2CMEMORY_MB%3A1024%2CVCPU%3A1&root_required=%21COMPUTE_STATUS_DISABLED" {{(pid=104422) __call__ /opt/stack/placement/placement/requestlog.py:55}}
Jan 11 12:18:32.660489 n-d-805649-22 devstack@placement-api.service[104422]: DEBUG placement.objects.research_context [req-3cf09afa-339c-4971-b644-75e807b7376e req-c201cbaa-e782-4bbb-9b88-caa7e91628c0 service placement] getting providers with 1 DISK_GB {{(pid=104422) __init__ /opt/stack/placement/placement/objects/research_context.py:126}}
Jan 11 12:18:32.666723 n-d-805649-22 devstack@placement-api.service[104422]: DEBUG placement.objects.research_context [req-3cf09afa-339c-4971-b644-75e807b7376e req-c201cbaa-e782-4bbb-9b88-caa7e91628c0 service placement] getting providers with 1024 MEMORY_MB {{(pid=104422) __init__ /opt/stack/placement/placement/objects/research_context.py:126}}
Jan 11 12:18:32.681481 n-d-805649-22 devstack@placement-api.service[104422]: DEBUG placement.objects.research_context [req-3cf09afa-339c-4971-b644-75e807b7376e req-c201cbaa-e782-4bbb-9b88-caa7e91628c0 service placement] getting providers with 1 VCPU {{(pid=104422) __init__ /opt/stack/placement/placement/objects/research_context.py:126}}
Jan 11 12:18:32.681481 n-d-805649-22 devstack@placement-api.service[104422]: DEBUG placement.objects.research_context [req-3cf09afa-339c-4971-b644-75e807b7376e req-c201cbaa-e782-4bbb-9b88-caa7e91628c0 service placement] found 2 providers with available 1 DISK_GB {{(pid=104422) get_provider_ids_matching /opt/stack/placement/placement/objects/research_context.py:549}}
Jan 11 12:18:32.681481 n-d-805649-22 devstack@placement-api.service[104422]: DEBUG placement.objects.research_context [req-3cf09afa-339c-4971-b644-75e807b7376e req-c201cbaa-e782-4bbb-9b88-caa7e91628c0 service placement] found 2 providers with available 1024 MEMORY_MB {{(pid=104422) get_provider_ids_matching /opt/stack/placement/placement/objects/research_context.py:549}}
Jan 11 12:18:32.681481 n-d-805649-22 devstack@placement-api.service[104422]: DEBUG placement.objects.research_context [req-3cf09afa-339c-4971-b644-75e807b7376e req-c201cbaa-e782-4bbb-9b88-caa7e91628c0 service placement] found 2 providers after filtering by previous result {{(pid=104422) get_provider_ids_matching /opt/stack/placement/placement/objects/research_context.py:580}}
Jan 11 12:18:32.682213 n-d-805649-22 devstack@placement-api.service[104422]: DEBUG placement.objects.research_context [req-3cf09afa-339c-4971-b644-75e807b7376e req-c201cbaa-e782-4bbb-9b88-caa7e91628c0 service placement] found 2 providers with available 1 VCPU {{(pid=104422) get_provider_ids_matching /opt/stack/placement/placement/objects/research_context.py:549}}
Jan 11 12:18:32.682683 n-d-805649-22 devstack@placement-api.service[104422]: DEBUG placement.objects.research_context [req-3cf09afa-339c-4971-b644-75e807b7376e req-c201cbaa-e782-4bbb-9b88-caa7e91628c0 service placement] found 2 providers after filtering by previous result {{(pid=104422) get_provider_ids_matching /opt/stack/placement/placement/objects/research_context.py:580}}
Jan 11 12:18:32.696901 n-d-805649-22 devstack@placement-api.service[104422]: DEBUG placement.objects.allocation_candidate [req-3cf09afa-339c-4971-b644-75e807b7376e req-c201cbaa-e782-4bbb-9b88-caa7e91628c0 service placement] RequestGroup(use_same_provider=False, resources={DISK_GB:1, MEMORY_MB:1024, VCPU:1}, traits=[], aggregates=[]) (suffix '') returned 2 matches {{(pid=104422) _get_by_requests /opt/stack/placement/placement/objects/allocation_candidate.py:145}}
Jan 11 12:18:32.697524 n-d-805649-22 devstack@placement-api.service[104422]: DEBUG placement.objects.allocation_candidate [req-3cf09afa-339c-4971-b644-75e807b7376e req-c201cbaa-e782-4bbb-9b88-caa7e91628c0 service placement] Merging candidates yields 2 allocation requests and 2 provider summaries {{(pid=104422) _merge_candidates /opt/stack/placement/placement/objects/allocation_candidate.py:783}}
Jan 11 12:18:32.710539 n-d-805649-22 devstack@placement-api.service[104422]: INFO placement.requestlog [req-3cf09afa-339c-4971-b644-75e807b7376e req-c201cbaa-e782-4bbb-9b88-caa7e91628c0 service placement] 10.222.0.26 "GET /placement/allocation_candidates?limit=1000&resources=DISK_GB%3A1%2CMEMORY_MB%3A1024%2CVCPU%3A1&root_required=%21COMPUTE_STATUS_DISABLED" status: 200 len: 1309 microversion: 1.36
Jan 11 12:18:32.716702 n-d-805649-22 devstack@placement-api.service[104422]: [pid: 104422|app: 0|req: 255/505] 10.222.0.26 () {60 vars in 1506 bytes} [Tue Jan 11 12:18:32 2022] GET /placement/allocation_candidates?limit=1000&resources=DISK_GB%3A1%2CMEMORY_MB%3A1024%2CVCPU%3A1&root_required=%21COMPUTE_STATUS_DISABLED => generated 1309 bytes in 95 msecs (HTTP/1.1 200) 8 headers in 297 bytes (1 switches on core 0)
Jan 11 12:18:32.815814 n-d-805649-22 devstack@placement-api.service[104421]: DEBUG placement.requestlog [req-3cf09afa-339c-4971-b644-75e807b7376e req-bc46f316-357e-4786-8a7e-ee3a9112a024 None None] Starting request: 10.222.0.26 "GET /placement/allocations/238d636f-4698-44a1-864e-50d38c924ae6" {{(pid=104421) __call__ /opt/stack/placement/placement/requestlog.py:55}}
Jan 11 12:18:32.841894 n-d-805649-22 devstack@placement-api.service[104421]: INFO placement.requestlog [req-3cf09afa-339c-4971-b644-75e807b7376e req-bc46f316-357e-4786-8a7e-ee3a9112a024 service placement] 10.222.0.26 "GET /placement/allocations/238d636f-4698-44a1-864e-50d38c924ae6" status: 200 len: 19 microversion: 1.28
Jan 11 12:18:32.848645 n-d-805649-22 devstack@placement-api.service[104421]: [pid: 104421|app: 0|req: 251/506] 10.222.0.26 () {60 vars in 1380 bytes} [Tue Jan 11 12:18:32 2022] GET /placement/allocations/238d636f-4698-44a1-864e-50d38c924ae6 => generated 19 bytes in 33 msecs (HTTP/1.1 200) 8 headers in 295 bytes (1 switches on core 0)
Jan 11 12:18:32.849640 n-d-805649-22 devstack@placement-api.service[104422]: DEBUG placement.requestlog [req-3cf09afa-339c-4971-b644-75e807b7376e req-2d8aef06-d6f9-42e1-bac0-d3d3a39dd96d None None] Starting request: 10.222.0.26 "PUT /placement/allocations/238d636f-4698-44a1-864e-50d38c924ae6" {{(pid=104422) __call__ /opt/stack/placement/placement/requestlog.py:55}}
Jan 11 12:18:33.216461 n-d-805649-22 devstack@placement-api.service[104422]: DEBUG placement.handlers.allocation [req-3cf09afa-339c-4971-b644-75e807b7376e req-2d8aef06-d6f9-42e1-bac0-d3d3a39dd96d service placement] Successfully wrote allocations [, , ] {{(pid=104422) _update_consumers_and_create_allocations /opt/stack/placement/placement/handlers/allocation.py:462}}
Jan 11 12:18:33.310192 n-d-805649-22 devstack@placement-api.service[104422]: INFO placement.requestlog [req-3cf09afa-339c-4971-b644-75e807b7376e req-2d8aef06-d6f9-42e1-bac0-d3d3a39dd96d service placement] 10.222.0.26 "PUT /placement/allocations/238d636f-4698-44a1-864e-50d38c924ae6" status: 204 len: 0 microversion: 1.36
Jan 11 12:18:33.310657 n-d-805649-22 devstack@placement-api.service[104422]: [pid: 104422|app: 0|req: 256/507] 10.222.0.26 () {64 vars in 1433 bytes} [Tue Jan 11 12:18:32 2022] PUT /placement/allocations/238d636f-4698-44a1-864e-50d38c924ae6 => generated 0 bytes in 461 msecs (HTTP/1.1 204) 5 headers in 199 bytes (1 switches on core 0)
Jan 11 12:18:34.611795 n-d-805649-22 devstack@placement-api.service[104421]: DEBUG placement.requestlog [req-3cf09afa-339c-4971-b644-75e807b7376e req-be692ae3-2ac4-41b5-8bb4-9d5815a985cc None None] Starting request: 10.222.0.44 "GET /placement/allocations/238d636f-4698-44a1-864e-50d38c924ae6" {{(pid=104421) __call__ /opt/stack/placement/placement/requestlog.py:55}}
Jan 11 12:18:34.655706 n-d-805649-22 devstack@placement-api.service[104421]: INFO placement.requestlog [req-3cf09afa-339c-4971-b644-75e807b7376e req-be692ae3-2ac4-41b5-8bb4-9d5815a985cc service placement] 10.222.0.44 "GET /placement/allocations/238d636f-4698-44a1-864e-50d38c924ae6" status: 200 len: 259 microversion: 1.28
Jan 11 12:18:34.656332 n-d-805649-22 devstack@placement-api.service[104421]: [pid: 104421|app: 0|req: 252/508] 10.222.0.44 () {60 vars in 1377 bytes} [Tue Jan 11 12:18:34 2022] GET /placement/allocations/238d636f-4698-44a1-864e-50d38c924ae6 => generated 259 bytes in 49 msecs (HTTP/1.1 200) 8 headers in 296 bytes (1 switches on core 0)
Jan 11 12:18:34.906477 n-d-805649-22 devstack@placement-api.service[104422]: DEBUG placement.requestlog [req-89ab812a-a056-4968-a6ef-04e11adbe280 req-befd73df-21bb-4452-b831-66f150b7c434 None None] Starting request: 10.222.0.42 "DELETE /placement/allocations/69c338a5-a963-4323-a198-3e7f3f64ba1c" {{(pid=104422) __call__ /opt/stack/placement/placement/requestlog.py:55}}
Jan 11 12:18:35.152689 n-d-805649-22 devstack@placement-api.service[104422]: DEBUG placement.handlers.allocation [req-89ab812a-a056-4968-a6ef-04e11adbe280 req-befd73df-21bb-4452-b831-66f150b7c434 service placement] Successfully deleted allocations [, , ] {{(pid=104422) delete_allocations /opt/stack/placement/placement/handlers/allocation.py:627}}
Jan 11 12:18:35.153483 n-d-805649-22 devstack@placement-api.service[104422]: INFO placement.requestlog [req-89ab812a-a056-4968-a6ef-04e11adbe280 req-befd73df-21bb-4452-b831-66f150b7c434 service placement] 10.222.0.42 "DELETE /placement/allocations/69c338a5-a963-4323-a198-3e7f3f64ba1c" status: 204 len: 0 microversion: 1.0
Jan 11 12:18:35.154598 n-d-805649-22 devstack@placement-api.service[104422]: [pid: 104422|app: 0|req: 257/509] 10.222.0.42 () {60 vars in 1355 bytes} [Tue Jan 11 12:18:34 2022] DELETE /placement/allocations/69c338a5-a963-4323-a198-3e7f3f64ba1c => generated 0 bytes in 248 msecs (HTTP/1.1 204) 5 headers in 198 bytes (1 switches on core 0)
Jan 11 12:18:45.101860 n-d-805649-22 devstack@placement-api.service[104421]: DEBUG placement.requestlog [req-461c3b6c-e885-4624-a3ec-1006b4a69164 req-33dd8caa-3611-4725-9db5-7bb9612e67fd None None] Starting request: 10.222.0.26 "GET /placement/allocation_candidates?limit=1000&resources=DISK_GB%3A1%2CMEMORY_MB%3A1024%2CVCPU%3A1&root_required=%21COMPUTE_STATUS_DISABLED" {{(pid=104421) __call__ /opt/stack/placement/placement/requestlog.py:55}}
Jan 11 12:18:45.152379 n-d-805649-22 devstack@placement-api.service[104421]: DEBUG placement.objects.research_context [req-461c3b6c-e885-4624-a3ec-1006b4a69164 req-33dd8caa-3611-4725-9db5-7bb9612e67fd service placement] getting providers with 1 DISK_GB {{(pid=104421) __init__ /opt/stack/placement/placement/objects/research_context.py:126}}
Jan 11 12:18:45.172786 n-d-805649-22 devstack@placement-api.service[104421]: DEBUG placement.objects.research_context [req-461c3b6c-e885-4624-a3ec-1006b4a69164 req-33dd8caa-3611-4725-9db5-7bb9612e67fd service placement] getting providers with 1024 MEMORY_MB {{(pid=104421) __init__ /opt/stack/placement/placement/objects/research_context.py:126}}
Jan 11 12:18:45.214254 n-d-805649-22 devstack@placement-api.service[104421]: DEBUG placement.objects.research_context [req-461c3b6c-e885-4624-a3ec-1006b4a69164 req-33dd8caa-3611-4725-9db5-7bb9612e67fd service placement] getting providers with 1 VCPU {{(pid=104421) __init__ /opt/stack/placement/placement/objects/research_context.py:126}}
Jan 11 12:18:45.221706 n-d-805649-22 devstack@placement-api.service[104421]: DEBUG placement.objects.research_context [req-461c3b6c-e885-4624-a3ec-1006b4a69164 req-33dd8caa-3611-4725-9db5-7bb9612e67fd service placement] found 2 providers with available 1 DISK_GB {{(pid=104421) get_provider_ids_matching /opt/stack/placement/placement/objects/research_context.py:549}}
Jan 11 12:18:45.221978 n-d-805649-22 devstack@placement-api.service[104421]: DEBUG placement.objects.research_context [req-461c3b6c-e885-4624-a3ec-1006b4a69164 req-33dd8caa-3611-4725-9db5-7bb9612e67fd service placement] found 2 providers with available 1024 MEMORY_MB {{(pid=104421) get_provider_ids_matching /opt/stack/placement/placement/objects/research_context.py:549}}
Jan 11 12:18:45.222267 n-d-805649-22 devstack@placement-api.service[104421]: DEBUG placement.objects.research_context [req-461c3b6c-e885-4624-a3ec-1006b4a69164 req-33dd8caa-3611-4725-9db5-7bb9612e67fd service placement] found 2 providers after filtering by previous result {{(pid=104421) get_provider_ids_matching /opt/stack/placement/placement/objects/research_context.py:580}}
Jan 11 12:18:45.222525 n-d-805649-22 devstack@placement-api.service[104421]: DEBUG placement.objects.research_context [req-461c3b6c-e885-4624-a3ec-1006b4a69164 req-33dd8caa-3611-4725-9db5-7bb9612e67fd service placement] found 2 providers with available 1 VCPU {{(pid=104421) get_provider_ids_matching /opt/stack/placement/placement/objects/research_context.py:549}}
Jan 11 12:18:45.222781 n-d-805649-22 devstack@placement-api.service[104421]: DEBUG placement.objects.research_context [req-461c3b6c-e885-4624-a3ec-1006b4a69164 req-33dd8caa-3611-4725-9db5-7bb9612e67fd service placement] found 2 providers after filtering by previous result {{(pid=104421) get_provider_ids_matching /opt/stack/placement/placement/objects/research_context.py:580}}
Jan 11 12:18:45.248732 n-d-805649-22 devstack@placement-api.service[104421]: DEBUG placement.objects.allocation_candidate [req-461c3b6c-e885-4624-a3ec-1006b4a69164 req-33dd8caa-3611-4725-9db5-7bb9612e67fd service placement] RequestGroup(use_same_provider=False, resources={DISK_GB:1, MEMORY_MB:1024, VCPU:1}, traits=[], aggregates=[]) (suffix '') returned 2 matches {{(pid=104421) _get_by_requests /opt/stack/placement/placement/objects/allocation_candidate.py:145}}
Jan 11 12:18:45.249636 n-d-805649-22 devstack@placement-api.service[104421]: DEBUG placement.objects.allocation_candidate [req-461c3b6c-e885-4624-a3ec-1006b4a69164 req-33dd8caa-3611-4725-9db5-7bb9612e67fd service placement] Merging candidates yields 2 allocation requests and 2 provider summaries {{(pid=104421) _merge_candidates /opt/stack/placement/placement/objects/allocation_candidate.py:783}}
Jan 11 12:18:45.253470 n-d-805649-22 devstack@placement-api.service[104421]: INFO placement.requestlog [req-461c3b6c-e885-4624-a3ec-1006b4a69164 req-33dd8caa-3611-4725-9db5-7bb9612e67fd service placement] 10.222.0.26 "GET /placement/allocation_candidates?limit=1000&resources=DISK_GB%3A1%2CMEMORY_MB%3A1024%2CVCPU%3A1&root_required=%21COMPUTE_STATUS_DISABLED" status: 200 len: 1309 microversion: 1.36
