Jan 11 12:17:21.821760 n-d-805649-22 devstack@placement-api.service[104422]: DEBUG placement.objects.research_context [req-472514ca-e359-4efb-a8f2-8b9c28629501 req-f45dbc2e-aa24-4529-befb-34ee3b5acf4b service placement] getting providers with 1024 MEMORY_MB {{(pid=104422) __init__ /opt/stack/placement/placement/objects/research_context.py:126}}
Jan 11 12:17:21.827576 n-d-805649-22 devstack@placement-api.service[104422]: DEBUG placement.objects.research_context [req-472514ca-e359-4efb-a8f2-8b9c28629501 req-f45dbc2e-aa24-4529-befb-34ee3b5acf4b service placement] getting providers with 1 VCPU {{(pid=104422) __init__ /opt/stack/placement/placement/objects/research_context.py:126}}
Jan 11 12:17:21.837275 n-d-805649-22 devstack@placement-api.service[104422]: DEBUG placement.objects.research_context [req-472514ca-e359-4efb-a8f2-8b9c28629501 req-f45dbc2e-aa24-4529-befb-34ee3b5acf4b service placement] found 2 providers with available 1 DISK_GB {{(pid=104422) get_provider_ids_matching /opt/stack/placement/placement/objects/research_context.py:549}}
Jan 11 12:17:21.837562 n-d-805649-22 devstack@placement-api.service[104422]: DEBUG placement.objects.research_context [req-472514ca-e359-4efb-a8f2-8b9c28629501 req-f45dbc2e-aa24-4529-befb-34ee3b5acf4b service placement] found 2 providers with available 1024 MEMORY_MB {{(pid=104422) get_provider_ids_matching /opt/stack/placement/placement/objects/research_context.py:549}}
Jan 11 12:17:21.837840 n-d-805649-22 devstack@placement-api.service[104422]: DEBUG placement.objects.research_context [req-472514ca-e359-4efb-a8f2-8b9c28629501 req-f45dbc2e-aa24-4529-befb-34ee3b5acf4b service placement] found 2 providers after filtering by previous result {{(pid=104422) get_provider_ids_matching /opt/stack/placement/placement/objects/research_context.py:580}}
Jan 11 12:17:21.838110 n-d-805649-22 devstack@placement-api.service[104422]: DEBUG placement.objects.research_context [req-472514ca-e359-4efb-a8f2-8b9c28629501 req-f45dbc2e-aa24-4529-befb-34ee3b5acf4b service placement] found 2 providers with available 1 VCPU {{(pid=104422) get_provider_ids_matching /opt/stack/placement/placement/objects/research_context.py:549}}
Jan 11 12:17:21.838421 n-d-805649-22 devstack@placement-api.service[104422]: DEBUG placement.objects.research_context [req-472514ca-e359-4efb-a8f2-8b9c28629501 req-f45dbc2e-aa24-4529-befb-34ee3b5acf4b service placement] found 2 providers after filtering by previous result {{(pid=104422) get_provider_ids_matching /opt/stack/placement/placement/objects/research_context.py:580}}
Jan 11 12:17:21.853249 n-d-805649-22 devstack@placement-api.service[104422]: DEBUG placement.objects.allocation_candidate [req-472514ca-e359-4efb-a8f2-8b9c28629501 req-f45dbc2e-aa24-4529-befb-34ee3b5acf4b service placement] RequestGroup(use_same_provider=False, resources={DISK_GB:1, MEMORY_MB:1024, VCPU:1}, traits=[], aggregates=[]) (suffix '') returned 2 matches {{(pid=104422) _get_by_requests /opt/stack/placement/placement/objects/allocation_candidate.py:145}}
Jan 11 12:17:21.853626 n-d-805649-22 devstack@placement-api.service[104422]: DEBUG placement.objects.allocation_candidate [req-472514ca-e359-4efb-a8f2-8b9c28629501 req-f45dbc2e-aa24-4529-befb-34ee3b5acf4b service placement] Merging candidates yields 2 allocation requests and 2 provider summaries {{(pid=104422) _merge_candidates /opt/stack/placement/placement/objects/allocation_candidate.py:783}}
Jan 11 12:17:21.856049 n-d-805649-22 devstack@placement-api.service[104422]: INFO placement.requestlog [req-472514ca-e359-4efb-a8f2-8b9c28629501 req-f45dbc2e-aa24-4529-befb-34ee3b5acf4b service placement] 10.222.0.26 "GET /placement/allocation_candidates?limit=1000&resources=DISK_GB%3A1%2CMEMORY_MB%3A1024%2CVCPU%3A1&root_required=%21COMPUTE_STATUS_DISABLED" status: 200 len: 1309 microversion: 1.36
Jan 11 12:17:21.862085 n-d-805649-22 devstack@placement-api.service[104422]: [pid: 104422|app: 0|req: 229/450] 10.222.0.26 () {60 vars in 1506 bytes} [Tue Jan 11 12:17:21 2022] GET /placement/allocation_candidates?limit=1000&resources=DISK_GB%3A1%2CMEMORY_MB%3A1024%2CVCPU%3A1&root_required=%21COMPUTE_STATUS_DISABLED => generated 1309 bytes in 78 msecs (HTTP/1.1 200) 8 headers in 297 bytes (1 switches on core 0)
Jan 11 12:17:21.869149 n-d-805649-22 devstack@placement-api.service[104422]: DEBUG placement.requestlog [req-76df4955-7564-4c23-aed8-b02e3979d285 req-88290ba4-c31f-4b0f-b4d0-cda50a7945d9 None None] Starting request: 10.222.0.42 "PUT /placement/allocations/1008ac31-90ff-40cf-939c-9a4ffb8d6387" {{(pid=104422) __call__ /opt/stack/placement/placement/requestlog.py:55}}
Jan 11 12:17:21.971711 n-d-805649-22 devstack@placement-api.service[104422]: DEBUG placement.handlers.allocation [req-76df4955-7564-4c23-aed8-b02e3979d285 req-88290ba4-c31f-4b0f-b4d0-cda50a7945d9 service placement] Successfully wrote allocations [, ] {{(pid=104422) _update_consumers_and_create_allocations /opt/stack/placement/placement/handlers/allocation.py:462}}
Jan 11 12:17:22.124041 n-d-805649-22 devstack@placement-api.service[104421]: DEBUG placement.objects.allocation [req-657169d4-5171-4ad5-b210-4bd00e6c9a98 req-b32d58b9-dde4-4e15-a0c4-97e8a17f86a6 service placement] Retrying allocations write on resource provider generation conflict {{(pid=104421) replace_all /opt/stack/placement/placement/objects/allocation.py:507}}
Jan 11 12:17:22.125752 n-d-805649-22 devstack@placement-api.service[104422]: INFO placement.requestlog [req-76df4955-7564-4c23-aed8-b02e3979d285 req-88290ba4-c31f-4b0f-b4d0-cda50a7945d9 service placement] 10.222.0.42 "PUT /placement/allocations/1008ac31-90ff-40cf-939c-9a4ffb8d6387" status: 204 len: 0 microversion: 1.28
Jan 11 12:17:22.126723 n-d-805649-22 devstack@placement-api.service[104422]: [pid: 104422|app: 0|req: 230/451] 10.222.0.42 () {64 vars in 1430 bytes} [Tue Jan 11 12:17:21 2022] PUT /placement/allocations/1008ac31-90ff-40cf-939c-9a4ffb8d6387 => generated 0 bytes in 258 msecs (HTTP/1.1 204) 5 headers in 199 bytes (1 switches on core 0)
Jan 11 12:17:22.127534 n-d-805649-22 devstack@placement-api.service[104422]: DEBUG placement.requestlog [req-472514ca-e359-4efb-a8f2-8b9c28629501 req-66087962-cb8c-4984-a8af-939b6a291d30 None None] Starting request: 10.222.0.26 "GET /placement/allocations/74f825e0-a93d-4486-8c42-ef7287b83b41" {{(pid=104422) __call__ /opt/stack/placement/placement/requestlog.py:55}}
Jan 11 12:17:22.156302 n-d-805649-22 devstack@placement-api.service[104422]: INFO placement.requestlog [req-472514ca-e359-4efb-a8f2-8b9c28629501 req-66087962-cb8c-4984-a8af-939b6a291d30 service placement] 10.222.0.26 "GET /placement/allocations/74f825e0-a93d-4486-8c42-ef7287b83b41" status: 200 len: 19 microversion: 1.28
Jan 11 12:17:22.157980 n-d-805649-22 devstack@placement-api.service[104422]: [pid: 104422|app: 0|req: 231/452] 10.222.0.26 () {60 vars in 1380 bytes} [Tue Jan 11 12:17:22 2022] GET /placement/allocations/74f825e0-a93d-4486-8c42-ef7287b83b41 => generated 19 bytes in 31 msecs (HTTP/1.1 200) 8 headers in 295 bytes (1 switches on core 0)
Jan 11 12:17:22.168376 n-d-805649-22 devstack@placement-api.service[104422]: DEBUG placement.requestlog [req-472514ca-e359-4efb-a8f2-8b9c28629501 req-498a168d-e1bb-4e21-8b0c-ed96314f39d3 None None] Starting request: 10.222.0.26 "PUT /placement/allocations/74f825e0-a93d-4486-8c42-ef7287b83b41" {{(pid=104422) __call__ /opt/stack/placement/placement/requestlog.py:55}}
Jan 11 12:17:22.199741 n-d-805649-22 devstack@placement-api.service[104421]: DEBUG placement.handlers.allocation [req-657169d4-5171-4ad5-b210-4bd00e6c9a98 req-b32d58b9-dde4-4e15-a0c4-97e8a17f86a6 service placement] Successfully wrote allocations [, , ] {{(pid=104421) _update_consumers_and_create_allocations /opt/stack/placement/placement/handlers/allocation.py:462}}
Jan 11 12:17:22.341517 n-d-805649-22 devstack@placement-api.service[104421]: INFO placement.requestlog [req-657169d4-5171-4ad5-b210-4bd00e6c9a98 req-b32d58b9-dde4-4e15-a0c4-97e8a17f86a6 service placement] 10.222.0.26 "PUT /placement/allocations/3528045d-f648-4296-8f9b-cf8082a0d667" status: 204 len: 0 microversion: 1.36
Jan 11 12:17:22.344191 n-d-805649-22 devstack@placement-api.service[104421]: [pid: 104421|app: 0|req: 222/453] 10.222.0.26 () {64 vars in 1433 bytes} [Tue Jan 11 12:17:21 2022] PUT /placement/allocations/3528045d-f648-4296-8f9b-cf8082a0d667 => generated 0 bytes in 867 msecs (HTTP/1.1 204) 5 headers in 199 bytes (2 switches on core 0)
Jan 11 12:17:22.592037 n-d-805649-22 devstack@placement-api.service[104422]: DEBUG placement.handlers.allocation [req-472514ca-e359-4efb-a8f2-8b9c28629501 req-498a168d-e1bb-4e21-8b0c-ed96314f39d3 service placement] Successfully wrote allocations [, , ] {{(pid=104422) _update_consumers_and_create_allocations /opt/stack/placement/placement/handlers/allocation.py:462}}
Jan 11 12:17:22.667503 n-d-805649-22 devstack@placement-api.service[104422]: INFO placement.requestlog [req-472514ca-e359-4efb-a8f2-8b9c28629501 req-498a168d-e1bb-4e21-8b0c-ed96314f39d3 service placement] 10.222.0.26 "PUT /placement/allocations/74f825e0-a93d-4486-8c42-ef7287b83b41" status: 204 len: 0 microversion: 1.36
Jan 11 12:17:22.667875 n-d-805649-22 devstack@placement-api.service[104422]: [pid: 104422|app: 0|req: 232/454] 10.222.0.26 () {64 vars in 1433 bytes} [Tue Jan 11 12:17:22 2022] PUT /placement/allocations/74f825e0-a93d-4486-8c42-ef7287b83b41 => generated 0 bytes in 500 msecs (HTTP/1.1 204) 5 headers in 199 bytes (2 switches on core 0)
Jan 11 12:17:23.143973 n-d-805649-22 devstack@placement-api.service[104421]: DEBUG placement.requestlog [req-0da06424-70b0-4605-9bf6-f47a562e2c88 req-8e97e308-059e-45d6-b7ee-d05a12a454e8 None None] Starting request: 10.222.0.42 "GET /placement/resource_providers/1c508da1-100a-4339-b339-1e5d41b665cf/allocations" {{(pid=104421) __call__ /opt/stack/placement/placement/requestlog.py:55}}
Jan 11 12:17:23.188036 n-d-805649-22 devstack@placement-api.service[104421]: INFO placement.requestlog [req-0da06424-70b0-4605-9bf6-f47a562e2c88 req-8e97e308-059e-45d6-b7ee-d05a12a454e8 service placement] 10.222.0.42 "GET /placement/resource_providers/1c508da1-100a-4339-b339-1e5d41b665cf/allocations" status: 200 len: 659 microversion: 1.0
Jan 11 12:17:23.188525 n-d-805649-22 devstack@placement-api.service[104421]: [pid: 104421|app: 0|req: 223/455] 10.222.0.42 () {58 vars in 1390 bytes} [Tue Jan 11 12:17:23 2022] GET /placement/resource_providers/1c508da1-100a-4339-b339-1e5d41b665cf/allocations => generated 659 bytes in 45 msecs (HTTP/1.1 200) 6 headers in 224 bytes (2 switches on core 0)
Jan 11 12:17:23.824679 n-d-805649-22 devstack@placement-api.service[104422]: DEBUG placement.requestlog [req-dc9e8c5d-85cd-4e2b-b26f-0dbd9c48c28f req-0c8d4302-f177-4ab3-985a-d0eee905f791 None None] Starting request: 10.222.0.44 "GET /placement/resource_providers/f57bfccd-5821-4baa-9c0a-955a0fe1c10a/allocations" {{(pid=104422) __call__ /opt/stack/placement/placement/requestlog.py:55}}
Jan 11 12:17:24.116263 n-d-805649-22 devstack@placement-api.service[104421]: DEBUG placement.requestlog [req-657169d4-5171-4ad5-b210-4bd00e6c9a98 req-1606a7c5-dafd-4417-be8d-0222150d866e None None] Starting request: 10.222.0.42 "GET /placement/allocations/3528045d-f648-4296-8f9b-cf8082a0d667" {{(pid=104421) __call__ /opt/stack/placement/placement/requestlog.py:55}}
Jan 11 12:17:24.151089 n-d-805649-22 devstack@placement-api.service[104421]: INFO placement.requestlog [req-657169d4-5171-4ad5-b210-4bd00e6c9a98 req-1606a7c5-dafd-4417-be8d-0222150d866e service placement] 10.222.0.42 "GET /placement/allocations/3528045d-f648-4296-8f9b-cf8082a0d667" status: 200 len: 259 microversion: 1.28
Jan 11 12:17:24.151769 n-d-805649-22 devstack@placement-api.service[104421]: [pid: 104421|app: 0|req: 224/456] 10.222.0.42 () {60 vars in 1377 bytes} [Tue Jan 11 12:17:24 2022] GET /placement/allocations/3528045d-f648-4296-8f9b-cf8082a0d667 => generated 259 bytes in 36 msecs (HTTP/1.1 200) 8 headers in 296 bytes (1 switches on core 0)
Jan 11 12:17:24.219141 n-d-805649-22 devstack@placement-api.service[104422]: INFO placement.requestlog [req-dc9e8c5d-85cd-4e2b-b26f-0dbd9c48c28f req-0c8d4302-f177-4ab3-985a-d0eee905f791 service placement] 10.222.0.44 "GET /placement/resource_providers/f57bfccd-5821-4baa-9c0a-955a0fe1c10a/allocations" status: 200 len: 645 microversion: 1.0
Jan 11 12:17:24.222470 n-d-805649-22 devstack@placement-api.service[104422]: [pid: 104422|app: 0|req: 233/457] 10.222.0.44 () {58 vars in 1390 bytes} [Tue Jan 11 12:17:23 2022] GET /placement/resource_providers/f57bfccd-5821-4baa-9c0a-955a0fe1c10a/allocations => generated 645 bytes in 398 msecs (HTTP/1.1 200) 6 headers in 224 bytes (1 switches on core 0)
Jan 11 12:17:24.381667 n-d-805649-22 devstack@placement-api.service[104421]: DEBUG placement.requestlog [req-472514ca-e359-4efb-a8f2-8b9c28629501 req-7ee8f8d3-d6d7-4968-a6cb-b0f29ce10230 None None] Starting request: 10.222.0.42 "GET /placement/allocations/74f825e0-a93d-4486-8c42-ef7287b83b41" {{(pid=104421) __call__ /opt/stack/placement/placement/requestlog.py:55}}
Jan 11 12:17:24.409352 n-d-805649-22 devstack@placement-api.service[104421]: INFO placement.requestlog [req-472514ca-e359-4efb-a8f2-8b9c28629501 req-7ee8f8d3-d6d7-4968-a6cb-b0f29ce10230 service placement] 10.222.0.42 "GET /placement/allocations/74f825e0-a93d-4486-8c42-ef7287b83b41" status: 200 len: 259 microversion: 1.28
Jan 11 12:17:24.410465 n-d-805649-22 devstack@placement-api.service[104421]: [pid: 104421|app: 0|req: 225/458] 10.222.0.42 () {60 vars in 1377 bytes} [Tue Jan 11 12:17:24 2022] GET /placement/allocations/74f825e0-a93d-4486-8c42-ef7287b83b41 => generated 259 bytes in 29 msecs (HTTP/1.1 200) 8 headers in 296 bytes (1 switches on core 0)
Jan 11 12:17:24.485371 n-d-805649-22 devstack@placement-api.service[104422]: DEBUG placement.requestlog [req-dc9e8c5d-85cd-4e2b-b26f-0dbd9c48c28f req-d90b5a84-80e3-4e4a-b3c6-4165e6b2fa23 None None] Starting request: 10.222.0.44 "GET /placement/resource_providers?in_tree=f57bfccd-5821-4baa-9c0a-955a0fe1c10a" {{(pid=104422) __call__ /opt/stack/placement/placement/requestlog.py:55}}
Jan 11 12:17:24.515446 n-d-805649-22 devstack@placement-api.service[104422]: INFO placement.requestlog [req-dc9e8c5d-85cd-4e2b-b26f-0dbd9c48c28f req-d90b5a84-80e3-4e4a-b3c6-4165e6b2fa23 service placement] 10.222.0.44 "GET /placement/resource_providers?in_tree=f57bfccd-5821-4baa-9c0a-955a0fe1c10a" status: 200 len: 864 microversion: 1.14
Jan 11 12:17:24.516842 n-d-805649-22 devstack@placement-api.service[104422]: [pid: 104422|app: 0|req: 234/459] 10.222.0.44 () {60 vars in 1376 bytes} [Tue Jan 11 12:17:24 2022] GET /placement/resource_providers?in_tree=f57bfccd-5821-4baa-9c0a-955a0fe1c10a => generated 864 bytes in 32 msecs (HTTP/1.1 200) 6 headers in 225 bytes (1 switches on core 0)
Jan 11 12:17:24.525362 n-d-805649-22 devstack@placement-api.service[104421]: DEBUG placement.requestlog [req-dc9e8c5d-85cd-4e2b-b26f-0dbd9c48c28f req-98ca93c2-b9a4-4e57-bf9c-7317ebdf2a44 None None] Starting request: 10.222.0.44 "GET /placement/resource_providers/f57bfccd-5821-4baa-9c0a-955a0fe1c10a/inventories" {{(pid=104421) __call__ /opt/stack/placement/placement/requestlog.py:55}}
Jan 11 12:17:24.562946 n-d-805649-22 devstack@placement-api.service[104421]: INFO placement.requestlog [req-dc9e8c5d-85cd-4e2b-b26f-0dbd9c48c28f req-98ca93c2-b9a4-4e57-bf9c-7317ebdf2a44 service placement] 10.222.0.44 "GET /placement/resource_providers/f57bfccd-5821-4baa-9c0a-955a0fe1c10a/inventories" status: 200 len: 398 microversion: 1.0
Jan 11 12:17:24.566546 n-d-805649-22 devstack@placement-api.service[104421]: [pid: 104421|app: 0|req: 226/460] 10.222.0.44 () {58 vars in 1390 bytes} [Tue Jan 11 12:17:24 2022] GET /placement/resource_providers/f57bfccd-5821-4baa-9c0a-955a0fe1c10a/inventories => generated 398 bytes in 42 msecs (HTTP/1.1 200) 6 headers in 224 bytes (1 switches on core 0)
Jan 11 12:17:24.575623 n-d-805649-22 devstack@placement-api.service[104422]: DEBUG placement.requestlog [req-dc9e8c5d-85cd-4e2b-b26f-0dbd9c48c28f req-e64cdb55-b249-4270-a995-73614d899773 None None] Starting request: 10.222.0.44 "GET /placement/resource_providers/f57bfccd-5821-4baa-9c0a-955a0fe1c10a/aggregates" {{(pid=104422) __call__ /opt/stack/placement/placement/requestlog.py:55}}
Jan 11 12:17:24.610093 n-d-805649-22 devstack@placement-api.service[104422]: INFO placement.requestlog [req-dc9e8c5d-85cd-4e2b-b26f-0dbd9c48c28f req-e64cdb55-b249-4270-a995-73614d899773 service placement] 10.222.0.44 "GET /placement/resource_providers/f57bfccd-5821-4baa-9c0a-955a0fe1c10a/aggregates" status: 200 len: 54 microversion: 1.19
Jan 11 12:17:24.611959 n-d-805649-22 devstack@placement-api.service[104422]: [pid: 104422|app: 0|req: 235/461] 10.222.0.44 () {60 vars in 1431 bytes} [Tue Jan 11 12:17:24 2022] GET /placement/resource_providers/f57bfccd-5821-4baa-9c0a-955a0fe1c10a/aggregates => generated 54 bytes in 39 msecs (HTTP/1.1 200) 8 headers in 295 bytes (1 switches on core 0)
Jan 11 12:17:24.619651 n-d-805649-22 devstack@placement-api.service[104421]: DEBUG placement.requestlog [req-dc9e8c5d-85cd-4e2b-b26f-0dbd9c48c28f req-880a1b80-f362-48f0-ac44-a03f6933d4a3 None None] Starting request: 10.222.0.44 "GET /placement/resource_providers/f57bfccd-5821-4baa-9c0a-955a0fe1c10a/traits" {{(pid=104421) __call__ /opt/stack/placement/placement/requestlog.py:55}}
Jan 11 12:17:24.661738 n-d-805649-22 devstack@placement-api.service[104421]: INFO placement.requestlog [req-dc9e8c5d-85cd-4e2b-b26f-0dbd9c48c28f req-880a1b80-f362-48f0-ac44-a03f6933d4a3 service placement] 10.222.0.44 "GET /placement/resource_providers/f57bfccd-5821-4baa-9c0a-955a0fe1c10a/traits" status: 200 len: 212 microversion: 1.6
Jan 11 12:17:24.662641 n-d-805649-22 devstack@placement-api.service[104421]: [pid: 104421|app: 0|req: 227/462] 10.222.0.44 () {60 vars in 1418 bytes} [Tue Jan 11 12:17:24 2022] GET /placement/resource_providers/f57bfccd-5821-4baa-9c0a-955a0fe1c10a/traits => generated 212 bytes in 43 msecs (HTTP/1.1 200) 6 headers in 224 bytes (1 switches on core 0)
Jan 11 12:17:30.103248 n-d-805649-22 devstack@placement-api.service[104422]: DEBUG placement.requestlog [req-ea0a354f-9915-48cc-bd29-c988bdba0214 req-6ab3eca6-ca9a-40a0-a99d-63fee71db9b5 None None] Starting request: 10.222.0.42 "GET /placement/allocations/3528045d-f648-4296-8f9b-cf8082a0d667" {{(pid=104422) __call__ /opt/stack/placement/placement/requestlog.py:55}}
Jan 11 12:17:30.131012 n-d-805649-22 devstack@placement-api.service[104422]: INFO placement.requestlog [req-ea0a354f-9915-48cc-bd29-c988bdba0214 req-6ab3eca6-ca9a-40a0-a99d-63fee71db9b5 service placement] 10.222.0.42 "GET /placement/allocations/3528045d-f648-4296-8f9b-cf8082a0d667" status: 200 len: 259 microversion: 1.28
Jan 11 12:17:30.131012 n-d-805649-22 devstack@placement-api.service[104422]: [pid: 104422|app: 0|req: 236/463] 10.222.0.42 () {60 vars in 1377 bytes} [Tue Jan 11 12:17:30 2022] GET /placement/allocations/3528045d-f648-4296-8f9b-cf8082a0d667 => generated 259 bytes in 26 msecs (HTTP/1.1 200) 8 headers in 296 bytes (1 switches on core 0)
Jan 11 12:17:35.055964 n-d-805649-22 devstack@placement-api.service[104421]: DEBUG placement.requestlog [req-9d86816a-1ac3-43b4-9e11-faff19c6e555 req-2a9a3cbc-327b-459a-8b2f-d5572085ed32 None None] Starting request: 10.222.0.42 "GET /placement/resource_providers/1c508da1-100a-4339-b339-1e5d41b665cf/allocations" {{(pid=104421) __call__ /opt/stack/placement/placement/requestlog.py:55}}
Jan 11 12:17:35.091695 n-d-805649-22 devstack@placement-api.service[104421]: INFO placement.requestlog [req-9d86816a-1ac3-43b4-9e11-faff19c6e555 req-2a9a3cbc-327b-459a-8b2f-d5572085ed32 service placement] 10.222.0.42 "GET /placement/resource_providers/1c508da1-100a-4339-b339-1e5d41b665cf/allocations" status: 200 len: 659 microversion: 1.0
Jan 11 12:17:35.092104 n-d-805649-22 devstack@placement-api.service[104421]: [pid: 104421|app: 0|req: 228/464] 10.222.0.42 () {58 vars in 1390 bytes} [Tue Jan 11 12:17:35 2022] GET /placement/resource_providers/1c508da1-100a-4339-b339-1e5d41b665cf/allocations => generated 659 bytes in 36 msecs (HTTP/1.1 200) 6 headers in 224 bytes (1 switches on core 0)
Jan 11 12:17:35.568801 n-d-805649-22 devstack@placement-api.service[104422]: DEBUG placement.requestlog [req-9d86816a-1ac3-43b4-9e11-faff19c6e555 req-e8adce60-7d7f-41bd-9230-469a1c38d9c8 None None] Starting request: 10.222.0.42 "GET /placement/allocations/867c6a9f-3ab8-416c-8d7c-4bd452659990" {{(pid=104422) __call__ /opt/stack/placement/placement/requestlog.py:55}}
Jan 11 12:17:35.598609 n-d-805649-22 devstack@placement-api.service[104422]: INFO placement.requestlog [req-9d86816a-1ac3-43b4-9e11-faff19c6e555 req-e8adce60-7d7f-41bd-9230-469a1c38d9c8 service placement] 10.222.0.42 "GET /placement/allocations/867c6a9f-3ab8-416c-8d7c-4bd452659990" status: 200 len: 259 microversion: 1.28
Jan 11 12:17:35.601875 n-d-805649-22 devstack@placement-api.service[104422]: [pid: 104422|app: 0|req: 237/465] 10.222.0.42 () {60 vars in 1377 bytes} [Tue Jan 11 12:17:35 2022] GET /placement/allocations/867c6a9f-3ab8-416c-8d7c-4bd452659990 => generated 259 bytes in 33 msecs (HTTP/1.1 200) 8 headers in 296 bytes (1 switches on core 0)
Jan 11 12:17:35.630587 n-d-805649-22 devstack@placement-api.service[104421]: DEBUG placement.requestlog [req-9d86816a-1ac3-43b4-9e11-faff19c6e555 req-472e8fb8-da25-4a00-a5e5-3a56ed6ce593 None None] Starting request: 10.222.0.42 "PUT /placement/allocations/867c6a9f-3ab8-416c-8d7c-4bd452659990" {{(pid=104421) __call__ /opt/stack/placement/placement/requestlog.py:55}}
Jan 11 12:17:35.754626 n-d-805649-22 devstack@placement-api.service[104421]: DEBUG placement.handlers.allocation [req-9d86816a-1ac3-43b4-9e11-faff19c6e555 req-472e8fb8-da25-4a00-a5e5-3a56ed6ce593 service placement] Successfully wrote allocations [, , ] {{(pid=104421) _update_consumers_and_create_allocations /opt/stack/placement/placement/handlers/allocation.py:462}}
Jan 11 12:17:35.839037 n-d-805649-22 devstack@placement-api.service[104421]: INFO placement.requestlog [req-9d86816a-1ac3-43b4-9e11-faff19c6e555 req-472e8fb8-da25-4a00-a5e5-3a56ed6ce593 service placement] 10.222.0.42 "PUT /placement/allocations/867c6a9f-3ab8-416c-8d7c-4bd452659990" status: 204 len: 0 microversion: 1.28
Jan 11 12:17:35.842067 n-d-805649-22 devstack@placement-api.service[104421]: [pid: 104421|app: 0|req: 229/466] 10.222.0.42 () {64 vars in 1430 bytes} [Tue Jan 11 12:17:35 2022] PUT /placement/allocations/867c6a9f-3ab8-416c-8d7c-4bd452659990 => generated 0 bytes in 209 msecs (HTTP/1.1 204) 5 headers in 199 bytes (2 switches on core 0)
Jan 11 12:17:37.211266 n-d-805649-22 devstack@placement-api.service[104422]: DEBUG placement.requestlog [req-ac107f5d-8e01-4a2f-bdeb-f1bbd9948f68 req-b2d27d2d-e614-4e34-9c4d-17c63d239e7a None None] Starting request: 10.222.0.26 "GET /placement/allocation_candidates?limit=1000&resources=DISK_GB%3A1%2CMEMORY_MB%3A1024%2CVCPU%3A1&root_required=%21COMPUTE_STATUS_DISABLED" {{(pid=104422) __call__ /opt/stack/placement/placement/requestlog.py:55}}
Jan 11 12:17:37.270456 n-d-805649-22 devstack@placement-api.service[104422]: DEBUG placement.objects.research_context [req-ac107f5d-8e01-4a2f-bdeb-f1bbd9948f68 req-b2d27d2d-e614-4e34-9c4d-17c63d239e7a service placement] getting providers with 1 DISK_GB {{(pid=104422) __init__ /opt/stack/placement/placement/objects/research_context.py:126}}
Jan 11 12:17:37.281724 n-d-805649-22 devstack@placement-api.service[104422]: DEBUG placement.objects.research_context [req-ac107f5d-8e01-4a2f-bdeb-f1bbd9948f68 req-b2d27d2d-e614-4e34-9c4d-17c63d239e7a service placement] getting providers with 1024 MEMORY_MB {{(pid=104422) __init__ /opt/stack/placement/placement/objects/research_context.py:126}}
Jan 11 12:17:37.299335 n-d-805649-22 devstack@placement-api.service[104422]: DEBUG placement.objects.research_context [req-ac107f5d-8e01-4a2f-bdeb-f1bbd9948f68 req-b2d27d2d-e614-4e34-9c4d-17c63d239e7a service placement] getting providers with 1 VCPU {{(pid=104422) __init__ /opt/stack/placement/placement/objects/research_context.py:126}}
Jan 11 12:17:37.306121 n-d-805649-22 devstack@placement-api.service[104422]: DEBUG placement.objects.research_context [req-ac107f5d-8e01-4a2f-bdeb-f1bbd9948f68 req-b2d27d2d-e614-4e34-9c4d-17c63d239e7a service placement] found 2 providers with available 1 DISK_GB {{(pid=104422) get_provider_ids_matching /opt/stack/placement/placement/objects/research_context.py:549}}
Jan 11 12:17:37.306700 n-d-805649-22 devstack@placement-api.service[104422]: DEBUG placement.objects.research_context [req-ac107f5d-8e01-4a2f-bdeb-f1bbd9948f68 req-b2d27d2d-e614-4e34-9c4d-17c63d239e7a service placement] found 2 providers with available 1024 MEMORY_MB {{(pid=104422) get_provider_ids_matching /opt/stack/placement/placement/objects/research_context.py:549}}
Jan 11 12:17:37.307147 n-d-805649-22 devstack@placement-api.service[104422]: DEBUG placement.objects.research_context [req-ac107f5d-8e01-4a2f-bdeb-f1bbd9948f68 req-b2d27d2d-e614-4e34-9c4d-17c63d239e7a service placement] found 2 providers after filtering by previous result {{(pid=104422) get_provider_ids_matching /opt/stack/placement/placement/objects/research_context.py:580}}
Jan 11 12:17:37.312260 n-d-805649-22 devstack@placement-api.service[104422]: DEBUG placement.objects.research_context [req-ac107f5d-8e01-4a2f-bdeb-f1bbd9948f68 req-b2d27d2d-e614-4e34-9c4d-17c63d239e7a service placement] found 2 providers with available 1 VCPU {{(pid=104422) get_provider_ids_matching /opt/stack/placement/placement/objects/research_context.py:549}}
Jan 11 12:17:37.312774 n-d-805649-22 devstack@placement-api.service[104422]: DEBUG placement.objects.research_context [req-ac107f5d-8e01-4a2f-bdeb-f1bbd9948f68 req-b2d27d2d-e614-4e34-9c4d-17c63d239e7a service placement] found 2 providers after filtering by previous result {{(pid=104422) get_provider_ids_matching /opt/stack/placement/placement/objects/research_context.py:580}}
Jan 11 12:17:37.324934 n-d-805649-22 devstack@placement-api.service[104422]: DEBUG placement.objects.allocation_candidate [req-ac107f5d-8e01-4a2f-bdeb-f1bbd9948f68 req-b2d27d2d-e614-4e34-9c4d-17c63d239e7a service placement] RequestGroup(use_same_provider=False, resources={DISK_GB:1, MEMORY_MB:1024, VCPU:1}, traits=[], aggregates=[]) (suffix '') returned 2 matches {{(pid=104422) _get_by_requests /opt/stack/placement/placement/objects/allocation_candidate.py:145}}
Jan 11 12:17:37.327576 n-d-805649-22 devstack@placement-api.service[104422]: DEBUG placement.objects.allocation_candidate [req-ac107f5d-8e01-4a2f-bdeb-f1bbd9948f68 req-b2d27d2d-e614-4e34-9c4d-17c63d239e7a service placement] Merging candidates yields 2 allocation requests and 2 provider summaries {{(pid=104422) _merge_candidates /opt/stack/placement/placement/objects/allocation_candidate.py:783}}
Jan 11 12:17:37.328903 n-d-805649-22 devstack@placement-api.service[104422]: INFO placement.requestlog [req-ac107f5d-8e01-4a2f-bdeb-f1bbd9948f68 req-b2d27d2d-e614-4e34-9c4d-17c63d239e7a service placement] 10.222.0.26 "GET /placement/allocation_candidates?limit=1000&resources=DISK_GB%3A1%2CMEMORY_MB%3A1024%2CVCPU%3A1&root_required=%21COMPUTE_STATUS_DISABLED" status: 200 len: 1309 microversion: 1.36
Jan 11 12:17:37.329838 n-d-805649-22 devstack@placement-api.service[104422]: [pid: 104422|app: 0|req: 238/467] 10.222.0.26 () {60 vars in 1506 bytes} [Tue Jan 11 12:17:37 2022] GET /placement/allocation_candidates?limit=1000&resources=DISK_GB%3A1%2CMEMORY_MB%3A1024%2CVCPU%3A1&root_required=%21COMPUTE_STATUS_DISABLED => generated 1309 bytes in 119 msecs (HTTP/1.1 200) 8 headers in 297 bytes (1 switches on core 0)
Jan 11 12:17:37.389544 n-d-805649-22 devstack@placement-api.service[104421]: DEBUG placement.requestlog [req-ac107f5d-8e01-4a2f-bdeb-f1bbd9948f68 req-1b840610-00df-472c-a4ac-907a9890dcda None None] Starting request: 10.222.0.26 "GET /placement/allocations/5a023f98-15a1-4f3e-a341-eb66520aab67" {{(pid=104421) __call__ /opt/stack/placement/placement/requestlog.py:55}}
Jan 11 12:17:37.402720 n-d-805649-22 devstack@placement-api.service[104421]: INFO placement.requestlog [req-ac107f5d-8e01-4a2f-bdeb-f1bbd9948f68 req-1b840610-00df-472c-a4ac-907a9890dcda service placement] 10.222.0.26 "GET /placement/allocations/5a023f98-15a1-4f3e-a341-eb66520aab67" status: 200 len: 19 microversion: 1.28
Jan 11 12:17:37.408098 n-d-805649-22 devstack@placement-api.service[104421]: [pid: 104421|app: 0|req: 230/468] 10.222.0.26 () {60 vars in 1380 bytes} [Tue Jan 11 12:17:37 2022] GET /placement/allocations/5a023f98-15a1-4f3e-a341-eb66520aab67 => generated 19 bytes in 19 msecs (HTTP/1.1 200) 8 headers in 295 bytes (1 switches on core 0)
Jan 11 12:17:37.410663 n-d-805649-22 devstack@placement-api.service[104422]: DEBUG placement.requestlog [req-ac107f5d-8e01-4a2f-bdeb-f1bbd9948f68 req-11837484-18a3-4288-9f8d-ca660f23523d None None] Starting request: 10.222.0.26 "PUT /placement/allocations/5a023f98-15a1-4f3e-a341-eb66520aab67" {{(pid=104422) __call__ /opt/stack/placement/placement/requestlog.py:55}}
Jan 11 12:17:37.895024 n-d-805649-22 devstack@placement-api.service[104422]: DEBUG placement.handlers.allocation [req-ac107f5d-8e01-4a2f-bdeb-f1bbd9948f68 req-11837484-18a3-4288-9f8d-ca660f23523d service placement] Successfully wrote allocations [, , ] {{(pid=104422) _update_consumers_and_create_allocations /opt/stack/placement/placement/handlers/allocation.py:462}}
Jan 11 12:17:37.970146 n-d-805649-22 devstack@placement-api.service[104422]: INFO placement.requestlog [req-ac107f5d-8e01-4a2f-bdeb-f1bbd9948f68 req-11837484-18a3-4288-9f8d-ca660f23523d service placement] 10.222.0.26 "PUT /placement/allocations/5a023f98-15a1-4f3e-a341-eb66520aab67" status: 204 len: 0 microversion: 1.36
Jan 11 12:17:37.984791 n-d-805649-22 devstack@placement-api.service[104422]: [pid: 104422|app: 0|req: 239/469] 10.222.0.26 () {64 vars in 1433 bytes} [Tue Jan 11 12:17:37 2022] PUT /placement/allocations/5a023f98-15a1-4f3e-a341-eb66520aab67 => generated 0 bytes in 561 msecs (HTTP/1.1 204) 5 headers in 199 bytes (2 switches on core 0)
Jan 11 12:17:38.391586 n-d-805649-22 devstack@placement-api.service[104421]: DEBUG placement.requestlog [req-c069677f-859d-4b51-9e4d-cffb72b4a14d req-070b659c-c4d3-45f5-90ba-d97b3f0af883 None None] Starting request: 10.222.0.26 "GET /placement/allocation_candidates?limit=1000&resources=DISK_GB%3A1%2CMEMORY_MB%3A1024%2CVCPU%3A1&root_required=%21COMPUTE_STATUS_DISABLED" {{(pid=104421) __call__ /opt/stack/placement/placement/requestlog.py:55}}
Jan 11 12:17:38.434163 n-d-805649-22 devstack@placement-api.service[104421]: DEBUG placement.objects.research_context [req-c069677f-859d-4b51-9e4d-cffb72b4a14d req-070b659c-c4d3-45f5-90ba-d97b3f0af883 service placement] getting providers with 1 DISK_GB {{(pid=104421) __init__ /opt/stack/placement/placement/objects/research_context.py:126}}
Jan 11 12:17:38.442610 n-d-805649-22 devstack@placement-api.service[104421]: DEBUG placement.objects.research_context [req-c069677f-859d-4b51-9e4d-cffb72b4a14d req-070b659c-c4d3-45f5-90ba-d97b3f0af883 service placement] getting providers with 1024 MEMORY_MB {{(pid=104421) __init__ /opt/stack/placement/placement/objects/research_context.py:126}}
Jan 11 12:17:38.466288 n-d-805649-22 devstack@placement-api.service[104421]: DEBUG placement.objects.research_context [req-c069677f-859d-4b51-9e4d-cffb72b4a14d req-070b659c-c4d3-45f5-90ba-d97b3f0af883 service placement] getting providers with 1 VCPU {{(pid=104421) __init__ /opt/stack/placement/placement/objects/research_context.py:126}}
Jan 11 12:17:38.482917 n-d-805649-22 devstack@placement-api.service[104421]: DEBUG placement.objects.research_context [req-c069677f-859d-4b51-9e4d-cffb72b4a14d req-070b659c-c4d3-45f5-90ba-d97b3f0af883 service placement] found 2 providers with available 1 DISK_GB {{(pid=104421) get_provider_ids_matching /opt/stack/placement/placement/objects/research_context.py:549}}
Jan 11 12:17:38.483349 n-d-805649-22 devstack@placement-api.service[104421]: DEBUG placement.objects.research_context [req-c069677f-859d-4b51-9e4d-cffb72b4a14d req-070b659c-c4d3-45f5-90ba-d97b3f0af883 service placement] found 2 providers with available 1024 MEMORY_MB {{(pid=104421) get_provider_ids_matching /opt/stack/placement/placement/objects/research_context.py:549}}
Jan 11 12:17:38.490140 n-d-805649-22 devstack@placement-api.service[104421]: DEBUG placement.objects.research_context [req-c069677f-859d-4b51-9e4d-cffb72b4a14d req-070b659c-c4d3-45f5-90ba-d97b3f0af883 service placement] found 2 providers after filtering by previous result {{(pid=104421) get_provider_ids_matching /opt/stack/placement/placement/objects/research_context.py:580}}
Jan 11 12:17:38.490140 n-d-805649-22 devstack@placement-api.service[104421]: DEBUG placement.objects.research_context [req-c069677f-859d-4b51-9e4d-cffb72b4a14d req-070b659c-c4d3-45f5-90ba-d97b3f0af883 service placement] found 2 providers with available 1 VCPU {{(pid=104421) get_provider_ids_matching /opt/stack/placement/placement/objects/research_context.py:549}}
Jan 11 12:17:38.490140 n-d-805649-22 devstack@placement-api.service[104421]: DEBUG placement.objects.research_context [req-c069677f-859d-4b51-9e4d-cffb72b4a14d req-070b659c-c4d3-45f5-90ba-d97b3f0af883 service placement] found 2 providers after filtering by previous result {{(pid=104421) get_provider_ids_matching /opt/stack/placement/placement/objects/research_context.py:580}}
Jan 11 12:17:38.503401 n-d-805649-22 devstack@placement-api.service[104421]: DEBUG placement.objects.allocation_candidate [req-c069677f-859d-4b51-9e4d-cffb72b4a14d req-070b659c-c4d3-45f5-90ba-d97b3f0af883 service placement] RequestGroup(use_same_provider=False, resources={DISK_GB:1, MEMORY_MB:1024, VCPU:1}, traits=[], aggregates=[]) (suffix '') returned 2 matches {{(pid=104421) _get_by_requests /opt/stack/placement/placement/objects/allocation_candidate.py:145}}
Jan 11 12:17:38.508562 n-d-805649-22 devstack@placement-api.service[104421]: DEBUG placement.objects.allocation_candidate [req-c069677f-859d-4b51-9e4d-cffb72b4a14d req-070b659c-c4d3-45f5-90ba-d97b3f0af883 service placement] Merging candidates yields 2 allocation requests and 2 provider summaries {{(pid=104421) _merge_candidates /opt/stack/placement/placement/objects/allocation_candidate.py:783}}
Jan 11 12:17:38.511933 n-d-805649-22 devstack@placement-api.service[104421]: INFO placement.requestlog [req-c069677f-859d-4b51-9e4d-cffb72b4a14d req-070b659c-c4d3-45f5-90ba-d97b3f0af883 service placement] 10.222.0.26 "GET /placement/allocation_candidates?limit=1000&resources=DISK_GB%3A1%2CMEMORY_MB%3A1024%2CVCPU%3A1&root_required=%21COMPUTE_STATUS_DISABLED" status: 200 len: 1309 microversion: 1.36
Jan 11 12:17:38.515296 n-d-805649-22 devstack@placement-api.service[104421]: [pid: 104421|app: 0|req: 231/470] 10.222.0.26 () {60 vars in 1506 bytes} [Tue Jan 11 12:17:38 2022] GET /placement/allocation_candidates?limit=1000&resources=DISK_GB%3A1%2CMEMORY_MB%3A1024%2CVCPU%3A1&root_required=%21COMPUTE_STATUS_DISABLED => generated 1309 bytes in 122 msecs (HTTP/1.1 200) 8 headers in 297 bytes (1 switches on core 0)
Jan 11 12:17:38.630648 n-d-805649-22 devstack@placement-api.service[104422]: DEBUG placement.requestlog [req-c069677f-859d-4b51-9e4d-cffb72b4a14d req-32ae18ce-9564-4a31-ab87-3bbbbff08dda None None] Starting request: 10.222.0.26 "GET /placement/allocations/7c4e2aee-d710-41d4-a2a2-6d20de0ecf63" {{(pid=104422) __call__ /opt/stack/placement/placement/requestlog.py:55}}
Jan 11 12:17:38.648580 n-d-805649-22 devstack@placement-api.service[104422]: INFO placement.requestlog [req-c069677f-859d-4b51-9e4d-cffb72b4a14d req-32ae18ce-9564-4a31-ab87-3bbbbff08dda service placement] 10.222.0.26 "GET /placement/allocations/7c4e2aee-d710-41d4-a2a2-6d20de0ecf63" status: 200 len: 19 microversion: 1.28
Jan 11 12:17:38.649705 n-d-805649-22 devstack@placement-api.service[104422]: [pid: 104422|app: 0|req: 240/471] 10.222.0.26 () {60 vars in 1380 bytes} [Tue Jan 11 12:17:38 2022] GET /placement/allocations/7c4e2aee-d710-41d4-a2a2-6d20de0ecf63 => generated 19 bytes in 20 msecs (HTTP/1.1 200) 8 headers in 295 bytes (1 switches on core 0)
Jan 11 12:17:38.661412 n-d-805649-22 devstack@placement-api.service[104421]: DEBUG placement.requestlog [req-c069677f-859d-4b51-9e4d-cffb72b4a14d req-b98990e8-820a-4b47-a51f-2faf7c094650 None None] Starting request: 10.222.0.26 "PUT /placement/allocations/7c4e2aee-d710-41d4-a2a2-6d20de0ecf63" {{(pid=104421) __call__ /opt/stack/placement/placement/requestlog.py:55}}
Jan 11 12:17:38.847021 n-d-805649-22 devstack@placement-api.service[104421]: DEBUG placement.handlers.allocation [req-c069677f-859d-4b51-9e4d-cffb72b4a14d req-b98990e8-820a-4b47-a51f-2faf7c094650 service placement] Successfully wrote allocations [, , ] {{(pid=104421) _update_consumers_and_create_allocations /opt/stack/placement/placement/handlers/allocation.py:462}}
Jan 11 12:17:39.052094 n-d-805649-22 devstack@placement-api.service[104422]: DEBUG placement.requestlog [req-ac107f5d-8e01-4a2f-bdeb-f1bbd9948f68 req-f454078e-0506-469e-83c8-00e543ff3aac None None] Starting request: 10.222.0.44 "GET /placement/allocations/5a023f98-15a1-4f3e-a341-eb66520aab67" {{(pid=104422) __call__ /opt/stack/placement/placement/requestlog.py:55}}
Jan 11 12:17:39.069554 n-d-805649-22 devstack@placement-api.service[104422]: INFO placement.requestlog [req-ac107f5d-8e01-4a2f-bdeb-f1bbd9948f68 req-f454078e-0506-469e-83c8-00e543ff3aac service placement] 10.222.0.44 "GET /placement/allocations/5a023f98-15a1-4f3e-a341-eb66520aab67" status: 200 len: 259 microversion: 1.28
Jan 11 12:17:39.071295 n-d-805649-22 devstack@placement-api.service[104422]: [pid: 104422|app: 0|req: 241/472] 10.222.0.44 () {60 vars in 1377 bytes} [Tue Jan 11 12:17:39 2022] GET /placement/allocations/5a023f98-15a1-4f3e-a341-eb66520aab67 => generated 259 bytes in 20 msecs (HTTP/1.1 200) 8 headers in 296 bytes (2 switches on core 0)
Jan 11 12:17:39.084265 n-d-805649-22 devstack@placement-api.service[104421]: INFO placement.requestlog [req-c069677f-859d-4b51-9e4d-cffb72b4a14d req-b98990e8-820a-4b47-a51f-2faf7c094650 service placement] 10.222.0.26 "PUT /placement/allocations/7c4e2aee-d710-41d4-a2a2-6d20de0ecf63" status: 204 len: 0 microversion: 1.36
Jan 11 12:17:39.084756 n-d-805649-22 devstack@placement-api.service[104421]: [pid: 104421|app: 0|req: 232/473] 10.222.0.26 () {64 vars in 1433 bytes} [Tue Jan 11 12:17:38 2022] PUT /placement/allocations/7c4e2aee-d710-41d4-a2a2-6d20de0ecf63 => generated 0 bytes in 424 msecs (HTTP/1.1 204) 5 headers in 199 bytes (1 switches on core 0)
Jan 11 12:17:40.202254 n-d-805649-22 devstack@placement-api.service[104422]: DEBUG placement.requestlog [req-c069677f-859d-4b51-9e4d-cffb72b4a14d req-aa24db8e-caf4-4e28-b266-6eae7a01b4d3 None None] Starting request: 10.222.0.44 "GET /placement/allocations/7c4e2aee-d710-41d4-a2a2-6d20de0ecf63" {{(pid=104422) __call__ /opt/stack/placement/placement/requestlog.py:55}}
Jan 11 12:17:40.224251 n-d-805649-22 devstack@placement-api.service[104422]: INFO placement.requestlog [req-c069677f-859d-4b51-9e4d-cffb72b4a14d req-aa24db8e-caf4-4e28-b266-6eae7a01b4d3 service placement] 10.222.0.44 "GET /placement/allocations/7c4e2aee-d710-41d4-a2a2-6d20de0ecf63" status: 200 len: 259 microversion: 1.28
Jan 11 12:17:40.224625 n-d-805649-22 devstack@placement-api.service[104422]: [pid: 104422|app: 0|req: 242/474] 10.222.0.44 () {60 vars in 1377 bytes} [Tue Jan 11 12:17:40 2022] GET /placement/allocations/7c4e2aee-d710-41d4-a2a2-6d20de0ecf63 => generated 259 bytes in 23 msecs (HTTP/1.1 200) 8 headers in 296 bytes (1 switches on core 0)
Jan 11 12:17:40.377632 n-d-805649-22 devstack@placement-api.service[104421]: DEBUG placement.requestlog [req-c2b552e4-0806-4635-8cc6-2cbcf0e46a82 req-713f8123-409f-4887-914a-e3e33e4de9f9 None None] Starting request: 10.222.0.44 "DELETE /placement/allocations/ec0a9a4a-498f-485f-b773-22d355cabe75" {{(pid=104421) __call__ /opt/stack/placement/placement/requestlog.py:55}}
Jan 11 12:17:40.597789 n-d-805649-22 devstack@placement-api.service[104421]: DEBUG placement.handlers.allocation [req-c2b552e4-0806-4635-8cc6-2cbcf0e46a82 req-713f8123-409f-4887-914a-e3e33e4de9f9 service placement] Successfully deleted allocations [, ] {{(pid=104421) delete_allocations /opt/stack/placement/placement/handlers/allocation.py:627}}
Jan 11 12:17:40.598592 n-d-805649-22 devstack@placement-api.service[104421]: INFO placement.requestlog [req-c2b552e4-0806-4635-8cc6-2cbcf0e46a82 req-713f8123-409f-4887-914a-e3e33e4de9f9 service placement] 10.222.0.44 "DELETE /placement/allocations/ec0a9a4a-498f-485f-b773-22d355cabe75" status: 204 len: 0 microversion: 1.0
Jan 11 12:17:40.599397 n-d-805649-22 devstack@placement-api.service[104421]: [pid: 104421|app: 0|req: 233/475] 10.222.0.44 () {60 vars in 1355 bytes} [Tue Jan 11 12:17:40 2022] DELETE /placement/allocations/ec0a9a4a-498f-485f-b773-22d355cabe75 => generated 0 bytes in 223 msecs (HTTP/1.1 204) 5 headers in 198 bytes (1 switches on core 0)
Jan 11 12:17:41.985226 n-d-805649-22 devstack@placement-api.service[104422]: DEBUG placement.requestlog [req-a0762b34-3736-416c-8d6f-ecafca6f0bac req-891ed891-a589-4659-aa7e-2db8d33188eb None None] Starting request: 10.222.0.26 "GET /placement/allocation_candidates?limit=1000&resources=DISK_GB%3A1%2CMEMORY_MB%3A1024%2CVCPU%3A1&root_required=%21COMPUTE_STATUS_DISABLED" {{(pid=104422) __call__ /opt/stack/placement/placement/requestlog.py:55}}
Jan 11 12:17:42.056375 n-d-805649-22 devstack@placement-api.service[104422]: DEBUG placement.objects.research_context [req-a0762b34-3736-416c-8d6f-ecafca6f0bac req-891ed891-a589-4659-aa7e-2db8d33188eb service placement] getting providers with 1 DISK_GB {{(pid=104422) __init__ /opt/stack/placement/placement/objects/research_context.py:126}}
Jan 11 12:17:42.063046 n-d-805649-22 devstack@placement-api.service[104422]: DEBUG placement.objects.research_context [req-a0762b34-3736-416c-8d6f-ecafca6f0bac req-891ed891-a589-4659-aa7e-2db8d33188eb service placement] getting providers with 1024 MEMORY_MB {{(pid=104422) __init__ /opt/stack/placement/placement/objects/research_context.py:126}}
Jan 11 12:17:42.078179 n-d-805649-22 devstack@placement-api.service[104422]: DEBUG placement.objects.research_context [req-a0762b34-3736-416c-8d6f-ecafca6f0bac req-891ed891-a589-4659-aa7e-2db8d33188eb service placement] getting providers with 1 VCPU {{(pid=104422) __init__ /opt/stack/placement/placement/objects/research_context.py:126}}
Jan 11 12:17:42.090366 n-d-805649-22 devstack@placement-api.service[104422]: DEBUG placement.objects.research_context [req-a0762b34-3736-416c-8d6f-ecafca6f0bac req-891ed891-a589-4659-aa7e-2db8d33188eb service placement] found 2 providers with available 1 DISK_GB {{(pid=104422) get_provider_ids_matching /opt/stack/placement/placement/objects/research_context.py:549}}
Jan 11 12:17:42.090652 n-d-805649-22 devstack@placement-api.service[104422]: DEBUG placement.objects.research_context [req-a0762b34-3736-416c-8d6f-ecafca6f0bac req-891ed891-a589-4659-aa7e-2db8d33188eb service placement] found 2 providers with available 1024 MEMORY_MB {{(pid=104422) get_provider_ids_matching /opt/stack/placement/placement/objects/research_context.py:549}}
Jan 11 12:17:42.091162 n-d-805649-22 devstack@placement-api.service[104422]: DEBUG placement.objects.research_context [req-a0762b34-3736-416c-8d6f-ecafca6f0bac req-891ed891-a589-4659-aa7e-2db8d33188eb service placement] found 2 providers after filtering by previous result {{(pid=104422) get_provider_ids_matching /opt/stack/placement/placement/objects/research_context.py:580}}
Jan 11 12:17:42.100589 n-d-805649-22 devstack@placement-api.service[104422]: DEBUG placement.objects.research_context [req-a0762b34-3736-416c-8d6f-ecafca6f0bac req-891ed891-a589-4659-aa7e-2db8d33188eb service placement] found 2 providers with available 1 VCPU {{(pid=104422) get_provider_ids_matching /opt/stack/placement/placement/objects/research_context.py:549}}
Jan 11 12:17:42.100912 n-d-805649-22 devstack@placement-api.service[104422]: DEBUG placement.objects.research_context [req-a0762b34-3736-416c-8d6f-ecafca6f0bac req-891ed891-a589-4659-aa7e-2db8d33188eb service placement] found 2 providers after filtering by previous result {{(pid=104422) get_provider_ids_matching /opt/stack/placement/placement/objects/research_context.py:580}}
Jan 11 12:17:42.164181 n-d-805649-22 devstack@placement-api.service[104422]: DEBUG placement.objects.allocation_candidate [req-a0762b34-3736-416c-8d6f-ecafca6f0bac req-891ed891-a589-4659-aa7e-2db8d33188eb service placement] RequestGroup(use_same_provider=False, resources={DISK_GB:1, MEMORY_MB:1024, VCPU:1}, traits=[], aggregates=[]) (suffix '') returned 2 matches {{(pid=104422) _get_by_requests /opt/stack/placement/placement/objects/allocation_candidate.py:145}}
Jan 11 12:17:42.164585 n-d-805649-22 devstack@placement-api.service[104422]: DEBUG placement.objects.allocation_candidate [req-a0762b34-3736-416c-8d6f-ecafca6f0bac req-891ed891-a589-4659-aa7e-2db8d33188eb service placement] Merging candidates yields 2 allocation requests and 2 provider summaries {{(pid=104422) _merge_candidates /opt/stack/placement/placement/objects/allocation_candidate.py:783}}
Jan 11 12:17:42.169221 n-d-805649-22 devstack@placement-api.service[104422]: INFO placement.requestlog [req-a0762b34-3736-416c-8d6f-ecafca6f0bac req-891ed891-a589-4659-aa7e-2db8d33188eb service placement] 10.222.0.26 "GET /placement/allocation_candidates?limit=1000&resources=DISK_GB%3A1%2CMEMORY_MB%3A1024%2CVCPU%3A1&root_required=%21COMPUTE_STATUS_DISABLED" status: 200 len: 1309 microversion: 1.36
Jan 11 12:17:42.169703 n-d-805649-22 devstack@placement-api.service[104422]: [pid: 104422|app: 0|req: 243/476] 10.222.0.26 () {60 vars in 1506 bytes} [Tue Jan 11 12:17:41 2022] GET /placement/allocation_candidates?limit=1000&resources=DISK_GB%3A1%2CMEMORY_MB%3A1024%2CVCPU%3A1&root_required=%21COMPUTE_STATUS_DISABLED => generated 1309 bytes in 185 msecs (HTTP/1.1 200) 8 headers in 297 bytes (1 switches on core 0)
Jan 11 12:17:42.251018 n-d-805649-22 devstack@placement-api.service[104421]: DEBUG placement.requestlog [req-a0762b34-3736-416c-8d6f-ecafca6f0bac req-681a0b05-51eb-4d87-ada7-47fb7ec753c4 None None] Starting request: 10.222.0.26 "GET /placement/allocations/7dc0efb9-23c4-4d5a-b7ce-bb11492a0d29" {{(pid=104421) __call__ /opt/stack/placement/placement/requestlog.py:55}}
Jan 11 12:17:42.265759 n-d-805649-22 devstack@placement-api.service[104421]: INFO placement.requestlog [req-a0762b34-3736-416c-8d6f-ecafca6f0bac req-681a0b05-51eb-4d87-ada7-47fb7ec753c4 service placement] 10.222.0.26 "GET /placement/allocations/7dc0efb9-23c4-4d5a-b7ce-bb11492a0d29" status: 200 len: 19 microversion: 1.28
Jan 11 12:17:42.271717 n-d-805649-22 devstack@placement-api.service[104421]: [pid: 104421|app: 0|req: 234/477] 10.222.0.26 () {60 vars in 1380 bytes} [Tue Jan 11 12:17:42 2022] GET /placement/allocations/7dc0efb9-23c4-4d5a-b7ce-bb11492a0d29 => generated 19 bytes in 22 msecs (HTTP/1.1 200) 8 headers in 295 bytes (1 switches on core 0)
Jan 11 12:17:42.277396 n-d-805649-22 devstack@placement-api.service[104422]: DEBUG placement.requestlog [req-a0762b34-3736-416c-8d6f-ecafca6f0bac req-0a15028d-1ca9-4716-b0b5-1d821d22817a None None] Starting request: 10.222.0.26 "PUT /placement/allocations/7dc0efb9-23c4-4d5a-b7ce-bb11492a0d29" {{(pid=104422) __call__ /opt/stack/placement/placement/requestlog.py:55}}
Jan 11 12:17:42.475719 n-d-805649-22 devstack@placement-api.service[104422]: DEBUG placement.handlers.allocation [req-a0762b34-3736-416c-8d6f-ecafca6f0bac req-0a15028d-1ca9-4716-b0b5-1d821d22817a service placement] Successfully wrote allocations [, , ] {{(pid=104422) _update_consumers_and_create_allocations /opt/stack/placement/placement/handlers/allocation.py:462}}
Jan 11 12:17:42.541104 n-d-805649-22 devstack@placement-api.service[104422]: INFO placement.requestlog [req-a0762b34-3736-416c-8d6f-ecafca6f0bac req-0a15028d-1ca9-4716-b0b5-1d821d22817a service placement] 10.222.0.26 "PUT /placement/allocations/7dc0efb9-23c4-4d5a-b7ce-bb11492a0d29" status: 204 len: 0 microversion: 1.36
Jan 11 12:17:42.541924 n-d-805649-22 devstack@placement-api.service[104422]: [pid: 104422|app: 0|req: 244/478] 10.222.0.26 () {64 vars in 1433 bytes} [Tue Jan 11 12:17:42 2022] PUT /placement/allocations/7dc0efb9-23c4-4d5a-b7ce-bb11492a0d29 => generated 0 bytes in 266 msecs (HTTP/1.1 204) 5 headers in 199 bytes (1 switches on core 0)
Jan 11 12:17:43.631325 n-d-805649-22 devstack@placement-api.service[104421]: DEBUG placement.requestlog [req-a0762b34-3736-416c-8d6f-ecafca6f0bac req-2d79ecdf-9600-43ae-bfb9-84caf805ebaa None None] Starting request: 10.222.0.42 "GET /placement/allocations/7dc0efb9-23c4-4d5a-b7ce-bb11492a0d29" {{(pid=104421) __call__ /opt/stack/placement/placement/requestlog.py:55}}
Jan 11 12:17:43.662318 n-d-805649-22 devstack@placement-api.service[104421]: INFO placement.requestlog [req-a0762b34-3736-416c-8d6f-ecafca6f0bac req-2d79ecdf-9600-43ae-bfb9-84caf805ebaa service placement] 10.222.0.42 "GET /placement/allocations/7dc0efb9-23c4-4d5a-b7ce-bb11492a0d29" status: 200 len: 259 microversion: 1.28
Jan 11 12:17:43.664140 n-d-805649-22 devstack@placement-api.service[104421]: [pid: 104421|app: 0|req: 235/479] 10.222.0.42 () {60 vars in 1377 bytes} [Tue Jan 11 12:17:43 2022] GET /placement/allocations/7dc0efb9-23c4-4d5a-b7ce-bb11492a0d29 => generated 259 bytes in 32 msecs (HTTP/1.1 200) 8 headers in 296 bytes (1 switches on core 0)
Jan 11 12:17:44.955562 n-d-805649-22 devstack@placement-api.service[104422]: DEBUG placement.requestlog [req-7acf7109-f71b-47d1-89c7-2cebda92f3cb req-0d67a08f-b24c-414f-8135-b50c65a5e568 None None] Starting request: 10.222.0.44 "DELETE /placement/allocations/5cba08eb-7498-4c83-9220-9db47d6009dd" {{(pid=104422) __call__ /opt/stack/placement/placement/requestlog.py:55}}
