Jan 11 12:10:13.580434 n-d-805649-22 devstack@placement-api.service[104421]: [pid: 104421|app: 0|req: 26/56] 10.222.0.44 () {60 vars in 1377 bytes} [Tue Jan 11 12:10:13 2022] GET /placement/allocations/7a42c41f-e5f0-4f47-a61b-d5a32d3974aa => generated 258 bytes in 38 msecs (HTTP/1.1 200) 8 headers in 296 bytes (1 switches on core 0)
Jan 11 12:10:14.284883 n-d-805649-22 devstack@placement-api.service[104422]: DEBUG placement.requestlog [req-ab80b4a9-d09c-46e2-9677-1d7505d25c25 req-15415678-a0a2-4a4b-aae4-096fe573fa4d None None] Starting request: 10.222.0.26 "GET /placement/resource_providers?name=n-h1-805649-22" {{(pid=104422) __call__ /opt/stack/placement/placement/requestlog.py:55}}
Jan 11 12:10:14.299457 n-d-805649-22 devstack@placement-api.service[104422]: INFO placement.requestlog [req-ab80b4a9-d09c-46e2-9677-1d7505d25c25 req-15415678-a0a2-4a4b-aae4-096fe573fa4d service placement] 10.222.0.26 "GET /placement/resource_providers?name=n-h1-805649-22" status: 200 len: 441 microversion: 1.0
Jan 11 12:10:14.299916 n-d-805649-22 devstack@placement-api.service[104422]: [pid: 104422|app: 0|req: 31/57] 10.222.0.26 () {58 vars in 1276 bytes} [Tue Jan 11 12:10:14 2022] GET /placement/resource_providers?name=n-h1-805649-22 => generated 441 bytes in 16 msecs (HTTP/1.1 200) 6 headers in 224 bytes (1 switches on core 0)
Jan 11 12:10:14.306840 n-d-805649-22 devstack@placement-api.service[104421]: DEBUG placement.requestlog [req-ab80b4a9-d09c-46e2-9677-1d7505d25c25 req-68b43368-1af5-4fc9-842b-3e22b43fe853 None None] Starting request: 10.222.0.26 "GET /placement/resource_providers/1c508da1-100a-4339-b339-1e5d41b665cf/aggregates" {{(pid=104421) __call__ /opt/stack/placement/placement/requestlog.py:55}}
Jan 11 12:10:14.326685 n-d-805649-22 devstack@placement-api.service[104421]: INFO placement.requestlog [req-ab80b4a9-d09c-46e2-9677-1d7505d25c25 req-68b43368-1af5-4fc9-842b-3e22b43fe853 service placement] 10.222.0.26 "GET /placement/resource_providers/1c508da1-100a-4339-b339-1e5d41b665cf/aggregates" status: 200 len: 53 microversion: 1.19
Jan 11 12:10:14.333648 n-d-805649-22 devstack@placement-api.service[104422]: DEBUG placement.requestlog [req-ab80b4a9-d09c-46e2-9677-1d7505d25c25 req-0568d6c9-3770-43fb-8841-bf8d82b98ebb None None] Starting request: 10.222.0.26 "PUT /placement/resource_providers/1c508da1-100a-4339-b339-1e5d41b665cf/aggregates" {{(pid=104422) __call__ /opt/stack/placement/placement/requestlog.py:55}}
Jan 11 12:10:14.338784 n-d-805649-22 devstack@placement-api.service[104421]: [pid: 104421|app: 0|req: 27/58] 10.222.0.26 () {60 vars in 1425 bytes} [Tue Jan 11 12:10:14 2022] GET /placement/resource_providers/1c508da1-100a-4339-b339-1e5d41b665cf/aggregates => generated 53 bytes in 32 msecs (HTTP/1.1 200) 8 headers in 295 bytes (1 switches on core 0)
Jan 11 12:10:14.352641 n-d-805649-22 devstack@placement-api.service[104422]: DEBUG placement.objects.resource_provider [req-ab80b4a9-d09c-46e2-9677-1d7505d25c25 req-0568d6c9-3770-43fb-8841-bf8d82b98ebb service placement] _ensure_aggregate() did not find aggregate ef7d1f7d-23c8-48fc-8e93-9aff27b21a92. Attempting to create it. {{(pid=104422) _ensure_aggregate /opt/stack/placement/placement/objects/resource_provider.py:320}}
Jan 11 12:10:14.354054 n-d-805649-22 devstack@placement-api.service[104422]: DEBUG placement.objects.resource_provider [req-ab80b4a9-d09c-46e2-9677-1d7505d25c25 req-0568d6c9-3770-43fb-8841-bf8d82b98ebb service placement] _ensure_aggregate() created new aggregate ef7d1f7d-23c8-48fc-8e93-9aff27b21a92 (id=3). {{(pid=104422) _ensure_aggregate /opt/stack/placement/placement/objects/resource_provider.py:326}}
Jan 11 12:10:14.355690 n-d-805649-22 devstack@placement-api.service[104422]: DEBUG placement.objects.resource_provider [req-ab80b4a9-d09c-46e2-9677-1d7505d25c25 req-0568d6c9-3770-43fb-8841-bf8d82b98ebb service placement] Setting aggregates for provider 1c508da1-100a-4339-b339-1e5d41b665cf. Successfully associated aggregate ef7d1f7d-23c8-48fc-8e93-9aff27b21a92. {{(pid=104422) _set_aggregates /opt/stack/placement/placement/objects/resource_provider.py:388}}
Jan 11 12:10:14.421466 n-d-805649-22 devstack@placement-api.service[104422]: INFO placement.requestlog [req-ab80b4a9-d09c-46e2-9677-1d7505d25c25 req-0568d6c9-3770-43fb-8841-bf8d82b98ebb service placement] 10.222.0.26 "PUT /placement/resource_providers/1c508da1-100a-4339-b339-1e5d41b665cf/aggregates" status: 200 len: 91 microversion: 1.19
Jan 11 12:10:14.439898 n-d-805649-22 devstack@placement-api.service[104422]: [pid: 104422|app: 0|req: 32/59] 10.222.0.26 () {64 vars in 1477 bytes} [Tue Jan 11 12:10:14 2022] PUT /placement/resource_providers/1c508da1-100a-4339-b339-1e5d41b665cf/aggregates => generated 91 bytes in 106 msecs (HTTP/1.1 200) 8 headers in 295 bytes (2 switches on core 0)
Jan 11 12:10:15.073856 n-d-805649-22 devstack@placement-api.service[104421]: DEBUG placement.requestlog [req-3a782d6b-c0bf-4205-a056-a978cb506657 req-6a6f52ce-4e53-44db-8e03-f1bee3e0f586 None None] Starting request: 10.222.0.26 "GET /placement/resource_providers?name=n-h1-805649-22" {{(pid=104421) __call__ /opt/stack/placement/placement/requestlog.py:55}}
Jan 11 12:10:15.090083 n-d-805649-22 devstack@placement-api.service[104421]: INFO placement.requestlog [req-3a782d6b-c0bf-4205-a056-a978cb506657 req-6a6f52ce-4e53-44db-8e03-f1bee3e0f586 service placement] 10.222.0.26 "GET /placement/resource_providers?name=n-h1-805649-22" status: 200 len: 441 microversion: 1.0
Jan 11 12:10:15.099138 n-d-805649-22 devstack@placement-api.service[104421]: [pid: 104421|app: 0|req: 28/60] 10.222.0.26 () {58 vars in 1276 bytes} [Tue Jan 11 12:10:15 2022] GET /placement/resource_providers?name=n-h1-805649-22 => generated 441 bytes in 27 msecs (HTTP/1.1 200) 6 headers in 224 bytes (1 switches on core 0)
Jan 11 12:10:15.100613 n-d-805649-22 devstack@placement-api.service[104422]: DEBUG placement.requestlog [req-3a782d6b-c0bf-4205-a056-a978cb506657 req-763df44f-e43e-4f50-bc66-07b8efe11740 None None] Starting request: 10.222.0.26 "GET /placement/resource_providers/1c508da1-100a-4339-b339-1e5d41b665cf/aggregates" {{(pid=104422) __call__ /opt/stack/placement/placement/requestlog.py:55}}
Jan 11 12:10:15.114867 n-d-805649-22 devstack@placement-api.service[104422]: INFO placement.requestlog [req-3a782d6b-c0bf-4205-a056-a978cb506657 req-763df44f-e43e-4f50-bc66-07b8efe11740 service placement] 10.222.0.26 "GET /placement/resource_providers/1c508da1-100a-4339-b339-1e5d41b665cf/aggregates" status: 200 len: 91 microversion: 1.19
Jan 11 12:10:15.115552 n-d-805649-22 devstack@placement-api.service[104422]: [pid: 104422|app: 0|req: 33/61] 10.222.0.26 () {60 vars in 1425 bytes} [Tue Jan 11 12:10:15 2022] GET /placement/resource_providers/1c508da1-100a-4339-b339-1e5d41b665cf/aggregates => generated 91 bytes in 15 msecs (HTTP/1.1 200) 8 headers in 295 bytes (1 switches on core 0)
Jan 11 12:10:15.125423 n-d-805649-22 devstack@placement-api.service[104421]: DEBUG placement.requestlog [req-3a782d6b-c0bf-4205-a056-a978cb506657 req-f0d34bc4-e080-43a9-93c9-9354fd10e42e None None] Starting request: 10.222.0.26 "PUT /placement/resource_providers/1c508da1-100a-4339-b339-1e5d41b665cf/aggregates" {{(pid=104421) __call__ /opt/stack/placement/placement/requestlog.py:55}}
Jan 11 12:10:15.139977 n-d-805649-22 devstack@placement-api.service[104421]: DEBUG placement.objects.resource_provider [req-3a782d6b-c0bf-4205-a056-a978cb506657 req-f0d34bc4-e080-43a9-93c9-9354fd10e42e service placement] Setting aggregates for provider 1c508da1-100a-4339-b339-1e5d41b665cf. Successfully disassociated aggregate ef7d1f7d-23c8-48fc-8e93-9aff27b21a92. {{(pid=104421) _set_aggregates /opt/stack/placement/placement/objects/resource_provider.py:403}}
Jan 11 12:10:15.247633 n-d-805649-22 devstack@placement-api.service[104421]: INFO placement.requestlog [req-3a782d6b-c0bf-4205-a056-a978cb506657 req-f0d34bc4-e080-43a9-93c9-9354fd10e42e service placement] 10.222.0.26 "PUT /placement/resource_providers/1c508da1-100a-4339-b339-1e5d41b665cf/aggregates" status: 200 len: 54 microversion: 1.19
Jan 11 12:10:15.254301 n-d-805649-22 devstack@placement-api.service[104421]: [pid: 104421|app: 0|req: 29/62] 10.222.0.26 () {64 vars in 1477 bytes} [Tue Jan 11 12:10:15 2022] PUT /placement/resource_providers/1c508da1-100a-4339-b339-1e5d41b665cf/aggregates => generated 54 bytes in 132 msecs (HTTP/1.1 200) 8 headers in 295 bytes (2 switches on core 0)
Jan 11 12:10:17.161127 n-d-805649-22 devstack@placement-api.service[104422]: DEBUG placement.requestlog [req-2ee2b5aa-6b1f-416f-91c4-cce1e73c98a3 req-65b1da16-5cea-471f-a031-5cd5943c5df0 None None] Starting request: 10.222.0.26 "GET /placement/resource_providers?name=n-h1-805649-22" {{(pid=104422) __call__ /opt/stack/placement/placement/requestlog.py:55}}
Jan 11 12:10:17.172529 n-d-805649-22 devstack@placement-api.service[104422]: INFO placement.requestlog [req-2ee2b5aa-6b1f-416f-91c4-cce1e73c98a3 req-65b1da16-5cea-471f-a031-5cd5943c5df0 service placement] 10.222.0.26 "GET /placement/resource_providers?name=n-h1-805649-22" status: 200 len: 442 microversion: 1.0
Jan 11 12:10:17.176357 n-d-805649-22 devstack@placement-api.service[104422]: [pid: 104422|app: 0|req: 34/63] 10.222.0.26 () {58 vars in 1276 bytes} [Tue Jan 11 12:10:17 2022] GET /placement/resource_providers?name=n-h1-805649-22 => generated 442 bytes in 12 msecs (HTTP/1.1 200) 6 headers in 224 bytes (1 switches on core 0)
Jan 11 12:10:17.185590 n-d-805649-22 devstack@placement-api.service[104421]: DEBUG placement.requestlog [req-2ee2b5aa-6b1f-416f-91c4-cce1e73c98a3 req-186dc6bb-aac5-4ac4-b976-63bca467f5a9 None None] Starting request: 10.222.0.26 "GET /placement/resource_providers/1c508da1-100a-4339-b339-1e5d41b665cf/aggregates" {{(pid=104421) __call__ /opt/stack/placement/placement/requestlog.py:55}}
Jan 11 12:10:17.201496 n-d-805649-22 devstack@placement-api.service[104421]: INFO placement.requestlog [req-2ee2b5aa-6b1f-416f-91c4-cce1e73c98a3 req-186dc6bb-aac5-4ac4-b976-63bca467f5a9 service placement] 10.222.0.26 "GET /placement/resource_providers/1c508da1-100a-4339-b339-1e5d41b665cf/aggregates" status: 200 len: 54 microversion: 1.19
Jan 11 12:10:17.202364 n-d-805649-22 devstack@placement-api.service[104421]: [pid: 104421|app: 0|req: 30/64] 10.222.0.26 () {60 vars in 1425 bytes} [Tue Jan 11 12:10:17 2022] GET /placement/resource_providers/1c508da1-100a-4339-b339-1e5d41b665cf/aggregates => generated 54 bytes in 17 msecs (HTTP/1.1 200) 8 headers in 295 bytes (1 switches on core 0)
Jan 11 12:10:17.209427 n-d-805649-22 devstack@placement-api.service[104422]: DEBUG placement.requestlog [req-2ee2b5aa-6b1f-416f-91c4-cce1e73c98a3 req-231b9cfe-0cdd-4e41-9dda-833013ca1c19 None None] Starting request: 10.222.0.26 "PUT /placement/resource_providers/1c508da1-100a-4339-b339-1e5d41b665cf/aggregates" {{(pid=104422) __call__ /opt/stack/placement/placement/requestlog.py:55}}
Jan 11 12:10:17.228303 n-d-805649-22 devstack@placement-api.service[104422]: DEBUG placement.objects.resource_provider [req-2ee2b5aa-6b1f-416f-91c4-cce1e73c98a3 req-231b9cfe-0cdd-4e41-9dda-833013ca1c19 service placement] _ensure_aggregate() did not find aggregate a8808be8-e615-40b4-b902-c49ab14dbdba. Attempting to create it. {{(pid=104422) _ensure_aggregate /opt/stack/placement/placement/objects/resource_provider.py:320}}
Jan 11 12:10:17.230882 n-d-805649-22 devstack@placement-api.service[104422]: DEBUG placement.objects.resource_provider [req-2ee2b5aa-6b1f-416f-91c4-cce1e73c98a3 req-231b9cfe-0cdd-4e41-9dda-833013ca1c19 service placement] _ensure_aggregate() created new aggregate a8808be8-e615-40b4-b902-c49ab14dbdba (id=4). {{(pid=104422) _ensure_aggregate /opt/stack/placement/placement/objects/resource_provider.py:326}}
Jan 11 12:10:17.232978 n-d-805649-22 devstack@placement-api.service[104422]: DEBUG placement.objects.resource_provider [req-2ee2b5aa-6b1f-416f-91c4-cce1e73c98a3 req-231b9cfe-0cdd-4e41-9dda-833013ca1c19 service placement] Setting aggregates for provider 1c508da1-100a-4339-b339-1e5d41b665cf. Successfully associated aggregate a8808be8-e615-40b4-b902-c49ab14dbdba. {{(pid=104422) _set_aggregates /opt/stack/placement/placement/objects/resource_provider.py:388}}
Jan 11 12:10:17.332224 n-d-805649-22 devstack@placement-api.service[104422]: INFO placement.requestlog [req-2ee2b5aa-6b1f-416f-91c4-cce1e73c98a3 req-231b9cfe-0cdd-4e41-9dda-833013ca1c19 service placement] 10.222.0.26 "PUT /placement/resource_providers/1c508da1-100a-4339-b339-1e5d41b665cf/aggregates" status: 200 len: 92 microversion: 1.19
Jan 11 12:10:17.334942 n-d-805649-22 devstack@placement-api.service[104422]: [pid: 104422|app: 0|req: 35/65] 10.222.0.26 () {64 vars in 1477 bytes} [Tue Jan 11 12:10:17 2022] PUT /placement/resource_providers/1c508da1-100a-4339-b339-1e5d41b665cf/aggregates => generated 92 bytes in 126 msecs (HTTP/1.1 200) 8 headers in 295 bytes (1 switches on core 0)
Jan 11 12:10:17.946470 n-d-805649-22 devstack@placement-api.service[104421]: DEBUG placement.requestlog [req-a79d1678-6d62-414b-8cd9-12fe30d78b18 req-e4b3bf3a-c0b0-4430-871f-7038da5c8b0e None None] Starting request: 10.222.0.26 "GET /placement/resource_providers?name=n-h1-805649-22" {{(pid=104421) __call__ /opt/stack/placement/placement/requestlog.py:55}}
Jan 11 12:10:17.959066 n-d-805649-22 devstack@placement-api.service[104421]: INFO placement.requestlog [req-a79d1678-6d62-414b-8cd9-12fe30d78b18 req-e4b3bf3a-c0b0-4430-871f-7038da5c8b0e service placement] 10.222.0.26 "GET /placement/resource_providers?name=n-h1-805649-22" status: 200 len: 442 microversion: 1.0
Jan 11 12:10:17.959561 n-d-805649-22 devstack@placement-api.service[104421]: [pid: 104421|app: 0|req: 31/66] 10.222.0.26 () {58 vars in 1276 bytes} [Tue Jan 11 12:10:17 2022] GET /placement/resource_providers?name=n-h1-805649-22 => generated 442 bytes in 14 msecs (HTTP/1.1 200) 6 headers in 224 bytes (1 switches on core 0)
Jan 11 12:10:17.966258 n-d-805649-22 devstack@placement-api.service[104422]: DEBUG placement.requestlog [req-a79d1678-6d62-414b-8cd9-12fe30d78b18 req-8a05049b-47e4-44b1-9259-7043a69ecff6 None None] Starting request: 10.222.0.26 "GET /placement/resource_providers/1c508da1-100a-4339-b339-1e5d41b665cf/aggregates" {{(pid=104422) __call__ /opt/stack/placement/placement/requestlog.py:55}}
Jan 11 12:10:17.979502 n-d-805649-22 devstack@placement-api.service[104422]: INFO placement.requestlog [req-a79d1678-6d62-414b-8cd9-12fe30d78b18 req-8a05049b-47e4-44b1-9259-7043a69ecff6 service placement] 10.222.0.26 "GET /placement/resource_providers/1c508da1-100a-4339-b339-1e5d41b665cf/aggregates" status: 200 len: 92 microversion: 1.19
Jan 11 12:10:17.979976 n-d-805649-22 devstack@placement-api.service[104422]: [pid: 104422|app: 0|req: 36/67] 10.222.0.26 () {60 vars in 1425 bytes} [Tue Jan 11 12:10:17 2022] GET /placement/resource_providers/1c508da1-100a-4339-b339-1e5d41b665cf/aggregates => generated 92 bytes in 14 msecs (HTTP/1.1 200) 8 headers in 295 bytes (1 switches on core 0)
Jan 11 12:10:17.987477 n-d-805649-22 devstack@placement-api.service[104421]: DEBUG placement.requestlog [req-a79d1678-6d62-414b-8cd9-12fe30d78b18 req-2ea9d3f1-f6d4-43b8-be9d-fc5d1a54bb85 None None] Starting request: 10.222.0.26 "PUT /placement/resource_providers/1c508da1-100a-4339-b339-1e5d41b665cf/aggregates" {{(pid=104421) __call__ /opt/stack/placement/placement/requestlog.py:55}}
Jan 11 12:10:18.004984 n-d-805649-22 devstack@placement-api.service[104421]: DEBUG placement.objects.resource_provider [req-a79d1678-6d62-414b-8cd9-12fe30d78b18 req-2ea9d3f1-f6d4-43b8-be9d-fc5d1a54bb85 service placement] Setting aggregates for provider 1c508da1-100a-4339-b339-1e5d41b665cf. Successfully disassociated aggregate a8808be8-e615-40b4-b902-c49ab14dbdba. {{(pid=104421) _set_aggregates /opt/stack/placement/placement/objects/resource_provider.py:403}}
Jan 11 12:10:18.067588 n-d-805649-22 devstack@placement-api.service[104422]: DEBUG placement.requestlog [req-152118b8-869b-4c68-88f0-7fc0032c95c9 req-278eaf9d-91ca-490a-af5b-fbebe0cf6dde None None] Starting request: 10.222.0.42 "GET /placement/resource_providers/1c508da1-100a-4339-b339-1e5d41b665cf/allocations" {{(pid=104422) __call__ /opt/stack/placement/placement/requestlog.py:55}}
Jan 11 12:10:18.087401 n-d-805649-22 devstack@placement-api.service[104422]: INFO placement.requestlog [req-152118b8-869b-4c68-88f0-7fc0032c95c9 req-278eaf9d-91ca-490a-af5b-fbebe0cf6dde service placement] 10.222.0.42 "GET /placement/resource_providers/1c508da1-100a-4339-b339-1e5d41b665cf/allocations" status: 200 len: 255 microversion: 1.0
Jan 11 12:10:18.087770 n-d-805649-22 devstack@placement-api.service[104422]: [pid: 104422|app: 0|req: 37/68] 10.222.0.42 () {58 vars in 1390 bytes} [Tue Jan 11 12:10:18 2022] GET /placement/resource_providers/1c508da1-100a-4339-b339-1e5d41b665cf/allocations => generated 255 bytes in 21 msecs (HTTP/1.1 200) 6 headers in 224 bytes (2 switches on core 0)
Jan 11 12:10:18.095596 n-d-805649-22 devstack@placement-api.service[104421]: INFO placement.requestlog [req-a79d1678-6d62-414b-8cd9-12fe30d78b18 req-2ea9d3f1-f6d4-43b8-be9d-fc5d1a54bb85 service placement] 10.222.0.26 "PUT /placement/resource_providers/1c508da1-100a-4339-b339-1e5d41b665cf/aggregates" status: 200 len: 54 microversion: 1.19
Jan 11 12:10:18.095995 n-d-805649-22 devstack@placement-api.service[104421]: [pid: 104421|app: 0|req: 32/69] 10.222.0.26 () {64 vars in 1477 bytes} [Tue Jan 11 12:10:17 2022] PUT /placement/resource_providers/1c508da1-100a-4339-b339-1e5d41b665cf/aggregates => generated 54 bytes in 109 msecs (HTTP/1.1 200) 8 headers in 295 bytes (2 switches on core 0)
Jan 11 12:10:18.412964 n-d-805649-22 devstack@placement-api.service[104422]: DEBUG placement.requestlog [req-fed813c9-7623-4ae2-89d2-4fc9504771c3 req-990c6e04-8883-4dc6-bccd-5ab1f43005d4 None None] Starting request: 10.222.0.26 "GET /placement/allocation_candidates?limit=1000&resources=DISK_GB%3A1%2CMEMORY_MB%3A1024%2CVCPU%3A1&root_required=%21COMPUTE_STATUS_DISABLED" {{(pid=104422) __call__ /opt/stack/placement/placement/requestlog.py:55}}
Jan 11 12:10:18.490908 n-d-805649-22 devstack@placement-api.service[104422]: DEBUG placement.objects.research_context [req-fed813c9-7623-4ae2-89d2-4fc9504771c3 req-990c6e04-8883-4dc6-bccd-5ab1f43005d4 service placement] getting providers with 1 DISK_GB {{(pid=104422) __init__ /opt/stack/placement/placement/objects/research_context.py:126}}
Jan 11 12:10:18.501751 n-d-805649-22 devstack@placement-api.service[104422]: DEBUG placement.objects.research_context [req-fed813c9-7623-4ae2-89d2-4fc9504771c3 req-990c6e04-8883-4dc6-bccd-5ab1f43005d4 service placement] getting providers with 1024 MEMORY_MB {{(pid=104422) __init__ /opt/stack/placement/placement/objects/research_context.py:126}}
Jan 11 12:10:18.509377 n-d-805649-22 devstack@placement-api.service[104422]: DEBUG placement.objects.research_context [req-fed813c9-7623-4ae2-89d2-4fc9504771c3 req-990c6e04-8883-4dc6-bccd-5ab1f43005d4 service placement] getting providers with 1 VCPU {{(pid=104422) __init__ /opt/stack/placement/placement/objects/research_context.py:126}}
Jan 11 12:10:18.518000 n-d-805649-22 devstack@placement-api.service[104422]: DEBUG placement.objects.research_context [req-fed813c9-7623-4ae2-89d2-4fc9504771c3 req-990c6e04-8883-4dc6-bccd-5ab1f43005d4 service placement] found 2 providers with available 1 DISK_GB {{(pid=104422) get_provider_ids_matching /opt/stack/placement/placement/objects/research_context.py:549}}
Jan 11 12:10:18.519620 n-d-805649-22 devstack@placement-api.service[104422]: DEBUG placement.objects.research_context [req-fed813c9-7623-4ae2-89d2-4fc9504771c3 req-990c6e04-8883-4dc6-bccd-5ab1f43005d4 service placement] found 2 providers with available 1024 MEMORY_MB {{(pid=104422) get_provider_ids_matching /opt/stack/placement/placement/objects/research_context.py:549}}
Jan 11 12:10:18.520408 n-d-805649-22 devstack@placement-api.service[104422]: DEBUG placement.objects.research_context [req-fed813c9-7623-4ae2-89d2-4fc9504771c3 req-990c6e04-8883-4dc6-bccd-5ab1f43005d4 service placement] found 2 providers after filtering by previous result {{(pid=104422) get_provider_ids_matching /opt/stack/placement/placement/objects/research_context.py:580}}
Jan 11 12:10:18.520801 n-d-805649-22 devstack@placement-api.service[104422]: DEBUG placement.objects.research_context [req-fed813c9-7623-4ae2-89d2-4fc9504771c3 req-990c6e04-8883-4dc6-bccd-5ab1f43005d4 service placement] found 2 providers with available 1 VCPU {{(pid=104422) get_provider_ids_matching /opt/stack/placement/placement/objects/research_context.py:549}}
Jan 11 12:10:18.522316 n-d-805649-22 devstack@placement-api.service[104422]: DEBUG placement.objects.research_context [req-fed813c9-7623-4ae2-89d2-4fc9504771c3 req-990c6e04-8883-4dc6-bccd-5ab1f43005d4 service placement] found 2 providers after filtering by previous result {{(pid=104422) get_provider_ids_matching /opt/stack/placement/placement/objects/research_context.py:580}}
Jan 11 12:10:18.542255 n-d-805649-22 devstack@placement-api.service[104422]: DEBUG placement.objects.allocation_candidate [req-fed813c9-7623-4ae2-89d2-4fc9504771c3 req-990c6e04-8883-4dc6-bccd-5ab1f43005d4 service placement] RequestGroup(use_same_provider=False, resources={DISK_GB:1, MEMORY_MB:1024, VCPU:1}, traits=[], aggregates=[]) (suffix '') returned 2 matches {{(pid=104422) _get_by_requests /opt/stack/placement/placement/objects/allocation_candidate.py:145}}
Jan 11 12:10:18.542949 n-d-805649-22 devstack@placement-api.service[104422]: DEBUG placement.objects.allocation_candidate [req-fed813c9-7623-4ae2-89d2-4fc9504771c3 req-990c6e04-8883-4dc6-bccd-5ab1f43005d4 service placement] Merging candidates yields 2 allocation requests and 2 provider summaries {{(pid=104422) _merge_candidates /opt/stack/placement/placement/objects/allocation_candidate.py:783}}
Jan 11 12:10:18.546060 n-d-805649-22 devstack@placement-api.service[104422]: INFO placement.requestlog [req-fed813c9-7623-4ae2-89d2-4fc9504771c3 req-990c6e04-8883-4dc6-bccd-5ab1f43005d4 service placement] 10.222.0.26 "GET /placement/allocation_candidates?limit=1000&resources=DISK_GB%3A1%2CMEMORY_MB%3A1024%2CVCPU%3A1&root_required=%21COMPUTE_STATUS_DISABLED" status: 200 len: 1309 microversion: 1.36
Jan 11 12:10:18.546867 n-d-805649-22 devstack@placement-api.service[104422]: [pid: 104422|app: 0|req: 38/70] 10.222.0.26 () {60 vars in 1506 bytes} [Tue Jan 11 12:10:18 2022] GET /placement/allocation_candidates?limit=1000&resources=DISK_GB%3A1%2CMEMORY_MB%3A1024%2CVCPU%3A1&root_required=%21COMPUTE_STATUS_DISABLED => generated 1309 bytes in 134 msecs (HTTP/1.1 200) 8 headers in 297 bytes (1 switches on core 0)
Jan 11 12:10:18.596447 n-d-805649-22 devstack@placement-api.service[104421]: DEBUG placement.requestlog [req-fed813c9-7623-4ae2-89d2-4fc9504771c3 req-fdd322e7-9d8b-4d40-bb82-ea964f6718ea None None] Starting request: 10.222.0.26 "GET /placement/allocations/6f665364-f7f6-4e72-8db6-09a0fe20374c" {{(pid=104421) __call__ /opt/stack/placement/placement/requestlog.py:55}}
Jan 11 12:10:18.607837 n-d-805649-22 devstack@placement-api.service[104421]: INFO placement.requestlog [req-fed813c9-7623-4ae2-89d2-4fc9504771c3 req-fdd322e7-9d8b-4d40-bb82-ea964f6718ea service placement] 10.222.0.26 "GET /placement/allocations/6f665364-f7f6-4e72-8db6-09a0fe20374c" status: 200 len: 19 microversion: 1.28
Jan 11 12:10:18.612828 n-d-805649-22 devstack@placement-api.service[104421]: [pid: 104421|app: 0|req: 33/71] 10.222.0.26 () {60 vars in 1380 bytes} [Tue Jan 11 12:10:18 2022] GET /placement/allocations/6f665364-f7f6-4e72-8db6-09a0fe20374c => generated 19 bytes in 16 msecs (HTTP/1.1 200) 8 headers in 295 bytes (1 switches on core 0)
Jan 11 12:10:18.616707 n-d-805649-22 devstack@placement-api.service[104422]: DEBUG placement.requestlog [req-fed813c9-7623-4ae2-89d2-4fc9504771c3 req-692a6cda-c528-4adc-b8bf-c0d5fe036000 None None] Starting request: 10.222.0.26 "PUT /placement/allocations/6f665364-f7f6-4e72-8db6-09a0fe20374c" {{(pid=104422) __call__ /opt/stack/placement/placement/requestlog.py:55}}
Jan 11 12:10:18.738046 n-d-805649-22 devstack@placement-api.service[104422]: DEBUG placement.handlers.allocation [req-fed813c9-7623-4ae2-89d2-4fc9504771c3 req-692a6cda-c528-4adc-b8bf-c0d5fe036000 service placement] Successfully wrote allocations [, , ] {{(pid=104422) _update_consumers_and_create_allocations /opt/stack/placement/placement/handlers/allocation.py:462}}
Jan 11 12:10:18.818095 n-d-805649-22 devstack@placement-api.service[104422]: INFO placement.requestlog [req-fed813c9-7623-4ae2-89d2-4fc9504771c3 req-692a6cda-c528-4adc-b8bf-c0d5fe036000 service placement] 10.222.0.26 "PUT /placement/allocations/6f665364-f7f6-4e72-8db6-09a0fe20374c" status: 204 len: 0 microversion: 1.36
Jan 11 12:10:18.819543 n-d-805649-22 devstack@placement-api.service[104422]: [pid: 104422|app: 0|req: 39/72] 10.222.0.26 () {64 vars in 1433 bytes} [Tue Jan 11 12:10:18 2022] PUT /placement/allocations/6f665364-f7f6-4e72-8db6-09a0fe20374c => generated 0 bytes in 203 msecs (HTTP/1.1 204) 5 headers in 199 bytes (1 switches on core 0)
Jan 11 12:10:19.513837 n-d-805649-22 devstack@placement-api.service[104421]: DEBUG placement.requestlog [req-6850830f-33d2-496d-8fc5-e8ee27d40b85 req-206a43a8-8ed3-4f92-b3a6-10be8d18a330 None None] Starting request: 10.222.0.26 "GET /placement/resource_providers?name=n-h1-805649-22" {{(pid=104421) __call__ /opt/stack/placement/placement/requestlog.py:55}}
Jan 11 12:10:19.526079 n-d-805649-22 devstack@placement-api.service[104421]: INFO placement.requestlog [req-6850830f-33d2-496d-8fc5-e8ee27d40b85 req-206a43a8-8ed3-4f92-b3a6-10be8d18a330 service placement] 10.222.0.26 "GET /placement/resource_providers?name=n-h1-805649-22" status: 200 len: 442 microversion: 1.0
Jan 11 12:10:19.526579 n-d-805649-22 devstack@placement-api.service[104421]: [pid: 104421|app: 0|req: 34/73] 10.222.0.26 () {58 vars in 1276 bytes} [Tue Jan 11 12:10:19 2022] GET /placement/resource_providers?name=n-h1-805649-22 => generated 442 bytes in 13 msecs (HTTP/1.1 200) 6 headers in 224 bytes (1 switches on core 0)
Jan 11 12:10:19.533821 n-d-805649-22 devstack@placement-api.service[104422]: DEBUG placement.requestlog [req-6850830f-33d2-496d-8fc5-e8ee27d40b85 req-8894cb24-7b27-4397-9fe2-f922c4d4391f None None] Starting request: 10.222.0.26 "GET /placement/resource_providers/1c508da1-100a-4339-b339-1e5d41b665cf/aggregates" {{(pid=104422) __call__ /opt/stack/placement/placement/requestlog.py:55}}
Jan 11 12:10:19.548099 n-d-805649-22 devstack@placement-api.service[104422]: INFO placement.requestlog [req-6850830f-33d2-496d-8fc5-e8ee27d40b85 req-8894cb24-7b27-4397-9fe2-f922c4d4391f service placement] 10.222.0.26 "GET /placement/resource_providers/1c508da1-100a-4339-b339-1e5d41b665cf/aggregates" status: 200 len: 54 microversion: 1.19
Jan 11 12:10:19.548808 n-d-805649-22 devstack@placement-api.service[104422]: [pid: 104422|app: 0|req: 40/74] 10.222.0.26 () {60 vars in 1425 bytes} [Tue Jan 11 12:10:19 2022] GET /placement/resource_providers/1c508da1-100a-4339-b339-1e5d41b665cf/aggregates => generated 54 bytes in 15 msecs (HTTP/1.1 200) 8 headers in 295 bytes (1 switches on core 0)
Jan 11 12:10:19.555293 n-d-805649-22 devstack@placement-api.service[104421]: DEBUG placement.requestlog [req-6850830f-33d2-496d-8fc5-e8ee27d40b85 req-36f25a77-78c1-484b-8df3-f033c57d9a3c None None] Starting request: 10.222.0.26 "PUT /placement/resource_providers/1c508da1-100a-4339-b339-1e5d41b665cf/aggregates" {{(pid=104421) __call__ /opt/stack/placement/placement/requestlog.py:55}}
Jan 11 12:10:19.584848 n-d-805649-22 devstack@placement-api.service[104421]: DEBUG placement.objects.resource_provider [req-6850830f-33d2-496d-8fc5-e8ee27d40b85 req-36f25a77-78c1-484b-8df3-f033c57d9a3c service placement] _ensure_aggregate() did not find aggregate 8f2acdea-1b2d-471e-8f1b-4383902ca03d. Attempting to create it. {{(pid=104421) _ensure_aggregate /opt/stack/placement/placement/objects/resource_provider.py:320}}
Jan 11 12:10:19.587731 n-d-805649-22 devstack@placement-api.service[104421]: DEBUG placement.objects.resource_provider [req-6850830f-33d2-496d-8fc5-e8ee27d40b85 req-36f25a77-78c1-484b-8df3-f033c57d9a3c service placement] _ensure_aggregate() created new aggregate 8f2acdea-1b2d-471e-8f1b-4383902ca03d (id=5). {{(pid=104421) _ensure_aggregate /opt/stack/placement/placement/objects/resource_provider.py:326}}
Jan 11 12:10:19.589639 n-d-805649-22 devstack@placement-api.service[104421]: DEBUG placement.objects.resource_provider [req-6850830f-33d2-496d-8fc5-e8ee27d40b85 req-36f25a77-78c1-484b-8df3-f033c57d9a3c service placement] Setting aggregates for provider 1c508da1-100a-4339-b339-1e5d41b665cf. Successfully associated aggregate 8f2acdea-1b2d-471e-8f1b-4383902ca03d. {{(pid=104421) _set_aggregates /opt/stack/placement/placement/objects/resource_provider.py:388}}
Jan 11 12:10:19.655700 n-d-805649-22 devstack@placement-api.service[104421]: INFO placement.requestlog [req-6850830f-33d2-496d-8fc5-e8ee27d40b85 req-36f25a77-78c1-484b-8df3-f033c57d9a3c service placement] 10.222.0.26 "PUT /placement/resource_providers/1c508da1-100a-4339-b339-1e5d41b665cf/aggregates" status: 200 len: 92 microversion: 1.19
Jan 11 12:10:19.656388 n-d-805649-22 devstack@placement-api.service[104421]: [pid: 104421|app: 0|req: 35/75] 10.222.0.26 () {64 vars in 1477 bytes} [Tue Jan 11 12:10:19 2022] PUT /placement/resource_providers/1c508da1-100a-4339-b339-1e5d41b665cf/aggregates => generated 92 bytes in 101 msecs (HTTP/1.1 200) 8 headers in 295 bytes (2 switches on core 0)
Jan 11 12:10:19.709405 n-d-805649-22 devstack@placement-api.service[104422]: DEBUG placement.requestlog [req-e5a99a1f-a8bd-4be7-bb37-70beb50342f5 req-62a90909-4815-4f7e-a1e9-9ea2b4127a9d None None] Starting request: 10.222.0.26 "GET /placement/resource_providers?name=n-h1-805649-22" {{(pid=104422) __call__ /opt/stack/placement/placement/requestlog.py:55}}
Jan 11 12:10:19.720829 n-d-805649-22 devstack@placement-api.service[104422]: INFO placement.requestlog [req-e5a99a1f-a8bd-4be7-bb37-70beb50342f5 req-62a90909-4815-4f7e-a1e9-9ea2b4127a9d service placement] 10.222.0.26 "GET /placement/resource_providers?name=n-h1-805649-22" status: 200 len: 442 microversion: 1.0
Jan 11 12:10:19.721198 n-d-805649-22 devstack@placement-api.service[104422]: [pid: 104422|app: 0|req: 41/76] 10.222.0.26 () {58 vars in 1276 bytes} [Tue Jan 11 12:10:19 2022] GET /placement/resource_providers?name=n-h1-805649-22 => generated 442 bytes in 12 msecs (HTTP/1.1 200) 6 headers in 224 bytes (1 switches on core 0)
Jan 11 12:10:19.727982 n-d-805649-22 devstack@placement-api.service[104421]: DEBUG placement.requestlog [req-e5a99a1f-a8bd-4be7-bb37-70beb50342f5 req-a81bf6a0-75ca-4854-b556-72d1f6c256b1 None None] Starting request: 10.222.0.26 "GET /placement/resource_providers/1c508da1-100a-4339-b339-1e5d41b665cf/aggregates" {{(pid=104421) __call__ /opt/stack/placement/placement/requestlog.py:55}}
Jan 11 12:10:19.743239 n-d-805649-22 devstack@placement-api.service[104421]: INFO placement.requestlog [req-e5a99a1f-a8bd-4be7-bb37-70beb50342f5 req-a81bf6a0-75ca-4854-b556-72d1f6c256b1 service placement] 10.222.0.26 "GET /placement/resource_providers/1c508da1-100a-4339-b339-1e5d41b665cf/aggregates" status: 200 len: 92 microversion: 1.19
Jan 11 12:10:19.743713 n-d-805649-22 devstack@placement-api.service[104421]: [pid: 104421|app: 0|req: 36/77] 10.222.0.26 () {60 vars in 1425 bytes} [Tue Jan 11 12:10:19 2022] GET /placement/resource_providers/1c508da1-100a-4339-b339-1e5d41b665cf/aggregates => generated 92 bytes in 16 msecs (HTTP/1.1 200) 8 headers in 295 bytes (1 switches on core 0)
Jan 11 12:10:19.750552 n-d-805649-22 devstack@placement-api.service[104422]: DEBUG placement.requestlog [req-e5a99a1f-a8bd-4be7-bb37-70beb50342f5 req-3a516337-d09f-4e89-b115-b1696c21b7c4 None None] Starting request: 10.222.0.26 "PUT /placement/resource_providers/1c508da1-100a-4339-b339-1e5d41b665cf/aggregates" {{(pid=104422) __call__ /opt/stack/placement/placement/requestlog.py:55}}
Jan 11 12:10:19.766276 n-d-805649-22 devstack@placement-api.service[104422]: DEBUG placement.objects.resource_provider [req-e5a99a1f-a8bd-4be7-bb37-70beb50342f5 req-3a516337-d09f-4e89-b115-b1696c21b7c4 service placement] Setting aggregates for provider 1c508da1-100a-4339-b339-1e5d41b665cf. Successfully disassociated aggregate 8f2acdea-1b2d-471e-8f1b-4383902ca03d. {{(pid=104422) _set_aggregates /opt/stack/placement/placement/objects/resource_provider.py:403}}
Jan 11 12:10:19.828096 n-d-805649-22 devstack@placement-api.service[104421]: DEBUG placement.requestlog [req-fed813c9-7623-4ae2-89d2-4fc9504771c3 req-9f6136f1-74cf-4b0f-9aee-02344bc1d952 None None] Starting request: 10.222.0.42 "GET /placement/allocations/6f665364-f7f6-4e72-8db6-09a0fe20374c" {{(pid=104421) __call__ /opt/stack/placement/placement/requestlog.py:55}}
Jan 11 12:10:19.843166 n-d-805649-22 devstack@placement-api.service[104421]: INFO placement.requestlog [req-fed813c9-7623-4ae2-89d2-4fc9504771c3 req-9f6136f1-74cf-4b0f-9aee-02344bc1d952 service placement] 10.222.0.42 "GET /placement/allocations/6f665364-f7f6-4e72-8db6-09a0fe20374c" status: 200 len: 259 microversion: 1.28
Jan 11 12:10:19.843650 n-d-805649-22 devstack@placement-api.service[104421]: [pid: 104421|app: 0|req: 37/78] 10.222.0.42 () {60 vars in 1377 bytes} [Tue Jan 11 12:10:19 2022] GET /placement/allocations/6f665364-f7f6-4e72-8db6-09a0fe20374c => generated 259 bytes in 16 msecs (HTTP/1.1 200) 8 headers in 296 bytes (2 switches on core 0)
Jan 11 12:10:19.852309 n-d-805649-22 devstack@placement-api.service[104422]: INFO placement.requestlog [req-e5a99a1f-a8bd-4be7-bb37-70beb50342f5 req-3a516337-d09f-4e89-b115-b1696c21b7c4 service placement] 10.222.0.26 "PUT /placement/resource_providers/1c508da1-100a-4339-b339-1e5d41b665cf/aggregates" status: 200 len: 54 microversion: 1.19
Jan 11 12:10:19.852715 n-d-805649-22 devstack@placement-api.service[104422]: [pid: 104422|app: 0|req: 42/79] 10.222.0.26 () {64 vars in 1477 bytes} [Tue Jan 11 12:10:19 2022] PUT /placement/resource_providers/1c508da1-100a-4339-b339-1e5d41b665cf/aggregates => generated 54 bytes in 103 msecs (HTTP/1.1 200) 8 headers in 295 bytes (1 switches on core 0)
Jan 11 12:10:20.873302 n-d-805649-22 devstack@placement-api.service[104421]: DEBUG placement.requestlog [req-4d4f60d1-6df9-42a9-bb92-ef1c1be72b27 req-29ea87f4-ba20-48d5-9c3b-63ecb380ba70 None None] Starting request: 10.222.0.44 "GET /placement/resource_providers/f57bfccd-5821-4baa-9c0a-955a0fe1c10a/allocations" {{(pid=104421) __call__ /opt/stack/placement/placement/requestlog.py:55}}
Jan 11 12:10:20.907818 n-d-805649-22 devstack@placement-api.service[104421]: INFO placement.requestlog [req-4d4f60d1-6df9-42a9-bb92-ef1c1be72b27 req-29ea87f4-ba20-48d5-9c3b-63ecb380ba70 service placement] 10.222.0.44 "GET /placement/resource_providers/f57bfccd-5821-4baa-9c0a-955a0fe1c10a/allocations" status: 200 len: 355 microversion: 1.0
Jan 11 12:10:20.908610 n-d-805649-22 devstack@placement-api.service[104421]: [pid: 104421|app: 0|req: 38/80] 10.222.0.44 () {58 vars in 1390 bytes} [Tue Jan 11 12:10:20 2022] GET /placement/resource_providers/f57bfccd-5821-4baa-9c0a-955a0fe1c10a/allocations => generated 355 bytes in 40 msecs (HTTP/1.1 200) 6 headers in 224 bytes (2 switches on core 0)
Jan 11 12:10:21.518285 n-d-805649-22 devstack@placement-api.service[104422]: DEBUG placement.requestlog [req-ad4ee7c4-43e3-405d-9749-5cc2427d1432 req-52eb67cb-54d0-40fb-9288-a8f38232681e None None] Starting request: 10.222.0.26 "GET /placement/resource_providers?name=n-h1-805649-22" {{(pid=104422) __call__ /opt/stack/placement/placement/requestlog.py:55}}
Jan 11 12:10:21.537265 n-d-805649-22 devstack@placement-api.service[104422]: INFO placement.requestlog [req-ad4ee7c4-43e3-405d-9749-5cc2427d1432 req-52eb67cb-54d0-40fb-9288-a8f38232681e service placement] 10.222.0.26 "GET /placement/resource_providers?name=n-h1-805649-22" status: 200 len: 442 microversion: 1.0
Jan 11 12:10:21.538753 n-d-805649-22 devstack@placement-api.service[104422]: [pid: 104422|app: 0|req: 43/81] 10.222.0.26 () {58 vars in 1276 bytes} [Tue Jan 11 12:10:21 2022] GET /placement/resource_providers?name=n-h1-805649-22 => generated 442 bytes in 21 msecs (HTTP/1.1 200) 6 headers in 224 bytes (1 switches on core 0)
Jan 11 12:10:21.548526 n-d-805649-22 devstack@placement-api.service[104421]: DEBUG placement.requestlog [req-ad4ee7c4-43e3-405d-9749-5cc2427d1432 req-adab3301-4e2c-4816-915d-c709a864ed69 None None] Starting request: 10.222.0.26 "GET /placement/resource_providers/1c508da1-100a-4339-b339-1e5d41b665cf/aggregates" {{(pid=104421) __call__ /opt/stack/placement/placement/requestlog.py:55}}
Jan 11 12:10:21.563008 n-d-805649-22 devstack@placement-api.service[104421]: INFO placement.requestlog [req-ad4ee7c4-43e3-405d-9749-5cc2427d1432 req-adab3301-4e2c-4816-915d-c709a864ed69 service placement] 10.222.0.26 "GET /placement/resource_providers/1c508da1-100a-4339-b339-1e5d41b665cf/aggregates" status: 200 len: 54 microversion: 1.19
Jan 11 12:10:21.563746 n-d-805649-22 devstack@placement-api.service[104421]: [pid: 104421|app: 0|req: 39/82] 10.222.0.26 () {60 vars in 1425 bytes} [Tue Jan 11 12:10:21 2022] GET /placement/resource_providers/1c508da1-100a-4339-b339-1e5d41b665cf/aggregates => generated 54 bytes in 15 msecs (HTTP/1.1 200) 8 headers in 295 bytes (1 switches on core 0)
Jan 11 12:10:21.570858 n-d-805649-22 devstack@placement-api.service[104422]: DEBUG placement.requestlog [req-ad4ee7c4-43e3-405d-9749-5cc2427d1432 req-cd03193c-336a-497e-b6af-45da8fad4dbb None None] Starting request: 10.222.0.26 "PUT /placement/resource_providers/1c508da1-100a-4339-b339-1e5d41b665cf/aggregates" {{(pid=104422) __call__ /opt/stack/placement/placement/requestlog.py:55}}
Jan 11 12:10:21.586828 n-d-805649-22 devstack@placement-api.service[104422]: DEBUG placement.objects.resource_provider [req-ad4ee7c4-43e3-405d-9749-5cc2427d1432 req-cd03193c-336a-497e-b6af-45da8fad4dbb service placement] _ensure_aggregate() did not find aggregate 7dc3611d-1bab-4f2f-87d5-fd659044e83a. Attempting to create it. {{(pid=104422) _ensure_aggregate /opt/stack/placement/placement/objects/resource_provider.py:320}}
Jan 11 12:10:21.588187 n-d-805649-22 devstack@placement-api.service[104422]: DEBUG placement.objects.resource_provider [req-ad4ee7c4-43e3-405d-9749-5cc2427d1432 req-cd03193c-336a-497e-b6af-45da8fad4dbb service placement] _ensure_aggregate() created new aggregate 7dc3611d-1bab-4f2f-87d5-fd659044e83a (id=6). {{(pid=104422) _ensure_aggregate /opt/stack/placement/placement/objects/resource_provider.py:326}}
Jan 11 12:10:21.589405 n-d-805649-22 devstack@placement-api.service[104422]: DEBUG placement.objects.resource_provider [req-ad4ee7c4-43e3-405d-9749-5cc2427d1432 req-cd03193c-336a-497e-b6af-45da8fad4dbb service placement] Setting aggregates for provider 1c508da1-100a-4339-b339-1e5d41b665cf. Successfully associated aggregate 7dc3611d-1bab-4f2f-87d5-fd659044e83a. {{(pid=104422) _set_aggregates /opt/stack/placement/placement/objects/resource_provider.py:388}}
Jan 11 12:10:21.655513 n-d-805649-22 devstack@placement-api.service[104422]: INFO placement.requestlog [req-ad4ee7c4-43e3-405d-9749-5cc2427d1432 req-cd03193c-336a-497e-b6af-45da8fad4dbb service placement] 10.222.0.26 "PUT /placement/resource_providers/1c508da1-100a-4339-b339-1e5d41b665cf/aggregates" status: 200 len: 92 microversion: 1.19
Jan 11 12:10:21.659935 n-d-805649-22 devstack@placement-api.service[104422]: [pid: 104422|app: 0|req: 44/83] 10.222.0.26 () {64 vars in 1477 bytes} [Tue Jan 11 12:10:21 2022] PUT /placement/resource_providers/1c508da1-100a-4339-b339-1e5d41b665cf/aggregates => generated 92 bytes in 89 msecs (HTTP/1.1 200) 8 headers in 295 bytes (1 switches on core 0)
Jan 11 12:10:22.479032 n-d-805649-22 devstack@placement-api.service[104421]: DEBUG placement.requestlog [req-5eed2eaf-0059-4658-8fb7-79c88a047c70 req-3559d372-1867-45e1-a4e0-4c74110c36a5 None None] Starting request: 10.222.0.26 "GET /placement/resource_providers?name=n-h1-805649-22" {{(pid=104421) __call__ /opt/stack/placement/placement/requestlog.py:55}}
Jan 11 12:10:22.492663 n-d-805649-22 devstack@placement-api.service[104421]: INFO placement.requestlog [req-5eed2eaf-0059-4658-8fb7-79c88a047c70 req-3559d372-1867-45e1-a4e0-4c74110c36a5 service placement] 10.222.0.26 "GET /placement/resource_providers?name=n-h1-805649-22" status: 200 len: 442 microversion: 1.0
Jan 11 12:10:22.494206 n-d-805649-22 devstack@placement-api.service[104421]: [pid: 104421|app: 0|req: 40/84] 10.222.0.26 () {58 vars in 1276 bytes} [Tue Jan 11 12:10:22 2022] GET /placement/resource_providers?name=n-h1-805649-22 => generated 442 bytes in 15 msecs (HTTP/1.1 200) 6 headers in 224 bytes (1 switches on core 0)
Jan 11 12:10:22.503839 n-d-805649-22 devstack@placement-api.service[104422]: DEBUG placement.requestlog [req-5eed2eaf-0059-4658-8fb7-79c88a047c70 req-17d633bc-9012-49b9-afbe-7be586139fd5 None None] Starting request: 10.222.0.26 "GET /placement/resource_providers/1c508da1-100a-4339-b339-1e5d41b665cf/aggregates" {{(pid=104422) __call__ /opt/stack/placement/placement/requestlog.py:55}}
Jan 11 12:10:22.523595 n-d-805649-22 devstack@placement-api.service[104422]: INFO placement.requestlog [req-5eed2eaf-0059-4658-8fb7-79c88a047c70 req-17d633bc-9012-49b9-afbe-7be586139fd5 service placement] 10.222.0.26 "GET /placement/resource_providers/1c508da1-100a-4339-b339-1e5d41b665cf/aggregates" status: 200 len: 92 microversion: 1.19
Jan 11 12:10:22.524180 n-d-805649-22 devstack@placement-api.service[104422]: [pid: 104422|app: 0|req: 45/85] 10.222.0.26 () {60 vars in 1425 bytes} [Tue Jan 11 12:10:22 2022] GET /placement/resource_providers/1c508da1-100a-4339-b339-1e5d41b665cf/aggregates => generated 92 bytes in 20 msecs (HTTP/1.1 200) 8 headers in 295 bytes (2 switches on core 0)
Jan 11 12:10:22.537131 n-d-805649-22 devstack@placement-api.service[104421]: DEBUG placement.requestlog [req-5eed2eaf-0059-4658-8fb7-79c88a047c70 req-819a34b6-e85b-4f77-a0a7-3d3186a01e9c None None] Starting request: 10.222.0.26 "PUT /placement/resource_providers/1c508da1-100a-4339-b339-1e5d41b665cf/aggregates" {{(pid=104421) __call__ /opt/stack/placement/placement/requestlog.py:55}}
Jan 11 12:10:22.552067 n-d-805649-22 devstack@placement-api.service[104421]: DEBUG placement.objects.resource_provider [req-5eed2eaf-0059-4658-8fb7-79c88a047c70 req-819a34b6-e85b-4f77-a0a7-3d3186a01e9c service placement] Setting aggregates for provider 1c508da1-100a-4339-b339-1e5d41b665cf. Successfully disassociated aggregate 7dc3611d-1bab-4f2f-87d5-fd659044e83a. {{(pid=104421) _set_aggregates /opt/stack/placement/placement/objects/resource_provider.py:403}}
Jan 11 12:10:22.650534 n-d-805649-22 devstack@placement-api.service[104421]: INFO placement.requestlog [req-5eed2eaf-0059-4658-8fb7-79c88a047c70 req-819a34b6-e85b-4f77-a0a7-3d3186a01e9c service placement] 10.222.0.26 "PUT /placement/resource_providers/1c508da1-100a-4339-b339-1e5d41b665cf/aggregates" status: 200 len: 54 microversion: 1.19
Jan 11 12:10:22.651304 n-d-805649-22 devstack@placement-api.service[104421]: [pid: 104421|app: 0|req: 41/86] 10.222.0.26 () {64 vars in 1477 bytes} [Tue Jan 11 12:10:22 2022] PUT /placement/resource_providers/1c508da1-100a-4339-b339-1e5d41b665cf/aggregates => generated 54 bytes in 114 msecs (HTTP/1.1 200) 8 headers in 295 bytes (1 switches on core 0)
Jan 11 12:10:32.384099 n-d-805649-22 devstack@placement-api.service[104422]: DEBUG placement.requestlog [req-b78787cb-0db0-4446-9451-94bef66ecafe req-ea9cf231-92ae-463a-8453-1f19f104fb9e None None] Starting request: 10.222.0.44 "DELETE /placement/allocations/7a42c41f-e5f0-4f47-a61b-d5a32d3974aa" {{(pid=104422) __call__ /opt/stack/placement/placement/requestlog.py:55}}
Jan 11 12:10:32.571723 n-d-805649-22 devstack@placement-api.service[104422]: DEBUG placement.handlers.allocation [req-b78787cb-0db0-4446-9451-94bef66ecafe req-ea9cf231-92ae-463a-8453-1f19f104fb9e service placement] Successfully deleted allocations [, , ] {{(pid=104422) delete_allocations /opt/stack/placement/placement/handlers/allocation.py:627}}
Jan 11 12:10:32.572614 n-d-805649-22 devstack@placement-api.service[104422]: INFO placement.requestlog [req-b78787cb-0db0-4446-9451-94bef66ecafe req-ea9cf231-92ae-463a-8453-1f19f104fb9e service placement] 10.222.0.44 "DELETE /placement/allocations/7a42c41f-e5f0-4f47-a61b-d5a32d3974aa" status: 204 len: 0 microversion: 1.0
Jan 11 12:10:32.574846 n-d-805649-22 devstack@placement-api.service[104422]: [pid: 104422|app: 0|req: 46/87] 10.222.0.44 () {60 vars in 1355 bytes} [Tue Jan 11 12:10:32 2022] DELETE /placement/allocations/7a42c41f-e5f0-4f47-a61b-d5a32d3974aa => generated 0 bytes in 190 msecs (HTTP/1.1 204) 5 headers in 198 bytes (1 switches on core 0)
Jan 11 12:10:34.260103 n-d-805649-22 devstack@placement-api.service[104421]: DEBUG placement.requestlog [req-e5b55224-64e0-4f4c-83e1-72ddfe5a77ba req-4031304b-acfa-41c6-a846-e88f76e58d30 None None] Starting request: 10.222.0.42 "DELETE /placement/allocations/09aae8a9-a5f7-402e-85d1-17d3d788f698" {{(pid=104421) __call__ /opt/stack/placement/placement/requestlog.py:55}}
Jan 11 12:10:35.005964 n-d-805649-22 devstack@placement-api.service[104421]: DEBUG placement.handlers.allocation [req-e5b55224-64e0-4f4c-83e1-72ddfe5a77ba req-4031304b-acfa-41c6-a846-e88f76e58d30 service placement] Successfully deleted allocations [, , ] {{(pid=104421) delete_allocations /opt/stack/placement/placement/handlers/allocation.py:627}}
Jan 11 12:10:35.007902 n-d-805649-22 devstack@placement-api.service[104421]: INFO placement.requestlog [req-e5b55224-64e0-4f4c-83e1-72ddfe5a77ba req-4031304b-acfa-41c6-a846-e88f76e58d30 service placement] 10.222.0.42 "DELETE /placement/allocations/09aae8a9-a5f7-402e-85d1-17d3d788f698" status: 204 len: 0 microversion: 1.0
Jan 11 12:10:35.008281 n-d-805649-22 devstack@placement-api.service[104421]: [pid: 104421|app: 0|req: 42/88] 10.222.0.42 () {60 vars in 1355 bytes} [Tue Jan 11 12:10:34 2022] DELETE /placement/allocations/09aae8a9-a5f7-402e-85d1-17d3d788f698 => generated 0 bytes in 749 msecs (HTTP/1.1 204) 5 headers in 198 bytes (1 switches on core 0)
Jan 11 12:10:39.212302 n-d-805649-22 devstack@placement-api.service[104422]: DEBUG placement.requestlog [req-9e8528f2-500c-4e59-a713-da620e03e5af req-6f3dae5e-2427-4a9a-b7e8-b16cd1e55f76 None None] Starting request: 10.222.0.44 "DELETE /placement/allocations/3530299c-c18f-474f-bc24-8653e99f944a" {{(pid=104422) __call__ /opt/stack/placement/placement/requestlog.py:55}}
Jan 11 12:10:39.405622 n-d-805649-22 devstack@placement-api.service[104422]: DEBUG placement.handlers.allocation [req-9e8528f2-500c-4e59-a713-da620e03e5af req-6f3dae5e-2427-4a9a-b7e8-b16cd1e55f76 service placement] Successfully deleted allocations [, , ] {{(pid=104422) delete_allocations /opt/stack/placement/placement/handlers/allocation.py:627}}
Jan 11 12:10:39.406133 n-d-805649-22 devstack@placement-api.service[104422]: INFO placement.requestlog [req-9e8528f2-500c-4e59-a713-da620e03e5af req-6f3dae5e-2427-4a9a-b7e8-b16cd1e55f76 service placement] 10.222.0.44 "DELETE /placement/allocations/3530299c-c18f-474f-bc24-8653e99f944a" status: 204 len: 0 microversion: 1.0
Jan 11 12:10:39.407066 n-d-805649-22 devstack@placement-api.service[104422]: [pid: 104422|app: 0|req: 47/89] 10.222.0.44 () {60 vars in 1355 bytes} [Tue Jan 11 12:10:39 2022] DELETE /placement/allocations/3530299c-c18f-474f-bc24-8653e99f944a => generated 0 bytes in 196 msecs (HTTP/1.1 204) 5 headers in 198 bytes (1 switches on core 0)
Jan 11 12:10:40.487107 n-d-805649-22 devstack@placement-api.service[104421]: DEBUG placement.requestlog [req-72c6bdc5-58e6-4336-af35-d230014c4b8a req-3d67b718-b959-4981-8847-1911f57fb83b None None] Starting request: 10.222.0.42 "DELETE /placement/allocations/6f665364-f7f6-4e72-8db6-09a0fe20374c" {{(pid=104421) __call__ /opt/stack/placement/placement/requestlog.py:55}}
Jan 11 12:10:40.641897 n-d-805649-22 devstack@placement-api.service[104421]: DEBUG placement.handlers.allocation [req-72c6bdc5-58e6-4336-af35-d230014c4b8a req-3d67b718-b959-4981-8847-1911f57fb83b service placement] Successfully deleted allocations [, , ] {{(pid=104421) delete_allocations /opt/stack/placement/placement/handlers/allocation.py:627}}
Jan 11 12:10:40.642684 n-d-805649-22 devstack@placement-api.service[104421]: INFO placement.requestlog [req-72c6bdc5-58e6-4336-af35-d230014c4b8a req-3d67b718-b959-4981-8847-1911f57fb83b service placement] 10.222.0.42 "DELETE /placement/allocations/6f665364-f7f6-4e72-8db6-09a0fe20374c" status: 204 len: 0 microversion: 1.0
Jan 11 12:10:40.643068 n-d-805649-22 devstack@placement-api.service[104421]: [pid: 104421|app: 0|req: 43/90] 10.222.0.42 () {60 vars in 1355 bytes} [Tue Jan 11 12:10:40 2022] DELETE /placement/allocations/6f665364-f7f6-4e72-8db6-09a0fe20374c => generated 0 bytes in 156 msecs (HTTP/1.1 204) 5 headers in 198 bytes (1 switches on core 0)
Jan 11 12:10:41.607178 n-d-805649-22 devstack@placement-api.service[104422]: DEBUG placement.requestlog [req-64169cc4-55fd-42f4-83fc-670eaaa7f96c req-f0b8548f-dc48-42f4-bd67-a9b8558554be None None] Starting request: 10.222.0.26 "GET /placement/allocation_candidates?limit=1000&resources=DISK_GB%3A1%2CMEMORY_MB%3A1024%2CVCPU%3A1&root_required=%21COMPUTE_STATUS_DISABLED" {{(pid=104422) __call__ /opt/stack/placement/placement/requestlog.py:55}}
Jan 11 12:10:41.666547 n-d-805649-22 devstack@placement-api.service[104422]: DEBUG placement.objects.research_context [req-64169cc4-55fd-42f4-83fc-670eaaa7f96c req-f0b8548f-dc48-42f4-bd67-a9b8558554be service placement] getting providers with 1 DISK_GB {{(pid=104422) __init__ /opt/stack/placement/placement/objects/research_context.py:126}}
Jan 11 12:10:41.678451 n-d-805649-22 devstack@placement-api.service[104422]: DEBUG placement.objects.research_context [req-64169cc4-55fd-42f4-83fc-670eaaa7f96c req-f0b8548f-dc48-42f4-bd67-a9b8558554be service placement] getting providers with 1024 MEMORY_MB {{(pid=104422) __init__ /opt/stack/placement/placement/objects/research_context.py:126}}
