Jan 11 12:11:00.488228 n-d-805649-22 devstack@placement-api.service[104421]: INFO placement.requestlog [req-ddf3488b-f327-402b-84c7-9e84b091677e req-880b67fd-c94e-4407-b720-568bb7e170e5 service placement] 10.222.0.44 "GET /placement/allocations/c66bedd2-0402-42d0-bedd-46468989d8bf" status: 200 len: 258 microversion: 1.28
Jan 11 12:11:00.488933 n-d-805649-22 devstack@placement-api.service[104421]: [pid: 104421|app: 0|req: 57/117] 10.222.0.44 () {60 vars in 1377 bytes} [Tue Jan 11 12:11:00 2022] GET /placement/allocations/c66bedd2-0402-42d0-bedd-46468989d8bf => generated 258 bytes in 21 msecs (HTTP/1.1 200) 8 headers in 296 bytes (2 switches on core 0)
Jan 11 12:11:12.949925 n-d-805649-22 devstack@placement-api.service[104422]: DEBUG placement.requestlog [None req-9438f0eb-40af-4998-8e35-32ca5be31078 None None] Starting request: 10.222.0.26 "GET /placement/" {{(pid=104422) __call__ /opt/stack/placement/placement/requestlog.py:55}}
Jan 11 12:11:12.950948 n-d-805649-22 devstack@placement-api.service[104422]: INFO placement.requestlog [None req-9438f0eb-40af-4998-8e35-32ca5be31078 None None] 10.222.0.26 "GET /placement/" status: 200 len: 136 microversion: 1.0
Jan 11 12:11:12.951806 n-d-805649-22 devstack@placement-api.service[104422]: [pid: 104422|app: 0|req: 61/118] 10.222.0.26 () {54 vars in 907 bytes} [Tue Jan 11 12:11:12 2022] GET /placement => generated 136 bytes in 2 msecs (HTTP/1.1 200) 6 headers in 224 bytes (1 switches on core 0)
Jan 11 12:11:12.969590 n-d-805649-22 devstack@placement-api.service[104421]: DEBUG placement.requestlog [req-7aab7878-ed7f-4314-83c5-eb2e88c81eca req-97b4fd27-05d5-46d7-90db-ca3914004ac3 None None] Starting request: 10.222.0.26 "GET /placement/resource_providers/1c508da1-100a-4339-b339-1e5d41b665cf/traits" {{(pid=104421) __call__ /opt/stack/placement/placement/requestlog.py:55}}
Jan 11 12:11:13.173571 n-d-805649-22 devstack@placement-api.service[104421]: INFO placement.requestlog [req-7aab7878-ed7f-4314-83c5-eb2e88c81eca req-97b4fd27-05d5-46d7-90db-ca3914004ac3 service placement] 10.222.0.26 "GET /placement/resource_providers/1c508da1-100a-4339-b339-1e5d41b665cf/traits" status: 200 len: 212 microversion: 1.6
Jan 11 12:11:13.176768 n-d-805649-22 devstack@placement-api.service[104421]: [pid: 104421|app: 0|req: 58/119] 10.222.0.26 () {60 vars in 1412 bytes} [Tue Jan 11 12:11:12 2022] GET /placement/resource_providers/1c508da1-100a-4339-b339-1e5d41b665cf/traits => generated 212 bytes in 207 msecs (HTTP/1.1 200) 6 headers in 224 bytes (1 switches on core 0)
Jan 11 12:11:15.895629 n-d-805649-22 devstack@placement-api.service[104422]: DEBUG placement.requestlog [None req-973bb540-22fb-46be-8329-279a1af14067 None None] Starting request: 10.222.0.26 "GET /placement/" {{(pid=104422) __call__ /opt/stack/placement/placement/requestlog.py:55}}
Jan 11 12:11:15.896560 n-d-805649-22 devstack@placement-api.service[104422]: INFO placement.requestlog [None req-973bb540-22fb-46be-8329-279a1af14067 None None] 10.222.0.26 "GET /placement/" status: 200 len: 136 microversion: 1.0
Jan 11 12:11:15.896882 n-d-805649-22 devstack@placement-api.service[104422]: [pid: 104422|app: 0|req: 62/120] 10.222.0.26 () {54 vars in 916 bytes} [Tue Jan 11 12:11:15 2022] GET /placement => generated 136 bytes in 2 msecs (HTTP/1.1 200) 6 headers in 224 bytes (1 switches on core 0)
Jan 11 12:11:15.925719 n-d-805649-22 devstack@placement-api.service[104421]: DEBUG placement.requestlog [req-7aab7878-ed7f-4314-83c5-eb2e88c81eca req-4d2efb6a-2da7-400f-a2e5-6161633618c9 None None] Starting request: 10.222.0.26 "GET /placement/allocations/3acffde3-7c2e-461d-b82a-e94742cccce1" {{(pid=104421) __call__ /opt/stack/placement/placement/requestlog.py:55}}
Jan 11 12:11:16.381573 n-d-805649-22 devstack@placement-api.service[104421]: INFO placement.requestlog [req-7aab7878-ed7f-4314-83c5-eb2e88c81eca req-4d2efb6a-2da7-400f-a2e5-6161633618c9 service placement] 10.222.0.26 "GET /placement/allocations/3acffde3-7c2e-461d-b82a-e94742cccce1" status: 200 len: 259 microversion: 1.28
Jan 11 12:11:16.382319 n-d-805649-22 devstack@placement-api.service[104421]: [pid: 104421|app: 0|req: 59/121] 10.222.0.26 () {60 vars in 1380 bytes} [Tue Jan 11 12:11:15 2022] GET /placement/allocations/3acffde3-7c2e-461d-b82a-e94742cccce1 => generated 259 bytes in 457 msecs (HTTP/1.1 200) 8 headers in 296 bytes (1 switches on core 0)
Jan 11 12:11:16.397112 n-d-805649-22 devstack@placement-api.service[104422]: DEBUG placement.requestlog [req-7aab7878-ed7f-4314-83c5-eb2e88c81eca req-d941ad0f-e8a0-4c2c-bbfb-05f52e6e6fdd None None] Starting request: 10.222.0.26 "GET /placement/allocations/3acffde3-7c2e-461d-b82a-e94742cccce1" {{(pid=104422) __call__ /opt/stack/placement/placement/requestlog.py:55}}
Jan 11 12:11:16.451710 n-d-805649-22 devstack@placement-api.service[104422]: INFO placement.requestlog [req-7aab7878-ed7f-4314-83c5-eb2e88c81eca req-d941ad0f-e8a0-4c2c-bbfb-05f52e6e6fdd service placement] 10.222.0.26 "GET /placement/allocations/3acffde3-7c2e-461d-b82a-e94742cccce1" status: 200 len: 259 microversion: 1.28
Jan 11 12:11:16.461501 n-d-805649-22 devstack@placement-api.service[104422]: [pid: 104422|app: 0|req: 63/122] 10.222.0.26 () {60 vars in 1380 bytes} [Tue Jan 11 12:11:16 2022] GET /placement/allocations/3acffde3-7c2e-461d-b82a-e94742cccce1 => generated 259 bytes in 64 msecs (HTTP/1.1 200) 8 headers in 296 bytes (1 switches on core 0)
Jan 11 12:11:16.462116 n-d-805649-22 devstack@placement-api.service[104421]: DEBUG placement.requestlog [req-7aab7878-ed7f-4314-83c5-eb2e88c81eca req-75abfc36-4be4-45e8-b728-c839d1760be6 None None] Starting request: 10.222.0.26 "GET /placement/allocations/f785393c-49b3-441a-89a3-12c0102b2b2a" {{(pid=104421) __call__ /opt/stack/placement/placement/requestlog.py:55}}
Jan 11 12:11:16.516930 n-d-805649-22 devstack@placement-api.service[104421]: INFO placement.requestlog [req-7aab7878-ed7f-4314-83c5-eb2e88c81eca req-75abfc36-4be4-45e8-b728-c839d1760be6 service placement] 10.222.0.26 "GET /placement/allocations/f785393c-49b3-441a-89a3-12c0102b2b2a" status: 200 len: 19 microversion: 1.28
Jan 11 12:11:16.517354 n-d-805649-22 devstack@placement-api.service[104421]: [pid: 104421|app: 0|req: 60/123] 10.222.0.26 () {60 vars in 1380 bytes} [Tue Jan 11 12:11:16 2022] GET /placement/allocations/f785393c-49b3-441a-89a3-12c0102b2b2a => generated 19 bytes in 56 msecs (HTTP/1.1 200) 8 headers in 295 bytes (2 switches on core 0)
Jan 11 12:11:16.532465 n-d-805649-22 devstack@placement-api.service[104422]: DEBUG placement.requestlog [req-7aab7878-ed7f-4314-83c5-eb2e88c81eca req-1020e9ce-ab2f-4508-b1ad-29894a9b9cff None None] Starting request: 10.222.0.26 "POST /placement/allocations" {{(pid=104422) __call__ /opt/stack/placement/placement/requestlog.py:55}}
Jan 11 12:11:16.865838 n-d-805649-22 devstack@placement-api.service[104422]: DEBUG placement.handlers.allocation [req-7aab7878-ed7f-4314-83c5-eb2e88c81eca req-1020e9ce-ab2f-4508-b1ad-29894a9b9cff service placement] Successfully wrote allocations [, , , , , ] {{(pid=104422) _update_consumers_and_create_allocations /opt/stack/placement/placement/handlers/allocation.py:572}}
Jan 11 12:11:16.931568 n-d-805649-22 devstack@placement-api.service[104422]: INFO placement.requestlog [req-7aab7878-ed7f-4314-83c5-eb2e88c81eca req-1020e9ce-ab2f-4508-b1ad-29894a9b9cff service placement] 10.222.0.26 "POST /placement/allocations" status: 204 len: 0 microversion: 1.28
Jan 11 12:11:16.934951 n-d-805649-22 devstack@placement-api.service[104422]: [pid: 104422|app: 0|req: 64/124] 10.222.0.26 () {64 vars in 1323 bytes} [Tue Jan 11 12:11:16 2022] POST /placement/allocations => generated 0 bytes in 402 msecs (HTTP/1.1 204) 5 headers in 199 bytes (1 switches on core 0)
Jan 11 12:11:16.965225 n-d-805649-22 devstack@placement-api.service[104421]: DEBUG placement.requestlog [req-7aab7878-ed7f-4314-83c5-eb2e88c81eca req-c64fa751-b788-4982-bc26-3c30d2b330bd None None] Starting request: 10.222.0.26 "GET /placement/allocation_candidates?limit=1000&resources=DISK_GB%3A1%2CMEMORY_MB%3A1024%2CVCPU%3A1&root_required=%21COMPUTE_STATUS_DISABLED" {{(pid=104421) __call__ /opt/stack/placement/placement/requestlog.py:55}}
Jan 11 12:11:17.032167 n-d-805649-22 devstack@placement-api.service[104421]: DEBUG placement.objects.research_context [req-7aab7878-ed7f-4314-83c5-eb2e88c81eca req-c64fa751-b788-4982-bc26-3c30d2b330bd service placement] getting providers with 1 DISK_GB {{(pid=104421) __init__ /opt/stack/placement/placement/objects/research_context.py:126}}
Jan 11 12:11:17.038989 n-d-805649-22 devstack@placement-api.service[104421]: DEBUG placement.objects.research_context [req-7aab7878-ed7f-4314-83c5-eb2e88c81eca req-c64fa751-b788-4982-bc26-3c30d2b330bd service placement] getting providers with 1024 MEMORY_MB {{(pid=104421) __init__ /opt/stack/placement/placement/objects/research_context.py:126}}
Jan 11 12:11:17.053728 n-d-805649-22 devstack@placement-api.service[104421]: DEBUG placement.objects.research_context [req-7aab7878-ed7f-4314-83c5-eb2e88c81eca req-c64fa751-b788-4982-bc26-3c30d2b330bd service placement] getting providers with 1 VCPU {{(pid=104421) __init__ /opt/stack/placement/placement/objects/research_context.py:126}}
Jan 11 12:11:17.067387 n-d-805649-22 devstack@placement-api.service[104421]: DEBUG placement.objects.research_context [req-7aab7878-ed7f-4314-83c5-eb2e88c81eca req-c64fa751-b788-4982-bc26-3c30d2b330bd service placement] found 2 providers with available 1 DISK_GB {{(pid=104421) get_provider_ids_matching /opt/stack/placement/placement/objects/research_context.py:549}}
Jan 11 12:11:17.068119 n-d-805649-22 devstack@placement-api.service[104421]: DEBUG placement.objects.research_context [req-7aab7878-ed7f-4314-83c5-eb2e88c81eca req-c64fa751-b788-4982-bc26-3c30d2b330bd service placement] found 2 providers with available 1024 MEMORY_MB {{(pid=104421) get_provider_ids_matching /opt/stack/placement/placement/objects/research_context.py:549}}
Jan 11 12:11:17.069072 n-d-805649-22 devstack@placement-api.service[104421]: DEBUG placement.objects.research_context [req-7aab7878-ed7f-4314-83c5-eb2e88c81eca req-c64fa751-b788-4982-bc26-3c30d2b330bd service placement] found 2 providers after filtering by previous result {{(pid=104421) get_provider_ids_matching /opt/stack/placement/placement/objects/research_context.py:580}}
Jan 11 12:11:17.069490 n-d-805649-22 devstack@placement-api.service[104421]: DEBUG placement.objects.research_context [req-7aab7878-ed7f-4314-83c5-eb2e88c81eca req-c64fa751-b788-4982-bc26-3c30d2b330bd service placement] found 2 providers with available 1 VCPU {{(pid=104421) get_provider_ids_matching /opt/stack/placement/placement/objects/research_context.py:549}}
Jan 11 12:11:17.076604 n-d-805649-22 devstack@placement-api.service[104421]: DEBUG placement.objects.research_context [req-7aab7878-ed7f-4314-83c5-eb2e88c81eca req-c64fa751-b788-4982-bc26-3c30d2b330bd service placement] found 2 providers after filtering by previous result {{(pid=104421) get_provider_ids_matching /opt/stack/placement/placement/objects/research_context.py:580}}
Jan 11 12:11:17.106415 n-d-805649-22 devstack@placement-api.service[104421]: DEBUG placement.objects.allocation_candidate [req-7aab7878-ed7f-4314-83c5-eb2e88c81eca req-c64fa751-b788-4982-bc26-3c30d2b330bd service placement] RequestGroup(use_same_provider=False, resources={DISK_GB:1, MEMORY_MB:1024, VCPU:1}, traits=[], aggregates=[]) (suffix '') returned 2 matches {{(pid=104421) _get_by_requests /opt/stack/placement/placement/objects/allocation_candidate.py:145}}
Jan 11 12:11:17.108525 n-d-805649-22 devstack@placement-api.service[104421]: DEBUG placement.objects.allocation_candidate [req-7aab7878-ed7f-4314-83c5-eb2e88c81eca req-c64fa751-b788-4982-bc26-3c30d2b330bd service placement] Merging candidates yields 2 allocation requests and 2 provider summaries {{(pid=104421) _merge_candidates /opt/stack/placement/placement/objects/allocation_candidate.py:783}}
Jan 11 12:11:17.112077 n-d-805649-22 devstack@placement-api.service[104421]: INFO placement.requestlog [req-7aab7878-ed7f-4314-83c5-eb2e88c81eca req-c64fa751-b788-4982-bc26-3c30d2b330bd service placement] 10.222.0.26 "GET /placement/allocation_candidates?limit=1000&resources=DISK_GB%3A1%2CMEMORY_MB%3A1024%2CVCPU%3A1&root_required=%21COMPUTE_STATUS_DISABLED" status: 200 len: 1309 microversion: 1.36
Jan 11 12:11:17.116307 n-d-805649-22 devstack@placement-api.service[104421]: [pid: 104421|app: 0|req: 61/125] 10.222.0.26 () {60 vars in 1506 bytes} [Tue Jan 11 12:11:16 2022] GET /placement/allocation_candidates?limit=1000&resources=DISK_GB%3A1%2CMEMORY_MB%3A1024%2CVCPU%3A1&root_required=%21COMPUTE_STATUS_DISABLED => generated 1309 bytes in 150 msecs (HTTP/1.1 200) 8 headers in 297 bytes (1 switches on core 0)
Jan 11 12:11:17.254362 n-d-805649-22 devstack@placement-api.service[104422]: DEBUG placement.requestlog [req-7aab7878-ed7f-4314-83c5-eb2e88c81eca req-32190ddf-8d40-4f9b-ba63-e2d9ad019674 None None] Starting request: 10.222.0.26 "GET /placement/allocations/3acffde3-7c2e-461d-b82a-e94742cccce1" {{(pid=104422) __call__ /opt/stack/placement/placement/requestlog.py:55}}
Jan 11 12:11:17.268856 n-d-805649-22 devstack@placement-api.service[104422]: INFO placement.requestlog [req-7aab7878-ed7f-4314-83c5-eb2e88c81eca req-32190ddf-8d40-4f9b-ba63-e2d9ad019674 service placement] 10.222.0.26 "GET /placement/allocations/3acffde3-7c2e-461d-b82a-e94742cccce1" status: 200 len: 19 microversion: 1.28
Jan 11 12:11:17.271775 n-d-805649-22 devstack@placement-api.service[104422]: [pid: 104422|app: 0|req: 65/126] 10.222.0.26 () {60 vars in 1380 bytes} [Tue Jan 11 12:11:17 2022] GET /placement/allocations/3acffde3-7c2e-461d-b82a-e94742cccce1 => generated 19 bytes in 17 msecs (HTTP/1.1 200) 8 headers in 295 bytes (1 switches on core 0)
Jan 11 12:11:17.278555 n-d-805649-22 devstack@placement-api.service[104421]: DEBUG placement.requestlog [req-7aab7878-ed7f-4314-83c5-eb2e88c81eca req-e4ca3738-78f3-4888-9f20-568bdec250d3 None None] Starting request: 10.222.0.26 "PUT /placement/allocations/3acffde3-7c2e-461d-b82a-e94742cccce1" {{(pid=104421) __call__ /opt/stack/placement/placement/requestlog.py:55}}
Jan 11 12:11:17.452673 n-d-805649-22 devstack@placement-api.service[104421]: DEBUG placement.handlers.allocation [req-7aab7878-ed7f-4314-83c5-eb2e88c81eca req-e4ca3738-78f3-4888-9f20-568bdec250d3 service placement] Successfully wrote allocations [, , ] {{(pid=104421) _update_consumers_and_create_allocations /opt/stack/placement/placement/handlers/allocation.py:462}}
Jan 11 12:11:17.506189 n-d-805649-22 devstack@placement-api.service[104421]: INFO placement.requestlog [req-7aab7878-ed7f-4314-83c5-eb2e88c81eca req-e4ca3738-78f3-4888-9f20-568bdec250d3 service placement] 10.222.0.26 "PUT /placement/allocations/3acffde3-7c2e-461d-b82a-e94742cccce1" status: 204 len: 0 microversion: 1.36
Jan 11 12:11:17.508969 n-d-805649-22 devstack@placement-api.service[104421]: [pid: 104421|app: 0|req: 62/127] 10.222.0.26 () {64 vars in 1433 bytes} [Tue Jan 11 12:11:17 2022] PUT /placement/allocations/3acffde3-7c2e-461d-b82a-e94742cccce1 => generated 0 bytes in 231 msecs (HTTP/1.1 204) 5 headers in 199 bytes (2 switches on core 0)
Jan 11 12:11:18.062736 n-d-805649-22 devstack@placement-api.service[104422]: DEBUG placement.requestlog [req-7aab7878-ed7f-4314-83c5-eb2e88c81eca req-e0da61f1-c842-49f2-930c-ebd6e9b53700 None None] Starting request: 10.222.0.44 "GET /placement/allocations/3acffde3-7c2e-461d-b82a-e94742cccce1" {{(pid=104422) __call__ /opt/stack/placement/placement/requestlog.py:55}}
Jan 11 12:11:18.106472 n-d-805649-22 devstack@placement-api.service[104422]: INFO placement.requestlog [req-7aab7878-ed7f-4314-83c5-eb2e88c81eca req-e0da61f1-c842-49f2-930c-ebd6e9b53700 service placement] 10.222.0.44 "GET /placement/allocations/3acffde3-7c2e-461d-b82a-e94742cccce1" status: 200 len: 258 microversion: 1.28
Jan 11 12:11:18.108793 n-d-805649-22 devstack@placement-api.service[104422]: [pid: 104422|app: 0|req: 66/128] 10.222.0.44 () {60 vars in 1377 bytes} [Tue Jan 11 12:11:18 2022] GET /placement/allocations/3acffde3-7c2e-461d-b82a-e94742cccce1 => generated 258 bytes in 46 msecs (HTTP/1.1 200) 8 headers in 296 bytes (1 switches on core 0)
Jan 11 12:11:18.314833 n-d-805649-22 devstack@placement-api.service[104421]: DEBUG placement.requestlog [req-1e0ad80d-3d62-4e59-a6aa-0bb761b05c74 req-873ca673-9beb-4875-8ae8-2254529f3a34 None None] Starting request: 10.222.0.42 "GET /placement/resource_providers/1c508da1-100a-4339-b339-1e5d41b665cf/allocations" {{(pid=104421) __call__ /opt/stack/placement/placement/requestlog.py:55}}
Jan 11 12:11:18.368898 n-d-805649-22 devstack@placement-api.service[104421]: INFO placement.requestlog [req-1e0ad80d-3d62-4e59-a6aa-0bb761b05c74 req-873ca673-9beb-4875-8ae8-2254529f3a34 service placement] 10.222.0.42 "GET /placement/resource_providers/1c508da1-100a-4339-b339-1e5d41b665cf/allocations" status: 200 len: 356 microversion: 1.0
Jan 11 12:11:18.372366 n-d-805649-22 devstack@placement-api.service[104421]: [pid: 104421|app: 0|req: 63/129] 10.222.0.42 () {58 vars in 1390 bytes} [Tue Jan 11 12:11:18 2022] GET /placement/resource_providers/1c508da1-100a-4339-b339-1e5d41b665cf/allocations => generated 356 bytes in 58 msecs (HTTP/1.1 200) 6 headers in 224 bytes (1 switches on core 0)
Jan 11 12:11:18.711683 n-d-805649-22 devstack@placement-api.service[104422]: DEBUG placement.requestlog [req-b02a2d9e-c234-4f97-897c-4b30c0148550 req-4fc4c905-66c6-4b6b-a4cb-3033adf3eec8 None None] Starting request: 10.222.0.26 "GET /placement/allocation_candidates?limit=1000&resources=DISK_GB%3A1%2CMEMORY_MB%3A1024%2CVCPU%3A1&root_required=%21COMPUTE_STATUS_DISABLED" {{(pid=104422) __call__ /opt/stack/placement/placement/requestlog.py:55}}
Jan 11 12:11:18.761053 n-d-805649-22 devstack@placement-api.service[104422]: DEBUG placement.objects.research_context [req-b02a2d9e-c234-4f97-897c-4b30c0148550 req-4fc4c905-66c6-4b6b-a4cb-3033adf3eec8 service placement] getting providers with 1 DISK_GB {{(pid=104422) __init__ /opt/stack/placement/placement/objects/research_context.py:126}}
Jan 11 12:11:18.784219 n-d-805649-22 devstack@placement-api.service[104422]: DEBUG placement.objects.research_context [req-b02a2d9e-c234-4f97-897c-4b30c0148550 req-4fc4c905-66c6-4b6b-a4cb-3033adf3eec8 service placement] getting providers with 1024 MEMORY_MB {{(pid=104422) __init__ /opt/stack/placement/placement/objects/research_context.py:126}}
Jan 11 12:11:18.795616 n-d-805649-22 devstack@placement-api.service[104422]: DEBUG placement.objects.research_context [req-b02a2d9e-c234-4f97-897c-4b30c0148550 req-4fc4c905-66c6-4b6b-a4cb-3033adf3eec8 service placement] getting providers with 1 VCPU {{(pid=104422) __init__ /opt/stack/placement/placement/objects/research_context.py:126}}
Jan 11 12:11:18.817642 n-d-805649-22 devstack@placement-api.service[104422]: DEBUG placement.objects.research_context [req-b02a2d9e-c234-4f97-897c-4b30c0148550 req-4fc4c905-66c6-4b6b-a4cb-3033adf3eec8 service placement] found 2 providers with available 1 DISK_GB {{(pid=104422) get_provider_ids_matching /opt/stack/placement/placement/objects/research_context.py:549}}
Jan 11 12:11:18.818323 n-d-805649-22 devstack@placement-api.service[104422]: DEBUG placement.objects.research_context [req-b02a2d9e-c234-4f97-897c-4b30c0148550 req-4fc4c905-66c6-4b6b-a4cb-3033adf3eec8 service placement] found 2 providers with available 1024 MEMORY_MB {{(pid=104422) get_provider_ids_matching /opt/stack/placement/placement/objects/research_context.py:549}}
Jan 11 12:11:18.818793 n-d-805649-22 devstack@placement-api.service[104422]: DEBUG placement.objects.research_context [req-b02a2d9e-c234-4f97-897c-4b30c0148550 req-4fc4c905-66c6-4b6b-a4cb-3033adf3eec8 service placement] found 2 providers after filtering by previous result {{(pid=104422) get_provider_ids_matching /opt/stack/placement/placement/objects/research_context.py:580}}
Jan 11 12:11:18.819216 n-d-805649-22 devstack@placement-api.service[104422]: DEBUG placement.objects.research_context [req-b02a2d9e-c234-4f97-897c-4b30c0148550 req-4fc4c905-66c6-4b6b-a4cb-3033adf3eec8 service placement] found 2 providers with available 1 VCPU {{(pid=104422) get_provider_ids_matching /opt/stack/placement/placement/objects/research_context.py:549}}
Jan 11 12:11:18.819633 n-d-805649-22 devstack@placement-api.service[104422]: DEBUG placement.objects.research_context [req-b02a2d9e-c234-4f97-897c-4b30c0148550 req-4fc4c905-66c6-4b6b-a4cb-3033adf3eec8 service placement] found 2 providers after filtering by previous result {{(pid=104422) get_provider_ids_matching /opt/stack/placement/placement/objects/research_context.py:580}}
Jan 11 12:11:18.853453 n-d-805649-22 devstack@placement-api.service[104422]: DEBUG placement.objects.allocation_candidate [req-b02a2d9e-c234-4f97-897c-4b30c0148550 req-4fc4c905-66c6-4b6b-a4cb-3033adf3eec8 service placement] RequestGroup(use_same_provider=False, resources={DISK_GB:1, MEMORY_MB:1024, VCPU:1}, traits=[], aggregates=[]) (suffix '') returned 2 matches {{(pid=104422) _get_by_requests /opt/stack/placement/placement/objects/allocation_candidate.py:145}}
Jan 11 12:11:18.853453 n-d-805649-22 devstack@placement-api.service[104422]: DEBUG placement.objects.allocation_candidate [req-b02a2d9e-c234-4f97-897c-4b30c0148550 req-4fc4c905-66c6-4b6b-a4cb-3033adf3eec8 service placement] Merging candidates yields 2 allocation requests and 2 provider summaries {{(pid=104422) _merge_candidates /opt/stack/placement/placement/objects/allocation_candidate.py:783}}
Jan 11 12:11:18.853453 n-d-805649-22 devstack@placement-api.service[104422]: INFO placement.requestlog [req-b02a2d9e-c234-4f97-897c-4b30c0148550 req-4fc4c905-66c6-4b6b-a4cb-3033adf3eec8 service placement] 10.222.0.26 "GET /placement/allocation_candidates?limit=1000&resources=DISK_GB%3A1%2CMEMORY_MB%3A1024%2CVCPU%3A1&root_required=%21COMPUTE_STATUS_DISABLED" status: 200 len: 1309 microversion: 1.36
Jan 11 12:11:18.856499 n-d-805649-22 devstack@placement-api.service[104422]: [pid: 104422|app: 0|req: 67/130] 10.222.0.26 () {60 vars in 1506 bytes} [Tue Jan 11 12:11:18 2022] GET /placement/allocation_candidates?limit=1000&resources=DISK_GB%3A1%2CMEMORY_MB%3A1024%2CVCPU%3A1&root_required=%21COMPUTE_STATUS_DISABLED => generated 1309 bytes in 145 msecs (HTTP/1.1 200) 8 headers in 297 bytes (1 switches on core 0)
Jan 11 12:11:18.943982 n-d-805649-22 devstack@placement-api.service[104421]: DEBUG placement.requestlog [req-b02a2d9e-c234-4f97-897c-4b30c0148550 req-d80adaaa-eec1-4c18-9234-fda7f04200aa None None] Starting request: 10.222.0.26 "GET /placement/allocations/7cfe2fa7-d5a9-46bf-a494-f5ebc0bc6899" {{(pid=104421) __call__ /opt/stack/placement/placement/requestlog.py:55}}
Jan 11 12:11:18.966305 n-d-805649-22 devstack@placement-api.service[104421]: INFO placement.requestlog [req-b02a2d9e-c234-4f97-897c-4b30c0148550 req-d80adaaa-eec1-4c18-9234-fda7f04200aa service placement] 10.222.0.26 "GET /placement/allocations/7cfe2fa7-d5a9-46bf-a494-f5ebc0bc6899" status: 200 len: 19 microversion: 1.28
Jan 11 12:11:18.966697 n-d-805649-22 devstack@placement-api.service[104421]: [pid: 104421|app: 0|req: 64/131] 10.222.0.26 () {60 vars in 1380 bytes} [Tue Jan 11 12:11:18 2022] GET /placement/allocations/7cfe2fa7-d5a9-46bf-a494-f5ebc0bc6899 => generated 19 bytes in 23 msecs (HTTP/1.1 200) 8 headers in 295 bytes (1 switches on core 0)
Jan 11 12:11:18.973934 n-d-805649-22 devstack@placement-api.service[104422]: DEBUG placement.requestlog [req-b02a2d9e-c234-4f97-897c-4b30c0148550 req-24d4dff5-a161-4d74-9f26-9fa34a29b4a7 None None] Starting request: 10.222.0.26 "PUT /placement/allocations/7cfe2fa7-d5a9-46bf-a494-f5ebc0bc6899" {{(pid=104422) __call__ /opt/stack/placement/placement/requestlog.py:55}}
Jan 11 12:11:19.370209 n-d-805649-22 devstack@placement-api.service[104422]: DEBUG placement.handlers.allocation [req-b02a2d9e-c234-4f97-897c-4b30c0148550 req-24d4dff5-a161-4d74-9f26-9fa34a29b4a7 service placement] Successfully wrote allocations [, , ] {{(pid=104422) _update_consumers_and_create_allocations /opt/stack/placement/placement/handlers/allocation.py:462}}
Jan 11 12:11:19.438842 n-d-805649-22 devstack@placement-api.service[104422]: INFO placement.requestlog [req-b02a2d9e-c234-4f97-897c-4b30c0148550 req-24d4dff5-a161-4d74-9f26-9fa34a29b4a7 service placement] 10.222.0.26 "PUT /placement/allocations/7cfe2fa7-d5a9-46bf-a494-f5ebc0bc6899" status: 204 len: 0 microversion: 1.36
Jan 11 12:11:19.439514 n-d-805649-22 devstack@placement-api.service[104422]: [pid: 104422|app: 0|req: 68/132] 10.222.0.26 () {64 vars in 1433 bytes} [Tue Jan 11 12:11:18 2022] PUT /placement/allocations/7cfe2fa7-d5a9-46bf-a494-f5ebc0bc6899 => generated 0 bytes in 466 msecs (HTTP/1.1 204) 5 headers in 199 bytes (2 switches on core 0)
Jan 11 12:11:20.930839 n-d-805649-22 devstack@placement-api.service[104421]: DEBUG placement.requestlog [req-5ac3cd1e-8060-4449-8450-4ab00cb050c3 req-5db86bf9-86ce-491d-8f57-235ea4fcf6fe None None] Starting request: 10.222.0.44 "GET /placement/resource_providers/f57bfccd-5821-4baa-9c0a-955a0fe1c10a/allocations" {{(pid=104421) __call__ /opt/stack/placement/placement/requestlog.py:55}}
Jan 11 12:11:20.955391 n-d-805649-22 devstack@placement-api.service[104421]: INFO placement.requestlog [req-5ac3cd1e-8060-4449-8450-4ab00cb050c3 req-5db86bf9-86ce-491d-8f57-235ea4fcf6fe service placement] 10.222.0.44 "GET /placement/resource_providers/f57bfccd-5821-4baa-9c0a-955a0fe1c10a/allocations" status: 200 len: 456 microversion: 1.0
Jan 11 12:11:20.956236 n-d-805649-22 devstack@placement-api.service[104421]: [pid: 104421|app: 0|req: 65/133] 10.222.0.44 () {58 vars in 1390 bytes} [Tue Jan 11 12:11:20 2022] GET /placement/resource_providers/f57bfccd-5821-4baa-9c0a-955a0fe1c10a/allocations => generated 456 bytes in 26 msecs (HTTP/1.1 200) 6 headers in 224 bytes (1 switches on core 0)
Jan 11 12:11:21.023754 n-d-805649-22 devstack@placement-api.service[104422]: DEBUG placement.requestlog [req-b02a2d9e-c234-4f97-897c-4b30c0148550 req-a7b793e1-3cef-4e60-9fe1-ce60dd62666d None None] Starting request: 10.222.0.42 "GET /placement/allocations/7cfe2fa7-d5a9-46bf-a494-f5ebc0bc6899" {{(pid=104422) __call__ /opt/stack/placement/placement/requestlog.py:55}}
Jan 11 12:11:21.048291 n-d-805649-22 devstack@placement-api.service[104422]: INFO placement.requestlog [req-b02a2d9e-c234-4f97-897c-4b30c0148550 req-a7b793e1-3cef-4e60-9fe1-ce60dd62666d service placement] 10.222.0.42 "GET /placement/allocations/7cfe2fa7-d5a9-46bf-a494-f5ebc0bc6899" status: 200 len: 259 microversion: 1.28
Jan 11 12:11:21.048917 n-d-805649-22 devstack@placement-api.service[104422]: [pid: 104422|app: 0|req: 69/134] 10.222.0.42 () {60 vars in 1377 bytes} [Tue Jan 11 12:11:21 2022] GET /placement/allocations/7cfe2fa7-d5a9-46bf-a494-f5ebc0bc6899 => generated 259 bytes in 26 msecs (HTTP/1.1 200) 8 headers in 296 bytes (2 switches on core 0)
Jan 11 12:11:23.873805 n-d-805649-22 devstack@placement-api.service[104421]: DEBUG placement.requestlog [req-ea804db3-9305-48ae-981d-c6ed2dca5e73 req-b5ff2e8d-aecd-47f7-877a-d46243c40e41 None None] Starting request: 10.222.0.44 "DELETE /placement/allocations/c66bedd2-0402-42d0-bedd-46468989d8bf" {{(pid=104421) __call__ /opt/stack/placement/placement/requestlog.py:55}}
Jan 11 12:11:24.159558 n-d-805649-22 devstack@placement-api.service[104421]: DEBUG placement.handlers.allocation [req-ea804db3-9305-48ae-981d-c6ed2dca5e73 req-b5ff2e8d-aecd-47f7-877a-d46243c40e41 service placement] Successfully deleted allocations [, , ] {{(pid=104421) delete_allocations /opt/stack/placement/placement/handlers/allocation.py:627}}
Jan 11 12:11:24.160276 n-d-805649-22 devstack@placement-api.service[104421]: INFO placement.requestlog [req-ea804db3-9305-48ae-981d-c6ed2dca5e73 req-b5ff2e8d-aecd-47f7-877a-d46243c40e41 service placement] 10.222.0.44 "DELETE /placement/allocations/c66bedd2-0402-42d0-bedd-46468989d8bf" status: 204 len: 0 microversion: 1.0
Jan 11 12:11:24.160862 n-d-805649-22 devstack@placement-api.service[104421]: [pid: 104421|app: 0|req: 66/135] 10.222.0.44 () {60 vars in 1355 bytes} [Tue Jan 11 12:11:23 2022] DELETE /placement/allocations/c66bedd2-0402-42d0-bedd-46468989d8bf => generated 0 bytes in 287 msecs (HTTP/1.1 204) 5 headers in 198 bytes (2 switches on core 0)
Jan 11 12:11:28.117404 n-d-805649-22 devstack@placement-api.service[104422]: DEBUG placement.requestlog [req-f5e66279-b12d-4b6b-81b8-cd86b7115afd req-6572fa48-f13b-445d-a381-006ec85d3742 None None] Starting request: 10.222.0.26 "GET /placement/allocation_candidates?limit=1000&resources=DISK_GB%3A1%2CMEMORY_MB%3A1024%2CVCPU%3A1&root_required=%21COMPUTE_STATUS_DISABLED" {{(pid=104422) __call__ /opt/stack/placement/placement/requestlog.py:55}}
Jan 11 12:11:28.158779 n-d-805649-22 devstack@placement-api.service[104422]: DEBUG placement.objects.research_context [req-f5e66279-b12d-4b6b-81b8-cd86b7115afd req-6572fa48-f13b-445d-a381-006ec85d3742 service placement] getting providers with 1 DISK_GB {{(pid=104422) __init__ /opt/stack/placement/placement/objects/research_context.py:126}}
Jan 11 12:11:28.164723 n-d-805649-22 devstack@placement-api.service[104422]: DEBUG placement.objects.research_context [req-f5e66279-b12d-4b6b-81b8-cd86b7115afd req-6572fa48-f13b-445d-a381-006ec85d3742 service placement] getting providers with 1024 MEMORY_MB {{(pid=104422) __init__ /opt/stack/placement/placement/objects/research_context.py:126}}
Jan 11 12:11:28.173180 n-d-805649-22 devstack@placement-api.service[104422]: DEBUG placement.objects.research_context [req-f5e66279-b12d-4b6b-81b8-cd86b7115afd req-6572fa48-f13b-445d-a381-006ec85d3742 service placement] getting providers with 1 VCPU {{(pid=104422) __init__ /opt/stack/placement/placement/objects/research_context.py:126}}
Jan 11 12:11:28.180000 n-d-805649-22 devstack@placement-api.service[104422]: DEBUG placement.objects.research_context [req-f5e66279-b12d-4b6b-81b8-cd86b7115afd req-6572fa48-f13b-445d-a381-006ec85d3742 service placement] found 2 providers with available 1 DISK_GB {{(pid=104422) get_provider_ids_matching /opt/stack/placement/placement/objects/research_context.py:549}}
Jan 11 12:11:28.180526 n-d-805649-22 devstack@placement-api.service[104422]: DEBUG placement.objects.research_context [req-f5e66279-b12d-4b6b-81b8-cd86b7115afd req-6572fa48-f13b-445d-a381-006ec85d3742 service placement] found 2 providers with available 1024 MEMORY_MB {{(pid=104422) get_provider_ids_matching /opt/stack/placement/placement/objects/research_context.py:549}}
Jan 11 12:11:28.180977 n-d-805649-22 devstack@placement-api.service[104422]: DEBUG placement.objects.research_context [req-f5e66279-b12d-4b6b-81b8-cd86b7115afd req-6572fa48-f13b-445d-a381-006ec85d3742 service placement] found 2 providers after filtering by previous result {{(pid=104422) get_provider_ids_matching /opt/stack/placement/placement/objects/research_context.py:580}}
Jan 11 12:11:28.181407 n-d-805649-22 devstack@placement-api.service[104422]: DEBUG placement.objects.research_context [req-f5e66279-b12d-4b6b-81b8-cd86b7115afd req-6572fa48-f13b-445d-a381-006ec85d3742 service placement] found 2 providers with available 1 VCPU {{(pid=104422) get_provider_ids_matching /opt/stack/placement/placement/objects/research_context.py:549}}
Jan 11 12:11:28.181819 n-d-805649-22 devstack@placement-api.service[104422]: DEBUG placement.objects.research_context [req-f5e66279-b12d-4b6b-81b8-cd86b7115afd req-6572fa48-f13b-445d-a381-006ec85d3742 service placement] found 2 providers after filtering by previous result {{(pid=104422) get_provider_ids_matching /opt/stack/placement/placement/objects/research_context.py:580}}
Jan 11 12:11:28.208276 n-d-805649-22 devstack@placement-api.service[104422]: DEBUG placement.objects.allocation_candidate [req-f5e66279-b12d-4b6b-81b8-cd86b7115afd req-6572fa48-f13b-445d-a381-006ec85d3742 service placement] RequestGroup(use_same_provider=False, resources={DISK_GB:1, MEMORY_MB:1024, VCPU:1}, traits=[], aggregates=[]) (suffix '') returned 2 matches {{(pid=104422) _get_by_requests /opt/stack/placement/placement/objects/allocation_candidate.py:145}}
Jan 11 12:11:28.208976 n-d-805649-22 devstack@placement-api.service[104422]: DEBUG placement.objects.allocation_candidate [req-f5e66279-b12d-4b6b-81b8-cd86b7115afd req-6572fa48-f13b-445d-a381-006ec85d3742 service placement] Merging candidates yields 2 allocation requests and 2 provider summaries {{(pid=104422) _merge_candidates /opt/stack/placement/placement/objects/allocation_candidate.py:783}}
Jan 11 12:11:28.210992 n-d-805649-22 devstack@placement-api.service[104422]: INFO placement.requestlog [req-f5e66279-b12d-4b6b-81b8-cd86b7115afd req-6572fa48-f13b-445d-a381-006ec85d3742 service placement] 10.222.0.26 "GET /placement/allocation_candidates?limit=1000&resources=DISK_GB%3A1%2CMEMORY_MB%3A1024%2CVCPU%3A1&root_required=%21COMPUTE_STATUS_DISABLED" status: 200 len: 1309 microversion: 1.36
Jan 11 12:11:28.215727 n-d-805649-22 devstack@placement-api.service[104422]: [pid: 104422|app: 0|req: 70/136] 10.222.0.26 () {60 vars in 1506 bytes} [Tue Jan 11 12:11:28 2022] GET /placement/allocation_candidates?limit=1000&resources=DISK_GB%3A1%2CMEMORY_MB%3A1024%2CVCPU%3A1&root_required=%21COMPUTE_STATUS_DISABLED => generated 1309 bytes in 99 msecs (HTTP/1.1 200) 8 headers in 297 bytes (1 switches on core 0)
Jan 11 12:11:28.308884 n-d-805649-22 devstack@placement-api.service[104421]: DEBUG placement.requestlog [req-f5e66279-b12d-4b6b-81b8-cd86b7115afd req-c74f7ce0-ee4a-4038-bcf1-f35c2eafdd93 None None] Starting request: 10.222.0.26 "GET /placement/allocations/1c9d13c0-3265-4d44-a078-6b4ab9000b1a" {{(pid=104421) __call__ /opt/stack/placement/placement/requestlog.py:55}}
Jan 11 12:11:28.331429 n-d-805649-22 devstack@placement-api.service[104421]: INFO placement.requestlog [req-f5e66279-b12d-4b6b-81b8-cd86b7115afd req-c74f7ce0-ee4a-4038-bcf1-f35c2eafdd93 service placement] 10.222.0.26 "GET /placement/allocations/1c9d13c0-3265-4d44-a078-6b4ab9000b1a" status: 200 len: 19 microversion: 1.28
Jan 11 12:11:28.344684 n-d-805649-22 devstack@placement-api.service[104421]: [pid: 104421|app: 0|req: 67/137] 10.222.0.26 () {60 vars in 1380 bytes} [Tue Jan 11 12:11:28 2022] GET /placement/allocations/1c9d13c0-3265-4d44-a078-6b4ab9000b1a => generated 19 bytes in 35 msecs (HTTP/1.1 200) 8 headers in 295 bytes (1 switches on core 0)
Jan 11 12:11:28.348616 n-d-805649-22 devstack@placement-api.service[104422]: DEBUG placement.requestlog [req-f5e66279-b12d-4b6b-81b8-cd86b7115afd req-2691f78e-8825-445c-bb36-fc3cda62c6d4 None None] Starting request: 10.222.0.26 "PUT /placement/allocations/1c9d13c0-3265-4d44-a078-6b4ab9000b1a" {{(pid=104422) __call__ /opt/stack/placement/placement/requestlog.py:55}}
Jan 11 12:11:28.699672 n-d-805649-22 devstack@placement-api.service[104422]: DEBUG placement.handlers.allocation [req-f5e66279-b12d-4b6b-81b8-cd86b7115afd req-2691f78e-8825-445c-bb36-fc3cda62c6d4 service placement] Successfully wrote allocations [, , ] {{(pid=104422) _update_consumers_and_create_allocations /opt/stack/placement/placement/handlers/allocation.py:462}}
Jan 11 12:11:28.787849 n-d-805649-22 devstack@placement-api.service[104422]: INFO placement.requestlog [req-f5e66279-b12d-4b6b-81b8-cd86b7115afd req-2691f78e-8825-445c-bb36-fc3cda62c6d4 service placement] 10.222.0.26 "PUT /placement/allocations/1c9d13c0-3265-4d44-a078-6b4ab9000b1a" status: 204 len: 0 microversion: 1.36
Jan 11 12:11:28.788542 n-d-805649-22 devstack@placement-api.service[104422]: [pid: 104422|app: 0|req: 71/138] 10.222.0.26 () {64 vars in 1433 bytes} [Tue Jan 11 12:11:28 2022] PUT /placement/allocations/1c9d13c0-3265-4d44-a078-6b4ab9000b1a => generated 0 bytes in 440 msecs (HTTP/1.1 204) 5 headers in 199 bytes (1 switches on core 0)
Jan 11 12:11:28.852169 n-d-805649-22 devstack@placement-api.service[104421]: DEBUG placement.requestlog [req-a8ab5901-d59e-4348-99b4-9f5158a428b2 req-6d969d25-0eeb-45df-b674-a1eaa64b4bb7 None None] Starting request: 10.222.0.44 "DELETE /placement/allocations/c092a56a-0efd-4de5-a1a3-ff53f73568b8" {{(pid=104421) __call__ /opt/stack/placement/placement/requestlog.py:55}}
Jan 11 12:11:29.120046 n-d-805649-22 devstack@placement-api.service[104421]: DEBUG placement.handlers.allocation [req-a8ab5901-d59e-4348-99b4-9f5158a428b2 req-6d969d25-0eeb-45df-b674-a1eaa64b4bb7 service placement] Successfully deleted allocations [, , ] {{(pid=104421) delete_allocations /opt/stack/placement/placement/handlers/allocation.py:627}}
Jan 11 12:11:29.123152 n-d-805649-22 devstack@placement-api.service[104421]: INFO placement.requestlog [req-a8ab5901-d59e-4348-99b4-9f5158a428b2 req-6d969d25-0eeb-45df-b674-a1eaa64b4bb7 service placement] 10.222.0.44 "DELETE /placement/allocations/c092a56a-0efd-4de5-a1a3-ff53f73568b8" status: 204 len: 0 microversion: 1.0
Jan 11 12:11:29.123152 n-d-805649-22 devstack@placement-api.service[104421]: [pid: 104421|app: 0|req: 68/139] 10.222.0.44 () {60 vars in 1355 bytes} [Tue Jan 11 12:11:28 2022] DELETE /placement/allocations/c092a56a-0efd-4de5-a1a3-ff53f73568b8 => generated 0 bytes in 269 msecs (HTTP/1.1 204) 5 headers in 198 bytes (1 switches on core 0)
Jan 11 12:11:29.976718 n-d-805649-22 devstack@placement-api.service[104422]: DEBUG placement.requestlog [req-f5e66279-b12d-4b6b-81b8-cd86b7115afd req-4475a4da-0124-4ee0-89f9-72527c7c6df4 None None] Starting request: 10.222.0.44 "GET /placement/allocations/1c9d13c0-3265-4d44-a078-6b4ab9000b1a" {{(pid=104422) __call__ /opt/stack/placement/placement/requestlog.py:55}}
Jan 11 12:11:29.994879 n-d-805649-22 devstack@placement-api.service[104422]: INFO placement.requestlog [req-f5e66279-b12d-4b6b-81b8-cd86b7115afd req-4475a4da-0124-4ee0-89f9-72527c7c6df4 service placement] 10.222.0.44 "GET /placement/allocations/1c9d13c0-3265-4d44-a078-6b4ab9000b1a" status: 200 len: 259 microversion: 1.28
Jan 11 12:11:29.995384 n-d-805649-22 devstack@placement-api.service[104422]: [pid: 104422|app: 0|req: 72/140] 10.222.0.44 () {60 vars in 1377 bytes} [Tue Jan 11 12:11:29 2022] GET /placement/allocations/1c9d13c0-3265-4d44-a078-6b4ab9000b1a => generated 259 bytes in 19 msecs (HTTP/1.1 200) 8 headers in 296 bytes (1 switches on core 0)
Jan 11 12:11:41.813115 n-d-805649-22 devstack@placement-api.service[104421]: DEBUG placement.requestlog [req-8bbc8a79-ae61-45ed-aece-6659ca8e8ac2 req-7e531c11-6074-4063-bcf8-5040a205fe59 None None] Starting request: 10.222.0.42 "DELETE /placement/allocations/7cfe2fa7-d5a9-46bf-a494-f5ebc0bc6899" {{(pid=104421) __call__ /opt/stack/placement/placement/requestlog.py:55}}
Jan 11 12:11:42.096846 n-d-805649-22 devstack@placement-api.service[104421]: DEBUG placement.handlers.allocation [req-8bbc8a79-ae61-45ed-aece-6659ca8e8ac2 req-7e531c11-6074-4063-bcf8-5040a205fe59 service placement] Successfully deleted allocations [, , ] {{(pid=104421) delete_allocations /opt/stack/placement/placement/handlers/allocation.py:627}}
Jan 11 12:11:42.097538 n-d-805649-22 devstack@placement-api.service[104421]: INFO placement.requestlog [req-8bbc8a79-ae61-45ed-aece-6659ca8e8ac2 req-7e531c11-6074-4063-bcf8-5040a205fe59 service placement] 10.222.0.42 "DELETE /placement/allocations/7cfe2fa7-d5a9-46bf-a494-f5ebc0bc6899" status: 204 len: 0 microversion: 1.0
Jan 11 12:11:42.100329 n-d-805649-22 devstack@placement-api.service[104421]: [pid: 104421|app: 0|req: 69/141] 10.222.0.42 () {60 vars in 1355 bytes} [Tue Jan 11 12:11:41 2022] DELETE /placement/allocations/7cfe2fa7-d5a9-46bf-a494-f5ebc0bc6899 => generated 0 bytes in 286 msecs (HTTP/1.1 204) 5 headers in 198 bytes (2 switches on core 0)
Jan 11 12:11:48.068155 n-d-805649-22 devstack@placement-api.service[104422]: DEBUG placement.requestlog [None req-48b3c351-2f38-464e-bdab-a38152213e95 None None] Starting request: 10.222.0.26 "GET /placement/" {{(pid=104422) __call__ /opt/stack/placement/placement/requestlog.py:55}}
Jan 11 12:11:48.069175 n-d-805649-22 devstack@placement-api.service[104422]: INFO placement.requestlog [None req-48b3c351-2f38-464e-bdab-a38152213e95 None None] 10.222.0.26 "GET /placement/" status: 200 len: 136 microversion: 1.0
Jan 11 12:11:48.069489 n-d-805649-22 devstack@placement-api.service[104422]: [pid: 104422|app: 0|req: 73/142] 10.222.0.26 () {54 vars in 916 bytes} [Tue Jan 11 12:11:48 2022] GET /placement => generated 136 bytes in 2 msecs (HTTP/1.1 200) 6 headers in 224 bytes (1 switches on core 0)
Jan 11 12:11:48.079171 n-d-805649-22 devstack@placement-api.service[104421]: DEBUG placement.requestlog [req-5cdd5e36-983c-49b3-8c2f-5a467a9d002d req-e4bca426-6a55-48b3-923b-5089806f788c None None] Starting request: 10.222.0.26 "GET /placement/allocations/1c9d13c0-3265-4d44-a078-6b4ab9000b1a" {{(pid=104421) __call__ /opt/stack/placement/placement/requestlog.py:55}}
Jan 11 12:11:48.270847 n-d-805649-22 devstack@placement-api.service[104421]: INFO placement.requestlog [req-5cdd5e36-983c-49b3-8c2f-5a467a9d002d req-e4bca426-6a55-48b3-923b-5089806f788c service placement] 10.222.0.26 "GET /placement/allocations/1c9d13c0-3265-4d44-a078-6b4ab9000b1a" status: 200 len: 259 microversion: 1.28
Jan 11 12:11:48.277996 n-d-805649-22 devstack@placement-api.service[104422]: DEBUG placement.requestlog [req-5cdd5e36-983c-49b3-8c2f-5a467a9d002d req-d05fe1f9-f4a7-42f8-ad10-073dcaf88034 None None] Starting request: 10.222.0.26 "GET /placement/allocations/1c9d13c0-3265-4d44-a078-6b4ab9000b1a" {{(pid=104422) __call__ /opt/stack/placement/placement/requestlog.py:55}}
Jan 11 12:11:48.288793 n-d-805649-22 devstack@placement-api.service[104421]: [pid: 104421|app: 0|req: 70/143] 10.222.0.26 () {60 vars in 1380 bytes} [Tue Jan 11 12:11:48 2022] GET /placement/allocations/1c9d13c0-3265-4d44-a078-6b4ab9000b1a => generated 259 bytes in 210 msecs (HTTP/1.1 200) 8 headers in 296 bytes (1 switches on core 0)
Jan 11 12:11:48.317963 n-d-805649-22 devstack@placement-api.service[104422]: INFO placement.requestlog [req-5cdd5e36-983c-49b3-8c2f-5a467a9d002d req-d05fe1f9-f4a7-42f8-ad10-073dcaf88034 service placement] 10.222.0.26 "GET /placement/allocations/1c9d13c0-3265-4d44-a078-6b4ab9000b1a" status: 200 len: 259 microversion: 1.28
Jan 11 12:11:48.332661 n-d-805649-22 devstack@placement-api.service[104421]: DEBUG placement.requestlog [req-5cdd5e36-983c-49b3-8c2f-5a467a9d002d req-a19241f3-9f92-4ed5-b037-885ad5e5a1c1 None None] Starting request: 10.222.0.26 "GET /placement/allocations/544ca989-4677-4912-9d16-5fd617a44a23" {{(pid=104421) __call__ /opt/stack/placement/placement/requestlog.py:55}}
Jan 11 12:11:48.347203 n-d-805649-22 devstack@placement-api.service[104422]: [pid: 104422|app: 0|req: 74/144] 10.222.0.26 () {60 vars in 1380 bytes} [Tue Jan 11 12:11:48 2022] GET /placement/allocations/1c9d13c0-3265-4d44-a078-6b4ab9000b1a => generated 259 bytes in 69 msecs (HTTP/1.1 200) 8 headers in 296 bytes (1 switches on core 0)
Jan 11 12:11:48.351501 n-d-805649-22 devstack@placement-api.service[104421]: INFO placement.requestlog [req-5cdd5e36-983c-49b3-8c2f-5a467a9d002d req-a19241f3-9f92-4ed5-b037-885ad5e5a1c1 service placement] 10.222.0.26 "GET /placement/allocations/544ca989-4677-4912-9d16-5fd617a44a23" status: 200 len: 19 microversion: 1.28
Jan 11 12:11:48.375076 n-d-805649-22 devstack@placement-api.service[104422]: DEBUG placement.requestlog [req-5cdd5e36-983c-49b3-8c2f-5a467a9d002d req-fe2b243e-1c4c-409b-bb87-024fdc08cbfa None None] Starting request: 10.222.0.26 "POST /placement/allocations" {{(pid=104422) __call__ /opt/stack/placement/placement/requestlog.py:55}}
Jan 11 12:11:48.382021 n-d-805649-22 devstack@placement-api.service[104421]: [pid: 104421|app: 0|req: 71/145] 10.222.0.26 () {60 vars in 1380 bytes} [Tue Jan 11 12:11:48 2022] GET /placement/allocations/544ca989-4677-4912-9d16-5fd617a44a23 => generated 19 bytes in 49 msecs (HTTP/1.1 200) 8 headers in 295 bytes (1 switches on core 0)
Jan 11 12:11:48.661482 n-d-805649-22 devstack@placement-api.service[104422]: DEBUG placement.handlers.allocation [req-5cdd5e36-983c-49b3-8c2f-5a467a9d002d req-fe2b243e-1c4c-409b-bb87-024fdc08cbfa service placement] Successfully wrote allocations [, , , , , ] {{(pid=104422) _update_consumers_and_create_allocations /opt/stack/placement/placement/handlers/allocation.py:572}}
Jan 11 12:11:48.736068 n-d-805649-22 devstack@placement-api.service[104422]: INFO placement.requestlog [req-5cdd5e36-983c-49b3-8c2f-5a467a9d002d req-fe2b243e-1c4c-409b-bb87-024fdc08cbfa service placement] 10.222.0.26 "POST /placement/allocations" status: 204 len: 0 microversion: 1.28
Jan 11 12:11:48.741466 n-d-805649-22 devstack@placement-api.service[104422]: [pid: 104422|app: 0|req: 75/146] 10.222.0.26 () {64 vars in 1323 bytes} [Tue Jan 11 12:11:48 2022] POST /placement/allocations => generated 0 bytes in 362 msecs (HTTP/1.1 204) 5 headers in 199 bytes (1 switches on core 0)
Jan 11 12:11:48.824008 n-d-805649-22 devstack@placement-api.service[104421]: DEBUG placement.requestlog [req-5cdd5e36-983c-49b3-8c2f-5a467a9d002d req-31470a49-2194-4efd-8344-69d2a3799ff1 None None] Starting request: 10.222.0.26 "GET /placement/allocations/1c9d13c0-3265-4d44-a078-6b4ab9000b1a" {{(pid=104421) __call__ /opt/stack/placement/placement/requestlog.py:55}}
Jan 11 12:11:49.432898 n-d-805649-22 devstack@placement-api.service[104421]: INFO placement.requestlog [req-5cdd5e36-983c-49b3-8c2f-5a467a9d002d req-31470a49-2194-4efd-8344-69d2a3799ff1 service placement] 10.222.0.26 "GET /placement/allocations/1c9d13c0-3265-4d44-a078-6b4ab9000b1a" status: 200 len: 19 microversion: 1.28
Jan 11 12:11:49.439719 n-d-805649-22 devstack@placement-api.service[104422]: DEBUG placement.requestlog [req-5cdd5e36-983c-49b3-8c2f-5a467a9d002d req-72bb2581-b632-4941-8c73-0b9f6d1adf31 None None] Starting request: 10.222.0.26 "PUT /placement/allocations/1c9d13c0-3265-4d44-a078-6b4ab9000b1a" {{(pid=104422) __call__ /opt/stack/placement/placement/requestlog.py:55}}
Jan 11 12:11:49.441385 n-d-805649-22 devstack@placement-api.service[104421]: [pid: 104421|app: 0|req: 72/147] 10.222.0.26 () {60 vars in 1380 bytes} [Tue Jan 11 12:11:48 2022] GET /placement/allocations/1c9d13c0-3265-4d44-a078-6b4ab9000b1a => generated 19 bytes in 617 msecs (HTTP/1.1 200) 8 headers in 295 bytes (1 switches on core 0)
Jan 11 12:11:49.644588 n-d-805649-22 devstack@placement-api.service[104422]: DEBUG placement.handlers.allocation [req-5cdd5e36-983c-49b3-8c2f-5a467a9d002d req-72bb2581-b632-4941-8c73-0b9f6d1adf31 service placement] Successfully wrote allocations [, , ] {{(pid=104422) _update_consumers_and_create_allocations /opt/stack/placement/placement/handlers/allocation.py:462}}
Jan 11 12:11:49.736250 n-d-805649-22 devstack@placement-api.service[104422]: INFO placement.requestlog [req-5cdd5e36-983c-49b3-8c2f-5a467a9d002d req-72bb2581-b632-4941-8c73-0b9f6d1adf31 service placement] 10.222.0.26 "PUT /placement/allocations/1c9d13c0-3265-4d44-a078-6b4ab9000b1a" status: 204 len: 0 microversion: 1.28
Jan 11 12:11:49.737376 n-d-805649-22 devstack@placement-api.service[104422]: [pid: 104422|app: 0|req: 76/148] 10.222.0.26 () {64 vars in 1433 bytes} [Tue Jan 11 12:11:49 2022] PUT /placement/allocations/1c9d13c0-3265-4d44-a078-6b4ab9000b1a => generated 0 bytes in 298 msecs (HTTP/1.1 204) 5 headers in 199 bytes (2 switches on core 0)
Jan 11 12:11:50.122546 n-d-805649-22 devstack@placement-api.service[104421]: DEBUG placement.requestlog [req-5cdd5e36-983c-49b3-8c2f-5a467a9d002d req-3045675b-51a2-4e8b-97b4-158604dc897d None None] Starting request: 10.222.0.42 "GET /placement/allocations/1c9d13c0-3265-4d44-a078-6b4ab9000b1a" {{(pid=104421) __call__ /opt/stack/placement/placement/requestlog.py:55}}
Jan 11 12:11:50.157205 n-d-805649-22 devstack@placement-api.service[104421]: INFO placement.requestlog [req-5cdd5e36-983c-49b3-8c2f-5a467a9d002d req-3045675b-51a2-4e8b-97b4-158604dc897d service placement] 10.222.0.42 "GET /placement/allocations/1c9d13c0-3265-4d44-a078-6b4ab9000b1a" status: 200 len: 259 microversion: 1.28
Jan 11 12:11:50.158814 n-d-805649-22 devstack@placement-api.service[104421]: [pid: 104421|app: 0|req: 73/149] 10.222.0.42 () {60 vars in 1377 bytes} [Tue Jan 11 12:11:50 2022] GET /placement/allocations/1c9d13c0-3265-4d44-a078-6b4ab9000b1a => generated 259 bytes in 37 msecs (HTTP/1.1 200) 8 headers in 296 bytes (1 switches on core 0)
Jan 11 12:11:50.743474 n-d-805649-22 devstack@placement-api.service[104422]: DEBUG placement.requestlog [req-7aab7878-ed7f-4314-83c5-eb2e88c81eca req-42efcc7d-6adf-49e0-a7e1-9d675647e55c None None] Starting request: 10.222.0.44 "GET /placement/allocations/3acffde3-7c2e-461d-b82a-e94742cccce1" {{(pid=104422) __call__ /opt/stack/placement/placement/requestlog.py:55}}
Jan 11 12:11:50.796535 n-d-805649-22 devstack@placement-api.service[104422]: INFO placement.requestlog [req-7aab7878-ed7f-4314-83c5-eb2e88c81eca req-42efcc7d-6adf-49e0-a7e1-9d675647e55c service placement] 10.222.0.44 "GET /placement/allocations/3acffde3-7c2e-461d-b82a-e94742cccce1" status: 200 len: 259 microversion: 1.28
Jan 11 12:11:50.799173 n-d-805649-22 devstack@placement-api.service[104422]: [pid: 104422|app: 0|req: 77/150] 10.222.0.44 () {60 vars in 1377 bytes} [Tue Jan 11 12:11:50 2022] GET /placement/allocations/3acffde3-7c2e-461d-b82a-e94742cccce1 => generated 259 bytes in 56 msecs (HTTP/1.1 200) 8 headers in 296 bytes (1 switches on core 0)
Jan 11 12:12:01.454952 n-d-805649-22 devstack@placement-api.service[104421]: DEBUG placement.requestlog [req-0321c6e3-0b57-4fee-a42d-e5d4226b6340 req-ccbd57f0-ce57-4099-aeed-9a3fbad28fb6 None None] Starting request: 10.222.0.42 "GET /placement/allocations/f785393c-49b3-441a-89a3-12c0102b2b2a" {{(pid=104421) __call__ /opt/stack/placement/placement/requestlog.py:55}}
Jan 11 12:12:01.493750 n-d-805649-22 devstack@placement-api.service[104421]: INFO placement.requestlog [req-0321c6e3-0b57-4fee-a42d-e5d4226b6340 req-ccbd57f0-ce57-4099-aeed-9a3fbad28fb6 service placement] 10.222.0.42 "GET /placement/allocations/f785393c-49b3-441a-89a3-12c0102b2b2a" status: 200 len: 259 microversion: 1.28
