Nov 19 09:06:12.607089 n-d-805649-14 neutron-server[103477]: INFO neutron.wsgi [req-cdcf6176-41ec-4333-907a-f531655b7267 req-72f07ca7-741c-4419-8b17-3d3c5c0c7167 tempest-AggregatesAdminTestJSON-1599099563 tempest-AggregatesAdminTestJSON-1599099563-project] 10.222.0.21 "GET /v2.0/security-groups?id=e87cd247-bd49-4be2-9c94-de134e3bc064&fields=id&fields=name HTTP/1.1" status: 200 len: 286 time: 0.1209531
Nov 19 09:06:12.701371 n-d-805649-14 neutron-server[103477]: INFO neutron.wsgi [req-bb8db924-e17c-4460-a518-beff1b089305 req-7354834f-8013-4dba-a00a-5575c7d5b0d6 tempest-DeleteServersAdminTestJSON-1783325787 tempest-DeleteServersAdminTestJSON-1783325787-project] 10.222.0.21 "GET /v2.0/security-groups?id=338464d9-7e6d-45c2-bbef-e104fe012360&fields=id&fields=name HTTP/1.1" status: 200 len: 286 time: 0.0990124
Nov 19 09:06:12.724186 n-d-805649-14 neutron-server[103476]: DEBUG neutron.db.provisioning_blocks [req-e1ad0a56-5e77-4b90-af6b-898a3c5fd407 req-ceec2470-4842-43c8-979e-876f8b6b69a3 service neutron] Transition to ACTIVE for port object 0095aa68-8488-440e-a2ec-1f78890999bc will not be triggered until provisioned by entity L2. {{(pid=103476) add_provisioning_component /opt/stack/neutron/neutron/db/provisioning_blocks.py:73}}
Nov 19 09:06:12.732561 n-d-805649-14 neutron-server[103476]: DEBUG neutron_lib.callbacks.manager [req-e1ad0a56-5e77-4b90-af6b-898a3c5fd407 req-ceec2470-4842-43c8-979e-876f8b6b69a3 service neutron] Publish callbacks ['neutron.plugins.ml2.plugin.SecurityGroupServerNotifierRpcMixin._notify_sg_on_port_change-1598904', 'neutron.plugins.ml2.ovo_rpc._ObjectChangeHandler.handle_event-38707', 'neutron.api.rpc.agentnotifiers.dhcp_rpc_agent_api.DhcpAgentNotifyAPI._native_event_send_dhcp_notification-572184', 'neutron.db.l3_db.L3RpcNotifierMixin._notify_gateway_port_ip_changed-8764965949139', 'neutron.db.l3_dvrscheduler_db._notify_l3_agent_port_update-8764965376184', 'neutron.db.l3_hascheduler_db._notify_l3_agent_ha_port_update-8764965376202'] for port, after_update {{(pid=103476) _notify_loop /usr/local/lib/python3.8/dist-packages/neutron_lib/callbacks/manager.py:175}}
Nov 19 09:06:12.968095 n-d-805649-14 neutron-server[103476]: DEBUG neutron.api.rpc.handlers.resources_rpc [None req-ceec2470-4842-43c8-979e-876f8b6b69a3 service neutron] Pushing event updated for resources: {'Port': ['ID=0095aa68-8488-440e-a2ec-1f78890999bc,revision_number=2']} {{(pid=103476) push /opt/stack/neutron/neutron/api/rpc/handlers/resources_rpc.py:237}}
Nov 19 09:06:13.096023 n-d-805649-14 neutron-server[103477]: DEBUG neutron.wsgi [-] (103477) accepted ('10.222.0.21', 55332) {{(pid=103477) server /usr/local/lib/python3.8/dist-packages/eventlet/wsgi.py:1004}}
Nov 19 09:06:13.130963 n-d-805649-14 neutron-server[103477]: DEBUG neutron_lib.callbacks.manager [None req-eaaaaad9-2892-4e66-9334-c49f2f1149dc admin admin] Publish callbacks [] for security_group, before_create {{(pid=103477) _notify_loop /usr/local/lib/python3.8/dist-packages/neutron_lib/callbacks/manager.py:175}}
Nov 19 09:06:13.354825 n-d-805649-14 neutron-server[103477]: DEBUG neutron_lib.callbacks.manager [None req-eaaaaad9-2892-4e66-9334-c49f2f1149dc admin admin] Publish callbacks [] for security_group, precommit_create {{(pid=103477) _notify_loop /usr/local/lib/python3.8/dist-packages/neutron_lib/callbacks/manager.py:175}}
Nov 19 09:06:13.366897 n-d-805649-14 neutron-server[103477]: DEBUG neutron_lib.callbacks.manager [None req-eaaaaad9-2892-4e66-9334-c49f2f1149dc admin admin] Publish callbacks ['neutron.plugins.ml2.ovo_rpc._ObjectChangeHandler.handle_event-778111'] for security_group, after_create {{(pid=103477) _notify_loop /usr/local/lib/python3.8/dist-packages/neutron_lib/callbacks/manager.py:175}}
Nov 19 09:06:13.509545 n-d-805649-14 neutron-server[103477]: INFO neutron.wsgi [None req-eaaaaad9-2892-4e66-9334-c49f2f1149dc admin admin] 10.222.0.21 "GET /v2.0/security-groups?tenant_id=b696ebee5a79421cbf2cc3205864926c&name=default HTTP/1.1" status: 200 len: 2992 time: 0.4121468
Nov 19 09:06:13.513798 n-d-805649-14 neutron-server[103477]: DEBUG neutron.wsgi [-] (103477) accepted ('10.222.0.21', 55340) {{(pid=103477) server /usr/local/lib/python3.8/dist-packages/eventlet/wsgi.py:1004}}
Nov 19 09:06:13.624705 n-d-805649-14 neutron-server[103477]: DEBUG neutron.api.rpc.handlers.resources_rpc [None req-eaaaaad9-2892-4e66-9334-c49f2f1149dc admin admin] Pushing event updated for resources: {'SecurityGroup': ['ID=28aff83d-bbad-4ceb-866a-6f95a95881dd,revision_number=1']} {{(pid=103477) push /opt/stack/neutron/neutron/api/rpc/handlers/resources_rpc.py:237}}
Nov 19 09:06:13.628227 n-d-805649-14 neutron-server[103476]: DEBUG neutron.plugins.ml2.managers [req-e1ad0a56-5e77-4b90-af6b-898a3c5fd407 req-ceec2470-4842-43c8-979e-876f8b6b69a3 service neutron] Attempting to bind port 0095aa68-8488-440e-a2ec-1f78890999bc on host n-h2-805649-14 for vnic_type normal with profile {{(pid=103476) bind_port /opt/stack/neutron/neutron/plugins/ml2/managers.py:795}}
Nov 19 09:06:13.628697 n-d-805649-14 neutron-server[103476]: DEBUG neutron.plugins.ml2.managers [req-e1ad0a56-5e77-4b90-af6b-898a3c5fd407 req-ceec2470-4842-43c8-979e-876f8b6b69a3 service neutron] Attempting to bind port 0095aa68-8488-440e-a2ec-1f78890999bc by drivers openvswitch,hyperv on host n-h2-805649-14 at level 0 using segments [{'id': 'd3263648-b7c3-4b0c-a4bb-b76c3b44d607', 'network_type': 'vlan', 'physical_network': 'physnet1', 'segmentation_id': 763, 'network_id': 'c2779d10-e994-423d-af82-b858264cfac5'}] {{(pid=103476) _bind_port_level /opt/stack/neutron/neutron/plugins/ml2/managers.py:820}}
Nov 19 09:06:13.630213 n-d-805649-14 neutron-server[103476]: DEBUG neutron.plugins.ml2.drivers.mech_agent [req-e1ad0a56-5e77-4b90-af6b-898a3c5fd407 req-ceec2470-4842-43c8-979e-876f8b6b69a3 service neutron] Attempting to bind port 0095aa68-8488-440e-a2ec-1f78890999bc on network c2779d10-e994-423d-af82-b858264cfac5 {{(pid=103476) bind_port /opt/stack/neutron/neutron/plugins/ml2/drivers/mech_agent.py:91}}
Nov 19 09:06:13.650836 n-d-805649-14 neutron-server[103476]: DEBUG neutron.plugins.ml2.drivers.mech_agent [req-e1ad0a56-5e77-4b90-af6b-898a3c5fd407 req-ceec2470-4842-43c8-979e-876f8b6b69a3 service neutron] Port 0095aa68-8488-440e-a2ec-1f78890999bc on network c2779d10-e994-423d-af82-b858264cfac5 not bound, no agent of type Open vSwitch agent registered on host n-h2-805649-14 {{(pid=103476) bind_port /opt/stack/neutron/neutron/plugins/ml2/drivers/mech_agent.py:103}}
Nov 19 09:06:13.656779 n-d-805649-14 neutron-server[103476]: DEBUG neutron.plugins.ml2.drivers.mech_agent [req-e1ad0a56-5e77-4b90-af6b-898a3c5fd407 req-ceec2470-4842-43c8-979e-876f8b6b69a3 service neutron] Attempting to bind port 0095aa68-8488-440e-a2ec-1f78890999bc on network c2779d10-e994-423d-af82-b858264cfac5 {{(pid=103476) bind_port /opt/stack/neutron/neutron/plugins/ml2/drivers/mech_agent.py:91}}
Nov 19 09:06:13.692080 n-d-805649-14 neutron-server[103476]: DEBUG neutron.plugins.ml2.drivers.mech_agent [req-e1ad0a56-5e77-4b90-af6b-898a3c5fd407 req-ceec2470-4842-43c8-979e-876f8b6b69a3 service neutron] Checking agent: {'id': '934c7c5b-3972-4f77-aaf8-42453d1a5ccb', 'agent_type': 'HyperV agent', 'binary': 'neutron-hyperv-agent', 'topic': 'N/A', 'host': 'n-h2-805649-14', 'admin_state_up': True, 'created_at': datetime.datetime(2021, 11, 19, 9, 3, 48), 'started_at': datetime.datetime(2021, 11, 19, 9, 3, 48), 'heartbeat_timestamp': datetime.datetime(2021, 11, 19, 9, 5, 48), 'description': None, 'resources_synced': None, 'availability_zone': None, 'alive': True, 'configurations': {'vswitch_mappings': {'physnet1$': 'br-data'}}, 'resource_versions': {}} {{(pid=103476) bind_port /opt/stack/neutron/neutron/plugins/ml2/drivers/mech_agent.py:110}}
Nov 19 09:06:13.698251 n-d-805649-14 neutron-server[103476]: DEBUG neutron.plugins.ml2.drivers.mech_agent [req-e1ad0a56-5e77-4b90-af6b-898a3c5fd407 req-ceec2470-4842-43c8-979e-876f8b6b69a3 service neutron] Checking segment: {'id': 'd3263648-b7c3-4b0c-a4bb-b76c3b44d607', 'network_type': 'vlan', 'physical_network': 'physnet1', 'segmentation_id': 763, 'network_id': 'c2779d10-e994-423d-af82-b858264cfac5'} for mappings: {'physnet1$': 'br-data'} with network types: ['local', 'flat', 'vlan'] {{(pid=103476) check_segment_for_agent /opt/stack/neutron/neutron/plugins/ml2/drivers/mech_agent.py:371}}
Nov 19 09:06:13.701110 n-d-805649-14 neutron-server[103476]: DEBUG neutron.plugins.ml2.drivers.mech_agent [req-e1ad0a56-5e77-4b90-af6b-898a3c5fd407 req-ceec2470-4842-43c8-979e-876f8b6b69a3 service neutron] Bound using segment: {'id': 'd3263648-b7c3-4b0c-a4bb-b76c3b44d607', 'network_type': 'vlan', 'physical_network': 'physnet1', 'segmentation_id': 763, 'network_id': 'c2779d10-e994-423d-af82-b858264cfac5'} {{(pid=103476) bind_port /opt/stack/neutron/neutron/plugins/ml2/drivers/mech_agent.py:120}}
Nov 19 09:06:13.705334 n-d-805649-14 neutron-server[103476]: DEBUG neutron.plugins.ml2.managers [req-e1ad0a56-5e77-4b90-af6b-898a3c5fd407 req-ceec2470-4842-43c8-979e-876f8b6b69a3 service neutron] Bound port: 0095aa68-8488-440e-a2ec-1f78890999bc, host: n-h2-805649-14, vif_type: hyperv, vif_details: {"connectivity": "legacy", "port_filter": false}, binding_levels: [{'bound_driver': 'hyperv', 'bound_segment': {'id': 'd3263648-b7c3-4b0c-a4bb-b76c3b44d607', 'network_type': 'vlan', 'physical_network': 'physnet1', 'segmentation_id': 763, 'network_id': 'c2779d10-e994-423d-af82-b858264cfac5'}}] {{(pid=103476) _bind_port_level /opt/stack/neutron/neutron/plugins/ml2/managers.py:932}}
Nov 19 09:06:13.708168 n-d-805649-14 neutron-server[103476]: DEBUG neutron_lib.callbacks.manager [req-e1ad0a56-5e77-4b90-af6b-898a3c5fd407 req-ceec2470-4842-43c8-979e-876f8b6b69a3 service neutron] Publish callbacks ['neutron.plugins.ml2.plugin.SecurityGroupDbMixin._ensure_default_security_group_handler-1598969'] for port, before_update {{(pid=103476) _notify_loop /usr/local/lib/python3.8/dist-packages/neutron_lib/callbacks/manager.py:175}}
Nov 19 09:06:13.784443 n-d-805649-14 neutron-server[103477]: DEBUG neutron_lib.callbacks.manager [None req-628ef539-2c0e-4b0f-8359-397f2de40091 admin admin] Publish callbacks [] for security_group, before_delete {{(pid=103477) _notify_loop /usr/local/lib/python3.8/dist-packages/neutron_lib/callbacks/manager.py:175}}
Nov 19 09:06:13.929450 n-d-805649-14 neutron-server[103477]: DEBUG neutron_lib.callbacks.manager [None req-628ef539-2c0e-4b0f-8359-397f2de40091 admin admin] Publish callbacks [] for security_group, precommit_delete {{(pid=103477) _notify_loop /usr/local/lib/python3.8/dist-packages/neutron_lib/callbacks/manager.py:175}}
Nov 19 09:06:13.939106 n-d-805649-14 neutron-server[103476]: DEBUG neutron.notifiers.nova [req-b2e41df6-c122-4f9d-a910-f32fc6c50b99 req-3df5f841-59f4-4cdd-becd-b64d3c4d7350 service neutron] Ignoring state change previous_port_status: DOWN current_port_status: DOWN port_id 63ed9b9c-4588-4ad7-9a8d-1f43ba0cf051 {{(pid=103476) record_port_status_changed /opt/stack/neutron/neutron/notifiers/nova.py:224}}
Nov 19 09:06:13.957996 n-d-805649-14 neutron-server[103476]: DEBUG neutron_lib.callbacks.manager [req-b2e41df6-c122-4f9d-a910-f32fc6c50b99 req-3df5f841-59f4-4cdd-becd-b64d3c4d7350 service neutron] Publish callbacks [] for port, precommit_update {{(pid=103476) _notify_loop /usr/local/lib/python3.8/dist-packages/neutron_lib/callbacks/manager.py:175}}
Nov 19 09:06:13.983698 n-d-805649-14 neutron-server[103477]: DEBUG neutron.pecan_wsgi.hooks.policy_enforcement [req-f04d0336-f283-448d-9b34-ba3bcc15e4b2 req-53515c4f-f537-4175-8ccc-07bc9ee852c4 tempest-AggregatesAdminTestJSON-1599099563 tempest-AggregatesAdminTestJSON-1599099563-project] Attributes excluded by policy engine: ['standard_attr_id', 'binding:profile', 'binding:host_id', 'binding:vif_type', 'binding:vif_details'] {{(pid=103477) _exclude_attributes_by_policy /opt/stack/neutron/neutron/pecan_wsgi/hooks/policy_enforcement.py:255}}
Nov 19 09:06:13.997156 n-d-805649-14 neutron-server[103477]: INFO neutron.wsgi [req-f04d0336-f283-448d-9b34-ba3bcc15e4b2 req-53515c4f-f537-4175-8ccc-07bc9ee852c4 tempest-AggregatesAdminTestJSON-1599099563 tempest-AggregatesAdminTestJSON-1599099563-project] 10.222.0.21 "GET /v2.0/ports?device_id=33f31bb7-1871-47d3-91fb-91b0ab6a8d50 HTTP/1.1" status: 200 len: 936 time: 0.1495783
Nov 19 09:06:14.011218 n-d-805649-14 neutron-server[103476]: DEBUG neutron.db.provisioning_blocks [req-b2e41df6-c122-4f9d-a910-f32fc6c50b99 req-3df5f841-59f4-4cdd-becd-b64d3c4d7350 service neutron] Transition to ACTIVE for port object 63ed9b9c-4588-4ad7-9a8d-1f43ba0cf051 will not be triggered until provisioned by entity L2. {{(pid=103476) add_provisioning_component /opt/stack/neutron/neutron/db/provisioning_blocks.py:73}}
Nov 19 09:06:14.012807 n-d-805649-14 neutron-server[103476]: DEBUG neutron.plugins.ml2.db [req-e1ad0a56-5e77-4b90-af6b-898a3c5fd407 req-ceec2470-4842-43c8-979e-876f8b6b69a3 service neutron] For port 0095aa68-8488-440e-a2ec-1f78890999bc, host n-h2-805649-14, cleared binding levels {{(pid=103476) clear_binding_levels /opt/stack/neutron/neutron/plugins/ml2/db.py:87}}
Nov 19 09:06:14.029636 n-d-805649-14 neutron-server[103476]: DEBUG neutron.plugins.ml2.db [req-e1ad0a56-5e77-4b90-af6b-898a3c5fd407 req-ceec2470-4842-43c8-979e-876f8b6b69a3 service neutron] For port 0095aa68-8488-440e-a2ec-1f78890999bc, host n-h2-805649-14, set binding levels [PortBindingLevel(driver='hyperv',host='n-h2-805649-14',level=0,port_id=0095aa68-8488-440e-a2ec-1f78890999bc,segment=NetworkSegment(d3263648-b7c3-4b0c-a4bb-b76c3b44d607),segment_id=d3263648-b7c3-4b0c-a4bb-b76c3b44d607)] {{(pid=103476) set_binding_levels /opt/stack/neutron/neutron/plugins/ml2/db.py:59}}
Nov 19 09:06:14.030802 n-d-805649-14 neutron-server[103476]: DEBUG neutron_lib.callbacks.manager [req-b2e41df6-c122-4f9d-a910-f32fc6c50b99 req-3df5f841-59f4-4cdd-becd-b64d3c4d7350 service neutron] Publish callbacks ['neutron.plugins.ml2.plugin.SecurityGroupServerNotifierRpcMixin._notify_sg_on_port_change-1598904', 'neutron.plugins.ml2.ovo_rpc._ObjectChangeHandler.handle_event-38707', 'neutron.api.rpc.agentnotifiers.dhcp_rpc_agent_api.DhcpAgentNotifyAPI._native_event_send_dhcp_notification-572184', 'neutron.db.l3_db.L3RpcNotifierMixin._notify_gateway_port_ip_changed-8764965949139', 'neutron.db.l3_dvrscheduler_db._notify_l3_agent_port_update-8764965376184', 'neutron.db.l3_hascheduler_db._notify_l3_agent_ha_port_update-8764965376202'] for port, after_update {{(pid=103476) _notify_loop /usr/local/lib/python3.8/dist-packages/neutron_lib/callbacks/manager.py:175}}
Nov 19 09:06:14.056959 n-d-805649-14 neutron-server[103476]: DEBUG neutron_lib.callbacks.manager [req-e1ad0a56-5e77-4b90-af6b-898a3c5fd407 req-ceec2470-4842-43c8-979e-876f8b6b69a3 service neutron] Publish callbacks ['neutron.plugins.ml2.plugin.SecurityGroupServerNotifierRpcMixin._notify_sg_on_port_change-1598904', 'neutron.plugins.ml2.ovo_rpc._ObjectChangeHandler.handle_event-38707', 'neutron.api.rpc.agentnotifiers.dhcp_rpc_agent_api.DhcpAgentNotifyAPI._native_event_send_dhcp_notification-572184', 'neutron.db.l3_db.L3RpcNotifierMixin._notify_gateway_port_ip_changed-8764965949139', 'neutron.db.l3_dvrscheduler_db._notify_l3_agent_port_update-8764965376184', 'neutron.db.l3_hascheduler_db._notify_l3_agent_ha_port_update-8764965376202'] for port, after_update {{(pid=103476) _notify_loop /usr/local/lib/python3.8/dist-packages/neutron_lib/callbacks/manager.py:175}}
Nov 19 09:06:14.122095 n-d-805649-14 neutron-server[103477]: INFO neutron.wsgi [req-f04d0336-f283-448d-9b34-ba3bcc15e4b2 req-7fffa96e-6852-4156-af42-a051ec6e13c9 tempest-AggregatesAdminTestJSON-1599099563 tempest-AggregatesAdminTestJSON-1599099563-project] 10.222.0.21 "GET /v2.0/security-groups?id=e87cd247-bd49-4be2-9c94-de134e3bc064&fields=id&fields=name HTTP/1.1" status: 200 len: 286 time: 0.1169229
Nov 19 09:06:14.192654 n-d-805649-14 neutron-server[103476]: DEBUG neutron.pecan_wsgi.hooks.policy_enforcement [req-e1ad0a56-5e77-4b90-af6b-898a3c5fd407 req-ceec2470-4842-43c8-979e-876f8b6b69a3 service neutron] Attributes excluded by policy engine: ['standard_attr_id'] {{(pid=103476) _exclude_attributes_by_policy /opt/stack/neutron/neutron/pecan_wsgi/hooks/policy_enforcement.py:255}}
Nov 19 09:06:14.194856 n-d-805649-14 neutron-server[103476]: DEBUG neutron_lib.callbacks.manager [req-e1ad0a56-5e77-4b90-af6b-898a3c5fd407 req-ceec2470-4842-43c8-979e-876f8b6b69a3 service neutron] Publish callbacks ['neutron.notifiers.nova.Notifier._send_nova_notification-84667', 'neutron.api.rpc.agentnotifiers.dhcp_rpc_agent_api.DhcpAgentNotifyAPI._send_dhcp_notification-572170'] for port, before_response {{(pid=103476) _notify_loop /usr/local/lib/python3.8/dist-packages/neutron_lib/callbacks/manager.py:175}}
Nov 19 09:06:14.202166 n-d-805649-14 neutron-server[103476]: INFO neutron.wsgi [req-e1ad0a56-5e77-4b90-af6b-898a3c5fd407 req-ceec2470-4842-43c8-979e-876f8b6b69a3 service neutron] 10.222.0.71 "PUT /v2.0/ports/0095aa68-8488-440e-a2ec-1f78890999bc HTTP/1.1" status: 200 len: 1096 time: 3.7439206
Nov 19 09:06:14.202859 n-d-805649-14 neutron-server[103476]: DEBUG neutron.api.rpc.handlers.resources_rpc [None req-3df5f841-59f4-4cdd-becd-b64d3c4d7350 service neutron] Pushing event updated for resources: {'Port': ['ID=63ed9b9c-4588-4ad7-9a8d-1f43ba0cf051,revision_number=2']} {{(pid=103476) push /opt/stack/neutron/neutron/api/rpc/handlers/resources_rpc.py:237}}
Nov 19 09:06:14.205267 n-d-805649-14 neutron-server[103476]: DEBUG neutron.notifiers.nova [-] Sending events: [{'name': 'network-changed', 'server_uuid': 'b4467767-eb03-4116-a8cb-7631647cea78', 'tag': '0095aa68-8488-440e-a2ec-1f78890999bc'}] {{(pid=103476) send_events /opt/stack/neutron/neutron/notifiers/nova.py:262}}
Nov 19 09:06:14.236591 n-d-805649-14 neutron-server[103477]: DEBUG neutron_lib.callbacks.manager [None req-628ef539-2c0e-4b0f-8359-397f2de40091 admin admin] Publish callbacks ['neutron.plugins.ml2.ovo_rpc._ObjectChangeHandler.handle_event-778111'] for security_group, after_delete {{(pid=103477) _notify_loop /usr/local/lib/python3.8/dist-packages/neutron_lib/callbacks/manager.py:175}}
Nov 19 09:06:14.256737 n-d-805649-14 neutron-server[103477]: DEBUG neutron_lib.callbacks.manager [None req-628ef539-2c0e-4b0f-8359-397f2de40091 admin admin] Publish callbacks [] for security_group, before_response {{(pid=103477) _notify_loop /usr/local/lib/python3.8/dist-packages/neutron_lib/callbacks/manager.py:175}}
Nov 19 09:06:14.266456 n-d-805649-14 neutron-server[103477]: INFO neutron.wsgi [None req-628ef539-2c0e-4b0f-8359-397f2de40091 admin admin] 10.222.0.21 "DELETE /v2.0/security-groups/28aff83d-bbad-4ceb-866a-6f95a95881dd HTTP/1.1" status: 204 len: 168 time: 0.7496600
Nov 19 09:06:14.317681 n-d-805649-14 neutron-server[103477]: DEBUG neutron.api.rpc.handlers.resources_rpc [None req-628ef539-2c0e-4b0f-8359-397f2de40091 admin admin] Pushing event deleted for resources: {'SecurityGroup': ['ID=28aff83d-bbad-4ceb-866a-6f95a95881dd,revision_number=None']} {{(pid=103477) push /opt/stack/neutron/neutron/api/rpc/handlers/resources_rpc.py:237}}
Nov 19 09:06:14.535358 n-d-805649-14 neutron-server[103477]: DEBUG neutron.pecan_wsgi.hooks.policy_enforcement [req-70ec370c-1eaf-4a13-8805-8683c99a5d7d req-018f2c3c-1e3f-4250-8728-3e7097f7c4c1 tempest-DeleteServersAdminTestJSON-1783325787 tempest-DeleteServersAdminTestJSON-1783325787-project] Attributes excluded by policy engine: ['standard_attr_id', 'binding:profile', 'binding:host_id', 'binding:vif_type', 'binding:vif_details'] {{(pid=103477) _exclude_attributes_by_policy /opt/stack/neutron/neutron/pecan_wsgi/hooks/policy_enforcement.py:255}}
Nov 19 09:06:14.546846 n-d-805649-14 neutron-server[103477]: INFO neutron.wsgi [req-70ec370c-1eaf-4a13-8805-8683c99a5d7d req-018f2c3c-1e3f-4250-8728-3e7097f7c4c1 tempest-DeleteServersAdminTestJSON-1783325787 tempest-DeleteServersAdminTestJSON-1783325787-project] 10.222.0.21 "GET /v2.0/ports?device_id=b4467767-eb03-4116-a8cb-7631647cea78 HTTP/1.1" status: 200 len: 947 time: 0.1324971
Nov 19 09:06:14.687019 n-d-805649-14 neutron-server[103477]: INFO neutron.wsgi [req-70ec370c-1eaf-4a13-8805-8683c99a5d7d req-07726097-e403-41a2-888c-eaccb19b10eb tempest-DeleteServersAdminTestJSON-1783325787 tempest-DeleteServersAdminTestJSON-1783325787-project] 10.222.0.21 "GET /v2.0/security-groups?id=338464d9-7e6d-45c2-bbef-e104fe012360&fields=id&fields=name HTTP/1.1" status: 200 len: 286 time: 0.1374898
Nov 19 09:06:14.783949 n-d-805649-14 neutron-server[103476]: DEBUG neutron.pecan_wsgi.hooks.policy_enforcement [req-e1ad0a56-5e77-4b90-af6b-898a3c5fd407 req-c6aecc17-70fa-4633-bc5f-28278ce90686 service neutron] Attributes excluded by policy engine: ['standard_attr_id'] {{(pid=103476) _exclude_attributes_by_policy /opt/stack/neutron/neutron/pecan_wsgi/hooks/policy_enforcement.py:255}}
Nov 19 09:06:14.789796 n-d-805649-14 neutron-server[103476]: INFO neutron.wsgi [req-e1ad0a56-5e77-4b90-af6b-898a3c5fd407 req-c6aecc17-70fa-4633-bc5f-28278ce90686 service neutron] 10.222.0.71 "GET /v2.0/ports?tenant_id=45a5cea8257f4f7c89a7227bed0d4e7e&device_id=b4467767-eb03-4116-a8cb-7631647cea78 HTTP/1.1" status: 200 len: 1099 time: 0.3378415
Nov 19 09:06:14.807455 n-d-805649-14 neutron-server[103476]: DEBUG neutron.plugins.ml2.managers [req-b2e41df6-c122-4f9d-a910-f32fc6c50b99 req-3df5f841-59f4-4cdd-becd-b64d3c4d7350 service neutron] Attempting to bind port 63ed9b9c-4588-4ad7-9a8d-1f43ba0cf051 on host n-h1-805649-14 for vnic_type normal with profile {{(pid=103476) bind_port /opt/stack/neutron/neutron/plugins/ml2/managers.py:795}}
Nov 19 09:06:14.807801 n-d-805649-14 neutron-server[103476]: DEBUG neutron.plugins.ml2.managers [req-b2e41df6-c122-4f9d-a910-f32fc6c50b99 req-3df5f841-59f4-4cdd-becd-b64d3c4d7350 service neutron] Attempting to bind port 63ed9b9c-4588-4ad7-9a8d-1f43ba0cf051 by drivers openvswitch,hyperv on host n-h1-805649-14 at level 0 using segments [{'id': 'd3263648-b7c3-4b0c-a4bb-b76c3b44d607', 'network_type': 'vlan', 'physical_network': 'physnet1', 'segmentation_id': 763, 'network_id': 'c2779d10-e994-423d-af82-b858264cfac5'}] {{(pid=103476) _bind_port_level /opt/stack/neutron/neutron/plugins/ml2/managers.py:820}}
Nov 19 09:06:14.818627 n-d-805649-14 neutron-server[103476]: DEBUG neutron.plugins.ml2.drivers.mech_agent [req-b2e41df6-c122-4f9d-a910-f32fc6c50b99 req-3df5f841-59f4-4cdd-becd-b64d3c4d7350 service neutron] Attempting to bind port 63ed9b9c-4588-4ad7-9a8d-1f43ba0cf051 on network c2779d10-e994-423d-af82-b858264cfac5 {{(pid=103476) bind_port /opt/stack/neutron/neutron/plugins/ml2/drivers/mech_agent.py:91}}
Nov 19 09:06:14.835412 n-d-805649-14 neutron-server[103476]: DEBUG neutron.plugins.ml2.drivers.mech_agent [req-b2e41df6-c122-4f9d-a910-f32fc6c50b99 req-3df5f841-59f4-4cdd-becd-b64d3c4d7350 service neutron] Port 63ed9b9c-4588-4ad7-9a8d-1f43ba0cf051 on network c2779d10-e994-423d-af82-b858264cfac5 not bound, no agent of type Open vSwitch agent registered on host n-h1-805649-14 {{(pid=103476) bind_port /opt/stack/neutron/neutron/plugins/ml2/drivers/mech_agent.py:103}}
Nov 19 09:06:14.836595 n-d-805649-14 neutron-server[103476]: DEBUG neutron.plugins.ml2.drivers.mech_agent [req-b2e41df6-c122-4f9d-a910-f32fc6c50b99 req-3df5f841-59f4-4cdd-becd-b64d3c4d7350 service neutron] Attempting to bind port 63ed9b9c-4588-4ad7-9a8d-1f43ba0cf051 on network c2779d10-e994-423d-af82-b858264cfac5 {{(pid=103476) bind_port /opt/stack/neutron/neutron/plugins/ml2/drivers/mech_agent.py:91}}
Nov 19 09:06:14.985649 n-d-805649-14 neutron-server[103476]: DEBUG neutron.plugins.ml2.drivers.mech_agent [req-b2e41df6-c122-4f9d-a910-f32fc6c50b99 req-3df5f841-59f4-4cdd-becd-b64d3c4d7350 service neutron] Checking agent: {'id': '6f3e423d-46c4-423e-9c8b-37615cddce92', 'agent_type': 'HyperV agent', 'binary': 'neutron-hyperv-agent', 'topic': 'N/A', 'host': 'n-h1-805649-14', 'admin_state_up': True, 'created_at': datetime.datetime(2021, 11, 19, 9, 3, 45), 'started_at': datetime.datetime(2021, 11, 19, 9, 3, 45), 'heartbeat_timestamp': datetime.datetime(2021, 11, 19, 9, 5, 45), 'description': None, 'resources_synced': None, 'availability_zone': None, 'alive': True, 'configurations': {'vswitch_mappings': {'physnet1$': 'br-data'}}, 'resource_versions': {}} {{(pid=103476) bind_port /opt/stack/neutron/neutron/plugins/ml2/drivers/mech_agent.py:110}}
Nov 19 09:06:14.986290 n-d-805649-14 neutron-server[103476]: DEBUG neutron.plugins.ml2.drivers.mech_agent [req-b2e41df6-c122-4f9d-a910-f32fc6c50b99 req-3df5f841-59f4-4cdd-becd-b64d3c4d7350 service neutron] Checking segment: {'id': 'd3263648-b7c3-4b0c-a4bb-b76c3b44d607', 'network_type': 'vlan', 'physical_network': 'physnet1', 'segmentation_id': 763, 'network_id': 'c2779d10-e994-423d-af82-b858264cfac5'} for mappings: {'physnet1$': 'br-data'} with network types: ['local', 'flat', 'vlan'] {{(pid=103476) check_segment_for_agent /opt/stack/neutron/neutron/plugins/ml2/drivers/mech_agent.py:371}}
Nov 19 09:06:14.986447 n-d-805649-14 neutron-server[103476]: DEBUG neutron.plugins.ml2.drivers.mech_agent [req-b2e41df6-c122-4f9d-a910-f32fc6c50b99 req-3df5f841-59f4-4cdd-becd-b64d3c4d7350 service neutron] Bound using segment: {'id': 'd3263648-b7c3-4b0c-a4bb-b76c3b44d607', 'network_type': 'vlan', 'physical_network': 'physnet1', 'segmentation_id': 763, 'network_id': 'c2779d10-e994-423d-af82-b858264cfac5'} {{(pid=103476) bind_port /opt/stack/neutron/neutron/plugins/ml2/drivers/mech_agent.py:120}}
Nov 19 09:06:14.986895 n-d-805649-14 neutron-server[103476]: DEBUG neutron.plugins.ml2.managers [req-b2e41df6-c122-4f9d-a910-f32fc6c50b99 req-3df5f841-59f4-4cdd-becd-b64d3c4d7350 service neutron] Bound port: 63ed9b9c-4588-4ad7-9a8d-1f43ba0cf051, host: n-h1-805649-14, vif_type: hyperv, vif_details: {"connectivity": "legacy", "port_filter": false}, binding_levels: [{'bound_driver': 'hyperv', 'bound_segment': {'id': 'd3263648-b7c3-4b0c-a4bb-b76c3b44d607', 'network_type': 'vlan', 'physical_network': 'physnet1', 'segmentation_id': 763, 'network_id': 'c2779d10-e994-423d-af82-b858264cfac5'}}] {{(pid=103476) _bind_port_level /opt/stack/neutron/neutron/plugins/ml2/managers.py:932}}
Nov 19 09:06:14.998889 n-d-805649-14 neutron-server[103476]: DEBUG neutron_lib.callbacks.manager [req-b2e41df6-c122-4f9d-a910-f32fc6c50b99 req-3df5f841-59f4-4cdd-becd-b64d3c4d7350 service neutron] Publish callbacks ['neutron.plugins.ml2.plugin.SecurityGroupDbMixin._ensure_default_security_group_handler-1598969'] for port, before_update {{(pid=103476) _notify_loop /usr/local/lib/python3.8/dist-packages/neutron_lib/callbacks/manager.py:175}}
Nov 19 09:06:15.107106 n-d-805649-14 neutron-server[103476]: DEBUG neutron.api.rpc.handlers.resources_rpc [None req-ceec2470-4842-43c8-979e-876f8b6b69a3 service neutron] Pushing event updated for resources: {'Port': ['ID=0095aa68-8488-440e-a2ec-1f78890999bc,revision_number=3']} {{(pid=103476) push /opt/stack/neutron/neutron/api/rpc/handlers/resources_rpc.py:237}}
Nov 19 09:06:15.117761 n-d-805649-14 neutron-server[103476]: INFO neutron.wsgi [req-e1ad0a56-5e77-4b90-af6b-898a3c5fd407 req-4be6f6d2-bc31-4b60-9b16-84ea55d9e9a3 service neutron] 10.222.0.71 "GET /v2.0/floatingips?fixed_ip_address=192.168.233.23&port_id=0095aa68-8488-440e-a2ec-1f78890999bc HTTP/1.1" status: 200 len: 217 time: 0.2887402
Nov 19 09:06:15.180966 n-d-805649-14 neutron-server[103478]: DEBUG neutron_lib.callbacks.manager [None req-4f799ec5-2fff-4859-8fad-2714c76407c8 None None] Publish callbacks ['neutron.services.segments.db._update_segment_host_mapping_for_agent-8764965905008', 'neutron.plugins.ml2.plugin.Ml2Plugin._retry_binding_revived_agents-1741594'] for agent, after_update {{(pid=103478) _notify_loop /usr/local/lib/python3.8/dist-packages/neutron_lib/callbacks/manager.py:175}}
Nov 19 09:06:15.188651 n-d-805649-14 neutron-server[103476]: DEBUG neutron.plugins.ml2.db [req-b2e41df6-c122-4f9d-a910-f32fc6c50b99 req-3df5f841-59f4-4cdd-becd-b64d3c4d7350 service neutron] For port 63ed9b9c-4588-4ad7-9a8d-1f43ba0cf051, host n-h1-805649-14, cleared binding levels {{(pid=103476) clear_binding_levels /opt/stack/neutron/neutron/plugins/ml2/db.py:87}}
Nov 19 09:06:15.196779 n-d-805649-14 neutron-server[103476]: DEBUG neutron.plugins.ml2.db [req-b2e41df6-c122-4f9d-a910-f32fc6c50b99 req-3df5f841-59f4-4cdd-becd-b64d3c4d7350 service neutron] For port 63ed9b9c-4588-4ad7-9a8d-1f43ba0cf051, host n-h1-805649-14, set binding levels [PortBindingLevel(driver='hyperv',host='n-h1-805649-14',level=0,port_id=63ed9b9c-4588-4ad7-9a8d-1f43ba0cf051,segment=NetworkSegment(d3263648-b7c3-4b0c-a4bb-b76c3b44d607),segment_id=d3263648-b7c3-4b0c-a4bb-b76c3b44d607)] {{(pid=103476) set_binding_levels /opt/stack/neutron/neutron/plugins/ml2/db.py:59}}
Nov 19 09:06:15.429180 n-d-805649-14 neutron-server[103476]: DEBUG neutron.pecan_wsgi.hooks.policy_enforcement [req-e1ad0a56-5e77-4b90-af6b-898a3c5fd407 req-7fac1e8d-5f1e-4ca0-9d3b-ad2c7e680cbf service neutron] Attributes excluded by policy engine: ['standard_attr_id', 'shared'] {{(pid=103476) _exclude_attributes_by_policy /opt/stack/neutron/neutron/pecan_wsgi/hooks/policy_enforcement.py:255}}
Nov 19 09:06:15.432981 n-d-805649-14 neutron-server[103476]: INFO neutron.wsgi [req-e1ad0a56-5e77-4b90-af6b-898a3c5fd407 req-7fac1e8d-5f1e-4ca0-9d3b-ad2c7e680cbf service neutron] 10.222.0.71 "GET /v2.0/subnets?id=cb44e963-ed39-4b78-bd76-91d865d13acd HTTP/1.1" status: 200 len: 843 time: 0.2342811
Nov 19 09:06:15.439166 n-d-805649-14 neutron-server[103476]: DEBUG neutron_lib.callbacks.manager [req-b2e41df6-c122-4f9d-a910-f32fc6c50b99 req-3df5f841-59f4-4cdd-becd-b64d3c4d7350 service neutron] Publish callbacks ['neutron.plugins.ml2.plugin.SecurityGroupServerNotifierRpcMixin._notify_sg_on_port_change-1598904', 'neutron.plugins.ml2.ovo_rpc._ObjectChangeHandler.handle_event-38707', 'neutron.api.rpc.agentnotifiers.dhcp_rpc_agent_api.DhcpAgentNotifyAPI._native_event_send_dhcp_notification-572184', 'neutron.db.l3_db.L3RpcNotifierMixin._notify_gateway_port_ip_changed-8764965949139', 'neutron.db.l3_dvrscheduler_db._notify_l3_agent_port_update-8764965376184', 'neutron.db.l3_hascheduler_db._notify_l3_agent_ha_port_update-8764965376202'] for port, after_update {{(pid=103476) _notify_loop /usr/local/lib/python3.8/dist-packages/neutron_lib/callbacks/manager.py:175}}
Nov 19 09:06:15.584724 n-d-805649-14 neutron-server[103476]: DEBUG neutron.api.rpc.handlers.resources_rpc [None req-3df5f841-59f4-4cdd-becd-b64d3c4d7350 service neutron] Pushing event updated for resources: {'Port': ['ID=63ed9b9c-4588-4ad7-9a8d-1f43ba0cf051,revision_number=3']} {{(pid=103476) push /opt/stack/neutron/neutron/api/rpc/handlers/resources_rpc.py:237}}
Nov 19 09:06:15.625337 n-d-805649-14 neutron-server[103476]: DEBUG neutron.pecan_wsgi.hooks.policy_enforcement [req-b2e41df6-c122-4f9d-a910-f32fc6c50b99 req-3df5f841-59f4-4cdd-becd-b64d3c4d7350 service neutron] Attributes excluded by policy engine: ['standard_attr_id'] {{(pid=103476) _exclude_attributes_by_policy /opt/stack/neutron/neutron/pecan_wsgi/hooks/policy_enforcement.py:255}}
Nov 19 09:06:15.626392 n-d-805649-14 neutron-server[103476]: DEBUG neutron_lib.callbacks.manager [req-b2e41df6-c122-4f9d-a910-f32fc6c50b99 req-3df5f841-59f4-4cdd-becd-b64d3c4d7350 service neutron] Publish callbacks ['neutron.notifiers.nova.Notifier._send_nova_notification-84667', 'neutron.api.rpc.agentnotifiers.dhcp_rpc_agent_api.DhcpAgentNotifyAPI._send_dhcp_notification-572170'] for port, before_response {{(pid=103476) _notify_loop /usr/local/lib/python3.8/dist-packages/neutron_lib/callbacks/manager.py:175}}
Nov 19 09:06:15.628207 n-d-805649-14 neutron-server[103476]: INFO neutron.wsgi [req-b2e41df6-c122-4f9d-a910-f32fc6c50b99 req-3df5f841-59f4-4cdd-becd-b64d3c4d7350 service neutron] 10.222.0.66 "PUT /v2.0/ports/63ed9b9c-4588-4ad7-9a8d-1f43ba0cf051 HTTP/1.1" status: 200 len: 1119 time: 4.3303812
Nov 19 09:06:15.704941 n-d-805649-14 neutron-server[103477]: DEBUG neutron.pecan_wsgi.hooks.policy_enforcement [req-136195bc-3fad-4b5c-8930-59ed59556b2e req-2e3ad8ee-195d-430f-a14f-dd190def7bb3 tempest-AggregatesAdminTestJSON-1599099563 tempest-AggregatesAdminTestJSON-1599099563-project] Attributes excluded by policy engine: ['standard_attr_id', 'binding:profile', 'binding:host_id', 'binding:vif_type', 'binding:vif_details'] {{(pid=103477) _exclude_attributes_by_policy /opt/stack/neutron/neutron/pecan_wsgi/hooks/policy_enforcement.py:255}}
Nov 19 09:06:15.710798 n-d-805649-14 neutron-server[103476]: DEBUG neutron.pecan_wsgi.hooks.policy_enforcement [req-e1ad0a56-5e77-4b90-af6b-898a3c5fd407 req-f7ad0e43-0d4b-4c21-bab1-d73927b6f691 service neutron] Attributes excluded by policy engine: ['standard_attr_id'] {{(pid=103476) _exclude_attributes_by_policy /opt/stack/neutron/neutron/pecan_wsgi/hooks/policy_enforcement.py:255}}
Nov 19 09:06:15.712914 n-d-805649-14 neutron-server[103476]: INFO neutron.wsgi [req-e1ad0a56-5e77-4b90-af6b-898a3c5fd407 req-f7ad0e43-0d4b-4c21-bab1-d73927b6f691 service neutron] 10.222.0.71 "GET /v2.0/ports?network_id=c2779d10-e994-423d-af82-b858264cfac5&device_owner=network%3Adhcp HTTP/1.1" status: 200 len: 1167 time: 0.1292126
Nov 19 09:06:15.715733 n-d-805649-14 neutron-server[103477]: INFO neutron.wsgi [req-136195bc-3fad-4b5c-8930-59ed59556b2e req-2e3ad8ee-195d-430f-a14f-dd190def7bb3 tempest-AggregatesAdminTestJSON-1599099563 tempest-AggregatesAdminTestJSON-1599099563-project] 10.222.0.21 "GET /v2.0/ports?device_id=33f31bb7-1871-47d3-91fb-91b0ab6a8d50 HTTP/1.1" status: 200 len: 970 time: 0.2343576
Nov 19 09:06:15.803546 n-d-805649-14 neutron-server[103477]: DEBUG neutron.wsgi [-] (103477) accepted ('10.222.0.21', 55400) {{(pid=103477) server /usr/local/lib/python3.8/dist-packages/eventlet/wsgi.py:1004}}
Nov 19 09:06:15.911967 n-d-805649-14 neutron-server[103477]: DEBUG neutron_lib.callbacks.manager [None req-f3548c39-515c-4bfd-960b-e180c97e48ef admin admin] Publish callbacks [] for security_group, before_create {{(pid=103477) _notify_loop /usr/local/lib/python3.8/dist-packages/neutron_lib/callbacks/manager.py:175}}
Nov 19 09:06:15.993670 n-d-805649-14 neutron-server[103476]: DEBUG novaclient.v2.client [-] REQ: curl -g -i --cacert "/opt/stack/data/ca-bundle.pem" -X POST http://10.222.0.21/compute/v2.1/os-server-external-events -H "Accept: application/json" -H "Content-Type: application/json" -H "User-Agent: python-novaclient" -H "X-Auth-Token: {SHA256}4895ad36384a6dc87c17602a5167deaf9b01a37958d0ec90fce35a1dc3b47274" -H "X-OpenStack-Nova-API-Version: 2.1" -H "X-OpenStack-Request-ID: req-96d8cffb-c4d4-46f5-94c1-77a248abffba" -d '{"events": [{"name": "network-changed", "server_uuid": "b4467767-eb03-4116-a8cb-7631647cea78", "tag": "0095aa68-8488-440e-a2ec-1f78890999bc"}]}' {{(pid=103476) _http_log_request /usr/local/lib/python3.8/dist-packages/keystoneauth1/session.py:519}}
Nov 19 09:06:16.058001 n-d-805649-14 neutron-server[103477]: INFO neutron.wsgi [req-136195bc-3fad-4b5c-8930-59ed59556b2e req-1d6bbee0-b04b-4fd7-93bc-303cd03a1658 tempest-AggregatesAdminTestJSON-1599099563 tempest-AggregatesAdminTestJSON-1599099563-project] 10.222.0.21 "GET /v2.0/security-groups?id=e87cd247-bd49-4be2-9c94-de134e3bc064&fields=id&fields=name HTTP/1.1" status: 200 len: 286 time: 0.3394294
Nov 19 09:06:16.149938 n-d-805649-14 neutron-server[103476]: INFO neutron.wsgi [req-e1ad0a56-5e77-4b90-af6b-898a3c5fd407 req-fc70b129-7663-49c8-b142-1d2ad6208871 service neutron] 10.222.0.71 "GET /v2.0/networks/c2779d10-e994-423d-af82-b858264cfac5?fields=segments HTTP/1.1" status: 200 len: 212 time: 0.4254539
Nov 19 09:06:16.170697 n-d-805649-14 neutron-server[103477]: DEBUG neutron.pecan_wsgi.hooks.policy_enforcement [req-703d5989-8c41-406d-a41e-a1e2a46e05aa req-6f1d8e9a-925b-45c6-915d-6e51ab9e8f78 tempest-DeleteServersAdminTestJSON-1783325787 tempest-DeleteServersAdminTestJSON-1783325787-project] Attributes excluded by policy engine: ['standard_attr_id', 'binding:profile', 'binding:host_id', 'binding:vif_type', 'binding:vif_details'] {{(pid=103477) _exclude_attributes_by_policy /opt/stack/neutron/neutron/pecan_wsgi/hooks/policy_enforcement.py:255}}
Nov 19 09:06:16.173721 n-d-805649-14 neutron-server[103477]: INFO neutron.wsgi [req-703d5989-8c41-406d-a41e-a1e2a46e05aa req-6f1d8e9a-925b-45c6-915d-6e51ab9e8f78 tempest-DeleteServersAdminTestJSON-1783325787 tempest-DeleteServersAdminTestJSON-1783325787-project] 10.222.0.21 "GET /v2.0/ports?device_id=b4467767-eb03-4116-a8cb-7631647cea78 HTTP/1.1" status: 200 len: 947 time: 0.1455841
Nov 19 09:06:16.216910 n-d-805649-14 neutron-server[103477]: DEBUG neutron_lib.callbacks.manager [None req-f3548c39-515c-4bfd-960b-e180c97e48ef admin admin] Publish callbacks [] for security_group, precommit_create {{(pid=103477) _notify_loop /usr/local/lib/python3.8/dist-packages/neutron_lib/callbacks/manager.py:175}}
Nov 19 09:06:16.259840 n-d-805649-14 neutron-server[103477]: DEBUG neutron_lib.callbacks.manager [None req-f3548c39-515c-4bfd-960b-e180c97e48ef admin admin] Publish callbacks ['neutron.plugins.ml2.ovo_rpc._ObjectChangeHandler.handle_event-778111'] for security_group, after_create {{(pid=103477) _notify_loop /usr/local/lib/python3.8/dist-packages/neutron_lib/callbacks/manager.py:175}}
Nov 19 09:06:16.326303 n-d-805649-14 neutron-server[103476]: DEBUG neutron.pecan_wsgi.hooks.policy_enforcement [req-b2e41df6-c122-4f9d-a910-f32fc6c50b99 req-2505292b-7417-4d3b-8abd-06ce1c077f99 service neutron] Attributes excluded by policy engine: ['standard_attr_id'] {{(pid=103476) _exclude_attributes_by_policy /opt/stack/neutron/neutron/pecan_wsgi/hooks/policy_enforcement.py:255}}
Nov 19 09:06:16.327821 n-d-805649-14 neutron-server[103476]: INFO neutron.wsgi [req-b2e41df6-c122-4f9d-a910-f32fc6c50b99 req-2505292b-7417-4d3b-8abd-06ce1c077f99 service neutron] 10.222.0.66 "GET /v2.0/ports?tenant_id=ea170a36cb1d4dabb7e5137ec821d052&device_id=33f31bb7-1871-47d3-91fb-91b0ab6a8d50 HTTP/1.1" status: 200 len: 1122 time: 0.4117727
Nov 19 09:06:16.423298 n-d-805649-14 neutron-server[103476]: DEBUG neutron.wsgi [-] (103476) accepted ('10.222.0.21', 55410) {{(pid=103476) server /usr/local/lib/python3.8/dist-packages/eventlet/wsgi.py:1004}}
Nov 19 09:06:16.433393 n-d-805649-14 neutron-server[103477]: INFO neutron.wsgi [None req-f3548c39-515c-4bfd-960b-e180c97e48ef admin admin] 10.222.0.21 "GET /v2.0/security-groups?tenant_id=94ffafdecebd457a921febbc63bbd6a2&name=default HTTP/1.1" status: 200 len: 2992 time: 0.6204066
Nov 19 09:06:16.449965 n-d-805649-14 neutron-server[103477]: DEBUG neutron.api.rpc.handlers.resources_rpc [None req-f3548c39-515c-4bfd-960b-e180c97e48ef admin admin] Pushing event updated for resources: {'SecurityGroup': ['ID=8addcb00-37c1-440b-96af-10332b249d39,revision_number=1']} {{(pid=103477) push /opt/stack/neutron/neutron/api/rpc/handlers/resources_rpc.py:237}}
Nov 19 09:06:16.473423 n-d-805649-14 neutron-server[103477]: INFO neutron.wsgi [req-703d5989-8c41-406d-a41e-a1e2a46e05aa req-c34db907-2138-4fae-9a31-68cea27c684a tempest-DeleteServersAdminTestJSON-1783325787 tempest-DeleteServersAdminTestJSON-1783325787-project] 10.222.0.21 "GET /v2.0/security-groups?id=338464d9-7e6d-45c2-bbef-e104fe012360&fields=id&fields=name HTTP/1.1" status: 200 len: 286 time: 0.2920973
Nov 19 09:06:16.543228 n-d-805649-14 neutron-server[103476]: INFO neutron.wsgi [req-e1ad0a56-5e77-4b90-af6b-898a3c5fd407 req-3ee65cdc-bf99-4184-be37-dc9ae2958fb5 service neutron] 10.222.0.71 "GET /v2.0/networks/c2779d10-e994-423d-af82-b858264cfac5?fields=provider%3Aphysical_network&fields=provider%3Anetwork_type HTTP/1.1" status: 200 len: 281 time: 0.3870161
Nov 19 09:06:16.547668 n-d-805649-14 neutron-server[103476]: INFO neutron.wsgi [req-b2e41df6-c122-4f9d-a910-f32fc6c50b99 req-881d6694-a84e-480e-9d8e-3ca6256a92ca service neutron] 10.222.0.66 "GET /v2.0/floatingips?fixed_ip_address=192.168.233.191&port_id=63ed9b9c-4588-4ad7-9a8d-1f43ba0cf051 HTTP/1.1" status: 200 len: 217 time: 0.0844142
Nov 19 09:06:16.728072 n-d-805649-14 neutron-server[103476]: DEBUG neutron.pecan_wsgi.hooks.policy_enforcement [req-b2e41df6-c122-4f9d-a910-f32fc6c50b99 req-4a7ea932-2a26-4c50-9871-6076d9cb91ac service neutron] Attributes excluded by policy engine: ['standard_attr_id', 'shared'] {{(pid=103476) _exclude_attributes_by_policy /opt/stack/neutron/neutron/pecan_wsgi/hooks/policy_enforcement.py:255}}
Nov 19 09:06:16.734437 n-d-805649-14 neutron-server[103476]: INFO neutron.wsgi [req-b2e41df6-c122-4f9d-a910-f32fc6c50b99 req-4a7ea932-2a26-4c50-9871-6076d9cb91ac service neutron] 10.222.0.66 "GET /v2.0/subnets?id=cb44e963-ed39-4b78-bd76-91d865d13acd HTTP/1.1" status: 200 len: 843 time: 0.1510224
Nov 19 09:06:16.754178 n-d-805649-14 neutron-server[103476]: DEBUG neutron_lib.callbacks.manager [None req-1690152f-4e37-4f21-b27a-18bb065a7f40 admin admin] Publish callbacks [] for security_group, before_delete {{(pid=103476) _notify_loop /usr/local/lib/python3.8/dist-packages/neutron_lib/callbacks/manager.py:175}}
Nov 19 09:06:16.888755 n-d-805649-14 neutron-server[103476]: DEBUG neutron_lib.callbacks.manager [None req-1690152f-4e37-4f21-b27a-18bb065a7f40 admin admin] Publish callbacks [] for security_group, precommit_delete {{(pid=103476) _notify_loop /usr/local/lib/python3.8/dist-packages/neutron_lib/callbacks/manager.py:175}}
Nov 19 09:06:16.969737 n-d-805649-14 neutron-server[103476]: DEBUG neutron.pecan_wsgi.hooks.policy_enforcement [req-b2e41df6-c122-4f9d-a910-f32fc6c50b99 req-723de921-7192-43cc-aa87-3e6c4534980d service neutron] Attributes excluded by policy engine: ['standard_attr_id'] {{(pid=103476) _exclude_attributes_by_policy /opt/stack/neutron/neutron/pecan_wsgi/hooks/policy_enforcement.py:255}}
Nov 19 09:06:16.971218 n-d-805649-14 neutron-server[103476]: INFO neutron.wsgi [req-b2e41df6-c122-4f9d-a910-f32fc6c50b99 req-723de921-7192-43cc-aa87-3e6c4534980d service neutron] 10.222.0.66 "GET /v2.0/ports?network_id=c2779d10-e994-423d-af82-b858264cfac5&device_owner=network%3Adhcp HTTP/1.1" status: 200 len: 1167 time: 0.2064619
Nov 19 09:06:17.006337 n-d-805649-14 neutron-server[103477]: DEBUG neutron.wsgi [-] (103477) accepted ('10.222.0.21', 55420) {{(pid=103477) server /usr/local/lib/python3.8/dist-packages/eventlet/wsgi.py:1004}}
Nov 19 09:06:17.061857 n-d-805649-14 neutron-server[103476]: DEBUG neutron_lib.callbacks.manager [None req-1690152f-4e37-4f21-b27a-18bb065a7f40 admin admin] Publish callbacks ['neutron.plugins.ml2.ovo_rpc._ObjectChangeHandler.handle_event-778111'] for security_group, after_delete {{(pid=103476) _notify_loop /usr/local/lib/python3.8/dist-packages/neutron_lib/callbacks/manager.py:175}}
Nov 19 09:06:17.066708 n-d-805649-14 neutron-server[103476]: DEBUG neutron_lib.callbacks.manager [None req-1690152f-4e37-4f21-b27a-18bb065a7f40 admin admin] Publish callbacks [] for security_group, before_response {{(pid=103476) _notify_loop /usr/local/lib/python3.8/dist-packages/neutron_lib/callbacks/manager.py:175}}
Nov 19 09:06:17.069035 n-d-805649-14 neutron-server[103476]: INFO neutron.wsgi [None req-1690152f-4e37-4f21-b27a-18bb065a7f40 admin admin] 10.222.0.21 "DELETE /v2.0/security-groups/8addcb00-37c1-440b-96af-10332b249d39 HTTP/1.1" status: 204 len: 168 time: 0.6396673
Nov 19 09:06:17.224293 n-d-805649-14 neutron-server[103476]: DEBUG neutron.api.rpc.handlers.resources_rpc [None req-1690152f-4e37-4f21-b27a-18bb065a7f40 admin admin] Pushing event deleted for resources: {'SecurityGroup': ['ID=8addcb00-37c1-440b-96af-10332b249d39,revision_number=None']} {{(pid=103476) push /opt/stack/neutron/neutron/api/rpc/handlers/resources_rpc.py:237}}
Nov 19 09:06:17.403720 n-d-805649-14 neutron-server[103476]: DEBUG novaclient.v2.client [-] RESP: [200] Connection: close Content-Length: 179 Content-Type: application/json Date: Fri, 19 Nov 2021 09:06:16 GMT OpenStack-API-Version: compute 2.1 Server: Apache/2.4.41 (Ubuntu) Vary: OpenStack-API-Version,X-OpenStack-Nova-API-Version X-OpenStack-Nova-API-Version: 2.1 x-compute-request-id: req-d3ae7da2-92b8-4f7e-9be0-a286e39aa79e x-openstack-request-id: req-d3ae7da2-92b8-4f7e-9be0-a286e39aa79e {{(pid=103476) _http_log_response /usr/local/lib/python3.8/dist-packages/keystoneauth1/session.py:550}}
Nov 19 09:06:17.404174 n-d-805649-14 neutron-server[103476]: DEBUG novaclient.v2.client [-] RESP BODY: {"events": [{"name": "network-changed", "server_uuid": "b4467767-eb03-4116-a8cb-7631647cea78", "tag": "0095aa68-8488-440e-a2ec-1f78890999bc", "status": "completed", "code": 200}]} {{(pid=103476) _http_log_response /usr/local/lib/python3.8/dist-packages/keystoneauth1/session.py:582}}
Nov 19 09:06:17.404631 n-d-805649-14 neutron-server[103476]: DEBUG novaclient.v2.client [-] POST call to compute for http://10.222.0.21/compute/v2.1/os-server-external-events used request id req-d3ae7da2-92b8-4f7e-9be0-a286e39aa79e {{(pid=103476) request /usr/local/lib/python3.8/dist-packages/keystoneauth1/session.py:954}}
Nov 19 09:06:17.405426 n-d-805649-14 neutron-server[103476]: INFO neutron.notifiers.nova [-] Nova event response: {'name': 'network-changed', 'server_uuid': 'b4467767-eb03-4116-a8cb-7631647cea78', 'tag': '0095aa68-8488-440e-a2ec-1f78890999bc', 'status': 'completed', 'code': 200}
Nov 19 09:06:17.441469 n-d-805649-14 neutron-server[103476]: INFO neutron.wsgi [req-b2e41df6-c122-4f9d-a910-f32fc6c50b99 req-86c67e70-5eb0-4e05-b93e-9a1fc7016860 service neutron] 10.222.0.66 "GET /v2.0/networks/c2779d10-e994-423d-af82-b858264cfac5?fields=segments HTTP/1.1" status: 200 len: 212 time: 0.4458792
Nov 19 09:06:17.553874 n-d-805649-14 neutron-server[103477]: DEBUG neutron.pecan_wsgi.hooks.policy_enforcement [req-33543ffa-ec03-4d0f-aac7-c46b5ec4bcd6 req-04950a53-d880-41fd-b22e-06a2de615a0b tempest-AggregatesAdminTestJSON-1599099563 tempest-AggregatesAdminTestJSON-1599099563-project] Attributes excluded by policy engine: ['standard_attr_id', 'binding:profile', 'binding:host_id', 'binding:vif_type', 'binding:vif_details'] {{(pid=103477) _exclude_attributes_by_policy /opt/stack/neutron/neutron/pecan_wsgi/hooks/policy_enforcement.py:255}}
Nov 19 09:06:17.556227 n-d-805649-14 neutron-server[103477]: INFO neutron.wsgi [req-33543ffa-ec03-4d0f-aac7-c46b5ec4bcd6 req-04950a53-d880-41fd-b22e-06a2de615a0b tempest-AggregatesAdminTestJSON-1599099563 tempest-AggregatesAdminTestJSON-1599099563-project] 10.222.0.21 "GET /v2.0/ports?device_id=33f31bb7-1871-47d3-91fb-91b0ab6a8d50 HTTP/1.1" status: 200 len: 970 time: 0.2392380
Nov 19 09:06:17.635846 n-d-805649-14 neutron-server[103478]: DEBUG neutron_lib.callbacks.manager [None req-c83ecebe-e958-405a-ba29-3b6827a3d73b None None] Publish callbacks ['neutron.services.segments.db._update_segment_host_mapping_for_agent-8764965905008', 'neutron.plugins.ml2.plugin.Ml2Plugin._retry_binding_revived_agents-1741594'] for agent, after_update {{(pid=103478) _notify_loop /usr/local/lib/python3.8/dist-packages/neutron_lib/callbacks/manager.py:175}}
Nov 19 09:06:17.637805 n-d-805649-14 neutron-server[103476]: DEBUG neutron.pecan_wsgi.hooks.policy_enforcement [req-96d8cffb-c4d4-46f5-94c1-77a248abffba req-a72d2a5c-125b-488a-975e-7a357f186cc4 service neutron] Attributes excluded by policy engine: ['standard_attr_id'] {{(pid=103476) _exclude_attributes_by_policy /opt/stack/neutron/neutron/pecan_wsgi/hooks/policy_enforcement.py:255}}
Nov 19 09:06:17.639939 n-d-805649-14 neutron-server[103476]: INFO neutron.wsgi [req-96d8cffb-c4d4-46f5-94c1-77a248abffba req-a72d2a5c-125b-488a-975e-7a357f186cc4 service neutron] 10.222.0.71 "GET /v2.0/ports?tenant_id=45a5cea8257f4f7c89a7227bed0d4e7e&device_id=b4467767-eb03-4116-a8cb-7631647cea78 HTTP/1.1" status: 200 len: 1099 time: 0.1973898
Nov 19 09:06:17.677437 n-d-805649-14 neutron-server[103477]: DEBUG neutron_lib.callbacks.manager [None req-ca376dfb-bde0-4d1c-b5d9-b416d39df0d2 admin admin] Publish callbacks [] for security_group, before_create {{(pid=103477) _notify_loop /usr/local/lib/python3.8/dist-packages/neutron_lib/callbacks/manager.py:175}}
Nov 19 09:06:17.783567 n-d-805649-14 neutron-server[103477]: INFO neutron.wsgi [req-33543ffa-ec03-4d0f-aac7-c46b5ec4bcd6 req-95a5165c-691f-4549-affb-d552bb4ca4a3 tempest-AggregatesAdminTestJSON-1599099563 tempest-AggregatesAdminTestJSON-1599099563-project] 10.222.0.21 "GET /v2.0/security-groups?id=e87cd247-bd49-4be2-9c94-de134e3bc064&fields=id&fields=name HTTP/1.1" status: 200 len: 286 time: 0.2025492
Nov 19 09:06:18.002890 n-d-805649-14 neutron-server[103477]: DEBUG neutron.pecan_wsgi.hooks.policy_enforcement [req-70ecf072-96ab-47f9-a0b8-9d0fc04ac717 req-659af052-b573-4d0a-b46f-831867dadce4 tempest-DeleteServersAdminTestJSON-1783325787 tempest-DeleteServersAdminTestJSON-1783325787-project] Attributes excluded by policy engine: ['standard_attr_id', 'binding:profile', 'binding:host_id', 'binding:vif_type', 'binding:vif_details'] {{(pid=103477) _exclude_attributes_by_policy /opt/stack/neutron/neutron/pecan_wsgi/hooks/policy_enforcement.py:255}}
Nov 19 09:06:18.012728 n-d-805649-14 neutron-server[103477]: INFO neutron.wsgi [req-70ecf072-96ab-47f9-a0b8-9d0fc04ac717 req-659af052-b573-4d0a-b46f-831867dadce4 tempest-DeleteServersAdminTestJSON-1783325787 tempest-DeleteServersAdminTestJSON-1783325787-project] 10.222.0.21 "GET /v2.0/ports?device_id=b4467767-eb03-4116-a8cb-7631647cea78 HTTP/1.1" status: 200 len: 947 time: 0.3179288
Nov 19 09:06:18.115493 n-d-805649-14 neutron-server[103476]: DEBUG neutron.pecan_wsgi.hooks.policy_enforcement [req-96d8cffb-c4d4-46f5-94c1-77a248abffba req-24d639fd-7f34-4f0b-b8c6-9107c1a178da service neutron] Attributes excluded by policy engine: ['standard_attr_id', 'vlan_transparent'] {{(pid=103476) _exclude_attributes_by_policy /opt/stack/neutron/neutron/pecan_wsgi/hooks/policy_enforcement.py:255}}
Nov 19 09:06:18.117466 n-d-805649-14 neutron-server[103476]: INFO neutron.wsgi [req-96d8cffb-c4d4-46f5-94c1-77a248abffba req-24d639fd-7f34-4f0b-b8c6-9107c1a178da service neutron] 10.222.0.71 "GET /v2.0/networks?id=c2779d10-e994-423d-af82-b858264cfac5 HTTP/1.1" status: 200 len: 870 time: 0.4670918
