Aug 20 10:46:29.604828 n-d-805195-2 devstack@c-api.service[101439]: DEBUG cinder.api.extensions [-] Calling extension factory cinder.api.contrib.volume_type_access.Volume_type_access {{(pid=101439) load_extension /opt/stack/cinder/cinder/api/extensions.py:205}}
Aug 20 10:46:29.605065 n-d-805195-2 devstack@c-api.service[101439]: DEBUG cinder.api.extensions [-] Ext name: VolumeTypeAccess {{(pid=101439) _check_extension /opt/stack/cinder/cinder/api/extensions.py:179}}
Aug 20 10:46:29.605298 n-d-805195-2 devstack@c-api.service[101439]: DEBUG cinder.api.extensions [-] Ext alias: os-volume-type-access {{(pid=101439) _check_extension /opt/stack/cinder/cinder/api/extensions.py:180}}
Aug 20 10:46:29.605609 n-d-805195-2 devstack@c-api.service[101439]: DEBUG cinder.api.extensions [-] Ext description: Volume type access support. {{(pid=101439) _check_extension /opt/stack/cinder/cinder/api/extensions.py:181}}
Aug 20 10:46:29.605750 n-d-805195-2 devstack@c-api.service[101439]: DEBUG cinder.api.extensions [-] Ext updated: 2014-06-26T00:00:00Z {{(pid=101439) _check_extension /opt/stack/cinder/cinder/api/extensions.py:183}}
Aug 20 10:46:29.605984 n-d-805195-2 devstack@c-api.service[101439]: DEBUG cinder.api.extensions [-] Loaded extension: os-volume-type-access {{(pid=101439) register /opt/stack/cinder/cinder/api/extensions.py:140}}
Aug 20 10:46:29.606233 n-d-805195-2 devstack@c-api.service[101439]: DEBUG cinder.api.extensions [-] Loading extension cinder.api.contrib.snapshot_manage.Snapshot_manage {{(pid=101439) load_extension /opt/stack/cinder/cinder/api/extensions.py:199}}
Aug 20 10:46:29.606490 n-d-805195-2 devstack@c-api.service[101439]: DEBUG cinder.api.extensions [-] Calling extension factory cinder.api.contrib.snapshot_manage.Snapshot_manage {{(pid=101439) load_extension /opt/stack/cinder/cinder/api/extensions.py:205}}
Aug 20 10:46:29.606773 n-d-805195-2 devstack@c-api.service[101439]: DEBUG cinder.api.extensions [-] Ext name: SnapshotManage {{(pid=101439) _check_extension /opt/stack/cinder/cinder/api/extensions.py:179}}
Aug 20 10:46:29.606946 n-d-805195-2 devstack@c-api.service[101439]: DEBUG cinder.api.extensions [-] Ext alias: os-snapshot-manage {{(pid=101439) _check_extension /opt/stack/cinder/cinder/api/extensions.py:180}}
Aug 20 10:46:29.607326 n-d-805195-2 devstack@c-api.service[101439]: DEBUG cinder.api.extensions [-] Ext description: Allows existing backend storage to be 'managed' by Cinder. {{(pid=101439) _check_extension /opt/stack/cinder/cinder/api/extensions.py:181}}
Aug 20 10:46:29.607326 n-d-805195-2 devstack@c-api.service[101439]: DEBUG cinder.api.extensions [-] Ext updated: 2014-12-31T00:00:00+00:00 {{(pid=101439) _check_extension /opt/stack/cinder/cinder/api/extensions.py:183}}
Aug 20 10:46:29.607570 n-d-805195-2 devstack@c-api.service[101440]: DEBUG oslo_db.sqlalchemy.engines [None req-a589dd00-e643-4267-a44b-00a451d81666 None None] MySQL server mode set to STRICT_TRANS_TABLES,STRICT_ALL_TABLES,NO_ZERO_IN_DATE,NO_ZERO_DATE,ERROR_FOR_DIVISION_BY_ZERO,TRADITIONAL,NO_ENGINE_SUBSTITUTION {{(pid=101440) _check_effective_sql_mode /usr/local/lib/python3.8/dist-packages/oslo_db/sqlalchemy/engines.py:314}}
Aug 20 10:46:29.607702 n-d-805195-2 devstack@c-api.service[101439]: DEBUG cinder.api.extensions [-] Loaded extension: os-snapshot-manage {{(pid=101439) register /opt/stack/cinder/cinder/api/extensions.py:140}}
Aug 20 10:46:29.608687 n-d-805195-2 devstack@c-api.service[101439]: DEBUG cinder.api.extensions [-] Loading extension cinder.api.contrib.used_limits.Used_limits {{(pid=101439) load_extension /opt/stack/cinder/cinder/api/extensions.py:199}}
Aug 20 10:46:29.608687 n-d-805195-2 devstack@c-api.service[101439]: DEBUG cinder.api.extensions [-] Calling extension factory cinder.api.contrib.used_limits.Used_limits {{(pid=101439) load_extension /opt/stack/cinder/cinder/api/extensions.py:205}}
Aug 20 10:46:29.608687 n-d-805195-2 devstack@c-api.service[101439]: DEBUG cinder.api.extensions [-] Ext name: UsedLimits {{(pid=101439) _check_extension /opt/stack/cinder/cinder/api/extensions.py:179}}
Aug 20 10:46:29.608687 n-d-805195-2 devstack@c-api.service[101439]: DEBUG cinder.api.extensions [-] Ext alias: os-used-limits {{(pid=101439) _check_extension /opt/stack/cinder/cinder/api/extensions.py:180}}
Aug 20 10:46:29.608687 n-d-805195-2 devstack@c-api.service[101439]: DEBUG cinder.api.extensions [-] Ext description: Provide data on limited resources that are being used. {{(pid=101439) _check_extension /opt/stack/cinder/cinder/api/extensions.py:181}}
Aug 20 10:46:29.609305 n-d-805195-2 devstack@c-api.service[101439]: DEBUG cinder.api.extensions [-] Ext updated: 2013-10-03T00:00:00+00:00 {{(pid=101439) _check_extension /opt/stack/cinder/cinder/api/extensions.py:183}}
Aug 20 10:46:29.609305 n-d-805195-2 devstack@c-api.service[101439]: DEBUG cinder.api.extensions [-] Loaded extension: os-used-limits {{(pid=101439) register /opt/stack/cinder/cinder/api/extensions.py:140}}
Aug 20 10:46:29.609539 n-d-805195-2 devstack@c-api.service[101439]: DEBUG cinder.api.extensions [-] Loading extension cinder.api.contrib.availability_zones.Availability_zones {{(pid=101439) load_extension /opt/stack/cinder/cinder/api/extensions.py:199}}
Aug 20 10:46:29.609668 n-d-805195-2 devstack@c-api.service[101439]: DEBUG cinder.api.extensions [-] Calling extension factory cinder.api.contrib.availability_zones.Availability_zones {{(pid=101439) load_extension /opt/stack/cinder/cinder/api/extensions.py:205}}
Aug 20 10:46:29.609895 n-d-805195-2 devstack@c-api.service[101439]: DEBUG cinder.api.extensions [-] Ext name: AvailabilityZones {{(pid=101439) _check_extension /opt/stack/cinder/cinder/api/extensions.py:179}}
Aug 20 10:46:29.610125 n-d-805195-2 devstack@c-api.service[101439]: DEBUG cinder.api.extensions [-] Ext alias: os-availability-zone {{(pid=101439) _check_extension /opt/stack/cinder/cinder/api/extensions.py:180}}
Aug 20 10:46:29.610359 n-d-805195-2 devstack@c-api.service[101439]: DEBUG cinder.api.extensions [-] Ext description: Describe Availability Zones. {{(pid=101439) _check_extension /opt/stack/cinder/cinder/api/extensions.py:181}}
Aug 20 10:46:29.610629 n-d-805195-2 devstack@c-api.service[101439]: DEBUG cinder.api.extensions [-] Ext updated: 2013-06-27T00:00:00+00:00 {{(pid=101439) _check_extension /opt/stack/cinder/cinder/api/extensions.py:183}}
Aug 20 10:46:29.610860 n-d-805195-2 devstack@c-api.service[101439]: DEBUG cinder.api.extensions [-] Loaded extension: os-availability-zone {{(pid=101439) register /opt/stack/cinder/cinder/api/extensions.py:140}}
Aug 20 10:46:29.611110 n-d-805195-2 devstack@c-api.service[101439]: DEBUG cinder.api.extensions [-] Loading extension cinder.api.contrib.cgsnapshots.Cgsnapshots {{(pid=101439) load_extension /opt/stack/cinder/cinder/api/extensions.py:199}}
Aug 20 10:46:29.611351 n-d-805195-2 devstack@c-api.service[101439]: DEBUG cinder.api.extensions [-] Calling extension factory cinder.api.contrib.cgsnapshots.Cgsnapshots {{(pid=101439) load_extension /opt/stack/cinder/cinder/api/extensions.py:205}}
Aug 20 10:46:29.611583 n-d-805195-2 devstack@c-api.service[101439]: DEBUG cinder.api.extensions [-] Ext name: Cgsnapshots {{(pid=101439) _check_extension /opt/stack/cinder/cinder/api/extensions.py:179}}
Aug 20 10:46:29.611813 n-d-805195-2 devstack@c-api.service[101439]: DEBUG cinder.api.extensions [-] Ext alias: cgsnapshots {{(pid=101439) _check_extension /opt/stack/cinder/cinder/api/extensions.py:180}}
Aug 20 10:46:29.612045 n-d-805195-2 devstack@c-api.service[101439]: DEBUG cinder.api.extensions [-] Ext description: cgsnapshots support. {{(pid=101439) _check_extension /opt/stack/cinder/cinder/api/extensions.py:181}}
Aug 20 10:46:29.612287 n-d-805195-2 devstack@c-api.service[101439]: DEBUG cinder.api.extensions [-] Ext updated: 2014-08-18T00:00:00+00:00 {{(pid=101439) _check_extension /opt/stack/cinder/cinder/api/extensions.py:183}}
Aug 20 10:46:29.612525 n-d-805195-2 devstack@c-api.service[101439]: DEBUG cinder.api.extensions [-] Loaded extension: cgsnapshots {{(pid=101439) register /opt/stack/cinder/cinder/api/extensions.py:140}}
Aug 20 10:46:29.612738 n-d-805195-2 devstack@c-api.service[101439]: DEBUG cinder.api.extensions [-] Loading extension cinder.api.contrib.backups.Backups {{(pid=101439) load_extension /opt/stack/cinder/cinder/api/extensions.py:199}}
Aug 20 10:46:29.612903 n-d-805195-2 devstack@c-api.service[101439]: DEBUG cinder.api.extensions [-] Calling extension factory cinder.api.contrib.backups.Backups {{(pid=101439) load_extension /opt/stack/cinder/cinder/api/extensions.py:205}}
Aug 20 10:46:29.613081 n-d-805195-2 devstack@c-api.service[101439]: DEBUG cinder.api.extensions [-] Ext name: Backups {{(pid=101439) _check_extension /opt/stack/cinder/cinder/api/extensions.py:179}}
Aug 20 10:46:29.613253 n-d-805195-2 devstack@c-api.service[101439]: DEBUG cinder.api.extensions [-] Ext alias: backups {{(pid=101439) _check_extension /opt/stack/cinder/cinder/api/extensions.py:180}}
Aug 20 10:46:29.613428 n-d-805195-2 devstack@c-api.service[101439]: DEBUG cinder.api.extensions [-] Ext description: Backups support. {{(pid=101439) _check_extension /opt/stack/cinder/cinder/api/extensions.py:181}}
Aug 20 10:46:29.613820 n-d-805195-2 devstack@c-api.service[101439]: DEBUG cinder.api.extensions [-] Ext updated: 2012-12-12T00:00:00+00:00 {{(pid=101439) _check_extension /opt/stack/cinder/cinder/api/extensions.py:183}}
Aug 20 10:46:29.613820 n-d-805195-2 devstack@c-api.service[101439]: DEBUG cinder.api.extensions [-] Loaded extension: backups {{(pid=101439) register /opt/stack/cinder/cinder/api/extensions.py:140}}
Aug 20 10:46:29.614279 n-d-805195-2 devstack@c-api.service[101439]: DEBUG cinder.api.extensions [-] Loading extension cinder.api.contrib.consistencygroups.Consistencygroups {{(pid=101439) load_extension /opt/stack/cinder/cinder/api/extensions.py:199}}
Aug 20 10:46:29.614279 n-d-805195-2 devstack@c-api.service[101439]: DEBUG cinder.api.extensions [-] Calling extension factory cinder.api.contrib.consistencygroups.Consistencygroups {{(pid=101439) load_extension /opt/stack/cinder/cinder/api/extensions.py:205}}
Aug 20 10:46:29.614279 n-d-805195-2 devstack@c-api.service[101439]: DEBUG cinder.api.extensions [-] Ext name: Consistencygroups {{(pid=101439) _check_extension /opt/stack/cinder/cinder/api/extensions.py:179}}
Aug 20 10:46:29.614991 n-d-805195-2 devstack@c-api.service[101439]: DEBUG cinder.api.extensions [-] Ext alias: consistencygroups {{(pid=101439) _check_extension /opt/stack/cinder/cinder/api/extensions.py:180}}
Aug 20 10:46:29.614991 n-d-805195-2 devstack@c-api.service[101439]: DEBUG cinder.api.extensions [-] Ext description: consistency groups support. {{(pid=101439) _check_extension /opt/stack/cinder/cinder/api/extensions.py:181}}
Aug 20 10:46:29.614991 n-d-805195-2 devstack@c-api.service[101439]: DEBUG cinder.api.extensions [-] Ext updated: 2014-08-18T00:00:00+00:00 {{(pid=101439) _check_extension /opt/stack/cinder/cinder/api/extensions.py:183}}
Aug 20 10:46:29.614991 n-d-805195-2 devstack@c-api.service[101439]: DEBUG cinder.api.extensions [-] Loaded extension: consistencygroups {{(pid=101439) register /opt/stack/cinder/cinder/api/extensions.py:140}}
Aug 20 10:46:29.615544 n-d-805195-2 devstack@c-api.service[101439]: DEBUG cinder.api.extensions [-] Loading extension cinder.api.contrib.volume_host_attribute.Volume_host_attribute {{(pid=101439) load_extension /opt/stack/cinder/cinder/api/extensions.py:199}}
Aug 20 10:46:29.615544 n-d-805195-2 devstack@c-api.service[101439]: DEBUG cinder.api.extensions [-] Calling extension factory cinder.api.contrib.volume_host_attribute.Volume_host_attribute {{(pid=101439) load_extension /opt/stack/cinder/cinder/api/extensions.py:205}}
Aug 20 10:46:29.615544 n-d-805195-2 devstack@c-api.service[101439]: DEBUG cinder.api.extensions [-] Ext name: VolumeHostAttribute {{(pid=101439) _check_extension /opt/stack/cinder/cinder/api/extensions.py:179}}
Aug 20 10:46:29.615544 n-d-805195-2 devstack@c-api.service[101439]: DEBUG cinder.api.extensions [-] Ext alias: os-vol-host-attr {{(pid=101439) _check_extension /opt/stack/cinder/cinder/api/extensions.py:180}}
Aug 20 10:46:29.616202 n-d-805195-2 devstack@c-api.service[101439]: DEBUG cinder.api.extensions [-] Ext description: Expose host as an attribute of a volume. {{(pid=101439) _check_extension /opt/stack/cinder/cinder/api/extensions.py:181}}
Aug 20 10:46:29.616202 n-d-805195-2 devstack@c-api.service[101439]: DEBUG cinder.api.extensions [-] Ext updated: 2011-11-03T00:00:00+00:00 {{(pid=101439) _check_extension /opt/stack/cinder/cinder/api/extensions.py:183}}
Aug 20 10:46:29.616202 n-d-805195-2 devstack@c-api.service[101439]: DEBUG cinder.api.extensions [-] Loaded extension: os-vol-host-attr {{(pid=101439) register /opt/stack/cinder/cinder/api/extensions.py:140}}
Aug 20 10:46:29.616202 n-d-805195-2 devstack@c-api.service[101439]: DEBUG cinder.api.extensions [-] Loading extension cinder.api.contrib.scheduler_stats.Scheduler_stats {{(pid=101439) load_extension /opt/stack/cinder/cinder/api/extensions.py:199}}
Aug 20 10:46:29.617855 n-d-805195-2 devstack@c-api.service[101439]: DEBUG cinder.api.extensions [-] Calling extension factory cinder.api.contrib.scheduler_stats.Scheduler_stats {{(pid=101439) load_extension /opt/stack/cinder/cinder/api/extensions.py:205}}
Aug 20 10:46:29.617855 n-d-805195-2 devstack@c-api.service[101439]: DEBUG cinder.api.extensions [-] Ext name: Scheduler_stats {{(pid=101439) _check_extension /opt/stack/cinder/cinder/api/extensions.py:179}}
Aug 20 10:46:29.617855 n-d-805195-2 devstack@c-api.service[101439]: DEBUG cinder.api.extensions [-] Ext alias: scheduler-stats {{(pid=101439) _check_extension /opt/stack/cinder/cinder/api/extensions.py:180}}
Aug 20 10:46:29.617855 n-d-805195-2 devstack@c-api.service[101439]: DEBUG cinder.api.extensions [-] Ext description: Scheduler stats support. {{(pid=101439) _check_extension /opt/stack/cinder/cinder/api/extensions.py:181}}
Aug 20 10:46:29.617855 n-d-805195-2 devstack@c-api.service[101439]: DEBUG cinder.api.extensions [-] Ext updated: 2014-09-07T00:00:00+00:00 {{(pid=101439) _check_extension /opt/stack/cinder/cinder/api/extensions.py:183}}
Aug 20 10:46:29.617855 n-d-805195-2 devstack@c-api.service[101439]: DEBUG cinder.api.extensions [-] Loaded extension: scheduler-stats {{(pid=101439) register /opt/stack/cinder/cinder/api/extensions.py:140}}
Aug 20 10:46:29.618999 n-d-805195-2 devstack@c-api.service[101439]: /usr/local/lib/python3.8/dist-packages/oslo_db/sqlalchemy/enginefacade.py:355: OsloDBDeprecationWarning: EngineFacade is deprecated; please use oslo_db.sqlalchemy.enginefacade
Aug 20 10:46:29.618999 n-d-805195-2 devstack@c-api.service[101439]: self._legacy_facade = LegacyEngineFacade(None, _factory=self)
Aug 20 10:46:29.642004 n-d-805195-2 devstack@c-api.service[101439]: DEBUG oslo_db.sqlalchemy.engines [None req-06630ddb-45e3-4ab8-9e37-6481d5e9cb76 None None] MySQL server mode set to STRICT_TRANS_TABLES,STRICT_ALL_TABLES,NO_ZERO_IN_DATE,NO_ZERO_DATE,ERROR_FOR_DIVISION_BY_ZERO,TRADITIONAL,NO_ENGINE_SUBSTITUTION {{(pid=101439) _check_effective_sql_mode /usr/local/lib/python3.8/dist-packages/oslo_db/sqlalchemy/engines.py:314}}
Aug 20 10:46:29.859414 n-d-805195-2 devstack@c-api.service[101440]: INFO cinder.rpc [None req-a589dd00-e643-4267-a44b-00a451d81666 None None] Automatically selected cinder-scheduler objects version 1.38 as minimum service version.
Aug 20 10:46:29.863319 n-d-805195-2 devstack@c-api.service[101440]: INFO cinder.rpc [None req-a589dd00-e643-4267-a44b-00a451d81666 None None] Automatically selected cinder-scheduler RPC version 3.12 as minimum service version.
Aug 20 10:46:29.867811 n-d-805195-2 devstack@c-api.service[101440]: INFO cinder.rpc [None req-a589dd00-e643-4267-a44b-00a451d81666 None None] Automatically selected cinder-volume objects version 1.38 as minimum service version.
Aug 20 10:46:29.871722 n-d-805195-2 devstack@c-api.service[101440]: INFO cinder.rpc [None req-a589dd00-e643-4267-a44b-00a451d81666 None None] Automatically selected cinder-volume RPC version 3.16 as minimum service version.
Aug 20 10:46:29.872685 n-d-805195-2 devstack@c-api.service[101440]: WARNING stevedore.named [None req-a589dd00-e643-4267-a44b-00a451d81666 None None] Could not load cinder.keymgr.conf_key_mgr.ConfKeyManager
Aug 20 10:46:29.873208 n-d-805195-2 devstack@c-api.service[101440]: WARNING castellan.key_manager [None req-a589dd00-e643-4267-a44b-00a451d81666 None None] Deprecation Warning : cinder.keymgr.conf_key_mgr.ConfKeyManager is not a stevedore based driver, trying to load it as a class: stevedore.exception.NoMatches: No 'castellan.drivers' driver found, looking for 'cinder.keymgr.conf_key_mgr.ConfKeyManager'
Aug 20 10:46:29.883801 n-d-805195-2 devstack@c-api.service[101439]: INFO cinder.rpc [None req-06630ddb-45e3-4ab8-9e37-6481d5e9cb76 None None] Automatically selected cinder-scheduler objects version 1.38 as minimum service version.
Aug 20 10:46:29.887272 n-d-805195-2 devstack@c-api.service[101439]: INFO cinder.rpc [None req-06630ddb-45e3-4ab8-9e37-6481d5e9cb76 None None] Automatically selected cinder-scheduler RPC version 3.12 as minimum service version.
Aug 20 10:46:29.891245 n-d-805195-2 devstack@c-api.service[101439]: INFO cinder.rpc [None req-06630ddb-45e3-4ab8-9e37-6481d5e9cb76 None None] Automatically selected cinder-volume objects version 1.38 as minimum service version.
Aug 20 10:46:29.892805 n-d-805195-2 devstack@c-api.service[101440]: WARNING cinder.keymgr.conf_key_mgr [None req-a589dd00-e643-4267-a44b-00a451d81666 None None] This key manager is insecure and is not recommended for production deployments: stevedore.exception.NoMatches: No 'castellan.drivers' driver found, looking for 'cinder.keymgr.conf_key_mgr.ConfKeyManager'
Aug 20 10:46:29.895108 n-d-805195-2 devstack@c-api.service[101439]: INFO cinder.rpc [None req-06630ddb-45e3-4ab8-9e37-6481d5e9cb76 None None] Automatically selected cinder-volume RPC version 3.16 as minimum service version.
Aug 20 10:46:29.896001 n-d-805195-2 devstack@c-api.service[101439]: WARNING stevedore.named [None req-06630ddb-45e3-4ab8-9e37-6481d5e9cb76 None None] Could not load cinder.keymgr.conf_key_mgr.ConfKeyManager
Aug 20 10:46:29.896401 n-d-805195-2 devstack@c-api.service[101439]: WARNING castellan.key_manager [None req-06630ddb-45e3-4ab8-9e37-6481d5e9cb76 None None] Deprecation Warning : cinder.keymgr.conf_key_mgr.ConfKeyManager is not a stevedore based driver, trying to load it as a class: stevedore.exception.NoMatches: No 'castellan.drivers' driver found, looking for 'cinder.keymgr.conf_key_mgr.ConfKeyManager'
Aug 20 10:46:29.900546 n-d-805195-2 devstack@c-api.service[101440]: DEBUG oslo_db.sqlalchemy.engines [None req-a589dd00-e643-4267-a44b-00a451d81666 None None] MySQL server mode set to STRICT_TRANS_TABLES,STRICT_ALL_TABLES,NO_ZERO_IN_DATE,NO_ZERO_DATE,ERROR_FOR_DIVISION_BY_ZERO,TRADITIONAL,NO_ENGINE_SUBSTITUTION {{(pid=101440) _check_effective_sql_mode /usr/local/lib/python3.8/dist-packages/oslo_db/sqlalchemy/engines.py:314}}
Aug 20 10:46:29.904792 n-d-805195-2 devstack@c-api.service[101440]: INFO cinder.rpc [None req-a589dd00-e643-4267-a44b-00a451d81666 None None] Automatically selected cinder-backup objects version 1.38 as minimum service version.
Aug 20 10:46:29.908655 n-d-805195-2 devstack@c-api.service[101440]: INFO cinder.rpc [None req-a589dd00-e643-4267-a44b-00a451d81666 None None] Automatically selected cinder-backup RPC version 2.2 as minimum service version.
Aug 20 10:46:29.909629 n-d-805195-2 devstack@c-api.service[101440]: WARNING stevedore.named [None req-a589dd00-e643-4267-a44b-00a451d81666 None None] Could not load cinder.keymgr.conf_key_mgr.ConfKeyManager
Aug 20 10:46:29.910102 n-d-805195-2 devstack@c-api.service[101440]: WARNING castellan.key_manager [None req-a589dd00-e643-4267-a44b-00a451d81666 None None] Deprecation Warning : cinder.keymgr.conf_key_mgr.ConfKeyManager is not a stevedore based driver, trying to load it as a class: stevedore.exception.NoMatches: No 'castellan.drivers' driver found, looking for 'cinder.keymgr.conf_key_mgr.ConfKeyManager'
Aug 20 10:46:29.912358 n-d-805195-2 devstack@c-api.service[101440]: WARNING stevedore.named [None req-a589dd00-e643-4267-a44b-00a451d81666 None None] Could not load cinder.keymgr.conf_key_mgr.ConfKeyManager
Aug 20 10:46:29.912857 n-d-805195-2 devstack@c-api.service[101440]: WARNING castellan.key_manager [None req-a589dd00-e643-4267-a44b-00a451d81666 None None] Deprecation Warning : cinder.keymgr.conf_key_mgr.ConfKeyManager is not a stevedore based driver, trying to load it as a class: stevedore.exception.NoMatches: No 'castellan.drivers' driver found, looking for 'cinder.keymgr.conf_key_mgr.ConfKeyManager'
Aug 20 10:46:29.913415 n-d-805195-2 devstack@c-api.service[101439]: WARNING cinder.keymgr.conf_key_mgr [None req-06630ddb-45e3-4ab8-9e37-6481d5e9cb76 None None] This key manager is insecure and is not recommended for production deployments: stevedore.exception.NoMatches: No 'castellan.drivers' driver found, looking for 'cinder.keymgr.conf_key_mgr.ConfKeyManager'
Aug 20 10:46:29.915068 n-d-805195-2 devstack@c-api.service[101440]: WARNING stevedore.named [None req-a589dd00-e643-4267-a44b-00a451d81666 None None] Could not load cinder.keymgr.conf_key_mgr.ConfKeyManager
Aug 20 10:46:29.915529 n-d-805195-2 devstack@c-api.service[101440]: WARNING castellan.key_manager [None req-a589dd00-e643-4267-a44b-00a451d81666 None None] Deprecation Warning : cinder.keymgr.conf_key_mgr.ConfKeyManager is not a stevedore based driver, trying to load it as a class: stevedore.exception.NoMatches: No 'castellan.drivers' driver found, looking for 'cinder.keymgr.conf_key_mgr.ConfKeyManager'
Aug 20 10:46:29.919883 n-d-805195-2 devstack@c-api.service[101439]: DEBUG oslo_db.sqlalchemy.engines [None req-06630ddb-45e3-4ab8-9e37-6481d5e9cb76 None None] MySQL server mode set to STRICT_TRANS_TABLES,STRICT_ALL_TABLES,NO_ZERO_IN_DATE,NO_ZERO_DATE,ERROR_FOR_DIVISION_BY_ZERO,TRADITIONAL,NO_ENGINE_SUBSTITUTION {{(pid=101439) _check_effective_sql_mode /usr/local/lib/python3.8/dist-packages/oslo_db/sqlalchemy/engines.py:314}}
Aug 20 10:46:29.924081 n-d-805195-2 devstack@c-api.service[101439]: INFO cinder.rpc [None req-06630ddb-45e3-4ab8-9e37-6481d5e9cb76 None None] Automatically selected cinder-backup objects version 1.38 as minimum service version.
Aug 20 10:46:29.927873 n-d-805195-2 devstack@c-api.service[101439]: INFO cinder.rpc [None req-06630ddb-45e3-4ab8-9e37-6481d5e9cb76 None None] Automatically selected cinder-backup RPC version 2.2 as minimum service version.
Aug 20 10:46:29.928773 n-d-805195-2 devstack@c-api.service[101439]: WARNING stevedore.named [None req-06630ddb-45e3-4ab8-9e37-6481d5e9cb76 None None] Could not load cinder.keymgr.conf_key_mgr.ConfKeyManager
Aug 20 10:46:29.928876 n-d-805195-2 devstack@c-api.service[101440]: WARNING stevedore.named [None req-a589dd00-e643-4267-a44b-00a451d81666 None None] Could not load cinder.keymgr.conf_key_mgr.ConfKeyManager
Aug 20 10:46:29.929888 n-d-805195-2 devstack@c-api.service[101440]: WARNING castellan.key_manager [None req-a589dd00-e643-4267-a44b-00a451d81666 None None] Deprecation Warning : cinder.keymgr.conf_key_mgr.ConfKeyManager is not a stevedore based driver, trying to load it as a class: stevedore.exception.NoMatches: No 'castellan.drivers' driver found, looking for 'cinder.keymgr.conf_key_mgr.ConfKeyManager'
Aug 20 10:46:29.929999 n-d-805195-2 devstack@c-api.service[101439]: WARNING castellan.key_manager [None req-06630ddb-45e3-4ab8-9e37-6481d5e9cb76 None None] Deprecation Warning : cinder.keymgr.conf_key_mgr.ConfKeyManager is not a stevedore based driver, trying to load it as a class: stevedore.exception.NoMatches: No 'castellan.drivers' driver found, looking for 'cinder.keymgr.conf_key_mgr.ConfKeyManager'
Aug 20 10:46:29.932307 n-d-805195-2 devstack@c-api.service[101439]: WARNING stevedore.named [None req-06630ddb-45e3-4ab8-9e37-6481d5e9cb76 None None] Could not load cinder.keymgr.conf_key_mgr.ConfKeyManager
Aug 20 10:46:29.932679 n-d-805195-2 devstack@c-api.service[101439]: WARNING castellan.key_manager [None req-06630ddb-45e3-4ab8-9e37-6481d5e9cb76 None None] Deprecation Warning : cinder.keymgr.conf_key_mgr.ConfKeyManager is not a stevedore based driver, trying to load it as a class: stevedore.exception.NoMatches: No 'castellan.drivers' driver found, looking for 'cinder.keymgr.conf_key_mgr.ConfKeyManager'
Aug 20 10:46:29.934286 n-d-805195-2 devstack@c-api.service[101439]: WARNING stevedore.named [None req-06630ddb-45e3-4ab8-9e37-6481d5e9cb76 None None] Could not load cinder.keymgr.conf_key_mgr.ConfKeyManager
Aug 20 10:46:29.934612 n-d-805195-2 devstack@c-api.service[101440]: WARNING stevedore.named [None req-a589dd00-e643-4267-a44b-00a451d81666 None None] Could not load cinder.keymgr.conf_key_mgr.ConfKeyManager
Aug 20 10:46:29.934704 n-d-805195-2 devstack@c-api.service[101439]: WARNING castellan.key_manager [None req-06630ddb-45e3-4ab8-9e37-6481d5e9cb76 None None] Deprecation Warning : cinder.keymgr.conf_key_mgr.ConfKeyManager is not a stevedore based driver, trying to load it as a class: stevedore.exception.NoMatches: No 'castellan.drivers' driver found, looking for 'cinder.keymgr.conf_key_mgr.ConfKeyManager'
Aug 20 10:46:29.935160 n-d-805195-2 devstack@c-api.service[101440]: WARNING castellan.key_manager [None req-a589dd00-e643-4267-a44b-00a451d81666 None None] Deprecation Warning : cinder.keymgr.conf_key_mgr.ConfKeyManager is not a stevedore based driver, trying to load it as a class: stevedore.exception.NoMatches: No 'castellan.drivers' driver found, looking for 'cinder.keymgr.conf_key_mgr.ConfKeyManager'
Aug 20 10:46:29.939182 n-d-805195-2 devstack@c-api.service[101440]: WARNING stevedore.named [None req-a589dd00-e643-4267-a44b-00a451d81666 None None] Could not load cinder.keymgr.conf_key_mgr.ConfKeyManager
Aug 20 10:46:29.939655 n-d-805195-2 devstack@c-api.service[101440]: WARNING castellan.key_manager [None req-a589dd00-e643-4267-a44b-00a451d81666 None None] Deprecation Warning : cinder.keymgr.conf_key_mgr.ConfKeyManager is not a stevedore based driver, trying to load it as a class: stevedore.exception.NoMatches: No 'castellan.drivers' driver found, looking for 'cinder.keymgr.conf_key_mgr.ConfKeyManager'
Aug 20 10:46:29.945458 n-d-805195-2 devstack@c-api.service[101440]: WARNING stevedore.named [None req-a589dd00-e643-4267-a44b-00a451d81666 None None] Could not load cinder.keymgr.conf_key_mgr.ConfKeyManager
Aug 20 10:46:29.945917 n-d-805195-2 devstack@c-api.service[101440]: WARNING castellan.key_manager [None req-a589dd00-e643-4267-a44b-00a451d81666 None None] Deprecation Warning : cinder.keymgr.conf_key_mgr.ConfKeyManager is not a stevedore based driver, trying to load it as a class: stevedore.exception.NoMatches: No 'castellan.drivers' driver found, looking for 'cinder.keymgr.conf_key_mgr.ConfKeyManager'
Aug 20 10:46:29.948334 n-d-805195-2 devstack@c-api.service[101439]: WARNING stevedore.named [None req-06630ddb-45e3-4ab8-9e37-6481d5e9cb76 None None] Could not load cinder.keymgr.conf_key_mgr.ConfKeyManager
Aug 20 10:46:29.948733 n-d-805195-2 devstack@c-api.service[101439]: WARNING castellan.key_manager [None req-06630ddb-45e3-4ab8-9e37-6481d5e9cb76 None None] Deprecation Warning : cinder.keymgr.conf_key_mgr.ConfKeyManager is not a stevedore based driver, trying to load it as a class: stevedore.exception.NoMatches: No 'castellan.drivers' driver found, looking for 'cinder.keymgr.conf_key_mgr.ConfKeyManager'
Aug 20 10:46:29.949904 n-d-805195-2 devstack@c-api.service[101440]: WARNING stevedore.named [None req-a589dd00-e643-4267-a44b-00a451d81666 None None] Could not load cinder.keymgr.conf_key_mgr.ConfKeyManager
Aug 20 10:46:29.950386 n-d-805195-2 devstack@c-api.service[101440]: WARNING castellan.key_manager [None req-a589dd00-e643-4267-a44b-00a451d81666 None None] Deprecation Warning : cinder.keymgr.conf_key_mgr.ConfKeyManager is not a stevedore based driver, trying to load it as a class: stevedore.exception.NoMatches: No 'castellan.drivers' driver found, looking for 'cinder.keymgr.conf_key_mgr.ConfKeyManager'
Aug 20 10:46:29.952863 n-d-805195-2 devstack@c-api.service[101439]: WARNING stevedore.named [None req-06630ddb-45e3-4ab8-9e37-6481d5e9cb76 None None] Could not load cinder.keymgr.conf_key_mgr.ConfKeyManager
Aug 20 10:46:29.953227 n-d-805195-2 devstack@c-api.service[101439]: WARNING castellan.key_manager [None req-06630ddb-45e3-4ab8-9e37-6481d5e9cb76 None None] Deprecation Warning : cinder.keymgr.conf_key_mgr.ConfKeyManager is not a stevedore based driver, trying to load it as a class: stevedore.exception.NoMatches: No 'castellan.drivers' driver found, looking for 'cinder.keymgr.conf_key_mgr.ConfKeyManager'
Aug 20 10:46:29.954179 n-d-805195-2 devstack@c-api.service[101440]: WARNING stevedore.named [None req-a589dd00-e643-4267-a44b-00a451d81666 None None] Could not load cinder.keymgr.conf_key_mgr.ConfKeyManager
Aug 20 10:46:29.954647 n-d-805195-2 devstack@c-api.service[101440]: WARNING castellan.key_manager [None req-a589dd00-e643-4267-a44b-00a451d81666 None None] Deprecation Warning : cinder.keymgr.conf_key_mgr.ConfKeyManager is not a stevedore based driver, trying to load it as a class: stevedore.exception.NoMatches: No 'castellan.drivers' driver found, looking for 'cinder.keymgr.conf_key_mgr.ConfKeyManager'
Aug 20 10:46:29.957098 n-d-805195-2 devstack@c-api.service[101439]: WARNING stevedore.named [None req-06630ddb-45e3-4ab8-9e37-6481d5e9cb76 None None] Could not load cinder.keymgr.conf_key_mgr.ConfKeyManager
Aug 20 10:46:29.957463 n-d-805195-2 devstack@c-api.service[101439]: WARNING castellan.key_manager [None req-06630ddb-45e3-4ab8-9e37-6481d5e9cb76 None None] Deprecation Warning : cinder.keymgr.conf_key_mgr.ConfKeyManager is not a stevedore based driver, trying to load it as a class: stevedore.exception.NoMatches: No 'castellan.drivers' driver found, looking for 'cinder.keymgr.conf_key_mgr.ConfKeyManager'
Aug 20 10:46:29.958972 n-d-805195-2 devstack@c-api.service[101440]: WARNING stevedore.named [None req-a589dd00-e643-4267-a44b-00a451d81666 None None] Could not load cinder.keymgr.conf_key_mgr.ConfKeyManager
Aug 20 10:46:29.959726 n-d-805195-2 devstack@c-api.service[101440]: WARNING castellan.key_manager [None req-a589dd00-e643-4267-a44b-00a451d81666 None None] Deprecation Warning : cinder.keymgr.conf_key_mgr.ConfKeyManager is not a stevedore based driver, trying to load it as a class: stevedore.exception.NoMatches: No 'castellan.drivers' driver found, looking for 'cinder.keymgr.conf_key_mgr.ConfKeyManager'
Aug 20 10:46:29.962952 n-d-805195-2 devstack@c-api.service[101439]: WARNING stevedore.named [None req-06630ddb-45e3-4ab8-9e37-6481d5e9cb76 None None] Could not load cinder.keymgr.conf_key_mgr.ConfKeyManager
Aug 20 10:46:29.963345 n-d-805195-2 devstack@c-api.service[101440]: WARNING stevedore.named [None req-a589dd00-e643-4267-a44b-00a451d81666 None None] Could not load cinder.keymgr.conf_key_mgr.ConfKeyManager
Aug 20 10:46:29.963476 n-d-805195-2 devstack@c-api.service[101439]: WARNING castellan.key_manager [None req-06630ddb-45e3-4ab8-9e37-6481d5e9cb76 None None] Deprecation Warning : cinder.keymgr.conf_key_mgr.ConfKeyManager is not a stevedore based driver, trying to load it as a class: stevedore.exception.NoMatches: No 'castellan.drivers' driver found, looking for 'cinder.keymgr.conf_key_mgr.ConfKeyManager'
Aug 20 10:46:29.963912 n-d-805195-2 devstack@c-api.service[101440]: WARNING castellan.key_manager [None req-a589dd00-e643-4267-a44b-00a451d81666 None None] Deprecation Warning : cinder.keymgr.conf_key_mgr.ConfKeyManager is not a stevedore based driver, trying to load it as a class: stevedore.exception.NoMatches: No 'castellan.drivers' driver found, looking for 'cinder.keymgr.conf_key_mgr.ConfKeyManager'
Aug 20 10:46:29.966811 n-d-805195-2 devstack@c-api.service[101439]: WARNING stevedore.named [None req-06630ddb-45e3-4ab8-9e37-6481d5e9cb76 None None] Could not load cinder.keymgr.conf_key_mgr.ConfKeyManager
Aug 20 10:46:29.967164 n-d-805195-2 devstack@c-api.service[101439]: WARNING castellan.key_manager [None req-06630ddb-45e3-4ab8-9e37-6481d5e9cb76 None None] Deprecation Warning : cinder.keymgr.conf_key_mgr.ConfKeyManager is not a stevedore based driver, trying to load it as a class: stevedore.exception.NoMatches: No 'castellan.drivers' driver found, looking for 'cinder.keymgr.conf_key_mgr.ConfKeyManager'
Aug 20 10:46:29.967785 n-d-805195-2 devstack@c-api.service[101440]: WARNING stevedore.named [None req-a589dd00-e643-4267-a44b-00a451d81666 None None] Could not load cinder.keymgr.conf_key_mgr.ConfKeyManager
Aug 20 10:46:29.968246 n-d-805195-2 devstack@c-api.service[101440]: WARNING castellan.key_manager [None req-a589dd00-e643-4267-a44b-00a451d81666 None None] Deprecation Warning : cinder.keymgr.conf_key_mgr.ConfKeyManager is not a stevedore based driver, trying to load it as a class: stevedore.exception.NoMatches: No 'castellan.drivers' driver found, looking for 'cinder.keymgr.conf_key_mgr.ConfKeyManager'
Aug 20 10:46:29.970742 n-d-805195-2 devstack@c-api.service[101439]: WARNING stevedore.named [None req-06630ddb-45e3-4ab8-9e37-6481d5e9cb76 None None] Could not load cinder.keymgr.conf_key_mgr.ConfKeyManager
Aug 20 10:46:29.971109 n-d-805195-2 devstack@c-api.service[101439]: WARNING castellan.key_manager [None req-06630ddb-45e3-4ab8-9e37-6481d5e9cb76 None None] Deprecation Warning : cinder.keymgr.conf_key_mgr.ConfKeyManager is not a stevedore based driver, trying to load it as a class: stevedore.exception.NoMatches: No 'castellan.drivers' driver found, looking for 'cinder.keymgr.conf_key_mgr.ConfKeyManager'
Aug 20 10:46:29.971717 n-d-805195-2 devstack@c-api.service[101440]: WARNING stevedore.named [None req-a589dd00-e643-4267-a44b-00a451d81666 None None] Could not load cinder.keymgr.conf_key_mgr.ConfKeyManager
Aug 20 10:46:29.972179 n-d-805195-2 devstack@c-api.service[101440]: WARNING castellan.key_manager [None req-a589dd00-e643-4267-a44b-00a451d81666 None None] Deprecation Warning : cinder.keymgr.conf_key_mgr.ConfKeyManager is not a stevedore based driver, trying to load it as a class: stevedore.exception.NoMatches: No 'castellan.drivers' driver found, looking for 'cinder.keymgr.conf_key_mgr.ConfKeyManager'
Aug 20 10:46:29.975004 n-d-805195-2 devstack@c-api.service[101439]: WARNING stevedore.named [None req-06630ddb-45e3-4ab8-9e37-6481d5e9cb76 None None] Could not load cinder.keymgr.conf_key_mgr.ConfKeyManager
Aug 20 10:46:29.975363 n-d-805195-2 devstack@c-api.service[101439]: WARNING castellan.key_manager [None req-06630ddb-45e3-4ab8-9e37-6481d5e9cb76 None None] Deprecation Warning : cinder.keymgr.conf_key_mgr.ConfKeyManager is not a stevedore based driver, trying to load it as a class: stevedore.exception.NoMatches: No 'castellan.drivers' driver found, looking for 'cinder.keymgr.conf_key_mgr.ConfKeyManager'
Aug 20 10:46:29.975693 n-d-805195-2 devstack@c-api.service[101440]: WARNING stevedore.named [None req-a589dd00-e643-4267-a44b-00a451d81666 None None] Could not load cinder.keymgr.conf_key_mgr.ConfKeyManager
Aug 20 10:46:29.976714 n-d-805195-2 devstack@c-api.service[101440]: WARNING castellan.key_manager [None req-a589dd00-e643-4267-a44b-00a451d81666 None None] Deprecation Warning : cinder.keymgr.conf_key_mgr.ConfKeyManager is not a stevedore based driver, trying to load it as a class: stevedore.exception.NoMatches: No 'castellan.drivers' driver found, looking for 'cinder.keymgr.conf_key_mgr.ConfKeyManager'
Aug 20 10:46:29.979429 n-d-805195-2 devstack@c-api.service[101439]: WARNING stevedore.named [None req-06630ddb-45e3-4ab8-9e37-6481d5e9cb76 None None] Could not load cinder.keymgr.conf_key_mgr.ConfKeyManager
Aug 20 10:46:29.979794 n-d-805195-2 devstack@c-api.service[101439]: WARNING castellan.key_manager [None req-06630ddb-45e3-4ab8-9e37-6481d5e9cb76 None None] Deprecation Warning : cinder.keymgr.conf_key_mgr.ConfKeyManager is not a stevedore based driver, trying to load it as a class: stevedore.exception.NoMatches: No 'castellan.drivers' driver found, looking for 'cinder.keymgr.conf_key_mgr.ConfKeyManager'
Aug 20 10:46:29.983281 n-d-805195-2 devstack@c-api.service[101439]: WARNING stevedore.named [None req-06630ddb-45e3-4ab8-9e37-6481d5e9cb76 None None] Could not load cinder.keymgr.conf_key_mgr.ConfKeyManager
Aug 20 10:46:29.983644 n-d-805195-2 devstack@c-api.service[101439]: WARNING castellan.key_manager [None req-06630ddb-45e3-4ab8-9e37-6481d5e9cb76 None None] Deprecation Warning : cinder.keymgr.conf_key_mgr.ConfKeyManager is not a stevedore based driver, trying to load it as a class: stevedore.exception.NoMatches: No 'castellan.drivers' driver found, looking for 'cinder.keymgr.conf_key_mgr.ConfKeyManager'
Aug 20 10:46:29.984007 n-d-805195-2 devstack@c-api.service[101440]: WARNING stevedore.named [None req-a589dd00-e643-4267-a44b-00a451d81666 None None] Could not load cinder.keymgr.conf_key_mgr.ConfKeyManager
Aug 20 10:46:29.984500 n-d-805195-2 devstack@c-api.service[101440]: WARNING castellan.key_manager [None req-a589dd00-e643-4267-a44b-00a451d81666 None None] Deprecation Warning : cinder.keymgr.conf_key_mgr.ConfKeyManager is not a stevedore based driver, trying to load it as a class: stevedore.exception.NoMatches: No 'castellan.drivers' driver found, looking for 'cinder.keymgr.conf_key_mgr.ConfKeyManager'
Aug 20 10:46:29.985605 n-d-805195-2 devstack@c-api.service[101439]: WARNING stevedore.named [None req-06630ddb-45e3-4ab8-9e37-6481d5e9cb76 None None] Could not load cinder.keymgr.conf_key_mgr.ConfKeyManager
Aug 20 10:46:29.985956 n-d-805195-2 devstack@c-api.service[101439]: WARNING castellan.key_manager [None req-06630ddb-45e3-4ab8-9e37-6481d5e9cb76 None None] Deprecation Warning : cinder.keymgr.conf_key_mgr.ConfKeyManager is not a stevedore based driver, trying to load it as a class: stevedore.exception.NoMatches: No 'castellan.drivers' driver found, looking for 'cinder.keymgr.conf_key_mgr.ConfKeyManager'
Aug 20 10:46:29.989155 n-d-805195-2 devstack@c-api.service[101440]: WARNING stevedore.named [None req-a589dd00-e643-4267-a44b-00a451d81666 None None] Could not load cinder.keymgr.conf_key_mgr.ConfKeyManager
Aug 20 10:46:29.989624 n-d-805195-2 devstack@c-api.service[101440]: WARNING castellan.key_manager [None req-a589dd00-e643-4267-a44b-00a451d81666 None None] Deprecation Warning : cinder.keymgr.conf_key_mgr.ConfKeyManager is not a stevedore based driver, trying to load it as a class: stevedore.exception.NoMatches: No 'castellan.drivers' driver found, looking for 'cinder.keymgr.conf_key_mgr.ConfKeyManager'
Aug 20 10:46:29.990367 n-d-805195-2 devstack@c-api.service[101439]: WARNING stevedore.named [None req-06630ddb-45e3-4ab8-9e37-6481d5e9cb76 None None] Could not load cinder.keymgr.conf_key_mgr.ConfKeyManager
Aug 20 10:46:29.990719 n-d-805195-2 devstack@c-api.service[101439]: WARNING castellan.key_manager [None req-06630ddb-45e3-4ab8-9e37-6481d5e9cb76 None None] Deprecation Warning : cinder.keymgr.conf_key_mgr.ConfKeyManager is not a stevedore based driver, trying to load it as a class: stevedore.exception.NoMatches: No 'castellan.drivers' driver found, looking for 'cinder.keymgr.conf_key_mgr.ConfKeyManager'
Aug 20 10:46:29.992909 n-d-805195-2 devstack@c-api.service[101440]: WARNING cinder.api.contrib.hosts [None req-a589dd00-e643-4267-a44b-00a451d81666 None None] Deprecated: The Host API is deprecated and will be be removed in a future version.
Aug 20 10:46:29.993745 n-d-805195-2 devstack@c-api.service[101440]: WARNING stevedore.named [None req-a589dd00-e643-4267-a44b-00a451d81666 None None] Could not load cinder.keymgr.conf_key_mgr.ConfKeyManager
Aug 20 10:46:29.994213 n-d-805195-2 devstack@c-api.service[101440]: WARNING castellan.key_manager [None req-a589dd00-e643-4267-a44b-00a451d81666 None None] Deprecation Warning : cinder.keymgr.conf_key_mgr.ConfKeyManager is not a stevedore based driver, trying to load it as a class: stevedore.exception.NoMatches: No 'castellan.drivers' driver found, looking for 'cinder.keymgr.conf_key_mgr.ConfKeyManager'
Aug 20 10:46:29.996248 n-d-805195-2 devstack@c-api.service[101440]: WARNING stevedore.named [None req-a589dd00-e643-4267-a44b-00a451d81666 None None] Could not load cinder.keymgr.conf_key_mgr.ConfKeyManager
Aug 20 10:46:29.996763 n-d-805195-2 devstack@c-api.service[101440]: WARNING castellan.key_manager [None req-a589dd00-e643-4267-a44b-00a451d81666 None None] Deprecation Warning : cinder.keymgr.conf_key_mgr.ConfKeyManager is not a stevedore based driver, trying to load it as a class: stevedore.exception.NoMatches: No 'castellan.drivers' driver found, looking for 'cinder.keymgr.conf_key_mgr.ConfKeyManager'
Aug 20 10:46:29.998099 n-d-805195-2 devstack@c-api.service[101439]: WARNING stevedore.named [None req-06630ddb-45e3-4ab8-9e37-6481d5e9cb76 None None] Could not load cinder.keymgr.conf_key_mgr.ConfKeyManager
Aug 20 10:46:29.998460 n-d-805195-2 devstack@c-api.service[101439]: WARNING castellan.key_manager [None req-06630ddb-45e3-4ab8-9e37-6481d5e9cb76 None None] Deprecation Warning : cinder.keymgr.conf_key_mgr.ConfKeyManager is not a stevedore based driver, trying to load it as a class: stevedore.exception.NoMatches: No 'castellan.drivers' driver found, looking for 'cinder.keymgr.conf_key_mgr.ConfKeyManager'
Aug 20 10:46:29.998783 n-d-805195-2 devstack@c-api.service[101440]: WARNING stevedore.named [None req-a589dd00-e643-4267-a44b-00a451d81666 None None] Could not load cinder.keymgr.conf_key_mgr.ConfKeyManager
Aug 20 10:46:29.999261 n-d-805195-2 devstack@c-api.service[101440]: WARNING castellan.key_manager [None req-a589dd00-e643-4267-a44b-00a451d81666 None None] Deprecation Warning : cinder.keymgr.conf_key_mgr.ConfKeyManager is not a stevedore based driver, trying to load it as a class: stevedore.exception.NoMatches: No 'castellan.drivers' driver found, looking for 'cinder.keymgr.conf_key_mgr.ConfKeyManager'
Aug 20 10:46:30.000937 n-d-805195-2 devstack@c-api.service[101440]: WARNING stevedore.named [None req-a589dd00-e643-4267-a44b-00a451d81666 None None] Could not load cinder.keymgr.conf_key_mgr.ConfKeyManager
Aug 20 10:46:30.001397 n-d-805195-2 devstack@c-api.service[101440]: WARNING castellan.key_manager [None req-a589dd00-e643-4267-a44b-00a451d81666 None None] Deprecation Warning : cinder.keymgr.conf_key_mgr.ConfKeyManager is not a stevedore based driver, trying to load it as a class: stevedore.exception.NoMatches: No 'castellan.drivers' driver found, looking for 'cinder.keymgr.conf_key_mgr.ConfKeyManager'
Aug 20 10:46:30.002720 n-d-805195-2 devstack@c-api.service[101439]: WARNING stevedore.named [None req-06630ddb-45e3-4ab8-9e37-6481d5e9cb76 None None] Could not load cinder.keymgr.conf_key_mgr.ConfKeyManager
Aug 20 10:46:30.003090 n-d-805195-2 devstack@c-api.service[101439]: WARNING castellan.key_manager [None req-06630ddb-45e3-4ab8-9e37-6481d5e9cb76 None None] Deprecation Warning : cinder.keymgr.conf_key_mgr.ConfKeyManager is not a stevedore based driver, trying to load it as a class: stevedore.exception.NoMatches: No 'castellan.drivers' driver found, looking for 'cinder.keymgr.conf_key_mgr.ConfKeyManager'
Aug 20 10:46:30.003264 n-d-805195-2 devstack@c-api.service[101440]: WARNING stevedore.named [None req-a589dd00-e643-4267-a44b-00a451d81666 None None] Could not load cinder.keymgr.conf_key_mgr.ConfKeyManager
Aug 20 10:46:30.003712 n-d-805195-2 devstack@c-api.service[101440]: WARNING castellan.key_manager [None req-a589dd00-e643-4267-a44b-00a451d81666 None None] Deprecation Warning : cinder.keymgr.conf_key_mgr.ConfKeyManager is not a stevedore based driver, trying to load it as a class: stevedore.exception.NoMatches: No 'castellan.drivers' driver found, looking for 'cinder.keymgr.conf_key_mgr.ConfKeyManager'
Aug 20 10:46:30.005312 n-d-805195-2 devstack@c-api.service[101439]: WARNING cinder.api.contrib.hosts [None req-06630ddb-45e3-4ab8-9e37-6481d5e9cb76 None None] Deprecated: The Host API is deprecated and will be be removed in a future version.
Aug 20 10:46:30.006031 n-d-805195-2 devstack@c-api.service[101439]: WARNING stevedore.named [None req-06630ddb-45e3-4ab8-9e37-6481d5e9cb76 None None] Could not load cinder.keymgr.conf_key_mgr.ConfKeyManager
Aug 20 10:46:30.006237 n-d-805195-2 devstack@c-api.service[101440]: WARNING stevedore.named [None req-a589dd00-e643-4267-a44b-00a451d81666 None None] Could not load cinder.keymgr.conf_key_mgr.ConfKeyManager
Aug 20 10:46:30.006375 n-d-805195-2 devstack@c-api.service[101439]: WARNING castellan.key_manager [None req-06630ddb-45e3-4ab8-9e37-6481d5e9cb76 None None] Deprecation Warning : cinder.keymgr.conf_key_mgr.ConfKeyManager is not a stevedore based driver, trying to load it as a class: stevedore.exception.NoMatches: No 'castellan.drivers' driver found, looking for 'cinder.keymgr.conf_key_mgr.ConfKeyManager'
Aug 20 10:46:30.006781 n-d-805195-2 devstack@c-api.service[101440]: WARNING castellan.key_manager [None req-a589dd00-e643-4267-a44b-00a451d81666 None None] Deprecation Warning : cinder.keymgr.conf_key_mgr.ConfKeyManager is not a stevedore based driver, trying to load it as a class: stevedore.exception.NoMatches: No 'castellan.drivers' driver found, looking for 'cinder.keymgr.conf_key_mgr.ConfKeyManager'
Aug 20 10:46:30.008283 n-d-805195-2 devstack@c-api.service[101439]: WARNING stevedore.named [None req-06630ddb-45e3-4ab8-9e37-6481d5e9cb76 None None] Could not load cinder.keymgr.conf_key_mgr.ConfKeyManager
Aug 20 10:46:30.008646 n-d-805195-2 devstack@c-api.service[101439]: WARNING castellan.key_manager [None req-06630ddb-45e3-4ab8-9e37-6481d5e9cb76 None None] Deprecation Warning : cinder.keymgr.conf_key_mgr.ConfKeyManager is not a stevedore based driver, trying to load it as a class: stevedore.exception.NoMatches: No 'castellan.drivers' driver found, looking for 'cinder.keymgr.conf_key_mgr.ConfKeyManager'
Aug 20 10:46:30.009116 n-d-805195-2 devstack@c-api.service[101440]: WARNING stevedore.named [None req-a589dd00-e643-4267-a44b-00a451d81666 None None] Could not load cinder.keymgr.conf_key_mgr.ConfKeyManager
Aug 20 10:46:30.009575 n-d-805195-2 devstack@c-api.service[101440]: WARNING castellan.key_manager [None req-a589dd00-e643-4267-a44b-00a451d81666 None None] Deprecation Warning : cinder.keymgr.conf_key_mgr.ConfKeyManager is not a stevedore based driver, trying to load it as a class: stevedore.exception.NoMatches: No 'castellan.drivers' driver found, looking for 'cinder.keymgr.conf_key_mgr.ConfKeyManager'
Aug 20 10:46:30.010688 n-d-805195-2 devstack@c-api.service[101439]: WARNING stevedore.named [None req-06630ddb-45e3-4ab8-9e37-6481d5e9cb76 None None] Could not load cinder.keymgr.conf_key_mgr.ConfKeyManager
Aug 20 10:46:30.011000 n-d-805195-2 devstack@c-api.service[101439]: WARNING castellan.key_manager [None req-06630ddb-45e3-4ab8-9e37-6481d5e9cb76 None None] Deprecation Warning : cinder.keymgr.conf_key_mgr.ConfKeyManager is not a stevedore based driver, trying to load it as a class: stevedore.exception.NoMatches: No 'castellan.drivers' driver found, looking for 'cinder.keymgr.conf_key_mgr.ConfKeyManager'
Aug 20 10:46:30.011516 n-d-805195-2 devstack@c-api.service[101440]: WARNING stevedore.named [None req-a589dd00-e643-4267-a44b-00a451d81666 None None] Could not load cinder.keymgr.conf_key_mgr.ConfKeyManager
Aug 20 10:46:30.012033 n-d-805195-2 devstack@c-api.service[101440]: WARNING castellan.key_manager [None req-a589dd00-e643-4267-a44b-00a451d81666 None None] Deprecation Warning : cinder.keymgr.conf_key_mgr.ConfKeyManager is not a stevedore based driver, trying to load it as a class: stevedore.exception.NoMatches: No 'castellan.drivers' driver found, looking for 'cinder.keymgr.conf_key_mgr.ConfKeyManager'
Aug 20 10:46:30.012552 n-d-805195-2 devstack@c-api.service[101439]: WARNING stevedore.named [None req-06630ddb-45e3-4ab8-9e37-6481d5e9cb76 None None] Could not load cinder.keymgr.conf_key_mgr.ConfKeyManager
Aug 20 10:46:30.013083 n-d-805195-2 devstack@c-api.service[101439]: WARNING castellan.key_manager [None req-06630ddb-45e3-4ab8-9e37-6481d5e9cb76 None None] Deprecation Warning : cinder.keymgr.conf_key_mgr.ConfKeyManager is not a stevedore based driver, trying to load it as a class: stevedore.exception.NoMatches: No 'castellan.drivers' driver found, looking for 'cinder.keymgr.conf_key_mgr.ConfKeyManager'
Aug 20 10:46:30.014388 n-d-805195-2 devstack@c-api.service[101440]: DEBUG cinder.api.openstack [None req-a589dd00-e643-4267-a44b-00a451d81666 None None] Extended resource: extensions {{(pid=101440) _setup_ext_routes /opt/stack/cinder/cinder/api/openstack/__init__.py:90}}
Aug 20 10:46:30.014554 n-d-805195-2 devstack@c-api.service[101439]: WARNING stevedore.named [None req-06630ddb-45e3-4ab8-9e37-6481d5e9cb76 None None] Could not load cinder.keymgr.conf_key_mgr.ConfKeyManager
Aug 20 10:46:30.015036 n-d-805195-2 devstack@c-api.service[101439]: WARNING castellan.key_manager [None req-06630ddb-45e3-4ab8-9e37-6481d5e9cb76 None None] Deprecation Warning : cinder.keymgr.conf_key_mgr.ConfKeyManager is not a stevedore based driver, trying to load it as a class: stevedore.exception.NoMatches: No 'castellan.drivers' driver found, looking for 'cinder.keymgr.conf_key_mgr.ConfKeyManager'
Aug 20 10:46:30.016560 n-d-805195-2 devstack@c-api.service[101440]: DEBUG cinder.api.openstack [None req-a589dd00-e643-4267-a44b-00a451d81666 None None] Extended resource: os-services {{(pid=101440) _setup_ext_routes /opt/stack/cinder/cinder/api/openstack/__init__.py:90}}
Aug 20 10:46:30.017054 n-d-805195-2 devstack@c-api.service[101439]: WARNING stevedore.named [None req-06630ddb-45e3-4ab8-9e37-6481d5e9cb76 None None] Could not load cinder.keymgr.conf_key_mgr.ConfKeyManager
Aug 20 10:46:30.017399 n-d-805195-2 devstack@c-api.service[101439]: WARNING castellan.key_manager [None req-06630ddb-45e3-4ab8-9e37-6481d5e9cb76 None None] Deprecation Warning : cinder.keymgr.conf_key_mgr.ConfKeyManager is not a stevedore based driver, trying to load it as a class: stevedore.exception.NoMatches: No 'castellan.drivers' driver found, looking for 'cinder.keymgr.conf_key_mgr.ConfKeyManager'
