Oct 20 10:43:54.967198 n-d-805046-8 devstack@g-api.service[109313]: DEBUG glance.api.middleware.version_negotiation [None req-22ee8627-4112-418b-adc9-16aa4e51f086 tempest-ImagesOneServerTestJSON-16892711 tempest-ImagesOneServerTestJSON-16892711-project] Using url versioning {{(pid=109313) process_request /opt/stack/glance/glance/api/middleware/version_negotiation.py:57}}
Oct 20 10:43:54.970907 n-d-805046-8 devstack@g-api.service[109313]: DEBUG glance.api.middleware.version_negotiation [None req-22ee8627-4112-418b-adc9-16aa4e51f086 tempest-ImagesOneServerTestJSON-16892711 tempest-ImagesOneServerTestJSON-16892711-project] Matched version: v2 {{(pid=109313) process_request /opt/stack/glance/glance/api/middleware/version_negotiation.py:69}}
Oct 20 10:43:54.973140 n-d-805046-8 devstack@g-api.service[109313]: DEBUG glance.api.middleware.version_negotiation [None req-22ee8627-4112-418b-adc9-16aa4e51f086 tempest-ImagesOneServerTestJSON-16892711 tempest-ImagesOneServerTestJSON-16892711-project] new path /v2/schemas/image {{(pid=109313) process_request /opt/stack/glance/glance/api/middleware/version_negotiation.py:70}}
Oct 20 10:43:55.034519 n-d-805046-8 devstack@g-api.service[109313]: [pid: 109313|app: 0|req: 214/358] 127.0.0.1 () {42 vars in 991 bytes} [Wed Oct 20 10:43:54 2021] GET /v2/schemas/image => generated 6083 bytes in 74 msecs (HTTP/1.1 200) 4 headers in 158 bytes (1 switches on core 0)
Oct 20 10:43:55.164974 n-d-805046-8 devstack@g-api.service[109314]: DEBUG swiftclient [None req-bb242292-f3dc-453a-a0f1-748e5145df64 tempest-ImagesOneServerTestJSON-16892711 tempest-ImagesOneServerTestJSON-16892711-project] REQ: curl -i http://10.222.0.85:8080/v1/AUTH_89aa83bf93734620b7b19a0ee84feb3d/glance/a85b7400-eb53-4478-bca4-e9d6ca29abcc-00004 -X PUT -H "X-Auth-Token: gAAAAABhb_LMoApX..." {{(pid=109314) http_log /usr/local/lib/python3.8/dist-packages/swiftclient/client.py:187}}
Oct 20 10:43:55.166324 n-d-805046-8 devstack@g-api.service[109314]: DEBUG swiftclient [None req-bb242292-f3dc-453a-a0f1-748e5145df64 tempest-ImagesOneServerTestJSON-16892711 tempest-ImagesOneServerTestJSON-16892711-project] RESP STATUS: 201 Created {{(pid=109314) http_log /usr/local/lib/python3.8/dist-packages/swiftclient/client.py:188}}
Oct 20 10:43:55.167433 n-d-805046-8 devstack@g-api.service[109314]: DEBUG swiftclient [None req-bb242292-f3dc-453a-a0f1-748e5145df64 tempest-ImagesOneServerTestJSON-16892711 tempest-ImagesOneServerTestJSON-16892711-project] RESP HEADERS: {'Content-Type': 'text/html; charset=UTF-8', 'Content-Length': '0', 'Etag': '0be982c76a84f3b50fdfe738452bdba1', 'Last-Modified': 'Wed, 20 Oct 2021 10:43:53 GMT', 'X-Trans-Id': 'tx1f9db19409664a57b0187-00616ff2e8', 'X-Openstack-Request-Id': 'tx1f9db19409664a57b0187-00616ff2e8', 'Date': 'Wed, 20 Oct 2021 10:43:55 GMT'} {{(pid=109314) http_log /usr/local/lib/python3.8/dist-packages/swiftclient/client.py:189}}
Oct 20 10:43:55.170511 n-d-805046-8 devstack@g-api.service[109314]: DEBUG glance_store._drivers.swift.store [None req-bb242292-f3dc-453a-a0f1-748e5145df64 tempest-ImagesOneServerTestJSON-16892711 tempest-ImagesOneServerTestJSON-16892711-project] Wrote chunk a85b7400-eb53-4478-bca4-e9d6ca29abcc-00004 (4/?) of length 31522816 to Swift returning MD5 of content: 0be982c76a84f3b50fdfe738452bdba1 {{(pid=109314) add /usr/local/lib/python3.8/dist-packages/glance_store/_drivers/swift/store.py:1029}}
Oct 20 10:43:55.171064 n-d-805046-8 devstack@g-api.service[109314]: DEBUG glance_store._drivers.swift.store [None req-bb242292-f3dc-453a-a0f1-748e5145df64 tempest-ImagesOneServerTestJSON-16892711 tempest-ImagesOneServerTestJSON-16892711-project] Not writing zero-length chunk. {{(pid=109314) add /usr/local/lib/python3.8/dist-packages/glance_store/_drivers/swift/store.py:998}}
Oct 20 10:43:55.229599 n-d-805046-8 devstack@g-api.service[109314]: DEBUG swiftclient [None req-bb242292-f3dc-453a-a0f1-748e5145df64 tempest-ImagesOneServerTestJSON-16892711 tempest-ImagesOneServerTestJSON-16892711-project] REQ: curl -i http://10.222.0.85:8080/v1/AUTH_89aa83bf93734620b7b19a0ee84feb3d/glance/a85b7400-eb53-4478-bca4-e9d6ca29abcc -X PUT -H "X-Object-Manifest: glance/a85b7400-eb53-4478-bca4-e9d6ca29abcc-" -H "X-Auth-Token: gAAAAABhb_LMoApX..." -H "Content-Length: 0" {{(pid=109314) http_log /usr/local/lib/python3.8/dist-packages/swiftclient/client.py:187}}
Oct 20 10:43:55.230577 n-d-805046-8 devstack@g-api.service[109314]: DEBUG swiftclient [None req-bb242292-f3dc-453a-a0f1-748e5145df64 tempest-ImagesOneServerTestJSON-16892711 tempest-ImagesOneServerTestJSON-16892711-project] RESP STATUS: 201 Created {{(pid=109314) http_log /usr/local/lib/python3.8/dist-packages/swiftclient/client.py:188}}
Oct 20 10:43:55.231564 n-d-805046-8 devstack@g-api.service[109314]: DEBUG swiftclient [None req-bb242292-f3dc-453a-a0f1-748e5145df64 tempest-ImagesOneServerTestJSON-16892711 tempest-ImagesOneServerTestJSON-16892711-project] RESP HEADERS: {'Content-Type': 'text/html; charset=UTF-8', 'Content-Length': '0', 'Etag': 'd41d8cd98f00b204e9800998ecf8427e', 'Last-Modified': 'Wed, 20 Oct 2021 10:43:56 GMT', 'X-Trans-Id': 'txc73853044d2d41cabb61b-00616ff2eb', 'X-Openstack-Request-Id': 'txc73853044d2d41cabb61b-00616ff2eb', 'Date': 'Wed, 20 Oct 2021 10:43:55 GMT'} {{(pid=109314) http_log /usr/local/lib/python3.8/dist-packages/swiftclient/client.py:189}}
Oct 20 10:43:55.232572 n-d-805046-8 devstack@g-api.service[109314]: WARNING glance.location [None req-bb242292-f3dc-453a-a0f1-748e5145df64 tempest-ImagesOneServerTestJSON-16892711 tempest-ImagesOneServerTestJSON-16892711-project] Image format vhd did not match; unable to calculate virtual size
Oct 20 10:43:55.381751 n-d-805046-8 devstack@g-api.service[109313]: DEBUG glance.api.middleware.version_negotiation [None req-22ee8627-4112-418b-adc9-16aa4e51f086 tempest-ImagesOneServerTestJSON-16892711 tempest-ImagesOneServerTestJSON-16892711-project] Determining version of request: GET /v2/images/c4d76d31-a2a9-4446-8045-1b5812102f4f Accept: */* {{(pid=109313) process_request /opt/stack/glance/glance/api/middleware/version_negotiation.py:44}}
Oct 20 10:43:55.382632 n-d-805046-8 devstack@g-api.service[109313]: DEBUG glance.api.middleware.version_negotiation [None req-22ee8627-4112-418b-adc9-16aa4e51f086 tempest-ImagesOneServerTestJSON-16892711 tempest-ImagesOneServerTestJSON-16892711-project] Using url versioning {{(pid=109313) process_request /opt/stack/glance/glance/api/middleware/version_negotiation.py:57}}
Oct 20 10:43:55.383276 n-d-805046-8 devstack@g-api.service[109313]: DEBUG glance.api.middleware.version_negotiation [None req-22ee8627-4112-418b-adc9-16aa4e51f086 tempest-ImagesOneServerTestJSON-16892711 tempest-ImagesOneServerTestJSON-16892711-project] Matched version: v2 {{(pid=109313) process_request /opt/stack/glance/glance/api/middleware/version_negotiation.py:69}}
Oct 20 10:43:55.383741 n-d-805046-8 devstack@g-api.service[109313]: DEBUG glance.api.middleware.version_negotiation [None req-22ee8627-4112-418b-adc9-16aa4e51f086 tempest-ImagesOneServerTestJSON-16892711 tempest-ImagesOneServerTestJSON-16892711-project] new path /v2/images/c4d76d31-a2a9-4446-8045-1b5812102f4f {{(pid=109313) process_request /opt/stack/glance/glance/api/middleware/version_negotiation.py:70}}
Oct 20 10:43:55.440568 n-d-805046-8 devstack@g-api.service[109313]: [pid: 109313|app: 0|req: 215/359] 127.0.0.1 () {42 vars in 1051 bytes} [Wed Oct 20 10:43:55 2021] GET /v2/images/c4d76d31-a2a9-4446-8045-1b5812102f4f => generated 816 bytes in 60 msecs (HTTP/1.1 200) 4 headers in 157 bytes (1 switches on core 0)
Oct 20 10:43:55.455683 n-d-805046-8 devstack@g-api.service[109313]: DEBUG glance.api.middleware.version_negotiation [None req-296c10c7-0512-42ce-a169-8750d3cbe11b tempest-ListImageFiltersTestJSON-210231551 tempest-ListImageFiltersTestJSON-210231551-project] Determining version of request: GET /v2/schemas/image Accept: */* {{(pid=109313) process_request /opt/stack/glance/glance/api/middleware/version_negotiation.py:44}}
Oct 20 10:43:55.456375 n-d-805046-8 devstack@g-api.service[109313]: DEBUG glance.api.middleware.version_negotiation [None req-296c10c7-0512-42ce-a169-8750d3cbe11b tempest-ListImageFiltersTestJSON-210231551 tempest-ListImageFiltersTestJSON-210231551-project] Using url versioning {{(pid=109313) process_request /opt/stack/glance/glance/api/middleware/version_negotiation.py:57}}
Oct 20 10:43:55.456786 n-d-805046-8 devstack@g-api.service[109313]: DEBUG glance.api.middleware.version_negotiation [None req-296c10c7-0512-42ce-a169-8750d3cbe11b tempest-ListImageFiltersTestJSON-210231551 tempest-ListImageFiltersTestJSON-210231551-project] Matched version: v2 {{(pid=109313) process_request /opt/stack/glance/glance/api/middleware/version_negotiation.py:69}}
Oct 20 10:43:55.457259 n-d-805046-8 devstack@g-api.service[109313]: DEBUG glance.api.middleware.version_negotiation [None req-296c10c7-0512-42ce-a169-8750d3cbe11b tempest-ListImageFiltersTestJSON-210231551 tempest-ListImageFiltersTestJSON-210231551-project] new path /v2/schemas/image {{(pid=109313) process_request /opt/stack/glance/glance/api/middleware/version_negotiation.py:70}}
Oct 20 10:43:55.475175 n-d-805046-8 devstack@g-api.service[109313]: [pid: 109313|app: 0|req: 216/360] 127.0.0.1 () {42 vars in 991 bytes} [Wed Oct 20 10:43:55 2021] GET /v2/schemas/image => generated 6083 bytes in 20 msecs (HTTP/1.1 200) 4 headers in 158 bytes (1 switches on core 0)
Oct 20 10:43:55.479645 n-d-805046-8 devstack@g-api.service[109314]: DEBUG glance_store.backend [None req-bb242292-f3dc-453a-a0f1-748e5145df64 tempest-ImagesOneServerTestJSON-16892711 tempest-ImagesOneServerTestJSON-16892711-project] Attempting to import store swift {{(pid=109314) _load_store /usr/local/lib/python3.8/dist-packages/glance_store/backend.py:217}}
Oct 20 10:43:55.488897 n-d-805046-8 devstack@g-api.service[109314]: DEBUG glance_store.capabilities [None req-bb242292-f3dc-453a-a0f1-748e5145df64 tempest-ImagesOneServerTestJSON-16892711 tempest-ImagesOneServerTestJSON-16892711-project] Store glance_store._drivers.swift.store.SingleTenantStore doesn't support updating dynamic storage capabilities. Please overwrite 'update_capabilities' method of the store to implement updating logics if needed. {{(pid=109314) update_capabilities /usr/local/lib/python3.8/dist-packages/glance_store/capabilities.py:91}}
Oct 20 10:43:55.494408 n-d-805046-8 devstack@g-api.service[109314]: DEBUG glance_store.driver [None req-bb242292-f3dc-453a-a0f1-748e5145df64 tempest-ImagesOneServerTestJSON-16892711 tempest-ImagesOneServerTestJSON-16892711-project] Late loading location class glance_store._drivers.swift.store.StoreLocation {{(pid=109314) get_store_location_class /usr/local/lib/python3.8/dist-packages/glance_store/driver.py:117}}
Oct 20 10:43:55.495018 n-d-805046-8 devstack@g-api.service[109314]: DEBUG glance_store.location [None req-bb242292-f3dc-453a-a0f1-748e5145df64 tempest-ImagesOneServerTestJSON-16892711 tempest-ImagesOneServerTestJSON-16892711-project] Registering scheme swift+https with {'store': , 'location_class': , 'store_entry': 'swift'} {{(pid=109314) register_scheme_map /usr/local/lib/python3.8/dist-packages/glance_store/location.py:146}}
Oct 20 10:43:55.495599 n-d-805046-8 devstack@g-api.service[109314]: DEBUG glance_store.location [None req-bb242292-f3dc-453a-a0f1-748e5145df64 tempest-ImagesOneServerTestJSON-16892711 tempest-ImagesOneServerTestJSON-16892711-project] Registering scheme swift+https with {'store': , 'location_class': , 'store_entry': 'swift'} {{(pid=109314) register_scheme_map /usr/local/lib/python3.8/dist-packages/glance_store/location.py:146}}
Oct 20 10:43:55.496559 n-d-805046-8 devstack@g-api.service[109314]: DEBUG glance_store.location [None req-bb242292-f3dc-453a-a0f1-748e5145df64 tempest-ImagesOneServerTestJSON-16892711 tempest-ImagesOneServerTestJSON-16892711-project] Registering scheme swift with {'store': , 'location_class': , 'store_entry': 'swift'} {{(pid=109314) register_scheme_map /usr/local/lib/python3.8/dist-packages/glance_store/location.py:146}}
Oct 20 10:43:55.497096 n-d-805046-8 devstack@g-api.service[109314]: DEBUG glance_store.location [None req-bb242292-f3dc-453a-a0f1-748e5145df64 tempest-ImagesOneServerTestJSON-16892711 tempest-ImagesOneServerTestJSON-16892711-project] Registering scheme swift+https with {'store': , 'location_class': , 'store_entry': 'swift'} {{(pid=109314) register_scheme_map /usr/local/lib/python3.8/dist-packages/glance_store/location.py:146}}
Oct 20 10:43:55.497602 n-d-805046-8 devstack@g-api.service[109314]: DEBUG glance_store.location [None req-bb242292-f3dc-453a-a0f1-748e5145df64 tempest-ImagesOneServerTestJSON-16892711 tempest-ImagesOneServerTestJSON-16892711-project] Registering scheme swift with {'store': , 'location_class': , 'store_entry': 'swift'} {{(pid=109314) register_scheme_map /usr/local/lib/python3.8/dist-packages/glance_store/location.py:146}}
Oct 20 10:43:55.498331 n-d-805046-8 devstack@g-api.service[109314]: DEBUG glance_store.location [None req-bb242292-f3dc-453a-a0f1-748e5145df64 tempest-ImagesOneServerTestJSON-16892711 tempest-ImagesOneServerTestJSON-16892711-project] Registering scheme swift+http with {'store': , 'location_class': , 'store_entry': 'swift'} {{(pid=109314) register_scheme_map /usr/local/lib/python3.8/dist-packages/glance_store/location.py:146}}
Oct 20 10:43:55.501821 n-d-805046-8 devstack@g-api.service[109314]: DEBUG glance_store.location [None req-bb242292-f3dc-453a-a0f1-748e5145df64 tempest-ImagesOneServerTestJSON-16892711 tempest-ImagesOneServerTestJSON-16892711-project] Registering scheme swift+https with {'store': , 'location_class': , 'store_entry': 'swift'} {{(pid=109314) register_scheme_map /usr/local/lib/python3.8/dist-packages/glance_store/location.py:146}}
Oct 20 10:43:55.502678 n-d-805046-8 devstack@g-api.service[109314]: DEBUG glance_store.location [None req-bb242292-f3dc-453a-a0f1-748e5145df64 tempest-ImagesOneServerTestJSON-16892711 tempest-ImagesOneServerTestJSON-16892711-project] Registering scheme swift with {'store': , 'location_class': , 'store_entry': 'swift'} {{(pid=109314) register_scheme_map /usr/local/lib/python3.8/dist-packages/glance_store/location.py:146}}
Oct 20 10:43:55.503245 n-d-805046-8 devstack@g-api.service[109314]: DEBUG glance_store.location [None req-bb242292-f3dc-453a-a0f1-748e5145df64 tempest-ImagesOneServerTestJSON-16892711 tempest-ImagesOneServerTestJSON-16892711-project] Registering scheme swift+http with {'store': , 'location_class': , 'store_entry': 'swift'} {{(pid=109314) register_scheme_map /usr/local/lib/python3.8/dist-packages/glance_store/location.py:146}}
Oct 20 10:43:55.503831 n-d-805046-8 devstack@g-api.service[109314]: DEBUG glance_store.location [None req-bb242292-f3dc-453a-a0f1-748e5145df64 tempest-ImagesOneServerTestJSON-16892711 tempest-ImagesOneServerTestJSON-16892711-project] Registering scheme swift+config with {'store': , 'location_class': , 'store_entry': 'swift'} {{(pid=109314) register_scheme_map /usr/local/lib/python3.8/dist-packages/glance_store/location.py:146}}
Oct 20 10:43:55.505074 n-d-805046-8 devstack@g-api.service[109314]: DEBUG glance_store.backend [None req-bb242292-f3dc-453a-a0f1-748e5145df64 tempest-ImagesOneServerTestJSON-16892711 tempest-ImagesOneServerTestJSON-16892711-project] Skipping store.set_acls... not implemented. {{(pid=109314) set_acls /usr/local/lib/python3.8/dist-packages/glance_store/backend.py:509}}
Oct 20 10:43:55.526208 n-d-805046-8 devstack@g-api.service[109314]: [pid: 109314|app: 0|req: 145/361] 127.0.0.1 () {42 vars in 887 bytes} [Wed Oct 20 10:43:24 2021] PUT /v2/images/a85b7400-eb53-4478-bca4-e9d6ca29abcc/file => generated 0 bytes in 31525 msecs (HTTP/1.1 204) 4 headers in 171 bytes (1 switches on core 0)
Oct 20 10:43:55.529808 n-d-805046-8 devstack@g-api.service[109313]: DEBUG glance.api.middleware.version_negotiation [None req-296c10c7-0512-42ce-a169-8750d3cbe11b tempest-ListImageFiltersTestJSON-210231551 tempest-ListImageFiltersTestJSON-210231551-project] Determining version of request: GET /v2/images/a85b7400-eb53-4478-bca4-e9d6ca29abcc Accept: */* {{(pid=109313) process_request /opt/stack/glance/glance/api/middleware/version_negotiation.py:44}}
Oct 20 10:43:55.530735 n-d-805046-8 devstack@g-api.service[109313]: DEBUG glance.api.middleware.version_negotiation [None req-296c10c7-0512-42ce-a169-8750d3cbe11b tempest-ListImageFiltersTestJSON-210231551 tempest-ListImageFiltersTestJSON-210231551-project] Using url versioning {{(pid=109313) process_request /opt/stack/glance/glance/api/middleware/version_negotiation.py:57}}
Oct 20 10:43:55.531690 n-d-805046-8 devstack@g-api.service[109313]: DEBUG glance.api.middleware.version_negotiation [None req-296c10c7-0512-42ce-a169-8750d3cbe11b tempest-ListImageFiltersTestJSON-210231551 tempest-ListImageFiltersTestJSON-210231551-project] Matched version: v2 {{(pid=109313) process_request /opt/stack/glance/glance/api/middleware/version_negotiation.py:69}}
Oct 20 10:43:55.532368 n-d-805046-8 devstack@g-api.service[109313]: DEBUG glance.api.middleware.version_negotiation [None req-296c10c7-0512-42ce-a169-8750d3cbe11b tempest-ListImageFiltersTestJSON-210231551 tempest-ListImageFiltersTestJSON-210231551-project] new path /v2/images/a85b7400-eb53-4478-bca4-e9d6ca29abcc {{(pid=109313) process_request /opt/stack/glance/glance/api/middleware/version_negotiation.py:70}}
Oct 20 10:43:55.558210 n-d-805046-8 devstack@g-api.service[109314]: DEBUG glance.api.middleware.version_negotiation [None req-bb242292-f3dc-453a-a0f1-748e5145df64 tempest-ImagesOneServerTestJSON-16892711 tempest-ImagesOneServerTestJSON-16892711-project] Determining version of request: GET /v2/images/c4d76d31-a2a9-4446-8045-1b5812102f4f Accept: */* {{(pid=109314) process_request /opt/stack/glance/glance/api/middleware/version_negotiation.py:44}}
Oct 20 10:43:55.559093 n-d-805046-8 devstack@g-api.service[109314]: DEBUG glance.api.middleware.version_negotiation [None req-bb242292-f3dc-453a-a0f1-748e5145df64 tempest-ImagesOneServerTestJSON-16892711 tempest-ImagesOneServerTestJSON-16892711-project] Using url versioning {{(pid=109314) process_request /opt/stack/glance/glance/api/middleware/version_negotiation.py:57}}
Oct 20 10:43:55.559932 n-d-805046-8 devstack@g-api.service[109314]: DEBUG glance.api.middleware.version_negotiation [None req-bb242292-f3dc-453a-a0f1-748e5145df64 tempest-ImagesOneServerTestJSON-16892711 tempest-ImagesOneServerTestJSON-16892711-project] Matched version: v2 {{(pid=109314) process_request /opt/stack/glance/glance/api/middleware/version_negotiation.py:69}}
Oct 20 10:43:55.560444 n-d-805046-8 devstack@g-api.service[109314]: DEBUG glance.api.middleware.version_negotiation [None req-bb242292-f3dc-453a-a0f1-748e5145df64 tempest-ImagesOneServerTestJSON-16892711 tempest-ImagesOneServerTestJSON-16892711-project] new path /v2/images/c4d76d31-a2a9-4446-8045-1b5812102f4f {{(pid=109314) process_request /opt/stack/glance/glance/api/middleware/version_negotiation.py:70}}
Oct 20 10:43:55.587299 n-d-805046-8 devstack@g-api.service[109313]: [pid: 109313|app: 0|req: 217/362] 127.0.0.1 () {40 vars in 844 bytes} [Wed Oct 20 10:43:55 2021] GET /v2/images/a85b7400-eb53-4478-bca4-e9d6ca29abcc => generated 1310 bytes in 59 msecs (HTTP/1.1 200) 4 headers in 158 bytes (1 switches on core 0)
Oct 20 10:43:55.612343 n-d-805046-8 devstack@g-api.service[109313]: DEBUG glance.api.middleware.version_negotiation [None req-bb242292-f3dc-453a-a0f1-748e5145df64 tempest-ImagesOneServerTestJSON-16892711 tempest-ImagesOneServerTestJSON-16892711-project] Determining version of request: GET /v2/schemas/image Accept: */* {{(pid=109313) process_request /opt/stack/glance/glance/api/middleware/version_negotiation.py:44}}
Oct 20 10:43:55.613207 n-d-805046-8 devstack@g-api.service[109313]: DEBUG glance.api.middleware.version_negotiation [None req-bb242292-f3dc-453a-a0f1-748e5145df64 tempest-ImagesOneServerTestJSON-16892711 tempest-ImagesOneServerTestJSON-16892711-project] Using url versioning {{(pid=109313) process_request /opt/stack/glance/glance/api/middleware/version_negotiation.py:57}}
Oct 20 10:43:55.613721 n-d-805046-8 devstack@g-api.service[109313]: DEBUG glance.api.middleware.version_negotiation [None req-bb242292-f3dc-453a-a0f1-748e5145df64 tempest-ImagesOneServerTestJSON-16892711 tempest-ImagesOneServerTestJSON-16892711-project] Matched version: v2 {{(pid=109313) process_request /opt/stack/glance/glance/api/middleware/version_negotiation.py:69}}
Oct 20 10:43:55.614251 n-d-805046-8 devstack@g-api.service[109313]: DEBUG glance.api.middleware.version_negotiation [None req-bb242292-f3dc-453a-a0f1-748e5145df64 tempest-ImagesOneServerTestJSON-16892711 tempest-ImagesOneServerTestJSON-16892711-project] new path /v2/schemas/image {{(pid=109313) process_request /opt/stack/glance/glance/api/middleware/version_negotiation.py:70}}
Oct 20 10:43:55.621512 n-d-805046-8 devstack@g-api.service[109313]: [pid: 109313|app: 0|req: 218/363] 127.0.0.1 () {40 vars in 784 bytes} [Wed Oct 20 10:43:55 2021] GET /v2/schemas/image => generated 6083 bytes in 10 msecs (HTTP/1.1 200) 4 headers in 158 bytes (1 switches on core 0)
Oct 20 10:43:55.626950 n-d-805046-8 devstack@g-api.service[109314]: [pid: 109314|app: 0|req: 146/364] 127.0.0.1 () {42 vars in 1051 bytes} [Wed Oct 20 10:43:55 2021] GET /v2/images/c4d76d31-a2a9-4446-8045-1b5812102f4f => generated 816 bytes in 69 msecs (HTTP/1.1 200) 4 headers in 157 bytes (1 switches on core 0)
Oct 20 10:43:55.644872 n-d-805046-8 devstack@g-api.service[109313]: DEBUG glance.api.middleware.version_negotiation [None req-bb242292-f3dc-453a-a0f1-748e5145df64 tempest-ImagesOneServerTestJSON-16892711 tempest-ImagesOneServerTestJSON-16892711-project] Determining version of request: GET /v2/schemas/image Accept: */* {{(pid=109313) process_request /opt/stack/glance/glance/api/middleware/version_negotiation.py:44}}
Oct 20 10:43:55.645645 n-d-805046-8 devstack@g-api.service[109313]: DEBUG glance.api.middleware.version_negotiation [None req-bb242292-f3dc-453a-a0f1-748e5145df64 tempest-ImagesOneServerTestJSON-16892711 tempest-ImagesOneServerTestJSON-16892711-project] Using url versioning {{(pid=109313) process_request /opt/stack/glance/glance/api/middleware/version_negotiation.py:57}}
Oct 20 10:43:55.646194 n-d-805046-8 devstack@g-api.service[109313]: DEBUG glance.api.middleware.version_negotiation [None req-bb242292-f3dc-453a-a0f1-748e5145df64 tempest-ImagesOneServerTestJSON-16892711 tempest-ImagesOneServerTestJSON-16892711-project] Matched version: v2 {{(pid=109313) process_request /opt/stack/glance/glance/api/middleware/version_negotiation.py:69}}
Oct 20 10:43:55.646667 n-d-805046-8 devstack@g-api.service[109313]: DEBUG glance.api.middleware.version_negotiation [None req-bb242292-f3dc-453a-a0f1-748e5145df64 tempest-ImagesOneServerTestJSON-16892711 tempest-ImagesOneServerTestJSON-16892711-project] new path /v2/schemas/image {{(pid=109313) process_request /opt/stack/glance/glance/api/middleware/version_negotiation.py:70}}
Oct 20 10:43:55.662706 n-d-805046-8 devstack@g-api.service[109313]: [pid: 109313|app: 0|req: 219/365] 127.0.0.1 () {42 vars in 991 bytes} [Wed Oct 20 10:43:55 2021] GET /v2/schemas/image => generated 6083 bytes in 18 msecs (HTTP/1.1 200) 4 headers in 158 bytes (1 switches on core 0)
Oct 20 10:43:55.928047 n-d-805046-8 devstack@g-api.service[109314]: DEBUG glance.api.middleware.version_negotiation [None req-9ebb305f-de97-44e9-a336-b11e1c86ddc0 tempest-ListImageFiltersTestJSON-210231551 tempest-ListImageFiltersTestJSON-210231551-project] Determining version of request: GET /v2/images/2b67624e-862c-4fe5-8db2-695a89fccb9c Accept: */* {{(pid=109314) process_request /opt/stack/glance/glance/api/middleware/version_negotiation.py:44}}
Oct 20 10:43:55.928381 n-d-805046-8 devstack@g-api.service[109314]: DEBUG glance.api.middleware.version_negotiation [None req-9ebb305f-de97-44e9-a336-b11e1c86ddc0 tempest-ListImageFiltersTestJSON-210231551 tempest-ListImageFiltersTestJSON-210231551-project] Using url versioning {{(pid=109314) process_request /opt/stack/glance/glance/api/middleware/version_negotiation.py:57}}
Oct 20 10:43:55.928767 n-d-805046-8 devstack@g-api.service[109314]: DEBUG glance.api.middleware.version_negotiation [None req-9ebb305f-de97-44e9-a336-b11e1c86ddc0 tempest-ListImageFiltersTestJSON-210231551 tempest-ListImageFiltersTestJSON-210231551-project] Matched version: v2 {{(pid=109314) process_request /opt/stack/glance/glance/api/middleware/version_negotiation.py:69}}
Oct 20 10:43:55.929220 n-d-805046-8 devstack@g-api.service[109314]: DEBUG glance.api.middleware.version_negotiation [None req-9ebb305f-de97-44e9-a336-b11e1c86ddc0 tempest-ListImageFiltersTestJSON-210231551 tempest-ListImageFiltersTestJSON-210231551-project] new path /v2/images/2b67624e-862c-4fe5-8db2-695a89fccb9c {{(pid=109314) process_request /opt/stack/glance/glance/api/middleware/version_negotiation.py:70}}
Oct 20 10:43:55.967307 n-d-805046-8 devstack@g-api.service[109313]: DEBUG glance.api.middleware.version_negotiation [None req-9ebb305f-de97-44e9-a336-b11e1c86ddc0 tempest-ListImageFiltersTestJSON-210231551 tempest-ListImageFiltersTestJSON-210231551-project] Determining version of request: GET /v2/schemas/image Accept: */* {{(pid=109313) process_request /opt/stack/glance/glance/api/middleware/version_negotiation.py:44}}
Oct 20 10:43:55.968608 n-d-805046-8 devstack@g-api.service[109314]: [pid: 109314|app: 0|req: 147/366] 127.0.0.1 () {42 vars in 1051 bytes} [Wed Oct 20 10:43:55 2021] GET /v2/images/2b67624e-862c-4fe5-8db2-695a89fccb9c => generated 946 bytes in 40 msecs (HTTP/1.1 200) 4 headers in 157 bytes (1 switches on core 0)
Oct 20 10:43:55.969480 n-d-805046-8 devstack@g-api.service[109313]: DEBUG glance.api.middleware.version_negotiation [None req-9ebb305f-de97-44e9-a336-b11e1c86ddc0 tempest-ListImageFiltersTestJSON-210231551 tempest-ListImageFiltersTestJSON-210231551-project] Using url versioning {{(pid=109313) process_request /opt/stack/glance/glance/api/middleware/version_negotiation.py:57}}
Oct 20 10:43:55.970125 n-d-805046-8 devstack@g-api.service[109313]: DEBUG glance.api.middleware.version_negotiation [None req-9ebb305f-de97-44e9-a336-b11e1c86ddc0 tempest-ListImageFiltersTestJSON-210231551 tempest-ListImageFiltersTestJSON-210231551-project] Matched version: v2 {{(pid=109313) process_request /opt/stack/glance/glance/api/middleware/version_negotiation.py:69}}
Oct 20 10:43:55.970631 n-d-805046-8 devstack@g-api.service[109313]: DEBUG glance.api.middleware.version_negotiation [None req-9ebb305f-de97-44e9-a336-b11e1c86ddc0 tempest-ListImageFiltersTestJSON-210231551 tempest-ListImageFiltersTestJSON-210231551-project] new path /v2/schemas/image {{(pid=109313) process_request /opt/stack/glance/glance/api/middleware/version_negotiation.py:70}}
Oct 20 10:43:55.982537 n-d-805046-8 devstack@g-api.service[109313]: [pid: 109313|app: 0|req: 220/367] 127.0.0.1 () {42 vars in 991 bytes} [Wed Oct 20 10:43:55 2021] GET /v2/schemas/image => generated 6083 bytes in 15 msecs (HTTP/1.1 200) 4 headers in 158 bytes (1 switches on core 0)
Oct 20 10:43:56.117731 n-d-805046-8 devstack@g-api.service[109314]: DEBUG glance.api.middleware.version_negotiation [None req-3d543171-366c-4317-b056-6d1bcb45f30f tempest-ListImageFiltersTestJSON-210231551 tempest-ListImageFiltersTestJSON-210231551-project] Determining version of request: GET /v2/images/a85b7400-eb53-4478-bca4-e9d6ca29abcc Accept: */* {{(pid=109314) process_request /opt/stack/glance/glance/api/middleware/version_negotiation.py:44}}
Oct 20 10:43:56.118341 n-d-805046-8 devstack@g-api.service[109314]: DEBUG glance.api.middleware.version_negotiation [None req-3d543171-366c-4317-b056-6d1bcb45f30f tempest-ListImageFiltersTestJSON-210231551 tempest-ListImageFiltersTestJSON-210231551-project] Using url versioning {{(pid=109314) process_request /opt/stack/glance/glance/api/middleware/version_negotiation.py:57}}
Oct 20 10:43:56.118779 n-d-805046-8 devstack@g-api.service[109314]: DEBUG glance.api.middleware.version_negotiation [None req-3d543171-366c-4317-b056-6d1bcb45f30f tempest-ListImageFiltersTestJSON-210231551 tempest-ListImageFiltersTestJSON-210231551-project] Matched version: v2 {{(pid=109314) process_request /opt/stack/glance/glance/api/middleware/version_negotiation.py:69}}
Oct 20 10:43:56.119169 n-d-805046-8 devstack@g-api.service[109314]: DEBUG glance.api.middleware.version_negotiation [None req-3d543171-366c-4317-b056-6d1bcb45f30f tempest-ListImageFiltersTestJSON-210231551 tempest-ListImageFiltersTestJSON-210231551-project] new path /v2/images/a85b7400-eb53-4478-bca4-e9d6ca29abcc {{(pid=109314) process_request /opt/stack/glance/glance/api/middleware/version_negotiation.py:70}}
Oct 20 10:43:56.157426 n-d-805046-8 devstack@g-api.service[109314]: [pid: 109314|app: 0|req: 148/368] 127.0.0.1 () {42 vars in 1051 bytes} [Wed Oct 20 10:43:56 2021] GET /v2/images/a85b7400-eb53-4478-bca4-e9d6ca29abcc => generated 1310 bytes in 40 msecs (HTTP/1.1 200) 4 headers in 158 bytes (1 switches on core 0)
Oct 20 10:43:56.163464 n-d-805046-8 devstack@g-api.service[109313]: DEBUG glance.api.middleware.version_negotiation [None req-3d543171-366c-4317-b056-6d1bcb45f30f tempest-ListImageFiltersTestJSON-210231551 tempest-ListImageFiltersTestJSON-210231551-project] Determining version of request: GET /v2/schemas/image Accept: */* {{(pid=109313) process_request /opt/stack/glance/glance/api/middleware/version_negotiation.py:44}}
Oct 20 10:43:56.163918 n-d-805046-8 devstack@g-api.service[109313]: DEBUG glance.api.middleware.version_negotiation [None req-3d543171-366c-4317-b056-6d1bcb45f30f tempest-ListImageFiltersTestJSON-210231551 tempest-ListImageFiltersTestJSON-210231551-project] Using url versioning {{(pid=109313) process_request /opt/stack/glance/glance/api/middleware/version_negotiation.py:57}}
Oct 20 10:43:56.164314 n-d-805046-8 devstack@g-api.service[109313]: DEBUG glance.api.middleware.version_negotiation [None req-3d543171-366c-4317-b056-6d1bcb45f30f tempest-ListImageFiltersTestJSON-210231551 tempest-ListImageFiltersTestJSON-210231551-project] Matched version: v2 {{(pid=109313) process_request /opt/stack/glance/glance/api/middleware/version_negotiation.py:69}}
Oct 20 10:43:56.164643 n-d-805046-8 devstack@g-api.service[109313]: DEBUG glance.api.middleware.version_negotiation [None req-3d543171-366c-4317-b056-6d1bcb45f30f tempest-ListImageFiltersTestJSON-210231551 tempest-ListImageFiltersTestJSON-210231551-project] new path /v2/schemas/image {{(pid=109313) process_request /opt/stack/glance/glance/api/middleware/version_negotiation.py:70}}
Oct 20 10:43:56.172975 n-d-805046-8 devstack@g-api.service[109313]: [pid: 109313|app: 0|req: 221/369] 127.0.0.1 () {42 vars in 991 bytes} [Wed Oct 20 10:43:56 2021] GET /v2/schemas/image => generated 6083 bytes in 10 msecs (HTTP/1.1 200) 4 headers in 158 bytes (1 switches on core 0)
Oct 20 10:43:56.227845 n-d-805046-8 devstack@g-api.service[109314]: DEBUG glance.api.middleware.version_negotiation [None req-b410e1cb-8f8f-4329-ba36-fc37d562e347 tempest-ImagesOneServerTestJSON-16892711 tempest-ImagesOneServerTestJSON-16892711-project] Determining version of request: GET /v2/images/a85b7400-eb53-4478-bca4-e9d6ca29abcc Accept: */* {{(pid=109314) process_request /opt/stack/glance/glance/api/middleware/version_negotiation.py:44}}
Oct 20 10:43:56.228430 n-d-805046-8 devstack@g-api.service[109314]: DEBUG glance.api.middleware.version_negotiation [None req-b410e1cb-8f8f-4329-ba36-fc37d562e347 tempest-ImagesOneServerTestJSON-16892711 tempest-ImagesOneServerTestJSON-16892711-project] Using url versioning {{(pid=109314) process_request /opt/stack/glance/glance/api/middleware/version_negotiation.py:57}}
Oct 20 10:43:56.228755 n-d-805046-8 devstack@g-api.service[109314]: DEBUG glance.api.middleware.version_negotiation [None req-b410e1cb-8f8f-4329-ba36-fc37d562e347 tempest-ImagesOneServerTestJSON-16892711 tempest-ImagesOneServerTestJSON-16892711-project] Matched version: v2 {{(pid=109314) process_request /opt/stack/glance/glance/api/middleware/version_negotiation.py:69}}
Oct 20 10:43:56.229151 n-d-805046-8 devstack@g-api.service[109314]: DEBUG glance.api.middleware.version_negotiation [None req-b410e1cb-8f8f-4329-ba36-fc37d562e347 tempest-ImagesOneServerTestJSON-16892711 tempest-ImagesOneServerTestJSON-16892711-project] new path /v2/images/a85b7400-eb53-4478-bca4-e9d6ca29abcc {{(pid=109314) process_request /opt/stack/glance/glance/api/middleware/version_negotiation.py:70}}
Oct 20 10:43:56.266036 n-d-805046-8 devstack@g-api.service[109314]: [pid: 109314|app: 0|req: 149/370] 127.0.0.1 () {42 vars in 1051 bytes} [Wed Oct 20 10:43:56 2021] GET /v2/images/a85b7400-eb53-4478-bca4-e9d6ca29abcc => generated 1310 bytes in 38 msecs (HTTP/1.1 200) 4 headers in 158 bytes (1 switches on core 0)
Oct 20 10:43:56.274498 n-d-805046-8 devstack@g-api.service[109313]: DEBUG glance.api.middleware.version_negotiation [None req-b410e1cb-8f8f-4329-ba36-fc37d562e347 tempest-ImagesOneServerTestJSON-16892711 tempest-ImagesOneServerTestJSON-16892711-project] Determining version of request: GET /v2/schemas/image Accept: */* {{(pid=109313) process_request /opt/stack/glance/glance/api/middleware/version_negotiation.py:44}}
Oct 20 10:43:56.275311 n-d-805046-8 devstack@g-api.service[109313]: DEBUG glance.api.middleware.version_negotiation [None req-b410e1cb-8f8f-4329-ba36-fc37d562e347 tempest-ImagesOneServerTestJSON-16892711 tempest-ImagesOneServerTestJSON-16892711-project] Using url versioning {{(pid=109313) process_request /opt/stack/glance/glance/api/middleware/version_negotiation.py:57}}
Oct 20 10:43:56.275992 n-d-805046-8 devstack@g-api.service[109313]: DEBUG glance.api.middleware.version_negotiation [None req-b410e1cb-8f8f-4329-ba36-fc37d562e347 tempest-ImagesOneServerTestJSON-16892711 tempest-ImagesOneServerTestJSON-16892711-project] Matched version: v2 {{(pid=109313) process_request /opt/stack/glance/glance/api/middleware/version_negotiation.py:69}}
Oct 20 10:43:56.276383 n-d-805046-8 devstack@g-api.service[109313]: DEBUG glance.api.middleware.version_negotiation [None req-b410e1cb-8f8f-4329-ba36-fc37d562e347 tempest-ImagesOneServerTestJSON-16892711 tempest-ImagesOneServerTestJSON-16892711-project] new path /v2/schemas/image {{(pid=109313) process_request /opt/stack/glance/glance/api/middleware/version_negotiation.py:70}}
Oct 20 10:43:56.282269 n-d-805046-8 devstack@g-api.service[109313]: [pid: 109313|app: 0|req: 222/371] 127.0.0.1 () {42 vars in 991 bytes} [Wed Oct 20 10:43:56 2021] GET /v2/schemas/image => generated 6083 bytes in 8 msecs (HTTP/1.1 200) 4 headers in 158 bytes (1 switches on core 0)
Oct 20 10:43:57.444281 n-d-805046-8 devstack@g-api.service[109314]: DEBUG glance.api.middleware.version_negotiation [None req-258dd34d-e756-4753-9682-20671792ed5e tempest-ImagesOneServerTestJSON-16892711 tempest-ImagesOneServerTestJSON-16892711-project] Determining version of request: GET /v2/images/2b67624e-862c-4fe5-8db2-695a89fccb9c Accept: */* {{(pid=109314) process_request /opt/stack/glance/glance/api/middleware/version_negotiation.py:44}}
Oct 20 10:43:57.445450 n-d-805046-8 devstack@g-api.service[109314]: DEBUG glance.api.middleware.version_negotiation [None req-258dd34d-e756-4753-9682-20671792ed5e tempest-ImagesOneServerTestJSON-16892711 tempest-ImagesOneServerTestJSON-16892711-project] Using url versioning {{(pid=109314) process_request /opt/stack/glance/glance/api/middleware/version_negotiation.py:57}}
Oct 20 10:43:57.445961 n-d-805046-8 devstack@g-api.service[109314]: DEBUG glance.api.middleware.version_negotiation [None req-258dd34d-e756-4753-9682-20671792ed5e tempest-ImagesOneServerTestJSON-16892711 tempest-ImagesOneServerTestJSON-16892711-project] Matched version: v2 {{(pid=109314) process_request /opt/stack/glance/glance/api/middleware/version_negotiation.py:69}}
Oct 20 10:43:57.446404 n-d-805046-8 devstack@g-api.service[109314]: DEBUG glance.api.middleware.version_negotiation [None req-258dd34d-e756-4753-9682-20671792ed5e tempest-ImagesOneServerTestJSON-16892711 tempest-ImagesOneServerTestJSON-16892711-project] new path /v2/images/2b67624e-862c-4fe5-8db2-695a89fccb9c {{(pid=109314) process_request /opt/stack/glance/glance/api/middleware/version_negotiation.py:70}}
Oct 20 10:43:57.485239 n-d-805046-8 devstack@g-api.service[109314]: [pid: 109314|app: 0|req: 150/372] 127.0.0.1 () {42 vars in 1051 bytes} [Wed Oct 20 10:43:57 2021] GET /v2/images/2b67624e-862c-4fe5-8db2-695a89fccb9c => generated 946 bytes in 41 msecs (HTTP/1.1 200) 4 headers in 157 bytes (1 switches on core 0)
Oct 20 10:43:57.491565 n-d-805046-8 devstack@g-api.service[109313]: DEBUG glance.api.middleware.version_negotiation [None req-258dd34d-e756-4753-9682-20671792ed5e tempest-ImagesOneServerTestJSON-16892711 tempest-ImagesOneServerTestJSON-16892711-project] Determining version of request: GET /v2/schemas/image Accept: */* {{(pid=109313) process_request /opt/stack/glance/glance/api/middleware/version_negotiation.py:44}}
Oct 20 10:43:57.492272 n-d-805046-8 devstack@g-api.service[109313]: DEBUG glance.api.middleware.version_negotiation [None req-258dd34d-e756-4753-9682-20671792ed5e tempest-ImagesOneServerTestJSON-16892711 tempest-ImagesOneServerTestJSON-16892711-project] Using url versioning {{(pid=109313) process_request /opt/stack/glance/glance/api/middleware/version_negotiation.py:57}}
Oct 20 10:43:57.492552 n-d-805046-8 devstack@g-api.service[109313]: DEBUG glance.api.middleware.version_negotiation [None req-258dd34d-e756-4753-9682-20671792ed5e tempest-ImagesOneServerTestJSON-16892711 tempest-ImagesOneServerTestJSON-16892711-project] Matched version: v2 {{(pid=109313) process_request /opt/stack/glance/glance/api/middleware/version_negotiation.py:69}}
Oct 20 10:43:57.493002 n-d-805046-8 devstack@g-api.service[109313]: DEBUG glance.api.middleware.version_negotiation [None req-258dd34d-e756-4753-9682-20671792ed5e tempest-ImagesOneServerTestJSON-16892711 tempest-ImagesOneServerTestJSON-16892711-project] new path /v2/schemas/image {{(pid=109313) process_request /opt/stack/glance/glance/api/middleware/version_negotiation.py:70}}
Oct 20 10:43:57.504697 n-d-805046-8 devstack@g-api.service[109313]: [pid: 109313|app: 0|req: 223/373] 127.0.0.1 () {42 vars in 991 bytes} [Wed Oct 20 10:43:57 2021] GET /v2/schemas/image => generated 6083 bytes in 13 msecs (HTTP/1.1 200) 4 headers in 158 bytes (1 switches on core 0)
Oct 20 10:43:57.825156 n-d-805046-8 devstack@g-api.service[109314]: DEBUG glance.api.middleware.version_negotiation [None req-dfa60fa8-007c-49a5-85b4-ca35877dc820 tempest-ListImageFiltersTestJSON-210231551 tempest-ListImageFiltersTestJSON-210231551-project] Determining version of request: DELETE /v2/images/a85b7400-eb53-4478-bca4-e9d6ca29abcc Accept: */* {{(pid=109314) process_request /opt/stack/glance/glance/api/middleware/version_negotiation.py:44}}
Oct 20 10:43:57.826134 n-d-805046-8 devstack@g-api.service[109314]: DEBUG glance.api.middleware.version_negotiation [None req-dfa60fa8-007c-49a5-85b4-ca35877dc820 tempest-ListImageFiltersTestJSON-210231551 tempest-ListImageFiltersTestJSON-210231551-project] Using url versioning {{(pid=109314) process_request /opt/stack/glance/glance/api/middleware/version_negotiation.py:57}}
Oct 20 10:43:57.826652 n-d-805046-8 devstack@g-api.service[109314]: DEBUG glance.api.middleware.version_negotiation [None req-dfa60fa8-007c-49a5-85b4-ca35877dc820 tempest-ListImageFiltersTestJSON-210231551 tempest-ListImageFiltersTestJSON-210231551-project] Matched version: v2 {{(pid=109314) process_request /opt/stack/glance/glance/api/middleware/version_negotiation.py:69}}
Oct 20 10:43:57.827031 n-d-805046-8 devstack@g-api.service[109314]: DEBUG glance.api.middleware.version_negotiation [None req-dfa60fa8-007c-49a5-85b4-ca35877dc820 tempest-ListImageFiltersTestJSON-210231551 tempest-ListImageFiltersTestJSON-210231551-project] new path /v2/images/a85b7400-eb53-4478-bca4-e9d6ca29abcc {{(pid=109314) process_request /opt/stack/glance/glance/api/middleware/version_negotiation.py:70}}
Oct 20 10:43:57.875061 n-d-805046-8 devstack@g-api.service[109314]: WARNING glance.api.v2.images [None req-5ba2b764-81ce-497f-a3eb-4fe63e4f7d1e tempest-ImagesOneServerTestJSON-16892711 tempest-ImagesOneServerTestJSON-16892711-project] After upload to backend, deletion of staged image data has failed because it cannot be found at /tmp/staging//a85b7400-eb53-4478-bca4-e9d6ca29abcc
Oct 20 10:43:57.880212 n-d-805046-8 devstack@g-api.service[109314]: DEBUG glance_store.backend [None req-5ba2b764-81ce-497f-a3eb-4fe63e4f7d1e tempest-ImagesOneServerTestJSON-16892711 tempest-ImagesOneServerTestJSON-16892711-project] Attempting to import store swift {{(pid=109314) _load_store /usr/local/lib/python3.8/dist-packages/glance_store/backend.py:217}}
Oct 20 10:43:57.888356 n-d-805046-8 devstack@g-api.service[109314]: DEBUG glance_store.capabilities [None req-5ba2b764-81ce-497f-a3eb-4fe63e4f7d1e tempest-ImagesOneServerTestJSON-16892711 tempest-ImagesOneServerTestJSON-16892711-project] Store glance_store._drivers.swift.store.SingleTenantStore doesn't support updating dynamic storage capabilities. Please overwrite 'update_capabilities' method of the store to implement updating logics if needed. {{(pid=109314) update_capabilities /usr/local/lib/python3.8/dist-packages/glance_store/capabilities.py:91}}
Oct 20 10:43:57.889346 n-d-805046-8 devstack@g-api.service[109314]: DEBUG glance_store.driver [None req-5ba2b764-81ce-497f-a3eb-4fe63e4f7d1e tempest-ImagesOneServerTestJSON-16892711 tempest-ImagesOneServerTestJSON-16892711-project] Late loading location class glance_store._drivers.swift.store.StoreLocation {{(pid=109314) get_store_location_class /usr/local/lib/python3.8/dist-packages/glance_store/driver.py:117}}
Oct 20 10:43:57.890455 n-d-805046-8 devstack@g-api.service[109314]: DEBUG glance_store.location [None req-5ba2b764-81ce-497f-a3eb-4fe63e4f7d1e tempest-ImagesOneServerTestJSON-16892711 tempest-ImagesOneServerTestJSON-16892711-project] Registering scheme swift+https with {'store': , 'location_class': , 'store_entry': 'swift'} {{(pid=109314) register_scheme_map /usr/local/lib/python3.8/dist-packages/glance_store/location.py:146}}
Oct 20 10:43:57.890961 n-d-805046-8 devstack@g-api.service[109314]: DEBUG glance_store.location [None req-5ba2b764-81ce-497f-a3eb-4fe63e4f7d1e tempest-ImagesOneServerTestJSON-16892711 tempest-ImagesOneServerTestJSON-16892711-project] Registering scheme swift+https with {'store': , 'location_class': , 'store_entry': 'swift'} {{(pid=109314) register_scheme_map /usr/local/lib/python3.8/dist-packages/glance_store/location.py:146}}
Oct 20 10:43:57.896628 n-d-805046-8 devstack@g-api.service[109314]: DEBUG glance_store.location [None req-5ba2b764-81ce-497f-a3eb-4fe63e4f7d1e tempest-ImagesOneServerTestJSON-16892711 tempest-ImagesOneServerTestJSON-16892711-project] Registering scheme swift with {'store': , 'location_class': , 'store_entry': 'swift'} {{(pid=109314) register_scheme_map /usr/local/lib/python3.8/dist-packages/glance_store/location.py:146}}
Oct 20 10:43:57.897382 n-d-805046-8 devstack@g-api.service[109314]: DEBUG glance_store.location [None req-5ba2b764-81ce-497f-a3eb-4fe63e4f7d1e tempest-ImagesOneServerTestJSON-16892711 tempest-ImagesOneServerTestJSON-16892711-project] Registering scheme swift+https with {'store': , 'location_class': , 'store_entry': 'swift'} {{(pid=109314) register_scheme_map /usr/local/lib/python3.8/dist-packages/glance_store/location.py:146}}
Oct 20 10:43:57.897851 n-d-805046-8 devstack@g-api.service[109314]: DEBUG glance_store.location [None req-5ba2b764-81ce-497f-a3eb-4fe63e4f7d1e tempest-ImagesOneServerTestJSON-16892711 tempest-ImagesOneServerTestJSON-16892711-project] Registering scheme swift with {'store': , 'location_class': , 'store_entry': 'swift'} {{(pid=109314) register_scheme_map /usr/local/lib/python3.8/dist-packages/glance_store/location.py:146}}
Oct 20 10:43:57.898374 n-d-805046-8 devstack@g-api.service[109314]: DEBUG glance_store.location [None req-5ba2b764-81ce-497f-a3eb-4fe63e4f7d1e tempest-ImagesOneServerTestJSON-16892711 tempest-ImagesOneServerTestJSON-16892711-project] Registering scheme swift+http with {'store': , 'location_class': , 'store_entry': 'swift'} {{(pid=109314) register_scheme_map /usr/local/lib/python3.8/dist-packages/glance_store/location.py:146}}
Oct 20 10:43:57.898877 n-d-805046-8 devstack@g-api.service[109314]: DEBUG glance_store.location [None req-5ba2b764-81ce-497f-a3eb-4fe63e4f7d1e tempest-ImagesOneServerTestJSON-16892711 tempest-ImagesOneServerTestJSON-16892711-project] Registering scheme swift+https with {'store': , 'location_class': , 'store_entry': 'swift'} {{(pid=109314) register_scheme_map /usr/local/lib/python3.8/dist-packages/glance_store/location.py:146}}
Oct 20 10:43:57.900424 n-d-805046-8 devstack@g-api.service[109314]: DEBUG glance_store.location [None req-5ba2b764-81ce-497f-a3eb-4fe63e4f7d1e tempest-ImagesOneServerTestJSON-16892711 tempest-ImagesOneServerTestJSON-16892711-project] Registering scheme swift with {'store': , 'location_class': , 'store_entry': 'swift'} {{(pid=109314) register_scheme_map /usr/local/lib/python3.8/dist-packages/glance_store/location.py:146}}
Oct 20 10:43:57.901070 n-d-805046-8 devstack@g-api.service[109314]: DEBUG glance_store.location [None req-5ba2b764-81ce-497f-a3eb-4fe63e4f7d1e tempest-ImagesOneServerTestJSON-16892711 tempest-ImagesOneServerTestJSON-16892711-project] Registering scheme swift+http with {'store': , 'location_class': , 'store_entry': 'swift'} {{(pid=109314) register_scheme_map /usr/local/lib/python3.8/dist-packages/glance_store/location.py:146}}
Oct 20 10:43:57.904320 n-d-805046-8 devstack@g-api.service[109314]: DEBUG glance_store.location [None req-5ba2b764-81ce-497f-a3eb-4fe63e4f7d1e tempest-ImagesOneServerTestJSON-16892711 tempest-ImagesOneServerTestJSON-16892711-project] Registering scheme swift+config with {'store': , 'location_class': , 'store_entry': 'swift'} {{(pid=109314) register_scheme_map /usr/local/lib/python3.8/dist-packages/glance_store/location.py:146}}
Oct 20 10:43:57.905618 n-d-805046-8 devstack@g-api.service[109314]: DEBUG keystoneclient.auth.identity.v3.base [None req-5ba2b764-81ce-497f-a3eb-4fe63e4f7d1e tempest-ImagesOneServerTestJSON-16892711 tempest-ImagesOneServerTestJSON-16892711-project] Making authentication request to http://10.222.0.85/identity/v3/auth/tokens {{(pid=109314) get_auth_ref /usr/local/lib/python3.8/dist-packages/keystoneclient/auth/identity/v3/base.py:187}}
