Aug 22 14:47:15.246471 n-d-805046-3 devstack@n-api.service[117087]: INFO nova.api.openstack.requestlog [req-fb236919-10dd-46ca-a8d6-7f439ffe5419 req-315316f8-37f5-485b-8f88-54574672447b service nova] 10.222.0.53 "POST /compute/v2.1/os-server-external-events" status: 200 len: 183 microversion: 2.1 time: 0.042491
Aug 22 14:47:15.247117 n-d-805046-3 devstack@n-api.service[117087]: [pid: 117087|app: 0|req: 180/340] 10.222.0.53 () {64 vars in 1318 bytes} [Sun Aug 22 14:47:15 2021] POST /compute/v2.1/os-server-external-events => generated 183 bytes in 45 msecs (HTTP/1.1 200) 9 headers in 357 bytes (1 switches on core 0)
Aug 22 14:47:15.254152 n-d-805046-3 devstack@n-api.service[117087]: DEBUG nova.api.openstack.wsgi [None req-a536c116-eb38-4feb-82f7-ec5acae57888 tempest-DeleteServersAdminTestJSON-900602910 tempest-DeleteServersAdminTestJSON-900602910-project] Calling method '>' {{(pid=117087) _process_stack /opt/stack/nova/nova/api/openstack/wsgi.py:513}}
Aug 22 14:47:15.255275 n-d-805046-3 devstack@n-api.service[117087]: DEBUG nova.compute.api [None req-a536c116-eb38-4feb-82f7-ec5acae57888 tempest-DeleteServersAdminTestJSON-900602910 tempest-DeleteServersAdminTestJSON-900602910-project] [instance: 6c32820e-c878-4209-b388-9e1512a31e22] Fetching instance by UUID {{(pid=117087) get /opt/stack/nova/nova/compute/api.py:2842}}
Aug 22 14:47:15.263338 n-d-805046-3 devstack@n-api.service[117087]: DEBUG oslo_concurrency.lockutils [None req-a536c116-eb38-4feb-82f7-ec5acae57888 tempest-DeleteServersAdminTestJSON-900602910 tempest-DeleteServersAdminTestJSON-900602910-project] Lock "64e32b2e-dd1b-4893-a3bf-f300840b9cbf" acquired by "nova.context.set_target_cell..get_or_set_cached_cell_and_set_connections" :: waited 0.000s {{(pid=117087) inner /usr/local/lib/python3.8/dist-packages/oslo_concurrency/lockutils.py:355}}
Aug 22 14:47:15.264008 n-d-805046-3 devstack@n-api.service[117087]: DEBUG oslo_concurrency.lockutils [None req-a536c116-eb38-4feb-82f7-ec5acae57888 tempest-DeleteServersAdminTestJSON-900602910 tempest-DeleteServersAdminTestJSON-900602910-project] Lock "64e32b2e-dd1b-4893-a3bf-f300840b9cbf" released by "nova.context.set_target_cell..get_or_set_cached_cell_and_set_connections" :: held 0.001s {{(pid=117087) inner /usr/local/lib/python3.8/dist-packages/oslo_concurrency/lockutils.py:367}}
Aug 22 14:47:15.265014 n-d-805046-3 devstack@n-api.service[117087]: DEBUG oslo_concurrency.lockutils [None req-a536c116-eb38-4feb-82f7-ec5acae57888 tempest-DeleteServersAdminTestJSON-900602910 tempest-DeleteServersAdminTestJSON-900602910-project] Lock "64e32b2e-dd1b-4893-a3bf-f300840b9cbf" acquired by "nova.context.set_target_cell..get_or_set_cached_cell_and_set_connections" :: waited 0.000s {{(pid=117087) inner /usr/local/lib/python3.8/dist-packages/oslo_concurrency/lockutils.py:355}}
Aug 22 14:47:15.265698 n-d-805046-3 devstack@n-api.service[117087]: DEBUG oslo_concurrency.lockutils [None req-a536c116-eb38-4feb-82f7-ec5acae57888 tempest-DeleteServersAdminTestJSON-900602910 tempest-DeleteServersAdminTestJSON-900602910-project] Lock "64e32b2e-dd1b-4893-a3bf-f300840b9cbf" released by "nova.context.set_target_cell..get_or_set_cached_cell_and_set_connections" :: held 0.001s {{(pid=117087) inner /usr/local/lib/python3.8/dist-packages/oslo_concurrency/lockutils.py:367}}
Aug 22 14:47:15.459709 n-d-805046-3 devstack@n-api.service[117087]: DEBUG nova.policy [None req-a536c116-eb38-4feb-82f7-ec5acae57888 tempest-DeleteServersAdminTestJSON-900602910 tempest-DeleteServersAdminTestJSON-900602910-project] Policy check for os_compute_api:os-extended-server-attributes failed with credentials {'is_admin': False, 'user_id': 'accf718ae27f4a88bac0cf7aa3ea45ec', 'user_domain_id': 'default', 'system_scope': None, 'domain_id': None, 'project_id': '910ca9dda52c45feb54bf3d30442596b', 'project_domain_id': 'default', 'roles': ['member', 'reader'], 'is_admin_project': True, 'service_user_id': None, 'service_user_domain_id': None, 'service_project_id': None, 'service_project_domain_id': None, 'service_roles': []} {{(pid=117087) authorize /opt/stack/nova/nova/policy.py:199}}
Aug 22 14:47:15.469463 n-d-805046-3 devstack@n-api.service[117087]: INFO nova.api.openstack.requestlog [None req-a536c116-eb38-4feb-82f7-ec5acae57888 tempest-DeleteServersAdminTestJSON-900602910 tempest-DeleteServersAdminTestJSON-900602910-project] 10.222.0.53 "GET /compute/v2.1/servers/6c32820e-c878-4209-b388-9e1512a31e22" status: 200 len: 1320 microversion: 2.1 time: 0.220556
Aug 22 14:47:15.470559 n-d-805046-3 devstack@n-api.service[117087]: [pid: 117087|app: 0|req: 181/341] 10.222.0.53 () {58 vars in 1236 bytes} [Sun Aug 22 14:47:15 2021] GET /compute/v2.1/servers/6c32820e-c878-4209-b388-9e1512a31e22 => generated 1320 bytes in 222 msecs (HTTP/1.1 200) 9 headers in 358 bytes (1 switches on core 0)
Aug 22 14:47:15.476162 n-d-805046-3 devstack@n-api.service[117087]: DEBUG nova.api.openstack.wsgi [None req-d45f7831-2b73-4938-9532-7e818797cc4c tempest-ServersWithSpecificFlavorTestJSON-2114529434 tempest-ServersWithSpecificFlavorTestJSON-2114529434-project] Action: 'action', calling method: >, body: {"os-getConsoleOutput": {}} {{(pid=117087) _process_stack /opt/stack/nova/nova/api/openstack/wsgi.py:511}}
Aug 22 14:47:15.477323 n-d-805046-3 devstack@n-api.service[117087]: DEBUG nova.compute.api [None req-d45f7831-2b73-4938-9532-7e818797cc4c tempest-ServersWithSpecificFlavorTestJSON-2114529434 tempest-ServersWithSpecificFlavorTestJSON-2114529434-project] [instance: ff58c172-de86-44c8-8853-748d3f9602d6] Fetching instance by UUID {{(pid=117087) get /opt/stack/nova/nova/compute/api.py:2842}}
Aug 22 14:47:15.485218 n-d-805046-3 devstack@n-api.service[117087]: DEBUG oslo_concurrency.lockutils [None req-d45f7831-2b73-4938-9532-7e818797cc4c tempest-ServersWithSpecificFlavorTestJSON-2114529434 tempest-ServersWithSpecificFlavorTestJSON-2114529434-project] Lock "64e32b2e-dd1b-4893-a3bf-f300840b9cbf" acquired by "nova.context.set_target_cell..get_or_set_cached_cell_and_set_connections" :: waited 0.000s {{(pid=117087) inner /usr/local/lib/python3.8/dist-packages/oslo_concurrency/lockutils.py:355}}
Aug 22 14:47:15.485666 n-d-805046-3 devstack@n-api.service[117087]: DEBUG oslo_concurrency.lockutils [None req-d45f7831-2b73-4938-9532-7e818797cc4c tempest-ServersWithSpecificFlavorTestJSON-2114529434 tempest-ServersWithSpecificFlavorTestJSON-2114529434-project] Lock "64e32b2e-dd1b-4893-a3bf-f300840b9cbf" released by "nova.context.set_target_cell..get_or_set_cached_cell_and_set_connections" :: held 0.001s {{(pid=117087) inner /usr/local/lib/python3.8/dist-packages/oslo_concurrency/lockutils.py:367}}
Aug 22 14:47:15.486450 n-d-805046-3 devstack@n-api.service[117087]: DEBUG oslo_concurrency.lockutils [None req-d45f7831-2b73-4938-9532-7e818797cc4c tempest-ServersWithSpecificFlavorTestJSON-2114529434 tempest-ServersWithSpecificFlavorTestJSON-2114529434-project] Lock "64e32b2e-dd1b-4893-a3bf-f300840b9cbf" acquired by "nova.context.set_target_cell..get_or_set_cached_cell_and_set_connections" :: waited 0.000s {{(pid=117087) inner /usr/local/lib/python3.8/dist-packages/oslo_concurrency/lockutils.py:355}}
Aug 22 14:47:15.487135 n-d-805046-3 devstack@n-api.service[117087]: DEBUG oslo_concurrency.lockutils [None req-d45f7831-2b73-4938-9532-7e818797cc4c tempest-ServersWithSpecificFlavorTestJSON-2114529434 tempest-ServersWithSpecificFlavorTestJSON-2114529434-project] Lock "64e32b2e-dd1b-4893-a3bf-f300840b9cbf" released by "nova.context.set_target_cell..get_or_set_cached_cell_and_set_connections" :: held 0.001s {{(pid=117087) inner /usr/local/lib/python3.8/dist-packages/oslo_concurrency/lockutils.py:367}}
Aug 22 14:47:15.537828 n-d-805046-3 devstack@n-api.service[117086]: DEBUG nova.api.openstack.wsgi [None req-6af23378-67cb-4316-a1fb-2d33070c35be tempest-AggregatesAdminNegativeTestJSON-1045288051 tempest-AggregatesAdminNegativeTestJSON-1045288051-project] Action: 'action', calling method: >, body: {"add_host": {"host": "n-h1-805046-3"}} {{(pid=117086) _process_stack /opt/stack/nova/nova/api/openstack/wsgi.py:511}}
Aug 22 14:47:15.539319 n-d-805046-3 devstack@n-api.service[117086]: /usr/local/lib/python3.8/dist-packages/oslo_policy/policy.py:1064: UserWarning: Policy os_compute_api:os-aggregates:add_host failed scope check. The token used to make the request was project scoped but the policy requires ['system'] scope. This behavior may change in the future where using the intended scope is required
Aug 22 14:47:15.539319 n-d-805046-3 devstack@n-api.service[117086]: warnings.warn(msg)
Aug 22 14:47:15.540625 n-d-805046-3 devstack@n-api.service[117086]: DEBUG nova.policy [None req-6af23378-67cb-4316-a1fb-2d33070c35be tempest-AggregatesAdminNegativeTestJSON-1045288051 tempest-AggregatesAdminNegativeTestJSON-1045288051-project] Policy check for os_compute_api:os-aggregates:add_host failed with credentials {'is_admin': False, 'user_id': '7839e5cc308c4e1d9ca9bd20b8ce0a46', 'user_domain_id': 'default', 'system_scope': None, 'domain_id': None, 'project_id': '5824413c95564fd1b1fc93cfc3672154', 'project_domain_id': 'default', 'roles': ['member', 'reader'], 'is_admin_project': True, 'service_user_id': None, 'service_user_domain_id': None, 'service_project_id': None, 'service_project_domain_id': None, 'service_roles': []} {{(pid=117086) authorize /opt/stack/nova/nova/policy.py:199}}
Aug 22 14:47:15.541560 n-d-805046-3 devstack@n-api.service[117086]: DEBUG nova.api.openstack.wsgi [None req-6af23378-67cb-4316-a1fb-2d33070c35be tempest-AggregatesAdminNegativeTestJSON-1045288051 tempest-AggregatesAdminNegativeTestJSON-1045288051-project] Returning 403 to user: Policy doesn't allow os_compute_api:os-aggregates:add_host to be performed. {{(pid=117086) __call__ /opt/stack/nova/nova/api/openstack/wsgi.py:927}}
Aug 22 14:47:15.543012 n-d-805046-3 devstack@n-api.service[117086]: INFO nova.api.openstack.requestlog [None req-6af23378-67cb-4316-a1fb-2d33070c35be tempest-AggregatesAdminNegativeTestJSON-1045288051 tempest-AggregatesAdminNegativeTestJSON-1045288051-project] 10.222.0.53 "POST /compute/v2.1/os-aggregates/12/action" status: 403 len: 118 microversion: 2.1 time: 0.451881
Aug 22 14:47:15.544729 n-d-805046-3 devstack@n-api.service[117086]: [pid: 117086|app: 0|req: 161/342] 10.222.0.53 () {60 vars in 1194 bytes} [Sun Aug 22 14:47:15 2021] POST /compute/v2.1/os-aggregates/12/action => generated 118 bytes in 454 msecs (HTTP/1.1 403) 9 headers in 379 bytes (1 switches on core 0)
Aug 22 14:47:15.558455 n-d-805046-3 devstack@n-api.service[117087]: INFO nova.api.openstack.requestlog [None req-d45f7831-2b73-4938-9532-7e818797cc4c tempest-ServersWithSpecificFlavorTestJSON-2114529434 tempest-ServersWithSpecificFlavorTestJSON-2114529434-project] 10.222.0.53 "POST /compute/v2.1/servers/ff58c172-de86-44c8-8853-748d3f9602d6/action" status: 200 len: 24569 microversion: 2.1 time: 0.085124
Aug 22 14:47:15.560003 n-d-805046-3 devstack@n-api.service[117087]: [pid: 117087|app: 0|req: 182/343] 10.222.0.53 () {60 vars in 1278 bytes} [Sun Aug 22 14:47:15 2021] POST /compute/v2.1/servers/ff58c172-de86-44c8-8853-748d3f9602d6/action => generated 24569 bytes in 89 msecs (HTTP/1.1 200) 9 headers in 359 bytes (1 switches on core 0)
Aug 22 14:47:15.562456 n-d-805046-3 devstack@n-api.service[117086]: DEBUG nova.api.openstack.wsgi [None req-445e2dce-8984-4ad4-b5a3-42920787266f tempest-LiveAutoBlockMigrationV225Test-177570554 tempest-LiveAutoBlockMigrationV225Test-177570554-project] Calling method '>' {{(pid=117086) _process_stack /opt/stack/nova/nova/api/openstack/wsgi.py:513}}
Aug 22 14:47:15.563338 n-d-805046-3 devstack@n-api.service[117086]: DEBUG nova.compute.api [None req-445e2dce-8984-4ad4-b5a3-42920787266f tempest-LiveAutoBlockMigrationV225Test-177570554 tempest-LiveAutoBlockMigrationV225Test-177570554-project] [instance: e581081f-c183-490f-98cc-09c85c69f69d] Fetching instance by UUID {{(pid=117086) get /opt/stack/nova/nova/compute/api.py:2842}}
Aug 22 14:47:15.570589 n-d-805046-3 devstack@n-api.service[117087]: DEBUG nova.api.openstack.wsgi [None req-25faaf89-e234-4f9b-81aa-799ede3219d5 tempest-AggregatesAdminNegativeTestJSON-1334925471 tempest-AggregatesAdminNegativeTestJSON-1334925471-project-admin] Calling method '>' {{(pid=117087) _process_stack /opt/stack/nova/nova/api/openstack/wsgi.py:513}}
Aug 22 14:47:15.572651 n-d-805046-3 devstack@n-api.service[117087]: /usr/local/lib/python3.8/dist-packages/oslo_policy/policy.py:1064: UserWarning: Policy os_compute_api:os-aggregates:delete failed scope check. The token used to make the request was project scoped but the policy requires ['system'] scope. This behavior may change in the future where using the intended scope is required
Aug 22 14:47:15.572651 n-d-805046-3 devstack@n-api.service[117087]: warnings.warn(msg)
Aug 22 14:47:15.572872 n-d-805046-3 devstack@n-api.service[117086]: DEBUG oslo_concurrency.lockutils [None req-445e2dce-8984-4ad4-b5a3-42920787266f tempest-LiveAutoBlockMigrationV225Test-177570554 tempest-LiveAutoBlockMigrationV225Test-177570554-project] Lock "64e32b2e-dd1b-4893-a3bf-f300840b9cbf" acquired by "nova.context.set_target_cell..get_or_set_cached_cell_and_set_connections" :: waited 0.000s {{(pid=117086) inner /usr/local/lib/python3.8/dist-packages/oslo_concurrency/lockutils.py:355}}
Aug 22 14:47:15.574512 n-d-805046-3 devstack@n-api.service[117086]: DEBUG oslo_concurrency.lockutils [None req-445e2dce-8984-4ad4-b5a3-42920787266f tempest-LiveAutoBlockMigrationV225Test-177570554 tempest-LiveAutoBlockMigrationV225Test-177570554-project] Lock "64e32b2e-dd1b-4893-a3bf-f300840b9cbf" released by "nova.context.set_target_cell..get_or_set_cached_cell_and_set_connections" :: held 0.002s {{(pid=117086) inner /usr/local/lib/python3.8/dist-packages/oslo_concurrency/lockutils.py:367}}
Aug 22 14:47:15.575521 n-d-805046-3 devstack@n-api.service[117086]: DEBUG oslo_concurrency.lockutils [None req-445e2dce-8984-4ad4-b5a3-42920787266f tempest-LiveAutoBlockMigrationV225Test-177570554 tempest-LiveAutoBlockMigrationV225Test-177570554-project] Lock "64e32b2e-dd1b-4893-a3bf-f300840b9cbf" acquired by "nova.context.set_target_cell..get_or_set_cached_cell_and_set_connections" :: waited 0.000s {{(pid=117086) inner /usr/local/lib/python3.8/dist-packages/oslo_concurrency/lockutils.py:355}}
Aug 22 14:47:15.576211 n-d-805046-3 devstack@n-api.service[117086]: DEBUG oslo_concurrency.lockutils [None req-445e2dce-8984-4ad4-b5a3-42920787266f tempest-LiveAutoBlockMigrationV225Test-177570554 tempest-LiveAutoBlockMigrationV225Test-177570554-project] Lock "64e32b2e-dd1b-4893-a3bf-f300840b9cbf" released by "nova.context.set_target_cell..get_or_set_cached_cell_and_set_connections" :: held 0.001s {{(pid=117086) inner /usr/local/lib/python3.8/dist-packages/oslo_concurrency/lockutils.py:367}}
Aug 22 14:47:15.694540 n-d-805046-3 devstack@n-api.service[117087]: INFO nova.api.openstack.requestlog [None req-25faaf89-e234-4f9b-81aa-799ede3219d5 tempest-AggregatesAdminNegativeTestJSON-1334925471 tempest-AggregatesAdminNegativeTestJSON-1334925471-project-admin] 10.222.0.53 "DELETE /compute/v2.1/os-aggregates/12" status: 200 len: 0 microversion: 2.1 time: 0.132925
Aug 22 14:47:15.695122 n-d-805046-3 devstack@n-api.service[117087]: [pid: 117087|app: 0|req: 183/344] 10.222.0.53 () {58 vars in 1155 bytes} [Sun Aug 22 14:47:15 2021] DELETE /compute/v2.1/os-aggregates/12 => generated 0 bytes in 134 msecs (HTTP/1.1 200) 9 headers in 355 bytes (1 switches on core 0)
Aug 22 14:47:15.705667 n-d-805046-3 devstack@n-api.service[117087]: DEBUG nova.api.openstack.wsgi [None req-f14ddb1e-1443-4b36-b44a-dd8d072a389a tempest-AggregatesAdminNegativeTestJSON-1334925471 tempest-AggregatesAdminNegativeTestJSON-1334925471-project-admin] Action: 'create', calling method: >, body: {"aggregate": {"name": "tempest-test_aggregate-373478518"}} {{(pid=117087) _process_stack /opt/stack/nova/nova/api/openstack/wsgi.py:511}}
Aug 22 14:47:15.707400 n-d-805046-3 devstack@n-api.service[117087]: /usr/local/lib/python3.8/dist-packages/oslo_policy/policy.py:1064: UserWarning: Policy os_compute_api:os-aggregates:create failed scope check. The token used to make the request was project scoped but the policy requires ['system'] scope. This behavior may change in the future where using the intended scope is required
Aug 22 14:47:15.707400 n-d-805046-3 devstack@n-api.service[117087]: warnings.warn(msg)
Aug 22 14:47:15.709227 n-d-805046-3 devstack@n-api.service[117087]: DEBUG nova.objects.aggregate [None req-f14ddb1e-1443-4b36-b44a-dd8d072a389a tempest-AggregatesAdminNegativeTestJSON-1334925471 tempest-AggregatesAdminNegativeTestJSON-1334925471-project-admin] Generated uuid ee47603a-02f9-4362-b928-0863b33acf4f for aggregate {{(pid=117087) create /opt/stack/nova/nova/objects/aggregate.py:298}}
Aug 22 14:47:15.750253 n-d-805046-3 devstack@n-api.service[117086]: DEBUG nova.policy [None req-445e2dce-8984-4ad4-b5a3-42920787266f tempest-LiveAutoBlockMigrationV225Test-177570554 tempest-LiveAutoBlockMigrationV225Test-177570554-project] Policy check for os_compute_api:os-extended-server-attributes failed with credentials {'is_admin': False, 'user_id': '4f4af05f375b4fa3876a882cd2d72c5b', 'user_domain_id': 'default', 'system_scope': None, 'domain_id': None, 'project_id': '8b27f92315694b119ef5ab9648710f9c', 'project_domain_id': 'default', 'roles': ['member', 'reader'], 'is_admin_project': True, 'service_user_id': None, 'service_user_domain_id': None, 'service_project_id': None, 'service_project_domain_id': None, 'service_roles': []} {{(pid=117086) authorize /opt/stack/nova/nova/policy.py:199}}
Aug 22 14:47:15.760163 n-d-805046-3 devstack@n-api.service[117086]: DEBUG nova.policy [None req-445e2dce-8984-4ad4-b5a3-42920787266f tempest-LiveAutoBlockMigrationV225Test-177570554 tempest-LiveAutoBlockMigrationV225Test-177570554-project] Policy check for os_compute_api:servers:show:host_status failed with credentials {'is_admin': False, 'user_id': '4f4af05f375b4fa3876a882cd2d72c5b', 'user_domain_id': 'default', 'system_scope': None, 'domain_id': None, 'project_id': '8b27f92315694b119ef5ab9648710f9c', 'project_domain_id': 'default', 'roles': ['member', 'reader'], 'is_admin_project': True, 'service_user_id': None, 'service_user_domain_id': None, 'service_project_id': None, 'service_project_domain_id': None, 'service_roles': []} {{(pid=117086) authorize /opt/stack/nova/nova/policy.py:199}}
Aug 22 14:47:15.762716 n-d-805046-3 devstack@n-api.service[117086]: DEBUG nova.policy [None req-445e2dce-8984-4ad4-b5a3-42920787266f tempest-LiveAutoBlockMigrationV225Test-177570554 tempest-LiveAutoBlockMigrationV225Test-177570554-project] Policy check for os_compute_api:servers:show:host_status:unknown-only failed with credentials {'is_admin': False, 'user_id': '4f4af05f375b4fa3876a882cd2d72c5b', 'user_domain_id': 'default', 'system_scope': None, 'domain_id': None, 'project_id': '8b27f92315694b119ef5ab9648710f9c', 'project_domain_id': 'default', 'roles': ['member', 'reader'], 'is_admin_project': True, 'service_user_id': None, 'service_user_domain_id': None, 'service_project_id': None, 'service_project_domain_id': None, 'service_roles': []} {{(pid=117086) authorize /opt/stack/nova/nova/policy.py:199}}
Aug 22 14:47:15.764081 n-d-805046-3 devstack@n-api.service[117086]: INFO nova.api.openstack.requestlog [None req-445e2dce-8984-4ad4-b5a3-42920787266f tempest-LiveAutoBlockMigrationV225Test-177570554 tempest-LiveAutoBlockMigrationV225Test-177570554-project] 10.222.0.53 "GET /compute/v2.1/servers/e581081f-c183-490f-98cc-09c85c69f69d" status: 200 len: 1361 microversion: 2.25 time: 0.207172
Aug 22 14:47:15.774437 n-d-805046-3 devstack@n-api.service[117086]: [pid: 117086|app: 0|req: 162/345] 10.222.0.53 () {60 vars in 1277 bytes} [Sun Aug 22 14:47:15 2021] GET /compute/v2.1/servers/e581081f-c183-490f-98cc-09c85c69f69d => generated 1361 bytes in 223 msecs (HTTP/1.1 200) 9 headers in 360 bytes (1 switches on core 0)
Aug 22 14:47:15.850047 n-d-805046-3 devstack@n-api.service[117087]: INFO nova.api.openstack.requestlog [None req-f14ddb1e-1443-4b36-b44a-dd8d072a389a tempest-AggregatesAdminNegativeTestJSON-1334925471 tempest-AggregatesAdminNegativeTestJSON-1334925471-project-admin] 10.222.0.53 "POST /compute/v2.1/os-aggregates" status: 200 len: 198 microversion: 2.1 time: 0.148183
Aug 22 14:47:15.851642 n-d-805046-3 devstack@n-api.service[117087]: [pid: 117087|app: 0|req: 184/346] 10.222.0.53 () {60 vars in 1164 bytes} [Sun Aug 22 14:47:15 2021] POST /compute/v2.1/os-aggregates => generated 198 bytes in 150 msecs (HTTP/1.1 200) 9 headers in 357 bytes (1 switches on core 0)
Aug 22 14:47:15.863118 n-d-805046-3 devstack@n-api.service[117086]: DEBUG nova.api.openstack.wsgi [None req-cc129163-3db7-422b-a5bd-bea6366bf45d tempest-AggregatesAdminNegativeTestJSON-1334925471 tempest-AggregatesAdminNegativeTestJSON-1334925471-project-admin] Action: 'action', calling method: >, body: {"add_host": {"host": "tempest-nonexist_host-851210914"}} {{(pid=117086) _process_stack /opt/stack/nova/nova/api/openstack/wsgi.py:511}}
Aug 22 14:47:15.865532 n-d-805046-3 devstack@n-api.service[117086]: /usr/local/lib/python3.8/dist-packages/oslo_policy/policy.py:1064: UserWarning: Policy os_compute_api:os-aggregates:add_host failed scope check. The token used to make the request was project scoped but the policy requires ['system'] scope. This behavior may change in the future where using the intended scope is required
Aug 22 14:47:15.865532 n-d-805046-3 devstack@n-api.service[117086]: warnings.warn(msg)
Aug 22 14:47:15.887998 n-d-805046-3 devstack@n-api.service[117086]: DEBUG oslo_concurrency.lockutils [None req-cc129163-3db7-422b-a5bd-bea6366bf45d tempest-AggregatesAdminNegativeTestJSON-1334925471 tempest-AggregatesAdminNegativeTestJSON-1334925471-project-admin] Lock "00000000-0000-0000-0000-000000000000" acquired by "nova.context.set_target_cell..get_or_set_cached_cell_and_set_connections" :: waited 0.000s {{(pid=117086) inner /usr/local/lib/python3.8/dist-packages/oslo_concurrency/lockutils.py:355}}
Aug 22 14:47:15.889580 n-d-805046-3 devstack@n-api.service[117086]: DEBUG oslo_concurrency.lockutils [None req-cc129163-3db7-422b-a5bd-bea6366bf45d tempest-AggregatesAdminNegativeTestJSON-1334925471 tempest-AggregatesAdminNegativeTestJSON-1334925471-project-admin] Lock "00000000-0000-0000-0000-000000000000" released by "nova.context.set_target_cell..get_or_set_cached_cell_and_set_connections" :: held 0.001s {{(pid=117086) inner /usr/local/lib/python3.8/dist-packages/oslo_concurrency/lockutils.py:367}}
Aug 22 14:47:15.897815 n-d-805046-3 devstack@n-api.service[117086]: DEBUG oslo_concurrency.lockutils [None req-cc129163-3db7-422b-a5bd-bea6366bf45d tempest-AggregatesAdminNegativeTestJSON-1334925471 tempest-AggregatesAdminNegativeTestJSON-1334925471-project-admin] Lock "64e32b2e-dd1b-4893-a3bf-f300840b9cbf" acquired by "nova.context.set_target_cell..get_or_set_cached_cell_and_set_connections" :: waited 0.000s {{(pid=117086) inner /usr/local/lib/python3.8/dist-packages/oslo_concurrency/lockutils.py:355}}
Aug 22 14:47:15.898129 n-d-805046-3 devstack@n-api.service[117086]: DEBUG oslo_concurrency.lockutils [None req-cc129163-3db7-422b-a5bd-bea6366bf45d tempest-AggregatesAdminNegativeTestJSON-1334925471 tempest-AggregatesAdminNegativeTestJSON-1334925471-project-admin] Lock "64e32b2e-dd1b-4893-a3bf-f300840b9cbf" released by "nova.context.set_target_cell..get_or_set_cached_cell_and_set_connections" :: held 0.001s {{(pid=117086) inner /usr/local/lib/python3.8/dist-packages/oslo_concurrency/lockutils.py:367}}
Aug 22 14:47:15.906389 n-d-805046-3 devstack@n-api.service[117086]: INFO nova.api.openstack.wsgi [None req-cc129163-3db7-422b-a5bd-bea6366bf45d tempest-AggregatesAdminNegativeTestJSON-1334925471 tempest-AggregatesAdminNegativeTestJSON-1334925471-project-admin] HTTP exception thrown: Compute host tempest-nonexist_host-851210914 could not be found.
Aug 22 14:47:15.907181 n-d-805046-3 devstack@n-api.service[117086]: DEBUG nova.api.openstack.wsgi [None req-cc129163-3db7-422b-a5bd-bea6366bf45d tempest-AggregatesAdminNegativeTestJSON-1334925471 tempest-AggregatesAdminNegativeTestJSON-1334925471-project-admin] Returning 404 to user: Compute host tempest-nonexist_host-851210914 could not be found. {{(pid=117086) __call__ /opt/stack/nova/nova/api/openstack/wsgi.py:927}}
Aug 22 14:47:15.908177 n-d-805046-3 devstack@n-api.service[117086]: INFO nova.api.openstack.requestlog [None req-cc129163-3db7-422b-a5bd-bea6366bf45d tempest-AggregatesAdminNegativeTestJSON-1334925471 tempest-AggregatesAdminNegativeTestJSON-1334925471-project-admin] 10.222.0.53 "POST /compute/v2.1/os-aggregates/13/action" status: 404 len: 110 microversion: 2.1 time: 0.049510
Aug 22 14:47:15.909157 n-d-805046-3 devstack@n-api.service[117086]: [pid: 117086|app: 0|req: 163/347] 10.222.0.53 () {60 vars in 1194 bytes} [Sun Aug 22 14:47:15 2021] POST /compute/v2.1/os-aggregates/13/action => generated 110 bytes in 51 msecs (HTTP/1.1 404) 9 headers in 379 bytes (2 switches on core 0)
Aug 22 14:47:15.922647 n-d-805046-3 devstack@n-api.service[117087]: DEBUG nova.api.openstack.wsgi [None req-de035e7a-5bca-4ef3-9e79-bd1e2e9c03df tempest-AggregatesAdminNegativeTestJSON-1334925471 tempest-AggregatesAdminNegativeTestJSON-1334925471-project-admin] Calling method '>' {{(pid=117087) _process_stack /opt/stack/nova/nova/api/openstack/wsgi.py:513}}
Aug 22 14:47:15.923542 n-d-805046-3 devstack@n-api.service[117087]: /usr/local/lib/python3.8/dist-packages/oslo_policy/policy.py:1064: UserWarning: Policy os_compute_api:os-aggregates:delete failed scope check. The token used to make the request was project scoped but the policy requires ['system'] scope. This behavior may change in the future where using the intended scope is required
Aug 22 14:47:15.923542 n-d-805046-3 devstack@n-api.service[117087]: warnings.warn(msg)
Aug 22 14:47:16.030339 n-d-805046-3 devstack@n-api.service[117087]: INFO nova.api.openstack.requestlog [None req-de035e7a-5bca-4ef3-9e79-bd1e2e9c03df tempest-AggregatesAdminNegativeTestJSON-1334925471 tempest-AggregatesAdminNegativeTestJSON-1334925471-project-admin] 10.222.0.53 "DELETE /compute/v2.1/os-aggregates/13" status: 200 len: 0 microversion: 2.1 time: 0.111553
Aug 22 14:47:16.031064 n-d-805046-3 devstack@n-api.service[117087]: [pid: 117087|app: 0|req: 185/348] 10.222.0.53 () {58 vars in 1155 bytes} [Sun Aug 22 14:47:15 2021] DELETE /compute/v2.1/os-aggregates/13 => generated 0 bytes in 113 msecs (HTTP/1.1 200) 9 headers in 355 bytes (1 switches on core 0)
Aug 22 14:47:16.040872 n-d-805046-3 devstack@n-api.service[117086]: DEBUG nova.api.openstack.wsgi [None req-4c19d605-d73f-4842-96e7-9b68e63cbdf2 tempest-AggregatesAdminNegativeTestJSON-1334925471 tempest-AggregatesAdminNegativeTestJSON-1334925471-project-admin] Action: 'create', calling method: >, body: {"aggregate": {"name": "aaaaaaaaaaaaaaaaaaaaaaaaaaaaaaaaaaaaaaaaaaaaaaaaaaaaaaaaaaaaaaaaaaaaaaaaaaaaaaaaaaaaaaaaaaaaaaaaaaaaaaaaaaaaaaaaaaaaaaaaaaaaaaaaaaaaaaaaaaaaaaaaaaaaaaaaaaaaaaaaaaaaaaaaaaaaaaaaaaaaaaaaaaaaaaaaaaaaaaaaaaaaaaaaaaaaaaaaaaaaaaaaaaaaaaaaaaaaaaaaaaaaaaaaaaaaaaaa"}} {{(pid=117086) _process_stack /opt/stack/nova/nova/api/openstack/wsgi.py:511}}
Aug 22 14:47:16.042706 n-d-805046-3 devstack@n-api.service[117086]: DEBUG nova.api.openstack.wsgi [None req-4c19d605-d73f-4842-96e7-9b68e63cbdf2 tempest-AggregatesAdminNegativeTestJSON-1334925471 tempest-AggregatesAdminNegativeTestJSON-1334925471-project-admin] Returning 400 to user: Invalid input for field/attribute name. Value: aaaaaaaaaaaaaaaaaaaaaaaaaaaaaaaaaaaaaaaaaaaaaaaaaaaaaaaaaaaaaaaaaaaaaaaaaaaaaaaaaaaaaaaaaaaaaaaaaaaaaaaaaaaaaaaaaaaaaaaaaaaaaaaaaaaaaaaaaaaaaaaaaaaaaaaaaaaaaaaaaaaaaaaaaaaaaaaaaaaaaaaaaaaaaaaaaaaaaaaaaaaaaaaaaaaaaaaaaaaaaaaaaaaaaaaaaaaaaaaaaaaaaaaaaaaaaaaa. 'aaaaaaaaaaaaaaaaaaaaaaaaaaaaaaaaaaaaaaaaaaaaaaaaaaaaaaaaaaaaaaaaaaaaaaaaaaaaaaaaaaaaaaaaaaaaaaaaaaaaaaaaaaaaaaaaaaaaaaaaaaaaaaaaaaaaaaaaaaaaaaaaaaaaaaaaaaaaaaaaaaaaaaaaaaaaaaaaaaaaaaaaaaaaaaaaaaaaaaaaaaaaaaaaaaaaaaaaaaaaaaaaaaaaaaaaaaaaaaaaaaaaaaaaaaaaaaaa' is too long {{(pid=117086) __call__ /opt/stack/nova/nova/api/openstack/wsgi.py:927}}
Aug 22 14:47:16.043728 n-d-805046-3 devstack@n-api.service[117086]: INFO nova.api.openstack.requestlog [None req-4c19d605-d73f-4842-96e7-9b68e63cbdf2 tempest-AggregatesAdminNegativeTestJSON-1334925471 tempest-AggregatesAdminNegativeTestJSON-1334925471-project-admin] 10.222.0.53 "POST /compute/v2.1/os-aggregates" status: 400 len: 619 microversion: 2.1 time: 0.007516
Aug 22 14:47:16.044533 n-d-805046-3 devstack@n-api.service[117086]: [pid: 117086|app: 0|req: 164/349] 10.222.0.53 () {60 vars in 1165 bytes} [Sun Aug 22 14:47:16 2021] POST /compute/v2.1/os-aggregates => generated 619 bytes in 9 msecs (HTTP/1.1 400) 9 headers in 381 bytes (1 switches on core 0)
Aug 22 14:47:16.054734 n-d-805046-3 devstack@n-api.service[117087]: DEBUG nova.api.openstack.wsgi [None req-e53c47d6-9d7b-411d-aaf9-2747951a7ce1 tempest-AggregatesAdminNegativeTestJSON-1334925471 tempest-AggregatesAdminNegativeTestJSON-1334925471-project-admin] Action: 'create', calling method: >, body: {"aggregate": {"name": ""}} {{(pid=117087) _process_stack /opt/stack/nova/nova/api/openstack/wsgi.py:511}}
Aug 22 14:47:16.056158 n-d-805046-3 devstack@n-api.service[117087]: DEBUG nova.api.openstack.wsgi [None req-e53c47d6-9d7b-411d-aaf9-2747951a7ce1 tempest-AggregatesAdminNegativeTestJSON-1334925471 tempest-AggregatesAdminNegativeTestJSON-1334925471-project-admin] Returning 400 to user: Invalid input for field/attribute name. Value: . '' is too short {{(pid=117087) __call__ /opt/stack/nova/nova/api/openstack/wsgi.py:927}}
Aug 22 14:47:16.056965 n-d-805046-3 devstack@n-api.service[117087]: INFO nova.api.openstack.requestlog [None req-e53c47d6-9d7b-411d-aaf9-2747951a7ce1 tempest-AggregatesAdminNegativeTestJSON-1334925471 tempest-AggregatesAdminNegativeTestJSON-1334925471-project-admin] 10.222.0.53 "POST /compute/v2.1/os-aggregates" status: 400 len: 108 microversion: 2.1 time: 0.007333
Aug 22 14:47:16.058242 n-d-805046-3 devstack@n-api.service[117087]: [pid: 117087|app: 0|req: 186/350] 10.222.0.53 () {60 vars in 1164 bytes} [Sun Aug 22 14:47:16 2021] POST /compute/v2.1/os-aggregates => generated 108 bytes in 9 msecs (HTTP/1.1 400) 9 headers in 381 bytes (1 switches on core 0)
Aug 22 14:47:16.072567 n-d-805046-3 devstack@n-api.service[117086]: DEBUG nova.api.openstack.wsgi [None req-62868d63-0937-4b7f-8474-f9a6a54df17a tempest-AggregatesAdminNegativeTestJSON-1045288051 tempest-AggregatesAdminNegativeTestJSON-1045288051-project] Action: 'create', calling method: >, body: {"aggregate": {"name": "tempest-test_aggregate-123763278"}} {{(pid=117086) _process_stack /opt/stack/nova/nova/api/openstack/wsgi.py:511}}
Aug 22 14:47:16.073890 n-d-805046-3 devstack@n-api.service[117086]: /usr/local/lib/python3.8/dist-packages/oslo_policy/policy.py:1064: UserWarning: Policy os_compute_api:os-aggregates:create failed scope check. The token used to make the request was project scoped but the policy requires ['system'] scope. This behavior may change in the future where using the intended scope is required
Aug 22 14:47:16.073890 n-d-805046-3 devstack@n-api.service[117086]: warnings.warn(msg)
Aug 22 14:47:16.074850 n-d-805046-3 devstack@n-api.service[117086]: DEBUG nova.policy [None req-62868d63-0937-4b7f-8474-f9a6a54df17a tempest-AggregatesAdminNegativeTestJSON-1045288051 tempest-AggregatesAdminNegativeTestJSON-1045288051-project] Policy check for os_compute_api:os-aggregates:create failed with credentials {'is_admin': False, 'user_id': '7839e5cc308c4e1d9ca9bd20b8ce0a46', 'user_domain_id': 'default', 'system_scope': None, 'domain_id': None, 'project_id': '5824413c95564fd1b1fc93cfc3672154', 'project_domain_id': 'default', 'roles': ['member', 'reader'], 'is_admin_project': True, 'service_user_id': None, 'service_user_domain_id': None, 'service_project_id': None, 'service_project_domain_id': None, 'service_roles': []} {{(pid=117086) authorize /opt/stack/nova/nova/policy.py:199}}
Aug 22 14:47:16.075481 n-d-805046-3 devstack@n-api.service[117086]: DEBUG nova.api.openstack.wsgi [None req-62868d63-0937-4b7f-8474-f9a6a54df17a tempest-AggregatesAdminNegativeTestJSON-1045288051 tempest-AggregatesAdminNegativeTestJSON-1045288051-project] Returning 403 to user: Policy doesn't allow os_compute_api:os-aggregates:create to be performed. {{(pid=117086) __call__ /opt/stack/nova/nova/api/openstack/wsgi.py:927}}
Aug 22 14:47:16.076300 n-d-805046-3 devstack@n-api.service[117086]: INFO nova.api.openstack.requestlog [None req-62868d63-0937-4b7f-8474-f9a6a54df17a tempest-AggregatesAdminNegativeTestJSON-1045288051 tempest-AggregatesAdminNegativeTestJSON-1045288051-project] 10.222.0.53 "POST /compute/v2.1/os-aggregates" status: 403 len: 116 microversion: 2.1 time: 0.007588
Aug 22 14:47:16.078412 n-d-805046-3 devstack@n-api.service[117086]: [pid: 117086|app: 0|req: 165/351] 10.222.0.53 () {60 vars in 1164 bytes} [Sun Aug 22 14:47:16 2021] POST /compute/v2.1/os-aggregates => generated 116 bytes in 9 msecs (HTTP/1.1 403) 9 headers in 379 bytes (1 switches on core 0)
Aug 22 14:47:16.086301 n-d-805046-3 devstack@n-api.service[117087]: DEBUG nova.api.openstack.wsgi [None req-1d7794b5-4a35-441b-bff6-63ac842c5eee tempest-AggregatesAdminNegativeTestJSON-1334925471 tempest-AggregatesAdminNegativeTestJSON-1334925471-project-admin] Action: 'create', calling method: >, body: {"aggregate": {"name": "tempest-test_aggregate-383051434"}} {{(pid=117087) _process_stack /opt/stack/nova/nova/api/openstack/wsgi.py:511}}
Aug 22 14:47:16.088200 n-d-805046-3 devstack@n-api.service[117087]: /usr/local/lib/python3.8/dist-packages/oslo_policy/policy.py:1064: UserWarning: Policy os_compute_api:os-aggregates:create failed scope check. The token used to make the request was project scoped but the policy requires ['system'] scope. This behavior may change in the future where using the intended scope is required
Aug 22 14:47:16.088200 n-d-805046-3 devstack@n-api.service[117087]: warnings.warn(msg)
Aug 22 14:47:16.089403 n-d-805046-3 devstack@n-api.service[117087]: DEBUG nova.objects.aggregate [None req-1d7794b5-4a35-441b-bff6-63ac842c5eee tempest-AggregatesAdminNegativeTestJSON-1334925471 tempest-AggregatesAdminNegativeTestJSON-1334925471-project-admin] Generated uuid e51ef8f3-1ee9-404b-a768-e28e94ddbd70 for aggregate {{(pid=117087) create /opt/stack/nova/nova/objects/aggregate.py:298}}
Aug 22 14:47:16.106892 n-d-805046-3 devstack@n-api.service[117086]: DEBUG nova.api.openstack.wsgi [None req-baf1f15e-0d55-48fd-b77a-62717f281883 tempest-FloatingIPsAssociationNegativeTestJSON-383348996 tempest-FloatingIPsAssociationNegativeTestJSON-383348996-project] Calling method '>' {{(pid=117086) _process_stack /opt/stack/nova/nova/api/openstack/wsgi.py:513}}
Aug 22 14:47:16.107441 n-d-805046-3 devstack@n-api.service[117086]: DEBUG nova.compute.api [None req-baf1f15e-0d55-48fd-b77a-62717f281883 tempest-FloatingIPsAssociationNegativeTestJSON-383348996 tempest-FloatingIPsAssociationNegativeTestJSON-383348996-project] [instance: b494728a-2fad-4038-81ba-c528b338581e] Fetching instance by UUID {{(pid=117086) get /opt/stack/nova/nova/compute/api.py:2842}}
Aug 22 14:47:16.114163 n-d-805046-3 devstack@n-api.service[117086]: DEBUG oslo_concurrency.lockutils [None req-baf1f15e-0d55-48fd-b77a-62717f281883 tempest-FloatingIPsAssociationNegativeTestJSON-383348996 tempest-FloatingIPsAssociationNegativeTestJSON-383348996-project] Lock "64e32b2e-dd1b-4893-a3bf-f300840b9cbf" acquired by "nova.context.set_target_cell..get_or_set_cached_cell_and_set_connections" :: waited 0.000s {{(pid=117086) inner /usr/local/lib/python3.8/dist-packages/oslo_concurrency/lockutils.py:355}}
Aug 22 14:47:16.116532 n-d-805046-3 devstack@n-api.service[117086]: DEBUG oslo_concurrency.lockutils [None req-baf1f15e-0d55-48fd-b77a-62717f281883 tempest-FloatingIPsAssociationNegativeTestJSON-383348996 tempest-FloatingIPsAssociationNegativeTestJSON-383348996-project] Lock "64e32b2e-dd1b-4893-a3bf-f300840b9cbf" released by "nova.context.set_target_cell..get_or_set_cached_cell_and_set_connections" :: held 0.001s {{(pid=117086) inner /usr/local/lib/python3.8/dist-packages/oslo_concurrency/lockutils.py:367}}
Aug 22 14:47:16.116532 n-d-805046-3 devstack@n-api.service[117086]: DEBUG oslo_concurrency.lockutils [None req-baf1f15e-0d55-48fd-b77a-62717f281883 tempest-FloatingIPsAssociationNegativeTestJSON-383348996 tempest-FloatingIPsAssociationNegativeTestJSON-383348996-project] Lock "64e32b2e-dd1b-4893-a3bf-f300840b9cbf" acquired by "nova.context.set_target_cell..get_or_set_cached_cell_and_set_connections" :: waited 0.000s {{(pid=117086) inner /usr/local/lib/python3.8/dist-packages/oslo_concurrency/lockutils.py:355}}
Aug 22 14:47:16.116532 n-d-805046-3 devstack@n-api.service[117086]: DEBUG oslo_concurrency.lockutils [None req-baf1f15e-0d55-48fd-b77a-62717f281883 tempest-FloatingIPsAssociationNegativeTestJSON-383348996 tempest-FloatingIPsAssociationNegativeTestJSON-383348996-project] Lock "64e32b2e-dd1b-4893-a3bf-f300840b9cbf" released by "nova.context.set_target_cell..get_or_set_cached_cell_and_set_connections" :: held 0.000s {{(pid=117086) inner /usr/local/lib/python3.8/dist-packages/oslo_concurrency/lockutils.py:367}}
Aug 22 14:47:16.191873 n-d-805046-3 devstack@n-api.service[117087]: INFO nova.api.openstack.requestlog [None req-1d7794b5-4a35-441b-bff6-63ac842c5eee tempest-AggregatesAdminNegativeTestJSON-1334925471 tempest-AggregatesAdminNegativeTestJSON-1334925471-project-admin] 10.222.0.53 "POST /compute/v2.1/os-aggregates" status: 200 len: 198 microversion: 2.1 time: 0.109457
Aug 22 14:47:16.202221 n-d-805046-3 devstack@n-api.service[117087]: [pid: 117087|app: 0|req: 187/352] 10.222.0.53 () {60 vars in 1164 bytes} [Sun Aug 22 14:47:16 2021] POST /compute/v2.1/os-aggregates => generated 198 bytes in 111 msecs (HTTP/1.1 200) 9 headers in 357 bytes (1 switches on core 0)
Aug 22 14:47:16.202221 n-d-805046-3 devstack@n-api.service[117087]: DEBUG nova.api.openstack.wsgi [None req-35d0c3e4-7e36-4745-8160-a4d00b14f273 tempest-LiveMigrationNegativeTest-1801412275 tempest-LiveMigrationNegativeTest-1801412275-project] Calling method '>' {{(pid=117087) _process_stack /opt/stack/nova/nova/api/openstack/wsgi.py:513}}
Aug 22 14:47:16.202221 n-d-805046-3 devstack@n-api.service[117087]: DEBUG nova.compute.api [None req-35d0c3e4-7e36-4745-8160-a4d00b14f273 tempest-LiveMigrationNegativeTest-1801412275 tempest-LiveMigrationNegativeTest-1801412275-project] [instance: ac3c2335-c542-4c3f-a145-8357839e3713] Fetching instance by UUID {{(pid=117087) get /opt/stack/nova/nova/compute/api.py:2842}}
Aug 22 14:47:16.204523 n-d-805046-3 devstack@n-api.service[117087]: DEBUG oslo_concurrency.lockutils [None req-35d0c3e4-7e36-4745-8160-a4d00b14f273 tempest-LiveMigrationNegativeTest-1801412275 tempest-LiveMigrationNegativeTest-1801412275-project] Lock "64e32b2e-dd1b-4893-a3bf-f300840b9cbf" acquired by "nova.context.set_target_cell..get_or_set_cached_cell_and_set_connections" :: waited 0.000s {{(pid=117087) inner /usr/local/lib/python3.8/dist-packages/oslo_concurrency/lockutils.py:355}}
Aug 22 14:47:16.205000 n-d-805046-3 devstack@n-api.service[117087]: DEBUG oslo_concurrency.lockutils [None req-35d0c3e4-7e36-4745-8160-a4d00b14f273 tempest-LiveMigrationNegativeTest-1801412275 tempest-LiveMigrationNegativeTest-1801412275-project] Lock "64e32b2e-dd1b-4893-a3bf-f300840b9cbf" released by "nova.context.set_target_cell..get_or_set_cached_cell_and_set_connections" :: held 0.001s {{(pid=117087) inner /usr/local/lib/python3.8/dist-packages/oslo_concurrency/lockutils.py:367}}
Aug 22 14:47:16.205766 n-d-805046-3 devstack@n-api.service[117087]: DEBUG oslo_concurrency.lockutils [None req-35d0c3e4-7e36-4745-8160-a4d00b14f273 tempest-LiveMigrationNegativeTest-1801412275 tempest-LiveMigrationNegativeTest-1801412275-project] Lock "64e32b2e-dd1b-4893-a3bf-f300840b9cbf" acquired by "nova.context.set_target_cell..get_or_set_cached_cell_and_set_connections" :: waited 0.000s {{(pid=117087) inner /usr/local/lib/python3.8/dist-packages/oslo_concurrency/lockutils.py:355}}
Aug 22 14:47:16.206189 n-d-805046-3 devstack@n-api.service[117087]: DEBUG oslo_concurrency.lockutils [None req-35d0c3e4-7e36-4745-8160-a4d00b14f273 tempest-LiveMigrationNegativeTest-1801412275 tempest-LiveMigrationNegativeTest-1801412275-project] Lock "64e32b2e-dd1b-4893-a3bf-f300840b9cbf" released by "nova.context.set_target_cell..get_or_set_cached_cell_and_set_connections" :: held 0.000s {{(pid=117087) inner /usr/local/lib/python3.8/dist-packages/oslo_concurrency/lockutils.py:367}}
Aug 22 14:47:16.271205 n-d-805046-3 devstack@n-api.service[117086]: DEBUG nova.policy [None req-baf1f15e-0d55-48fd-b77a-62717f281883 tempest-FloatingIPsAssociationNegativeTestJSON-383348996 tempest-FloatingIPsAssociationNegativeTestJSON-383348996-project] Policy check for os_compute_api:os-extended-server-attributes failed with credentials {'is_admin': False, 'user_id': '1e6481fe276645eda928be70794822b2', 'user_domain_id': 'default', 'system_scope': None, 'domain_id': None, 'project_id': 'e0bfa367d4294d9d8d11855bdf541092', 'project_domain_id': 'default', 'roles': ['member', 'reader'], 'is_admin_project': True, 'service_user_id': None, 'service_user_domain_id': None, 'service_project_id': None, 'service_project_domain_id': None, 'service_roles': []} {{(pid=117086) authorize /opt/stack/nova/nova/policy.py:199}}
Aug 22 14:47:16.282931 n-d-805046-3 devstack@n-api.service[117086]: INFO nova.api.openstack.requestlog [None req-baf1f15e-0d55-48fd-b77a-62717f281883 tempest-FloatingIPsAssociationNegativeTestJSON-383348996 tempest-FloatingIPsAssociationNegativeTestJSON-383348996-project] 10.222.0.53 "GET /compute/v2.1/servers/b494728a-2fad-4038-81ba-c528b338581e" status: 200 len: 1332 microversion: 2.1 time: 0.179863
Aug 22 14:47:16.283408 n-d-805046-3 devstack@n-api.service[117086]: [pid: 117086|app: 0|req: 166/353] 10.222.0.53 () {58 vars in 1236 bytes} [Sun Aug 22 14:47:16 2021] GET /compute/v2.1/servers/b494728a-2fad-4038-81ba-c528b338581e => generated 1332 bytes in 181 msecs (HTTP/1.1 200) 9 headers in 358 bytes (1 switches on core 0)
Aug 22 14:47:16.288967 n-d-805046-3 devstack@n-api.service[117086]: DEBUG nova.api.openstack.wsgi [None req-4003a019-1cc4-4518-8d1c-635df44ff4ad tempest-AggregatesAdminNegativeTestJSON-1334925471 tempest-AggregatesAdminNegativeTestJSON-1334925471-project-admin] Action: 'create', calling method: >, body: {"aggregate": {"name": "tempest-test_aggregate-383051434"}} {{(pid=117086) _process_stack /opt/stack/nova/nova/api/openstack/wsgi.py:511}}
Aug 22 14:47:16.290497 n-d-805046-3 devstack@n-api.service[117086]: /usr/local/lib/python3.8/dist-packages/oslo_policy/policy.py:1064: UserWarning: Policy os_compute_api:os-aggregates:create failed scope check. The token used to make the request was project scoped but the policy requires ['system'] scope. This behavior may change in the future where using the intended scope is required
Aug 22 14:47:16.290497 n-d-805046-3 devstack@n-api.service[117086]: warnings.warn(msg)
Aug 22 14:47:16.291697 n-d-805046-3 devstack@n-api.service[117086]: DEBUG nova.objects.aggregate [None req-4003a019-1cc4-4518-8d1c-635df44ff4ad tempest-AggregatesAdminNegativeTestJSON-1334925471 tempest-AggregatesAdminNegativeTestJSON-1334925471-project-admin] Generated uuid 80b0069d-57b0-4413-9c57-f924f55f8e18 for aggregate {{(pid=117086) create /opt/stack/nova/nova/objects/aggregate.py:298}}
Aug 22 14:47:16.302548 n-d-805046-3 devstack@n-api.service[117086]: INFO nova.api.openstack.wsgi [None req-4003a019-1cc4-4518-8d1c-635df44ff4ad tempest-AggregatesAdminNegativeTestJSON-1334925471 tempest-AggregatesAdminNegativeTestJSON-1334925471-project-admin] HTTP exception thrown: Aggregate tempest-test_aggregate-383051434 already exists.
Aug 22 14:47:16.303126 n-d-805046-3 devstack@n-api.service[117086]: DEBUG nova.api.openstack.wsgi [None req-4003a019-1cc4-4518-8d1c-635df44ff4ad tempest-AggregatesAdminNegativeTestJSON-1334925471 tempest-AggregatesAdminNegativeTestJSON-1334925471-project-admin] Returning 409 to user: Aggregate tempest-test_aggregate-383051434 already exists. {{(pid=117086) __call__ /opt/stack/nova/nova/api/openstack/wsgi.py:927}}
Aug 22 14:47:16.303932 n-d-805046-3 devstack@n-api.service[117086]: INFO nova.api.openstack.requestlog [None req-4003a019-1cc4-4518-8d1c-635df44ff4ad tempest-AggregatesAdminNegativeTestJSON-1334925471 tempest-AggregatesAdminNegativeTestJSON-1334925471-project-admin] 10.222.0.53 "POST /compute/v2.1/os-aggregates" status: 409 len: 110 microversion: 2.1 time: 0.019384
Aug 22 14:47:16.304516 n-d-805046-3 devstack@n-api.service[117086]: [pid: 117086|app: 0|req: 167/354] 10.222.0.53 () {60 vars in 1164 bytes} [Sun Aug 22 14:47:16 2021] POST /compute/v2.1/os-aggregates => generated 110 bytes in 20 msecs (HTTP/1.1 409) 9 headers in 378 bytes (1 switches on core 0)
Aug 22 14:47:16.313578 n-d-805046-3 devstack@n-api.service[117086]: DEBUG nova.api.openstack.wsgi [None req-c05c447e-8e5d-491b-afc7-794e7ee8847f tempest-AggregatesAdminNegativeTestJSON-1334925471 tempest-AggregatesAdminNegativeTestJSON-1334925471-project-admin] Calling method '>' {{(pid=117086) _process_stack /opt/stack/nova/nova/api/openstack/wsgi.py:513}}
Aug 22 14:47:16.314312 n-d-805046-3 devstack@n-api.service[117086]: /usr/local/lib/python3.8/dist-packages/oslo_policy/policy.py:1064: UserWarning: Policy os_compute_api:os-aggregates:delete failed scope check. The token used to make the request was project scoped but the policy requires ['system'] scope. This behavior may change in the future where using the intended scope is required
Aug 22 14:47:16.314312 n-d-805046-3 devstack@n-api.service[117086]: warnings.warn(msg)
Aug 22 14:47:16.364667 n-d-805046-3 devstack@n-api.service[117087]: DEBUG nova.policy [None req-35d0c3e4-7e36-4745-8160-a4d00b14f273 tempest-LiveMigrationNegativeTest-1801412275 tempest-LiveMigrationNegativeTest-1801412275-project] Policy check for os_compute_api:os-extended-server-attributes failed with credentials {'is_admin': False, 'user_id': '61440a1923914ea89d479472a5626cca', 'user_domain_id': 'default', 'system_scope': None, 'domain_id': None, 'project_id': '289e09d2ba354093b8066bf8eaa8b59c', 'project_domain_id': 'default', 'roles': ['member', 'reader'], 'is_admin_project': True, 'service_user_id': None, 'service_user_domain_id': None, 'service_project_id': None, 'service_project_domain_id': None, 'service_roles': []} {{(pid=117087) authorize /opt/stack/nova/nova/policy.py:199}}
Aug 22 14:47:16.373377 n-d-805046-3 devstack@n-api.service[117087]: INFO nova.api.openstack.requestlog [None req-35d0c3e4-7e36-4745-8160-a4d00b14f273 tempest-LiveMigrationNegativeTest-1801412275 tempest-LiveMigrationNegativeTest-1801412275-project] 10.222.0.53 "GET /compute/v2.1/servers/ac3c2335-c542-4c3f-a145-8357839e3713" status: 200 len: 1318 microversion: 2.1 time: 0.179859
Aug 22 14:47:16.373959 n-d-805046-3 devstack@n-api.service[117087]: [pid: 117087|app: 0|req: 188/355] 10.222.0.53 () {58 vars in 1236 bytes} [Sun Aug 22 14:47:16 2021] GET /compute/v2.1/servers/ac3c2335-c542-4c3f-a145-8357839e3713 => generated 1318 bytes in 181 msecs (HTTP/1.1 200) 9 headers in 358 bytes (1 switches on core 0)
Aug 22 14:47:16.437598 n-d-805046-3 devstack@n-api.service[117086]: INFO nova.api.openstack.requestlog [None req-c05c447e-8e5d-491b-afc7-794e7ee8847f tempest-AggregatesAdminNegativeTestJSON-1334925471 tempest-AggregatesAdminNegativeTestJSON-1334925471-project-admin] 10.222.0.53 "DELETE /compute/v2.1/os-aggregates/14" status: 200 len: 0 microversion: 2.1 time: 0.127433
Aug 22 14:47:16.442435 n-d-805046-3 devstack@n-api.service[117086]: [pid: 117086|app: 0|req: 168/356] 10.222.0.53 () {58 vars in 1155 bytes} [Sun Aug 22 14:47:16 2021] DELETE /compute/v2.1/os-aggregates/14 => generated 0 bytes in 129 msecs (HTTP/1.1 200) 9 headers in 355 bytes (1 switches on core 0)
Aug 22 14:47:16.449125 n-d-805046-3 devstack@n-api.service[117087]: DEBUG nova.api.openstack.wsgi [None req-64aa177f-af61-4e27-bbb4-1978beccd338 tempest-AggregatesAdminNegativeTestJSON-1334925471 tempest-AggregatesAdminNegativeTestJSON-1334925471-project-admin] Action: 'create', calling method: >, body: {"aggregate": {"name": "tempest-test_aggregate-770987301"}} {{(pid=117087) _process_stack /opt/stack/nova/nova/api/openstack/wsgi.py:511}}
Aug 22 14:47:16.450531 n-d-805046-3 devstack@n-api.service[117087]: /usr/local/lib/python3.8/dist-packages/oslo_policy/policy.py:1064: UserWarning: Policy os_compute_api:os-aggregates:create failed scope check. The token used to make the request was project scoped but the policy requires ['system'] scope. This behavior may change in the future where using the intended scope is required
Aug 22 14:47:16.450531 n-d-805046-3 devstack@n-api.service[117087]: warnings.warn(msg)
Aug 22 14:47:16.453849 n-d-805046-3 devstack@n-api.service[117087]: DEBUG nova.objects.aggregate [None req-64aa177f-af61-4e27-bbb4-1978beccd338 tempest-AggregatesAdminNegativeTestJSON-1334925471 tempest-AggregatesAdminNegativeTestJSON-1334925471-project-admin] Generated uuid cf03a3b2-82f9-4368-9032-29d3f48155b7 for aggregate {{(pid=117087) create /opt/stack/nova/nova/objects/aggregate.py:298}}
Aug 22 14:47:16.488530 n-d-805046-3 devstack@n-api.service[117086]: DEBUG nova.api.openstack.wsgi [None req-6e4128c3-346c-45b8-b18d-9e70644b3167 tempest-DeleteServersAdminTestJSON-900602910 tempest-DeleteServersAdminTestJSON-900602910-project] Calling method '>' {{(pid=117086) _process_stack /opt/stack/nova/nova/api/openstack/wsgi.py:513}}
Aug 22 14:47:16.489338 n-d-805046-3 devstack@n-api.service[117086]: DEBUG nova.compute.api [None req-6e4128c3-346c-45b8-b18d-9e70644b3167 tempest-DeleteServersAdminTestJSON-900602910 tempest-DeleteServersAdminTestJSON-900602910-project] [instance: 6c32820e-c878-4209-b388-9e1512a31e22] Fetching instance by UUID {{(pid=117086) get /opt/stack/nova/nova/compute/api.py:2842}}
