Nov 02 11:08:53.659778 n-d-805046-13 neutron-server[102320]: DEBUG neutron.db.l3_hamode_db [None req-99bb0844-79e6-45f8-b449-c3b1e9b26996 None None] neutron.services.l3_router.l3_router_plugin.L3RouterPlugin method get_ha_sync_data_for_host called with arguments (, 'n-d-805046-13', Agent(admin_state_up=True,agent_type='L3 agent',availability_zone='nova',binary='neutron-l3-agent',configurations={"agent_mode": "legacy", "ex_gw_ports": 3, "extensions": [], "floating_ips": 0, "handle_internal_only_routers": true, "interface_driver": "openvswitch", "interfaces": 3, "log_agent_heartbeats": false, "routers": 3},created_at=2021-11-02T10:57:59Z,description=,heartbeat_timestamp=2021-11-02T11:08:29Z,host='n-d-805046-13',id=9139eef6-4178-4844-9340-9ce27ff92dce,load=0,resource_versions=,resources_synced=,started_at=2021-11-02T10:57:59Z,topic='l3_agent')) {'router_ids': ['ef289e44-e479-444b-a1d4-33fcc98e3067'], 'active': True} {{(pid=102320) wrapper /usr/local/lib/python3.8/dist-packages/oslo_log/helpers.py:65}}
Nov 02 11:08:53.670426 n-d-805046-13 neutron-server[102318]: DEBUG neutron.api.rpc.handlers.resources_rpc [None req-8dc88a83-cb5b-4575-81e2-61df89c78c2a service neutron] Pushing event updated for resources: {'Port': ['ID=b8844a69-c57a-4094-a17f-5aabe3d14e20,revision_number=8']} {{(pid=102318) push /opt/stack/neutron/neutron/api/rpc/handlers/resources_rpc.py:237}}
Nov 02 11:08:53.775925 n-d-805046-13 neutron-server[102318]: INFO neutron.wsgi [None req-2cb42b7f-ecf0-4c9c-80e1-d82b424462b9 admin admin] 10.222.0.49 "GET /v2.0/security-groups?tenant_id=ed391b42345f4633a7f53e7e7e86ea91&name=default HTTP/1.1" status: 200 len: 2996 time: 0.5780220
Nov 02 11:08:53.778989 n-d-805046-13 neutron-server[102319]: DEBUG neutron.wsgi [-] (102319) accepted ('10.222.0.49', 52784) {{(pid=102319) server /usr/local/lib/python3.8/dist-packages/eventlet/wsgi.py:982}}
Nov 02 11:08:53.820585 n-d-805046-13 neutron-server[102318]: DEBUG neutron.api.rpc.callbacks.version_manager [None req-8dc88a83-cb5b-4575-81e2-61df89c78c2a service neutron] Version for resource type AddressGroup changed None to 1.2 on consumer Open vSwitch agent@n-d-805046-13 {{(pid=102318) _set_version /opt/stack/neutron/neutron/api/rpc/callbacks/version_manager.py:113}}
Nov 02 11:08:53.821038 n-d-805046-13 neutron-server[102318]: DEBUG neutron.api.rpc.callbacks.version_manager [None req-8dc88a83-cb5b-4575-81e2-61df89c78c2a service neutron] Version for resource type ConntrackHelper changed None to 1.0 on consumer Open vSwitch agent@n-d-805046-13 {{(pid=102318) _set_version /opt/stack/neutron/neutron/api/rpc/callbacks/version_manager.py:113}}
Nov 02 11:08:53.821645 n-d-805046-13 neutron-server[102318]: DEBUG neutron.api.rpc.callbacks.version_manager [None req-8dc88a83-cb5b-4575-81e2-61df89c78c2a service neutron] Version for resource type Log changed None to 1.0 on consumer Open vSwitch agent@n-d-805046-13 {{(pid=102318) _set_version /opt/stack/neutron/neutron/api/rpc/callbacks/version_manager.py:113}}
Nov 02 11:08:53.822222 n-d-805046-13 neutron-server[102318]: DEBUG neutron.api.rpc.callbacks.version_manager [None req-8dc88a83-cb5b-4575-81e2-61df89c78c2a service neutron] Version for resource type Network changed None to 1.1 on consumer Open vSwitch agent@n-d-805046-13 {{(pid=102318) _set_version /opt/stack/neutron/neutron/api/rpc/callbacks/version_manager.py:113}}
Nov 02 11:08:53.822741 n-d-805046-13 neutron-server[102318]: DEBUG neutron.api.rpc.callbacks.version_manager [None req-8dc88a83-cb5b-4575-81e2-61df89c78c2a service neutron] Version for resource type Port changed None to 1.7 on consumer Open vSwitch agent@n-d-805046-13 {{(pid=102318) _set_version /opt/stack/neutron/neutron/api/rpc/callbacks/version_manager.py:113}}
Nov 02 11:08:53.823267 n-d-805046-13 neutron-server[102318]: DEBUG neutron.api.rpc.callbacks.version_manager [None req-8dc88a83-cb5b-4575-81e2-61df89c78c2a service neutron] Version for resource type PortForwarding changed None to 1.2 on consumer Open vSwitch agent@n-d-805046-13 {{(pid=102318) _set_version /opt/stack/neutron/neutron/api/rpc/callbacks/version_manager.py:113}}
Nov 02 11:08:53.823773 n-d-805046-13 neutron-server[102318]: DEBUG neutron.api.rpc.callbacks.version_manager [None req-8dc88a83-cb5b-4575-81e2-61df89c78c2a service neutron] Version for resource type QosPolicy changed None to 1.10 on consumer Open vSwitch agent@n-d-805046-13 {{(pid=102318) _set_version /opt/stack/neutron/neutron/api/rpc/callbacks/version_manager.py:113}}
Nov 02 11:08:53.824308 n-d-805046-13 neutron-server[102318]: DEBUG neutron.api.rpc.callbacks.version_manager [None req-8dc88a83-cb5b-4575-81e2-61df89c78c2a service neutron] Version for resource type SecurityGroup changed None to 1.5 on consumer Open vSwitch agent@n-d-805046-13 {{(pid=102318) _set_version /opt/stack/neutron/neutron/api/rpc/callbacks/version_manager.py:113}}
Nov 02 11:08:53.824817 n-d-805046-13 neutron-server[102318]: DEBUG neutron.api.rpc.callbacks.version_manager [None req-8dc88a83-cb5b-4575-81e2-61df89c78c2a service neutron] Version for resource type SecurityGroupRule changed None to 1.2 on consumer Open vSwitch agent@n-d-805046-13 {{(pid=102318) _set_version /opt/stack/neutron/neutron/api/rpc/callbacks/version_manager.py:113}}
Nov 02 11:08:53.825320 n-d-805046-13 neutron-server[102318]: DEBUG neutron.api.rpc.callbacks.version_manager [None req-8dc88a83-cb5b-4575-81e2-61df89c78c2a service neutron] Version for resource type SubPort changed None to 1.0 on consumer Open vSwitch agent@n-d-805046-13 {{(pid=102318) _set_version /opt/stack/neutron/neutron/api/rpc/callbacks/version_manager.py:113}}
Nov 02 11:08:53.826346 n-d-805046-13 neutron-server[102318]: DEBUG neutron.api.rpc.callbacks.version_manager [None req-8dc88a83-cb5b-4575-81e2-61df89c78c2a service neutron] Version for resource type Subnet changed None to 1.1 on consumer Open vSwitch agent@n-d-805046-13 {{(pid=102318) _set_version /opt/stack/neutron/neutron/api/rpc/callbacks/version_manager.py:113}}
Nov 02 11:08:53.827047 n-d-805046-13 neutron-server[102318]: DEBUG neutron.api.rpc.callbacks.version_manager [None req-8dc88a83-cb5b-4575-81e2-61df89c78c2a service neutron] Version for resource type Trunk changed None to 1.1 on consumer Open vSwitch agent@n-d-805046-13 {{(pid=102318) _set_version /opt/stack/neutron/neutron/api/rpc/callbacks/version_manager.py:113}}
Nov 02 11:08:53.876280 n-d-805046-13 neutron-server[102318]: DEBUG neutron.pecan_wsgi.hooks.policy_enforcement [req-5488ddc0-5f02-44f8-9fa6-1c77c75ec6fd req-8dc88a83-cb5b-4575-81e2-61df89c78c2a service neutron] Attributes excluded by policy engine: ['standard_attr_id'] {{(pid=102318) _exclude_attributes_by_policy /opt/stack/neutron/neutron/pecan_wsgi/hooks/policy_enforcement.py:255}}
Nov 02 11:08:53.877525 n-d-805046-13 neutron-server[102318]: DEBUG neutron_lib.callbacks.manager [req-5488ddc0-5f02-44f8-9fa6-1c77c75ec6fd req-8dc88a83-cb5b-4575-81e2-61df89c78c2a service neutron] Publish callbacks ['neutron.notifiers.nova.Notifier._send_nova_notification-87484'] for port, before_response {{(pid=102318) _notify_loop /usr/local/lib/python3.8/dist-packages/neutron_lib/callbacks/manager.py:175}}
Nov 02 11:08:53.880331 n-d-805046-13 neutron-server[102318]: INFO neutron.wsgi [req-5488ddc0-5f02-44f8-9fa6-1c77c75ec6fd req-8dc88a83-cb5b-4575-81e2-61df89c78c2a service neutron] 10.222.0.37 "PUT /v2.0/ports/b8844a69-c57a-4094-a17f-5aabe3d14e20 HTTP/1.1" status: 200 len: 1124 time: 2.9091702
Nov 02 11:08:53.953043 n-d-805046-13 neutron-server[102319]: DEBUG neutron_lib.callbacks.manager [None req-1af56159-5459-42b1-a3cb-bfc62f2d8fa2 admin admin] Publish callbacks [] for security_group, before_create {{(pid=102319) _notify_loop /usr/local/lib/python3.8/dist-packages/neutron_lib/callbacks/manager.py:175}}
Nov 02 11:08:53.969286 n-d-805046-13 neutron-server[102320]: DEBUG neutron.db.l3_dvr_db [None req-99bb0844-79e6-45f8-b449-c3b1e9b26996 None None] Set router ef289e44-e479-444b-a1d4-33fcc98e3067 gateway port host: n-d-805046-13 {{(pid=102320) _build_routers_list /opt/stack/neutron/neutron/db/l3_dvr_db.py:906}}
Nov 02 11:08:54.010886 n-d-805046-13 neutron-server[102319]: DEBUG neutron.pecan_wsgi.hooks.policy_enforcement [req-e74914f9-9613-499a-8e8c-c0b585b853f9 req-182814c3-c0e4-4b6b-98bb-6cccb5003b0f tempest-LiveMigrationTest-1825924552 tempest-LiveMigrationTest-1825924552-project] Attributes excluded by policy engine: ['standard_attr_id', 'binding:profile', 'binding:host_id', 'binding:vif_type', 'binding:vif_details'] {{(pid=102319) _exclude_attributes_by_policy /opt/stack/neutron/neutron/pecan_wsgi/hooks/policy_enforcement.py:255}}
Nov 02 11:08:54.013156 n-d-805046-13 neutron-server[102319]: INFO neutron.wsgi [req-e74914f9-9613-499a-8e8c-c0b585b853f9 req-182814c3-c0e4-4b6b-98bb-6cccb5003b0f tempest-LiveMigrationTest-1825924552 tempest-LiveMigrationTest-1825924552-project] 10.222.0.49 "GET /v2.0/ports?device_id=09534beb-48ac-442a-b80a-d18ab9df00e2 HTTP/1.1" status: 200 len: 944 time: 0.2778406
Nov 02 11:08:54.013637 n-d-805046-13 neutron-server[102320]: DEBUG neutron.plugins.ml2.db [None req-9cb3b399-3ec4-4553-8633-e9d4ea5eceb0 None None] get_ports_and_sgs() called for port_ids ['b8844a69-c57a-4094-a17f-5aabe3d14e20'] {{(pid=102320) get_ports_and_sgs /opt/stack/neutron/neutron/plugins/ml2/db.py:156}}
Nov 02 11:08:54.049283 n-d-805046-13 neutron-server[102318]: DEBUG neutron.pecan_wsgi.hooks.quota_enforcement [req-2c555799-ba14-4830-9aab-a330fd5ac4be req-827bcb78-8793-4f46-98c3-1602605597a1 tempest-ImagesTestJSON-760848829 tempest-ImagesTestJSON-760848829-project] Made reservation on behalf of 2475ca6e59014a87a5bfd3a89123f87d for: {'port': 1} {{(pid=102318) before /opt/stack/neutron/neutron/pecan_wsgi/hooks/quota_enforcement.py:53}}
Nov 02 11:08:54.053623 n-d-805046-13 neutron-server[102318]: DEBUG neutron_lib.callbacks.manager [req-2c555799-ba14-4830-9aab-a330fd5ac4be req-827bcb78-8793-4f46-98c3-1602605597a1 tempest-ImagesTestJSON-760848829 tempest-ImagesTestJSON-760848829-project] Publish callbacks ['neutron.plugins.ml2.plugin.SecurityGroupDbMixin._ensure_default_security_group_handler-3824310'] for port, before_create {{(pid=102318) _notify_loop /usr/local/lib/python3.8/dist-packages/neutron_lib/callbacks/manager.py:175}}
Nov 02 11:08:54.079748 n-d-805046-13 neutron-server[102319]: DEBUG neutron.pecan_wsgi.hooks.policy_enforcement [req-a024e38f-a7fa-4172-a089-65f9452394fd req-5875ebd4-20d0-476e-ae03-fc5453259d9f tempest-LiveMigrationNegativeTest-914716341 tempest-LiveMigrationNegativeTest-914716341-project] Attributes excluded by policy engine: ['standard_attr_id', 'binding:profile', 'binding:host_id', 'binding:vif_type', 'binding:vif_details'] {{(pid=102319) _exclude_attributes_by_policy /opt/stack/neutron/neutron/pecan_wsgi/hooks/policy_enforcement.py:255}}
Nov 02 11:08:54.090307 n-d-805046-13 neutron-server[102319]: INFO neutron.wsgi [req-a024e38f-a7fa-4172-a089-65f9452394fd req-5875ebd4-20d0-476e-ae03-fc5453259d9f tempest-LiveMigrationNegativeTest-914716341 tempest-LiveMigrationNegativeTest-914716341-project] 10.222.0.49 "GET /v2.0/ports?device_id=c950b629-ecd2-4344-9ec0-0a0972d654c2 HTTP/1.1" status: 200 len: 950 time: 0.2061677
Nov 02 11:08:54.094226 n-d-805046-13 neutron-server[102319]: DEBUG neutron_lib.callbacks.manager [None req-6d097f80-0eb6-4a95-9729-64bf0d979658 admin admin] Publish callbacks [] for security_group, before_delete {{(pid=102319) _notify_loop /usr/local/lib/python3.8/dist-packages/neutron_lib/callbacks/manager.py:175}}
Nov 02 11:08:54.201965 n-d-805046-13 neutron-server[102319]: INFO neutron.wsgi [req-e74914f9-9613-499a-8e8c-c0b585b853f9 req-c2bf7e8c-efc1-42f6-aa79-aaf89ac99232 tempest-LiveMigrationTest-1825924552 tempest-LiveMigrationTest-1825924552-project] 10.222.0.49 "GET /v2.0/security-groups?id=1d04b638-57ee-4ec6-939f-77d0e7fe6e42&fields=id&fields=name HTTP/1.1" status: 200 len: 286 time: 0.1766720
Nov 02 11:08:54.209739 n-d-805046-13 neutron-server[102318]: DEBUG neutron.notifiers.nova [req-0a005b5b-5045-4dd6-8567-0b686360da80 req-380ad90a-f5bd-4607-98b3-3a59960d9f59 service neutron] Ignoring state change previous_port_status: DOWN current_port_status: DOWN port_id 0e6a2854-6fa1-454b-84d0-536db77c4e66 {{(pid=102318) record_port_status_changed /opt/stack/neutron/neutron/notifiers/nova.py:224}}
Nov 02 11:08:54.216674 n-d-805046-13 neutron-server[102319]: DEBUG neutron_lib.callbacks.manager [None req-6d097f80-0eb6-4a95-9729-64bf0d979658 admin admin] Publish callbacks [] for security_group, precommit_delete {{(pid=102319) _notify_loop /usr/local/lib/python3.8/dist-packages/neutron_lib/callbacks/manager.py:175}}
Nov 02 11:08:54.231308 n-d-805046-13 neutron-server[102318]: DEBUG neutron_lib.callbacks.manager [req-0a005b5b-5045-4dd6-8567-0b686360da80 req-380ad90a-f5bd-4607-98b3-3a59960d9f59 service neutron] Publish callbacks [] for port, precommit_update {{(pid=102318) _notify_loop /usr/local/lib/python3.8/dist-packages/neutron_lib/callbacks/manager.py:175}}
Nov 02 11:08:54.286509 n-d-805046-13 neutron-server[102319]: INFO neutron.wsgi [req-a024e38f-a7fa-4172-a089-65f9452394fd req-4e27cac0-1c2e-4c80-8ade-e3ee167f2cf9 tempest-LiveMigrationNegativeTest-914716341 tempest-LiveMigrationNegativeTest-914716341-project] 10.222.0.49 "GET /v2.0/security-groups?id=27542c5b-b1c2-4485-8343-403cf00dad2b&fields=id&fields=name HTTP/1.1" status: 200 len: 286 time: 0.1952651
Nov 02 11:08:54.287001 n-d-805046-13 neutron-server[102318]: DEBUG neutron.db.provisioning_blocks [req-0a005b5b-5045-4dd6-8567-0b686360da80 req-380ad90a-f5bd-4607-98b3-3a59960d9f59 service neutron] Transition to ACTIVE for port object 0e6a2854-6fa1-454b-84d0-536db77c4e66 will not be triggered until provisioned by entity L2. {{(pid=102318) add_provisioning_component /opt/stack/neutron/neutron/db/provisioning_blocks.py:73}}
Nov 02 11:08:54.304349 n-d-805046-13 neutron-server[102318]: DEBUG neutron_lib.callbacks.manager [req-0a005b5b-5045-4dd6-8567-0b686360da80 req-380ad90a-f5bd-4607-98b3-3a59960d9f59 service neutron] Publish callbacks ['neutron.plugins.ml2.plugin.SecurityGroupServerNotifierRpcMixin._notify_sg_on_port_change-3824176', 'neutron.plugins.ml2.ovo_rpc._ObjectChangeHandler.handle_event-123099', 'neutron.api.rpc.agentnotifiers.dhcp_rpc_agent_api.DhcpAgentNotifyAPI._native_event_send_dhcp_notification-600711', 'neutron.db.l3_db.L3RpcNotifierMixin._notify_gateway_port_ip_changed-8781611853397', 'neutron.db.l3_dvrscheduler_db._notify_l3_agent_port_update-8781611292685', 'neutron.db.l3_hascheduler_db._notify_l3_agent_ha_port_update-8781611292703'] for port, after_update {{(pid=102318) _notify_loop /usr/local/lib/python3.8/dist-packages/neutron_lib/callbacks/manager.py:175}}
Nov 02 11:08:54.338689 n-d-805046-13 neutron-server[102319]: DEBUG neutron_lib.callbacks.manager [None req-1af56159-5459-42b1-a3cb-bfc62f2d8fa2 admin admin] Publish callbacks [] for security_group, precommit_create {{(pid=102319) _notify_loop /usr/local/lib/python3.8/dist-packages/neutron_lib/callbacks/manager.py:175}}
Nov 02 11:08:54.340696 n-d-805046-13 neutron-server[102318]: DEBUG neutron.db.db_base_plugin_common [req-2c555799-ba14-4830-9aab-a330fd5ac4be req-827bcb78-8793-4f46-98c3-1602605597a1 tempest-ImagesTestJSON-760848829 tempest-ImagesTestJSON-760848829-project] Allocated IP 172.20.0.9 (f9317be1-0cb4-45e0-bec4-3830e1f32fe0/0a3642b3-8dd0-45e2-8334-1fef452b581c/a0847f71-4d86-4ef6-9c96-42f9f934161a) {{(pid=102318) _store_ip_allocation /opt/stack/neutron/neutron/db/db_base_plugin_common.py:131}}
Nov 02 11:08:54.344030 n-d-805046-13 neutron-server[102320]: DEBUG neutron.db.l3_hamode_db [None req-99bb0844-79e6-45f8-b449-c3b1e9b26996 None None] neutron.services.l3_router.l3_router_plugin.L3RouterPlugin method _process_sync_ha_data called with arguments (, [{'id': 'ef289e44-e479-444b-a1d4-33fcc98e3067', 'name': 'tempest-AttachSCSIVolumeTestJSON-2118459331-router', 'tenant_id': 'f2f4d9a0219540688c66ee07d6e9176a', 'admin_state_up': True, 'status': 'ACTIVE', 'external_gateway_info': {'network_id': '3dd3c031-bc14-4a72-8be0-e1659abef844', 'external_fixed_ips': [{'subnet_id': '93f11e08-4ba9-485f-b298-58884d81dd0a', 'ip_address': '172.25.5.226'}], 'enable_snat': True}, 'gw_port_id': '935762bd-0f68-4af9-b7ed-8a4270b20fe5', 'description': '', 'availability_zones': ['nova'], 'distributed': False, 'ha': False, 'ha_vr_id': 0, 'availability_zone_hints': [], 'routes': [], 'flavor_id': None, 'tags': [], 'created_at': '2021-11-02T11:08:43Z', 'updated_at': '2021-11-02T11:08:50Z', 'revision_number': 4, 'project_id': 'f2f4d9a0219540688c66ee07d6e9176a', 'gw_port': {'id': '935762bd-0f68-4af9-b7ed-8a4270b20fe5', 'name': '', 'network_id': '3dd3c031-bc14-4a72-8be0-e1659abef844', 'tenant_id': '', 'mac_address': 'fa:16:3e:05:03:de', 'admin_state_up': True, 'status': 'ACTIVE', 'device_id': 'ef289e44-e479-444b-a1d4-33fcc98e3067', 'device_owner': 'network:router_gateway', 'standard_attr_id': 269, 'fixed_ips': [{'subnet_id': '93f11e08-4ba9-485f-b298-58884d81dd0a', 'ip_address': '172.25.5.226', 'prefixlen': 24}], 'allowed_address_pairs': [], 'extra_dhcp_opts': [], 'security_groups': [], 'description': '', 'binding:vnic_type': 'normal', 'binding:profile': {}, 'binding:host_id': 'n-d-805046-13', 'binding:vif_type': 'ovs', 'binding:vif_details': {'connectivity': 'l2', 'port_filter': True, 'ovs_hybrid_plug': False, 'datapath_type': 'system', 'bridge_name': 'br-int'}, 'port_security_enabled': False, 'tags': [], 'created_at': '2021-11-02T11:08:44Z', 'updated_at': '2021-11-02T11:08:51Z', 'revision_number': 4, 'project_id': '', 'subnets': [{'id': '93f11e08-4ba9-485f-b298-58884d81dd0a', 'cidr': '172.25.5.0/24', 'gateway_ip': '172.25.5.1', 'dns_nameservers': [], 'ipv6_ra_mode': None, 'subnetpool_id': None}], 'extra_subnets': [], 'address_scopes': {4: None, 6: None}, 'mtu': 1500}, 'enable_snat': True, 'gw_port_host': 'n-d-805046-13', '_interfaces': [{'id': 'fb64019c-7c50-475c-be30-704cb42ce925', 'name': '', 'network_id': '1e3e7d2e-0c5c-4de0-a7b8-499b1ebc028a', 'tenant_id': 'f2f4d9a0219540688c66ee07d6e9176a', 'mac_address': 'fa:16:3e:42:9c:d8', 'admin_state_up': True, 'status': 'DOWN', 'device_id': 'ef289e44-e479-444b-a1d4-33fcc98e3067', 'device_owner': 'network:router_interface', 'standard_attr_id': 278, 'fixed_ips': [{'subnet_id': 'f2bcdf10-18da-496c-9a27-f990512dcacb', 'ip_address': '172.20.0.1', 'prefixlen': 28}], 'allowed_address_pairs': [], 'extra_dhcp_opts': [], 'security_groups': [], 'description': '', 'binding:vnic_type': 'normal', 'binding:profile': {}, 'binding:host_id': '', 'binding:vif_type': 'unbound', 'binding:vif_details': {}, 'port_security_enabled': False, 'tags': [], 'created_at': '2021-11-02T11:08:48Z', 'updated_at': '2021-11-02T11:08:50Z', 'revision_number': 2, 'project_id': 'f2f4d9a0219540688c66ee07d6e9176a', 'subnets': [{'id': 'f2bcdf10-18da-496c-9a27-f990512dcacb', 'cidr': '172.20.0.0/28', 'gateway_ip': '172.20.0.1', 'dns_nameservers': [], 'ipv6_ra_mode': None, 'subnetpool_id': None}], 'extra_subnets': [], 'address_scopes': {4: None, 6: None}, 'mtu': 1500}]}], 'n-d-805046-13', False) {} {{(pid=102320) wrapper /usr/local/lib/python3.8/dist-packages/oslo_log/helpers.py:65}}
Nov 02 11:08:54.361394 n-d-805046-13 neutron-server[102319]: DEBUG neutron_lib.callbacks.manager [None req-1af56159-5459-42b1-a3cb-bfc62f2d8fa2 admin admin] Publish callbacks ['neutron.plugins.ml2.ovo_rpc._ObjectChangeHandler.handle_event-740404'] for security_group, after_create {{(pid=102319) _notify_loop /usr/local/lib/python3.8/dist-packages/neutron_lib/callbacks/manager.py:175}}
Nov 02 11:08:54.412497 n-d-805046-13 neutron-server[102320]: DEBUG neutron.api.rpc.handlers.l3_rpc [None req-99bb0844-79e6-45f8-b449-c3b1e9b26996 None None] Checking router: ef289e44-e479-444b-a1d4-33fcc98e3067 for host: n-d-805046-13 {{(pid=102320) _ensure_host_set_on_ports /opt/stack/neutron/neutron/api/rpc/handlers/l3_rpc.py:155}}
Nov 02 11:08:54.412777 n-d-805046-13 neutron-server[102320]: DEBUG neutron.api.rpc.handlers.l3_rpc [None req-99bb0844-79e6-45f8-b449-c3b1e9b26996 None None] Updating router ef289e44-e479-444b-a1d4-33fcc98e3067 port fb64019c-7c50-475c-be30-704cb42ce925 binding host n-d-805046-13 {{(pid=102320) _ensure_host_set_on_port /opt/stack/neutron/neutron/api/rpc/handlers/l3_rpc.py:205}}
Nov 02 11:08:54.463513 n-d-805046-13 neutron-server[102319]: DEBUG neutron_lib.callbacks.manager [None req-6d097f80-0eb6-4a95-9729-64bf0d979658 admin admin] Publish callbacks ['neutron.plugins.ml2.ovo_rpc._ObjectChangeHandler.handle_event-740404'] for security_group, after_delete {{(pid=102319) _notify_loop /usr/local/lib/python3.8/dist-packages/neutron_lib/callbacks/manager.py:175}}
Nov 02 11:08:54.467360 n-d-805046-13 neutron-server[102319]: DEBUG neutron_lib.callbacks.manager [None req-6d097f80-0eb6-4a95-9729-64bf0d979658 admin admin] Publish callbacks [] for security_group, before_response {{(pid=102319) _notify_loop /usr/local/lib/python3.8/dist-packages/neutron_lib/callbacks/manager.py:175}}
Nov 02 11:08:54.473710 n-d-805046-13 neutron-server[102319]: INFO neutron.wsgi [None req-6d097f80-0eb6-4a95-9729-64bf0d979658 admin admin] 10.222.0.49 "DELETE /v2.0/security-groups/04dd142a-30ac-43e4-aca9-018ae84ab2b7 HTTP/1.1" status: 204 len: 168 time: 0.6927137
Nov 02 11:08:54.475025 n-d-805046-13 neutron-server[102319]: DEBUG neutron.api.rpc.handlers.resources_rpc [None req-1af56159-5459-42b1-a3cb-bfc62f2d8fa2 admin admin] Pushing event updated for resources: {'SecurityGroup': ['ID=14e3ee55-9aa2-481c-99c9-12fc38a25f5b,revision_number=1']} {{(pid=102319) push /opt/stack/neutron/neutron/api/rpc/handlers/resources_rpc.py:237}}
Nov 02 11:08:54.491139 n-d-805046-13 neutron-server[102319]: INFO neutron.wsgi [None req-1af56159-5459-42b1-a3cb-bfc62f2d8fa2 admin admin] 10.222.0.49 "GET /v2.0/security-groups?tenant_id=48fc3e26886944da8f92632e115d0980&name=default HTTP/1.1" status: 200 len: 2996 time: 0.8528910
Nov 02 11:08:54.496282 n-d-805046-13 neutron-server[102320]: DEBUG neutron_lib.callbacks.manager [None req-99bb0844-79e6-45f8-b449-c3b1e9b26996 None None] Publish callbacks ['neutron.plugins.ml2.plugin.SecurityGroupDbMixin._ensure_default_security_group_handler-3824310'] for port, before_update {{(pid=102320) _notify_loop /usr/local/lib/python3.8/dist-packages/neutron_lib/callbacks/manager.py:175}}
Nov 02 11:08:54.522524 n-d-805046-13 neutron-server[102318]: DEBUG neutron.api.rpc.handlers.resources_rpc [None req-380ad90a-f5bd-4607-98b3-3a59960d9f59 service neutron] Pushing event updated for resources: {'Port': ['ID=0e6a2854-6fa1-454b-84d0-536db77c4e66,revision_number=2']} {{(pid=102318) push /opt/stack/neutron/neutron/api/rpc/handlers/resources_rpc.py:237}}
Nov 02 11:08:54.527351 n-d-805046-13 neutron-server[102318]: DEBUG neutron.wsgi [-] (102318) accepted ('10.222.0.49', 52806) {{(pid=102318) server /usr/local/lib/python3.8/dist-packages/eventlet/wsgi.py:982}}
Nov 02 11:08:54.527684 n-d-805046-13 neutron-server[102318]: DEBUG neutron.wsgi [-] (102318) accepted ('10.222.0.49', 52808) {{(pid=102318) server /usr/local/lib/python3.8/dist-packages/eventlet/wsgi.py:982}}
Nov 02 11:08:54.551964 n-d-805046-13 neutron-server[102318]: DEBUG neutron.api.v2.base [None req-71c72fac-6803-4296-a69c-8845ec7ede3e admin admin] Request body: {'network': {'name': 'tempest-AttachSCSIVolumeTestJSON-512598880-network', 'tenant_id': '232a0771502142d2b41cc493e244f434'}} {{(pid=102318) prepare_request_body /opt/stack/neutron/neutron/api/v2/base.py:729}}
Nov 02 11:08:54.563858 n-d-805046-13 neutron-server[102319]: DEBUG neutron.api.rpc.callbacks.version_manager [None req-1af56159-5459-42b1-a3cb-bfc62f2d8fa2 admin admin] Version for resource type AddressGroup changed None to 1.2 on consumer Open vSwitch agent@n-d-805046-13 {{(pid=102319) _set_version /opt/stack/neutron/neutron/api/rpc/callbacks/version_manager.py:113}}
Nov 02 11:08:54.564349 n-d-805046-13 neutron-server[102319]: DEBUG neutron.api.rpc.callbacks.version_manager [None req-1af56159-5459-42b1-a3cb-bfc62f2d8fa2 admin admin] Version for resource type ConntrackHelper changed None to 1.0 on consumer Open vSwitch agent@n-d-805046-13 {{(pid=102319) _set_version /opt/stack/neutron/neutron/api/rpc/callbacks/version_manager.py:113}}
Nov 02 11:08:54.564804 n-d-805046-13 neutron-server[102319]: DEBUG neutron.api.rpc.callbacks.version_manager [None req-1af56159-5459-42b1-a3cb-bfc62f2d8fa2 admin admin] Version for resource type Log changed None to 1.0 on consumer Open vSwitch agent@n-d-805046-13 {{(pid=102319) _set_version /opt/stack/neutron/neutron/api/rpc/callbacks/version_manager.py:113}}
Nov 02 11:08:54.565235 n-d-805046-13 neutron-server[102319]: DEBUG neutron.api.rpc.callbacks.version_manager [None req-1af56159-5459-42b1-a3cb-bfc62f2d8fa2 admin admin] Version for resource type Network changed None to 1.1 on consumer Open vSwitch agent@n-d-805046-13 {{(pid=102319) _set_version /opt/stack/neutron/neutron/api/rpc/callbacks/version_manager.py:113}}
Nov 02 11:08:54.565631 n-d-805046-13 neutron-server[102319]: DEBUG neutron.api.rpc.callbacks.version_manager [None req-1af56159-5459-42b1-a3cb-bfc62f2d8fa2 admin admin] Version for resource type Port changed None to 1.7 on consumer Open vSwitch agent@n-d-805046-13 {{(pid=102319) _set_version /opt/stack/neutron/neutron/api/rpc/callbacks/version_manager.py:113}}
Nov 02 11:08:54.566029 n-d-805046-13 neutron-server[102319]: DEBUG neutron.api.rpc.callbacks.version_manager [None req-1af56159-5459-42b1-a3cb-bfc62f2d8fa2 admin admin] Version for resource type PortForwarding changed None to 1.2 on consumer Open vSwitch agent@n-d-805046-13 {{(pid=102319) _set_version /opt/stack/neutron/neutron/api/rpc/callbacks/version_manager.py:113}}
Nov 02 11:08:54.566566 n-d-805046-13 neutron-server[102319]: DEBUG neutron.api.rpc.callbacks.version_manager [None req-1af56159-5459-42b1-a3cb-bfc62f2d8fa2 admin admin] Version for resource type QosPolicy changed None to 1.10 on consumer Open vSwitch agent@n-d-805046-13 {{(pid=102319) _set_version /opt/stack/neutron/neutron/api/rpc/callbacks/version_manager.py:113}}
Nov 02 11:08:54.567156 n-d-805046-13 neutron-server[102319]: DEBUG neutron.api.rpc.callbacks.version_manager [None req-1af56159-5459-42b1-a3cb-bfc62f2d8fa2 admin admin] Version for resource type SecurityGroup changed None to 1.5 on consumer Open vSwitch agent@n-d-805046-13 {{(pid=102319) _set_version /opt/stack/neutron/neutron/api/rpc/callbacks/version_manager.py:113}}
Nov 02 11:08:54.567555 n-d-805046-13 neutron-server[102319]: DEBUG neutron.api.rpc.callbacks.version_manager [None req-1af56159-5459-42b1-a3cb-bfc62f2d8fa2 admin admin] Version for resource type SecurityGroupRule changed None to 1.2 on consumer Open vSwitch agent@n-d-805046-13 {{(pid=102319) _set_version /opt/stack/neutron/neutron/api/rpc/callbacks/version_manager.py:113}}
Nov 02 11:08:54.568530 n-d-805046-13 neutron-server[102319]: DEBUG neutron.api.rpc.callbacks.version_manager [None req-1af56159-5459-42b1-a3cb-bfc62f2d8fa2 admin admin] Version for resource type SubPort changed None to 1.0 on consumer Open vSwitch agent@n-d-805046-13 {{(pid=102319) _set_version /opt/stack/neutron/neutron/api/rpc/callbacks/version_manager.py:113}}
Nov 02 11:08:54.568530 n-d-805046-13 neutron-server[102319]: DEBUG neutron.api.rpc.callbacks.version_manager [None req-1af56159-5459-42b1-a3cb-bfc62f2d8fa2 admin admin] Version for resource type Subnet changed None to 1.1 on consumer Open vSwitch agent@n-d-805046-13 {{(pid=102319) _set_version /opt/stack/neutron/neutron/api/rpc/callbacks/version_manager.py:113}}
Nov 02 11:08:54.568703 n-d-805046-13 neutron-server[102319]: DEBUG neutron.api.rpc.callbacks.version_manager [None req-1af56159-5459-42b1-a3cb-bfc62f2d8fa2 admin admin] Version for resource type Trunk changed None to 1.1 on consumer Open vSwitch agent@n-d-805046-13 {{(pid=102319) _set_version /opt/stack/neutron/neutron/api/rpc/callbacks/version_manager.py:113}}
Nov 02 11:08:54.587355 n-d-805046-13 neutron-server[102319]: DEBUG neutron.api.rpc.handlers.resources_rpc [None req-6d097f80-0eb6-4a95-9729-64bf0d979658 admin admin] Pushing event deleted for resources: {'SecurityGroup': ['ID=04dd142a-30ac-43e4-aca9-018ae84ab2b7,revision_number=None']} {{(pid=102319) push /opt/stack/neutron/neutron/api/rpc/handlers/resources_rpc.py:237}}
Nov 02 11:08:54.614123 n-d-805046-13 neutron-server[102318]: DEBUG neutron.plugins.ml2.managers [req-0a005b5b-5045-4dd6-8567-0b686360da80 req-380ad90a-f5bd-4607-98b3-3a59960d9f59 service neutron] Attempting to bind port 0e6a2854-6fa1-454b-84d0-536db77c4e66 on host n-h1-805046-13 for vnic_type normal with profile {{(pid=102318) bind_port /opt/stack/neutron/neutron/plugins/ml2/managers.py:795}}
Nov 02 11:08:54.614459 n-d-805046-13 neutron-server[102318]: DEBUG neutron.plugins.ml2.managers [req-0a005b5b-5045-4dd6-8567-0b686360da80 req-380ad90a-f5bd-4607-98b3-3a59960d9f59 service neutron] Attempting to bind port 0e6a2854-6fa1-454b-84d0-536db77c4e66 by drivers openvswitch,hyperv on host n-h1-805046-13 at level 0 using segments [{'id': '4e2c257f-e813-4870-abd6-e8430aa9f3cb', 'network_type': 'vlan', 'physical_network': 'physnet1', 'segmentation_id': 543, 'network_id': 'ae4a169d-867e-4076-8e20-ab60905b6b93'}] {{(pid=102318) _bind_port_level /opt/stack/neutron/neutron/plugins/ml2/managers.py:820}}
Nov 02 11:08:54.614792 n-d-805046-13 neutron-server[102318]: DEBUG neutron.plugins.ml2.drivers.mech_agent [req-0a005b5b-5045-4dd6-8567-0b686360da80 req-380ad90a-f5bd-4607-98b3-3a59960d9f59 service neutron] Attempting to bind port 0e6a2854-6fa1-454b-84d0-536db77c4e66 on network ae4a169d-867e-4076-8e20-ab60905b6b93 {{(pid=102318) bind_port /opt/stack/neutron/neutron/plugins/ml2/drivers/mech_agent.py:91}}
Nov 02 11:08:54.617007 n-d-805046-13 neutron-server[102319]: DEBUG neutron.pecan_wsgi.hooks.policy_enforcement [req-8b75ce73-98fb-4198-ab2e-7d5b0c31f461 req-75b92d2c-c985-445b-afb7-f7ce66c8ab14 tempest-DeleteServersAdminTestJSON-957249208 tempest-DeleteServersAdminTestJSON-957249208-project] Attributes excluded by policy engine: ['standard_attr_id', 'binding:profile', 'binding:host_id', 'binding:vif_type', 'binding:vif_details'] {{(pid=102319) _exclude_attributes_by_policy /opt/stack/neutron/neutron/pecan_wsgi/hooks/policy_enforcement.py:255}}
Nov 02 11:08:54.627549 n-d-805046-13 neutron-server[102318]: DEBUG neutron.plugins.ml2.drivers.mech_agent [req-0a005b5b-5045-4dd6-8567-0b686360da80 req-380ad90a-f5bd-4607-98b3-3a59960d9f59 service neutron] Port 0e6a2854-6fa1-454b-84d0-536db77c4e66 on network ae4a169d-867e-4076-8e20-ab60905b6b93 not bound, no agent of type Open vSwitch agent registered on host n-h1-805046-13 {{(pid=102318) bind_port /opt/stack/neutron/neutron/plugins/ml2/drivers/mech_agent.py:103}}
Nov 02 11:08:54.628140 n-d-805046-13 neutron-server[102318]: DEBUG neutron.plugins.ml2.drivers.mech_agent [req-0a005b5b-5045-4dd6-8567-0b686360da80 req-380ad90a-f5bd-4607-98b3-3a59960d9f59 service neutron] Attempting to bind port 0e6a2854-6fa1-454b-84d0-536db77c4e66 on network ae4a169d-867e-4076-8e20-ab60905b6b93 {{(pid=102318) bind_port /opt/stack/neutron/neutron/plugins/ml2/drivers/mech_agent.py:91}}
Nov 02 11:08:54.630087 n-d-805046-13 neutron-server[102318]: DEBUG neutron.notifiers.nova [-] Sending events: [{'name': 'network-changed', 'server_uuid': '09534beb-48ac-442a-b80a-d18ab9df00e2', 'tag': 'b8844a69-c57a-4094-a17f-5aabe3d14e20'}] {{(pid=102318) send_events /opt/stack/neutron/neutron/notifiers/nova.py:262}}
Nov 02 11:08:54.632545 n-d-805046-13 neutron-server[102318]: DEBUG novaclient.v2.client [-] REQ: curl -g -i --cacert "/opt/stack/data/ca-bundle.pem" -X POST http://10.222.0.49/compute/v2.1/os-server-external-events -H "Accept: application/json" -H "Content-Type: application/json" -H "User-Agent: python-novaclient" -H "X-Auth-Token: {SHA256}7dfa95ea77f8153fd30cd029828c244f13be927eab75be32f3107a74e2a303a7" -H "X-OpenStack-Nova-API-Version: 2.1" -H "X-OpenStack-Request-ID: req-f6f272d0-5b9f-4296-a8a1-34aaf7c02a06" -d '{"events": [{"name": "network-changed", "server_uuid": "09534beb-48ac-442a-b80a-d18ab9df00e2", "tag": "b8844a69-c57a-4094-a17f-5aabe3d14e20"}]}' {{(pid=102318) _http_log_request /usr/local/lib/python3.8/dist-packages/keystoneauth1/session.py:519}}
Nov 02 11:08:54.633429 n-d-805046-13 neutron-server[102319]: INFO neutron.wsgi [req-8b75ce73-98fb-4198-ab2e-7d5b0c31f461 req-75b92d2c-c985-445b-afb7-f7ce66c8ab14 tempest-DeleteServersAdminTestJSON-957249208 tempest-DeleteServersAdminTestJSON-957249208-project] 10.222.0.49 "GET /v2.0/ports?device_id=ac973004-bde2-40ac-94b8-673cdcc1b0b9 HTTP/1.1" status: 200 len: 948 time: 0.1710629
Nov 02 11:08:54.696854 n-d-805046-13 neutron-server[102318]: DEBUG neutron.plugins.ml2.drivers.mech_agent [req-0a005b5b-5045-4dd6-8567-0b686360da80 req-380ad90a-f5bd-4607-98b3-3a59960d9f59 service neutron] Checking agent: {'id': 'ded0430a-0939-45ee-a2e8-bd77ee278440', 'agent_type': 'HyperV agent', 'binary': 'neutron-hyperv-agent', 'topic': 'N/A', 'host': 'n-h1-805046-13', 'admin_state_up': True, 'created_at': datetime.datetime(2021, 11, 2, 11, 5, 39), 'started_at': datetime.datetime(2021, 11, 2, 11, 5, 39), 'heartbeat_timestamp': datetime.datetime(2021, 11, 2, 11, 8, 39), 'description': None, 'resources_synced': None, 'availability_zone': None, 'alive': True, 'configurations': {'vswitch_mappings': {'physnet1$': 'br-data'}}, 'resource_versions': {}} {{(pid=102318) bind_port /opt/stack/neutron/neutron/plugins/ml2/drivers/mech_agent.py:110}}
Nov 02 11:08:54.697333 n-d-805046-13 neutron-server[102318]: DEBUG neutron.plugins.ml2.drivers.mech_agent [req-0a005b5b-5045-4dd6-8567-0b686360da80 req-380ad90a-f5bd-4607-98b3-3a59960d9f59 service neutron] Checking segment: {'id': '4e2c257f-e813-4870-abd6-e8430aa9f3cb', 'network_type': 'vlan', 'physical_network': 'physnet1', 'segmentation_id': 543, 'network_id': 'ae4a169d-867e-4076-8e20-ab60905b6b93'} for mappings: {'physnet1$': 'br-data'} with network types: ['local', 'flat', 'vlan'] {{(pid=102318) check_segment_for_agent /opt/stack/neutron/neutron/plugins/ml2/drivers/mech_agent.py:371}}
Nov 02 11:08:54.697720 n-d-805046-13 neutron-server[102318]: DEBUG neutron.plugins.ml2.drivers.mech_agent [req-0a005b5b-5045-4dd6-8567-0b686360da80 req-380ad90a-f5bd-4607-98b3-3a59960d9f59 service neutron] Bound using segment: {'id': '4e2c257f-e813-4870-abd6-e8430aa9f3cb', 'network_type': 'vlan', 'physical_network': 'physnet1', 'segmentation_id': 543, 'network_id': 'ae4a169d-867e-4076-8e20-ab60905b6b93'} {{(pid=102318) bind_port /opt/stack/neutron/neutron/plugins/ml2/drivers/mech_agent.py:120}}
Nov 02 11:08:54.698301 n-d-805046-13 neutron-server[102318]: DEBUG neutron.plugins.ml2.managers [req-0a005b5b-5045-4dd6-8567-0b686360da80 req-380ad90a-f5bd-4607-98b3-3a59960d9f59 service neutron] Bound port: 0e6a2854-6fa1-454b-84d0-536db77c4e66, host: n-h1-805046-13, vif_type: hyperv, vif_details: {"connectivity": "legacy", "port_filter": false}, binding_levels: [{'bound_driver': 'hyperv', 'bound_segment': {'id': '4e2c257f-e813-4870-abd6-e8430aa9f3cb', 'network_type': 'vlan', 'physical_network': 'physnet1', 'segmentation_id': 543, 'network_id': 'ae4a169d-867e-4076-8e20-ab60905b6b93'}}] {{(pid=102318) _bind_port_level /opt/stack/neutron/neutron/plugins/ml2/managers.py:932}}
Nov 02 11:08:54.698664 n-d-805046-13 neutron-server[102318]: DEBUG neutron_lib.callbacks.manager [req-0a005b5b-5045-4dd6-8567-0b686360da80 req-380ad90a-f5bd-4607-98b3-3a59960d9f59 service neutron] Publish callbacks ['neutron.plugins.ml2.plugin.SecurityGroupDbMixin._ensure_default_security_group_handler-3824310'] for port, before_update {{(pid=102318) _notify_loop /usr/local/lib/python3.8/dist-packages/neutron_lib/callbacks/manager.py:175}}
Nov 02 11:08:54.755110 n-d-805046-13 neutron-server[102319]: INFO neutron.wsgi [req-8b75ce73-98fb-4198-ab2e-7d5b0c31f461 req-7708a993-69c8-4eb3-b1e9-ac0f871ba13e tempest-DeleteServersAdminTestJSON-957249208 tempest-DeleteServersAdminTestJSON-957249208-project] 10.222.0.49 "GET /v2.0/security-groups?id=3c9b0f07-602f-4193-8449-5214587dc742&fields=id&fields=name HTTP/1.1" status: 200 len: 286 time: 0.1165261
Nov 02 11:08:54.773966 n-d-805046-13 neutron-server[102318]: DEBUG neutron.pecan_wsgi.hooks.quota_enforcement [None req-71c72fac-6803-4296-a69c-8845ec7ede3e admin admin] Made reservation on behalf of 232a0771502142d2b41cc493e244f434 for: {'network': 1} {{(pid=102318) before /opt/stack/neutron/neutron/pecan_wsgi/hooks/quota_enforcement.py:53}}
Nov 02 11:08:54.776376 n-d-805046-13 neutron-server[102318]: DEBUG neutron_lib.callbacks.manager [None req-71c72fac-6803-4296-a69c-8845ec7ede3e admin admin] Publish callbacks ['neutron.plugins.ml2.plugin.SecurityGroupDbMixin._ensure_default_security_group_handler-3824310'] for network, before_create {{(pid=102318) _notify_loop /usr/local/lib/python3.8/dist-packages/neutron_lib/callbacks/manager.py:175}}
Nov 02 11:08:54.809201 n-d-805046-13 neutron-server[102319]: INFO neutron.wsgi [req-a471bfba-14c2-4dac-a580-524eeff93113 req-fdbdb2d5-b9d6-4019-9ea4-7eb326e495a2 tempest-ImagesTestJSON-760848829 tempest-ImagesTestJSON-760848829-project] 10.222.0.49 "GET /v2.0/ports?device_id=c24885e9-133f-48ba-aa13-e91700b09380 HTTP/1.1" status: 200 len: 210 time: 0.0820575
Nov 02 11:08:54.829627 n-d-805046-13 neutron-server[102318]: DEBUG neutron_lib.callbacks.manager [None req-71c72fac-6803-4296-a69c-8845ec7ede3e admin admin] Publish callbacks [] for security_group, before_create {{(pid=102318) _notify_loop /usr/local/lib/python3.8/dist-packages/neutron_lib/callbacks/manager.py:175}}
Nov 02 11:08:54.843278 n-d-805046-13 neutron-server[102318]: DEBUG novaclient.v2.client [-] RESP: [200] Connection: close Content-Length: 179 Content-Type: application/json Date: Tue, 02 Nov 2021 11:08:54 GMT OpenStack-API-Version: compute 2.1 Server: Apache/2.4.41 (Ubuntu) Vary: OpenStack-API-Version,X-OpenStack-Nova-API-Version X-OpenStack-Nova-API-Version: 2.1 x-compute-request-id: req-fe77b4dd-ada0-4003-8136-faadceb54e41 x-openstack-request-id: req-fe77b4dd-ada0-4003-8136-faadceb54e41 {{(pid=102318) _http_log_response /usr/local/lib/python3.8/dist-packages/keystoneauth1/session.py:550}}
Nov 02 11:08:54.843570 n-d-805046-13 neutron-server[102318]: DEBUG novaclient.v2.client [-] RESP BODY: {"events": [{"name": "network-changed", "server_uuid": "09534beb-48ac-442a-b80a-d18ab9df00e2", "tag": "b8844a69-c57a-4094-a17f-5aabe3d14e20", "status": "completed", "code": 200}]} {{(pid=102318) _http_log_response /usr/local/lib/python3.8/dist-packages/keystoneauth1/session.py:582}}
Nov 02 11:08:54.843889 n-d-805046-13 neutron-server[102318]: DEBUG novaclient.v2.client [-] POST call to compute for http://10.222.0.49/compute/v2.1/os-server-external-events used request id req-fe77b4dd-ada0-4003-8136-faadceb54e41 {{(pid=102318) request /usr/local/lib/python3.8/dist-packages/keystoneauth1/session.py:954}}
Nov 02 11:08:54.844216 n-d-805046-13 neutron-server[102318]: INFO neutron.notifiers.nova [-] Nova event response: {'name': 'network-changed', 'server_uuid': '09534beb-48ac-442a-b80a-d18ab9df00e2', 'tag': 'b8844a69-c57a-4094-a17f-5aabe3d14e20', 'status': 'completed', 'code': 200}
Nov 02 11:08:54.944344 n-d-805046-13 neutron-server[102318]: DEBUG neutron_lib.callbacks.manager [None req-f8dbe587-863f-44f0-9d21-580410000a1a admin admin] Publish callbacks [] for security_group, before_delete {{(pid=102318) _notify_loop /usr/local/lib/python3.8/dist-packages/neutron_lib/callbacks/manager.py:175}}
Nov 02 11:08:54.951858 n-d-805046-13 neutron-server[102318]: DEBUG neutron.plugins.ml2.db [req-0a005b5b-5045-4dd6-8567-0b686360da80 req-380ad90a-f5bd-4607-98b3-3a59960d9f59 service neutron] For port 0e6a2854-6fa1-454b-84d0-536db77c4e66, host n-h1-805046-13, cleared binding levels {{(pid=102318) clear_binding_levels /opt/stack/neutron/neutron/plugins/ml2/db.py:87}}
Nov 02 11:08:54.989520 n-d-805046-13 neutron-server[102318]: DEBUG neutron_lib.callbacks.manager [req-2c555799-ba14-4830-9aab-a330fd5ac4be req-827bcb78-8793-4f46-98c3-1602605597a1 tempest-ImagesTestJSON-760848829 tempest-ImagesTestJSON-760848829-project] Publish callbacks [] for port, precommit_create {{(pid=102318) _notify_loop /usr/local/lib/python3.8/dist-packages/neutron_lib/callbacks/manager.py:175}}
Nov 02 11:08:55.005641 n-d-805046-13 neutron-server[102318]: DEBUG neutron.plugins.ml2.db [req-0a005b5b-5045-4dd6-8567-0b686360da80 req-380ad90a-f5bd-4607-98b3-3a59960d9f59 service neutron] For port 0e6a2854-6fa1-454b-84d0-536db77c4e66, host n-h1-805046-13, set binding levels [PortBindingLevel(driver='hyperv',host='n-h1-805046-13',level=0,port_id=0e6a2854-6fa1-454b-84d0-536db77c4e66,segment=NetworkSegment(4e2c257f-e813-4870-abd6-e8430aa9f3cb),segment_id=4e2c257f-e813-4870-abd6-e8430aa9f3cb)] {{(pid=102318) set_binding_levels /opt/stack/neutron/neutron/plugins/ml2/db.py:59}}
Nov 02 11:08:55.015095 n-d-805046-13 neutron-server[102320]: DEBUG neutron_lib.callbacks.manager [None req-99bb0844-79e6-45f8-b449-c3b1e9b26996 None None] Publish callbacks [] for port, precommit_update {{(pid=102320) _notify_loop /usr/local/lib/python3.8/dist-packages/neutron_lib/callbacks/manager.py:175}}
Nov 02 11:08:55.016919 n-d-805046-13 neutron-server[102318]: DEBUG neutron_lib.callbacks.manager [None req-f8dbe587-863f-44f0-9d21-580410000a1a admin admin] Publish callbacks [] for security_group, precommit_delete {{(pid=102318) _notify_loop /usr/local/lib/python3.8/dist-packages/neutron_lib/callbacks/manager.py:175}}
Nov 02 11:08:55.018554 n-d-805046-13 neutron-server[102319]: DEBUG neutron.wsgi [-] (102319) accepted ('10.222.0.49', 52816) {{(pid=102319) server /usr/local/lib/python3.8/dist-packages/eventlet/wsgi.py:982}}
Nov 02 11:08:55.021963 n-d-805046-13 neutron-server[102320]: DEBUG neutron_lib.callbacks.manager [None req-99bb0844-79e6-45f8-b449-c3b1e9b26996 None None] Publish callbacks ['neutron.plugins.ml2.plugin.SecurityGroupServerNotifierRpcMixin._notify_sg_on_port_change-3824176', 'neutron.plugins.ml2.ovo_rpc._ObjectChangeHandler.handle_event-123099', 'neutron.api.rpc.agentnotifiers.dhcp_rpc_agent_api.DhcpAgentNotifyAPI._native_event_send_dhcp_notification-600711', 'neutron.db.l3_db.L3RpcNotifierMixin._notify_gateway_port_ip_changed-8781611853397', 'neutron.db.l3_dvrscheduler_db._notify_l3_agent_port_update-8781611292685', 'neutron.db.l3_hascheduler_db._notify_l3_agent_ha_port_update-8781611292703'] for port, after_update {{(pid=102320) _notify_loop /usr/local/lib/python3.8/dist-packages/neutron_lib/callbacks/manager.py:175}}
Nov 02 11:08:55.028415 n-d-805046-13 neutron-server[102318]: DEBUG neutron_lib.callbacks.manager [req-0a005b5b-5045-4dd6-8567-0b686360da80 req-380ad90a-f5bd-4607-98b3-3a59960d9f59 service neutron] Publish callbacks ['neutron.plugins.ml2.plugin.SecurityGroupServerNotifierRpcMixin._notify_sg_on_port_change-3824176', 'neutron.plugins.ml2.ovo_rpc._ObjectChangeHandler.handle_event-123099', 'neutron.api.rpc.agentnotifiers.dhcp_rpc_agent_api.DhcpAgentNotifyAPI._native_event_send_dhcp_notification-600711', 'neutron.db.l3_db.L3RpcNotifierMixin._notify_gateway_port_ip_changed-8781611853397', 'neutron.db.l3_dvrscheduler_db._notify_l3_agent_port_update-8781611292685', 'neutron.db.l3_hascheduler_db._notify_l3_agent_ha_port_update-8781611292703'] for port, after_update {{(pid=102318) _notify_loop /usr/local/lib/python3.8/dist-packages/neutron_lib/callbacks/manager.py:175}}
Nov 02 11:08:55.073134 n-d-805046-13 neutron-server[102320]: DEBUG neutron.api.rpc.handlers.resources_rpc [None req-969b836c-ed56-41c4-b704-e08bb026045b None None] Pushing event updated for resources: {'Port': ['ID=fb64019c-7c50-475c-be30-704cb42ce925,revision_number=3']} {{(pid=102320) push /opt/stack/neutron/neutron/api/rpc/handlers/resources_rpc.py:237}}
Nov 02 11:08:55.082920 n-d-805046-13 neutron-server[102318]: DEBUG neutron.pecan_wsgi.hooks.policy_enforcement [req-f6f272d0-5b9f-4296-a8a1-34aaf7c02a06 req-8cda8aab-d309-447c-bc4d-c6498fae8ac9 service neutron] Attributes excluded by policy engine: ['standard_attr_id'] {{(pid=102318) _exclude_attributes_by_policy /opt/stack/neutron/neutron/pecan_wsgi/hooks/policy_enforcement.py:255}}
Nov 02 11:08:55.084462 n-d-805046-13 neutron-server[102318]: INFO neutron.wsgi [req-f6f272d0-5b9f-4296-a8a1-34aaf7c02a06 req-8cda8aab-d309-447c-bc4d-c6498fae8ac9 service neutron] 10.222.0.44 "GET /v2.0/ports?tenant_id=0298389b652949dfb525c07a44f1ea67&device_id=09534beb-48ac-442a-b80a-d18ab9df00e2 HTTP/1.1" status: 200 len: 1127 time: 0.2159069
Nov 02 11:08:55.097769 n-d-805046-13 neutron-server[102319]: INFO neutron.wsgi [None req-8db70c4c-8af0-45f8-9338-e81b620e8305 admin admin] 10.222.0.49 "GET /v2.0/security-groups?tenant_id=d455df0005964647b2237fc7ee1c748e&name=default HTTP/1.1" status: 200 len: 2996 time: 0.0771728
Nov 02 11:08:55.100381 n-d-805046-13 neutron-server[102319]: DEBUG neutron.wsgi [-] (102319) accepted ('10.222.0.49', 52818) {{(pid=102319) server /usr/local/lib/python3.8/dist-packages/eventlet/wsgi.py:982}}
Nov 02 11:08:55.104942 n-d-805046-13 neutron-server[102320]: DEBUG neutron.api.rpc.callbacks.version_manager [None req-969b836c-ed56-41c4-b704-e08bb026045b None None] Version for resource type AddressGroup changed None to 1.2 on consumer Open vSwitch agent@n-d-805046-13 {{(pid=102320) _set_version /opt/stack/neutron/neutron/api/rpc/callbacks/version_manager.py:113}}
Nov 02 11:08:55.105245 n-d-805046-13 neutron-server[102320]: DEBUG neutron.api.rpc.callbacks.version_manager [None req-969b836c-ed56-41c4-b704-e08bb026045b None None] Version for resource type ConntrackHelper changed None to 1.0 on consumer Open vSwitch agent@n-d-805046-13 {{(pid=102320) _set_version /opt/stack/neutron/neutron/api/rpc/callbacks/version_manager.py:113}}
Nov 02 11:08:55.105607 n-d-805046-13 neutron-server[102320]: DEBUG neutron.api.rpc.callbacks.version_manager [None req-969b836c-ed56-41c4-b704-e08bb026045b None None] Version for resource type Log changed None to 1.0 on consumer Open vSwitch agent@n-d-805046-13 {{(pid=102320) _set_version /opt/stack/neutron/neutron/api/rpc/callbacks/version_manager.py:113}}
Nov 02 11:08:55.105941 n-d-805046-13 neutron-server[102320]: DEBUG neutron.api.rpc.callbacks.version_manager [None req-969b836c-ed56-41c4-b704-e08bb026045b None None] Version for resource type Network changed None to 1.1 on consumer Open vSwitch agent@n-d-805046-13 {{(pid=102320) _set_version /opt/stack/neutron/neutron/api/rpc/callbacks/version_manager.py:113}}
Nov 02 11:08:55.106271 n-d-805046-13 neutron-server[102320]: DEBUG neutron.api.rpc.callbacks.version_manager [None req-969b836c-ed56-41c4-b704-e08bb026045b None None] Version for resource type Port changed None to 1.7 on consumer Open vSwitch agent@n-d-805046-13 {{(pid=102320) _set_version /opt/stack/neutron/neutron/api/rpc/callbacks/version_manager.py:113}}
Nov 02 11:08:55.106610 n-d-805046-13 neutron-server[102320]: DEBUG neutron.api.rpc.callbacks.version_manager [None req-969b836c-ed56-41c4-b704-e08bb026045b None None] Version for resource type PortForwarding changed None to 1.2 on consumer Open vSwitch agent@n-d-805046-13 {{(pid=102320) _set_version /opt/stack/neutron/neutron/api/rpc/callbacks/version_manager.py:113}}
Nov 02 11:08:55.107489 n-d-805046-13 neutron-server[102320]: DEBUG neutron.api.rpc.callbacks.version_manager [None req-969b836c-ed56-41c4-b704-e08bb026045b None None] Version for resource type QosPolicy changed None to 1.10 on consumer Open vSwitch agent@n-d-805046-13 {{(pid=102320) _set_version /opt/stack/neutron/neutron/api/rpc/callbacks/version_manager.py:113}}
Nov 02 11:08:55.107489 n-d-805046-13 neutron-server[102320]: DEBUG neutron.api.rpc.callbacks.version_manager [None req-969b836c-ed56-41c4-b704-e08bb026045b None None] Version for resource type SecurityGroup changed None to 1.5 on consumer Open vSwitch agent@n-d-805046-13 {{(pid=102320) _set_version /opt/stack/neutron/neutron/api/rpc/callbacks/version_manager.py:113}}
Nov 02 11:08:55.107697 n-d-805046-13 neutron-server[102320]: DEBUG neutron.api.rpc.callbacks.version_manager [None req-969b836c-ed56-41c4-b704-e08bb026045b None None] Version for resource type SecurityGroupRule changed None to 1.2 on consumer Open vSwitch agent@n-d-805046-13 {{(pid=102320) _set_version /opt/stack/neutron/neutron/api/rpc/callbacks/version_manager.py:113}}
Nov 02 11:08:55.107864 n-d-805046-13 neutron-server[102320]: DEBUG neutron.api.rpc.callbacks.version_manager [None req-969b836c-ed56-41c4-b704-e08bb026045b None None] Version for resource type SubPort changed None to 1.0 on consumer Open vSwitch agent@n-d-805046-13 {{(pid=102320) _set_version /opt/stack/neutron/neutron/api/rpc/callbacks/version_manager.py:113}}
Nov 02 11:08:55.108349 n-d-805046-13 neutron-server[102320]: DEBUG neutron.api.rpc.callbacks.version_manager [None req-969b836c-ed56-41c4-b704-e08bb026045b None None] Version for resource type Subnet changed None to 1.1 on consumer Open vSwitch agent@n-d-805046-13 {{(pid=102320) _set_version /opt/stack/neutron/neutron/api/rpc/callbacks/version_manager.py:113}}
Nov 02 11:08:55.108891 n-d-805046-13 neutron-server[102320]: DEBUG neutron.api.rpc.callbacks.version_manager [None req-969b836c-ed56-41c4-b704-e08bb026045b None None] Version for resource type Trunk changed None to 1.1 on consumer Open vSwitch agent@n-d-805046-13 {{(pid=102320) _set_version /opt/stack/neutron/neutron/api/rpc/callbacks/version_manager.py:113}}
Nov 02 11:08:55.151196 n-d-805046-13 neutron-server[102320]: DEBUG neutron.plugins.ml2.managers [None req-99bb0844-79e6-45f8-b449-c3b1e9b26996 None None] Attempting to bind port fb64019c-7c50-475c-be30-704cb42ce925 on host n-d-805046-13 for vnic_type normal with profile {{(pid=102320) bind_port /opt/stack/neutron/neutron/plugins/ml2/managers.py:795}}
