Aug 18 18:21:35.399013 n-d-805046-1 neutron-server[95308]: INFO neutron.wsgi [req-d9e3e341-d739-4ea4-aa63-a0df2b65d060 req-467ed036-850d-4ac2-be00-473cd73a75b8 tempest-MigrationsAdminTest-1458606067 tempest-MigrationsAdminTest-1458606067-project] 10.222.0.20 "GET /v2.0/ports?device_id=3fc645cf-236b-4f4a-854b-42e6f0bd3b11 HTTP/1.1" status: 200 len: 950 time: 0.0659978
Aug 18 18:21:35.413485 n-d-805046-1 neutron-server[95309]: DEBUG neutron.wsgi [-] (95309) accepted ('10.222.0.20', 44118) {{(pid=95309) server /usr/local/lib/python3.8/dist-packages/eventlet/wsgi.py:982}}
Aug 18 18:21:35.482157 n-d-805046-1 neutron-server[95308]: INFO neutron.wsgi [req-d9e3e341-d739-4ea4-aa63-a0df2b65d060 req-6d86d176-b883-4839-adab-2b964c7e89ef tempest-MigrationsAdminTest-1458606067 tempest-MigrationsAdminTest-1458606067-project] 10.222.0.20 "GET /v2.0/security-groups?id=52b25b7d-317e-4117-9edf-b73c50775551&fields=id&fields=name HTTP/1.1" status: 200 len: 286 time: 0.0691516
Aug 18 18:21:35.497743 n-d-805046-1 neutron-server[95308]: DEBUG neutron.pecan_wsgi.hooks.quota_enforcement [req-a3ea2f0e-d421-4eca-89dd-0622a3feb20c req-702e0fe3-83fd-4a41-82ad-729eac8f444f tempest-LiveMigrationTest-1602412025 tempest-LiveMigrationTest-1602412025-project] Made reservation on behalf of 67fccc2bd00d4ca5ab94ecd3162a6b31 for: {'port': 1} {{(pid=95308) before /opt/stack/neutron/neutron/pecan_wsgi/hooks/quota_enforcement.py:53}}
Aug 18 18:21:35.504009 n-d-805046-1 neutron-server[95308]: DEBUG neutron_lib.callbacks.manager [req-a3ea2f0e-d421-4eca-89dd-0622a3feb20c req-702e0fe3-83fd-4a41-82ad-729eac8f444f tempest-LiveMigrationTest-1602412025 tempest-LiveMigrationTest-1602412025-project] Notify callbacks ['neutron.plugins.ml2.plugin.SecurityGroupDbMixin._ensure_default_security_group_handler-1724382'] for port, before_create {{(pid=95308) _notify_loop /usr/local/lib/python3.8/dist-packages/neutron_lib/callbacks/manager.py:192}}
Aug 18 18:21:35.563723 n-d-805046-1 neutron-server[95310]: DEBUG neutron_lib.callbacks.manager [None req-d8126eef-0803-4232-a43e-f2d9cf582084 None None] Notify callbacks ['neutron.services.segments.db._update_segment_host_mapping_for_agent-8772945604307', 'neutron.plugins.ml2.plugin.Ml2Plugin._retry_binding_revived_agents-1748684'] for agent, after_update {{(pid=95310) _notify_loop /usr/local/lib/python3.8/dist-packages/neutron_lib/callbacks/manager.py:192}}
Aug 18 18:21:35.575725 n-d-805046-1 neutron-server[95308]: INFO neutron.wsgi [req-b7479967-d4b6-4369-9cea-0c18095130d9 req-af9f54dc-73e3-4c10-85cc-847abcf36da2 tempest-LiveMigrationTest-1602412025 tempest-LiveMigrationTest-1602412025-project] 10.222.0.20 "GET /v2.0/ports?device_id=55a9a688-836c-4c69-b300-1336f0491f79 HTTP/1.1" status: 200 len: 210 time: 0.0502765
Aug 18 18:21:35.611564 n-d-805046-1 neutron-server[95309]: INFO neutron.wsgi [None req-01969d67-395b-4798-b56b-6a5627d2e86d admin admin] 10.222.0.20 "GET /v2.0/security-groups?tenant_id=609f019f7aa948918ffaf7d208245efc&name=default HTTP/1.1" status: 200 len: 2975 time: 0.1967387
Aug 18 18:21:35.615069 n-d-805046-1 neutron-server[95309]: DEBUG neutron.wsgi [-] (95309) accepted ('10.222.0.20', 44122) {{(pid=95309) server /usr/local/lib/python3.8/dist-packages/eventlet/wsgi.py:982}}
Aug 18 18:21:35.619012 n-d-805046-1 neutron-server[95308]: DEBUG neutron.api.v2.base [req-608b15dc-5903-4345-847d-7efbf5cfbe39 req-4e7940b0-6519-4511-b5ce-7174331f9828 tempest-SecurityGroupsTestAdminJSON-147962528 tempest-SecurityGroupsTestAdminJSON-147962528-project-admin] Request body: {'security_group': {'name': 'tempest-securitygroup-1244092628', 'description': 'tempest-description-1527239802'}} {{(pid=95308) prepare_request_body /opt/stack/neutron/neutron/api/v2/base.py:730}}
Aug 18 18:21:35.685326 n-d-805046-1 neutron-server[95309]: DEBUG neutron_lib.callbacks.manager [None req-eb38fafd-3ac0-4d15-891b-8c3d3d947349 admin admin] Notify callbacks [] for security_group, before_delete {{(pid=95309) _notify_loop /usr/local/lib/python3.8/dist-packages/neutron_lib/callbacks/manager.py:192}}
Aug 18 18:21:35.713335 n-d-805046-1 neutron-server[95309]: DEBUG neutron_lib.callbacks.manager [None req-eb38fafd-3ac0-4d15-891b-8c3d3d947349 admin admin] Notify callbacks [] for security_group, precommit_delete {{(pid=95309) _notify_loop /usr/local/lib/python3.8/dist-packages/neutron_lib/callbacks/manager.py:192}}
Aug 18 18:21:35.732237 n-d-805046-1 neutron-server[95308]: DEBUG neutron.db.db_base_plugin_common [req-a3ea2f0e-d421-4eca-89dd-0622a3feb20c req-702e0fe3-83fd-4a41-82ad-729eac8f444f tempest-LiveMigrationTest-1602412025 tempest-LiveMigrationTest-1602412025-project] Allocated IP 172.20.0.8 (48cb6444-a860-49c3-be3e-aa10d37eaf3e/26549835-3feb-4460-8a8c-5a49c80322d2/b5325316-3ac5-49d9-b4e2-bcb7bfe3407b) {{(pid=95308) _store_ip_allocation /opt/stack/neutron/neutron/db/db_base_plugin_common.py:131}}
Aug 18 18:21:35.745103 n-d-805046-1 neutron-server[95308]: DEBUG neutron_lib.callbacks.manager [req-608b15dc-5903-4345-847d-7efbf5cfbe39 req-4e7940b0-6519-4511-b5ce-7174331f9828 tempest-SecurityGroupsTestAdminJSON-147962528 tempest-SecurityGroupsTestAdminJSON-147962528-project-admin] Notify callbacks [] for security_group, before_create {{(pid=95308) _notify_loop /usr/local/lib/python3.8/dist-packages/neutron_lib/callbacks/manager.py:192}}
Aug 18 18:21:35.925820 n-d-805046-1 neutron-server[95309]: DEBUG neutron_lib.callbacks.manager [None req-eb38fafd-3ac0-4d15-891b-8c3d3d947349 admin admin] Notify callbacks ['neutron.plugins.ml2.ovo_rpc._ObjectChangeHandler.handle_event-590062'] for security_group, after_delete {{(pid=95309) _notify_loop /usr/local/lib/python3.8/dist-packages/neutron_lib/callbacks/manager.py:192}}
Aug 18 18:21:35.929806 n-d-805046-1 neutron-server[95309]: DEBUG neutron_lib.callbacks.manager [None req-eb38fafd-3ac0-4d15-891b-8c3d3d947349 admin admin] Notify callbacks [] for security_group, before_response {{(pid=95309) _notify_loop /usr/local/lib/python3.8/dist-packages/neutron_lib/callbacks/manager.py:192}}
Aug 18 18:21:35.938527 n-d-805046-1 neutron-server[95309]: INFO neutron.wsgi [None req-eb38fafd-3ac0-4d15-891b-8c3d3d947349 admin admin] 10.222.0.20 "DELETE /v2.0/security-groups/6b5f9048-c511-4e16-bf04-32006ef14e53 HTTP/1.1" status: 204 len: 168 time: 0.3179359
Aug 18 18:21:35.943517 n-d-805046-1 neutron-server[95309]: DEBUG neutron.api.rpc.handlers.resources_rpc [None req-eb38fafd-3ac0-4d15-891b-8c3d3d947349 admin admin] Pushing event deleted for resources: {'SecurityGroup': ['ID=6b5f9048-c511-4e16-bf04-32006ef14e53,revision_number=None']} {{(pid=95309) push /opt/stack/neutron/neutron/api/rpc/handlers/resources_rpc.py:237}}
Aug 18 18:21:36.009072 n-d-805046-1 neutron-server[95308]: DEBUG neutron_lib.callbacks.manager [req-608b15dc-5903-4345-847d-7efbf5cfbe39 req-4e7940b0-6519-4511-b5ce-7174331f9828 tempest-SecurityGroupsTestAdminJSON-147962528 tempest-SecurityGroupsTestAdminJSON-147962528-project-admin] Notify callbacks [] for security_group, precommit_create {{(pid=95308) _notify_loop /usr/local/lib/python3.8/dist-packages/neutron_lib/callbacks/manager.py:192}}
Aug 18 18:21:36.014924 n-d-805046-1 neutron-server[95308]: DEBUG neutron_lib.callbacks.manager [req-a3ea2f0e-d421-4eca-89dd-0622a3feb20c req-702e0fe3-83fd-4a41-82ad-729eac8f444f tempest-LiveMigrationTest-1602412025 tempest-LiveMigrationTest-1602412025-project] Notify callbacks [] for port, precommit_create {{(pid=95308) _notify_loop /usr/local/lib/python3.8/dist-packages/neutron_lib/callbacks/manager.py:192}}
Aug 18 18:21:36.028249 n-d-805046-1 neutron-server[95310]: DEBUG neutron_lib.callbacks.manager [None req-768f74aa-c4fa-4e59-8021-1b45546cf233 None None] Notify callbacks ['neutron.services.segments.db._update_segment_host_mapping_for_agent-8772945604307', 'neutron.plugins.ml2.plugin.Ml2Plugin._retry_binding_revived_agents-1748684'] for agent, after_update {{(pid=95310) _notify_loop /usr/local/lib/python3.8/dist-packages/neutron_lib/callbacks/manager.py:192}}
Aug 18 18:21:36.104515 n-d-805046-1 neutron-server[95308]: DEBUG neutron_lib.callbacks.manager [req-608b15dc-5903-4345-847d-7efbf5cfbe39 req-4e7940b0-6519-4511-b5ce-7174331f9828 tempest-SecurityGroupsTestAdminJSON-147962528 tempest-SecurityGroupsTestAdminJSON-147962528-project-admin] Notify callbacks ['neutron.plugins.ml2.ovo_rpc._ObjectChangeHandler.handle_event-590062'] for security_group, after_create {{(pid=95308) _notify_loop /usr/local/lib/python3.8/dist-packages/neutron_lib/callbacks/manager.py:192}}
Aug 18 18:21:36.170832 n-d-805046-1 neutron-server[95308]: DEBUG neutron.api.rpc.handlers.resources_rpc [None req-4e7940b0-6519-4511-b5ce-7174331f9828 tempest-SecurityGroupsTestAdminJSON-147962528 tempest-SecurityGroupsTestAdminJSON-147962528-project-admin] Pushing event updated for resources: {'SecurityGroup': ['ID=f033407b-3dfd-4dd5-addb-a86bdedbd32a,revision_number=1']} {{(pid=95308) push /opt/stack/neutron/neutron/api/rpc/handlers/resources_rpc.py:237}}
Aug 18 18:21:36.228461 n-d-805046-1 neutron-server[95308]: DEBUG neutron_lib.callbacks.manager [req-608b15dc-5903-4345-847d-7efbf5cfbe39 req-4e7940b0-6519-4511-b5ce-7174331f9828 tempest-SecurityGroupsTestAdminJSON-147962528 tempest-SecurityGroupsTestAdminJSON-147962528-project-admin] Notify callbacks [] for security_group, before_response {{(pid=95308) _notify_loop /usr/local/lib/python3.8/dist-packages/neutron_lib/callbacks/manager.py:192}}
Aug 18 18:21:36.230056 n-d-805046-1 neutron-server[95308]: INFO neutron.wsgi [req-608b15dc-5903-4345-847d-7efbf5cfbe39 req-4e7940b0-6519-4511-b5ce-7174331f9828 tempest-SecurityGroupsTestAdminJSON-147962528 tempest-SecurityGroupsTestAdminJSON-147962528-project-admin] 10.222.0.20 "POST /v2.0/security-groups HTTP/1.1" status: 201 len: 1783 time: 0.6182983
Aug 18 18:21:36.231013 n-d-805046-1 neutron-server[95308]: DEBUG neutron_lib.callbacks.manager [req-a3ea2f0e-d421-4eca-89dd-0622a3feb20c req-702e0fe3-83fd-4a41-82ad-729eac8f444f tempest-LiveMigrationTest-1602412025 tempest-LiveMigrationTest-1602412025-project] Notify callbacks ['neutron.plugins.ml2.plugin.SecurityGroupServerNotifierRpcMixin._notify_sg_on_port_change-1724319', 'neutron.plugins.ml2.ovo_rpc._ObjectChangeHandler.handle_event-160472', 'neutron.api.rpc.agentnotifiers.dhcp_rpc_agent_api.DhcpAgentNotifyAPI._native_event_send_dhcp_notification-530714', 'neutron.db.l3_dvrscheduler_db._notify_l3_agent_new_port-8772945100611'] for port, after_create {{(pid=95308) _notify_loop /usr/local/lib/python3.8/dist-packages/neutron_lib/callbacks/manager.py:192}}
Aug 18 18:21:36.291611 n-d-805046-1 neutron-server[95308]: DEBUG neutron.api.rpc.handlers.resources_rpc [None req-702e0fe3-83fd-4a41-82ad-729eac8f444f tempest-LiveMigrationTest-1602412025 tempest-LiveMigrationTest-1602412025-project] Pushing event updated for resources: {'Port': ['ID=b5325316-3ac5-49d9-b4e2-bcb7bfe3407b,revision_number=1']} {{(pid=95308) push /opt/stack/neutron/neutron/api/rpc/handlers/resources_rpc.py:237}}
Aug 18 18:21:36.322644 n-d-805046-1 neutron-server[95308]: DEBUG neutron.scheduler.dhcp_agent_scheduler [req-a3ea2f0e-d421-4eca-89dd-0622a3feb20c req-702e0fe3-83fd-4a41-82ad-729eac8f444f tempest-LiveMigrationTest-1602412025 tempest-LiveMigrationTest-1602412025-project] Network 48cb6444-a860-49c3-be3e-aa10d37eaf3e is already hosted by enough agents. {{(pid=95308) _get_dhcp_agents_hosting_network /opt/stack/neutron/neutron/scheduler/dhcp_agent_scheduler.py:275}}
Aug 18 18:21:36.325865 n-d-805046-1 neutron-server[95308]: DEBUG neutron.scheduler.base_scheduler [req-a3ea2f0e-d421-4eca-89dd-0622a3feb20c req-702e0fe3-83fd-4a41-82ad-729eac8f444f tempest-LiveMigrationTest-1602412025 tempest-LiveMigrationTest-1602412025-project] Resources bound (agent type, host, resource id): {{(pid=95308) schedule /opt/stack/neutron/neutron/scheduler/base_scheduler.py:57}}
Aug 18 18:21:36.329797 n-d-805046-1 neutron-server[95308]: DEBUG neutron.db.l3_dvrscheduler_db [req-a3ea2f0e-d421-4eca-89dd-0622a3feb20c req-702e0fe3-83fd-4a41-82ad-729eac8f444f tempest-LiveMigrationTest-1602412025 tempest-LiveMigrationTest-1602412025-project] Received port after_create {{(pid=95308) _notify_l3_agent_new_port /opt/stack/neutron/neutron/db/l3_dvrscheduler_db.py:535}}
Aug 18 18:21:36.337410 n-d-805046-1 neutron-server[95308]: DEBUG neutron.pecan_wsgi.hooks.policy_enforcement [req-a3ea2f0e-d421-4eca-89dd-0622a3feb20c req-702e0fe3-83fd-4a41-82ad-729eac8f444f tempest-LiveMigrationTest-1602412025 tempest-LiveMigrationTest-1602412025-project] Attributes excluded by policy engine: ['standard_attr_id', 'binding:profile', 'binding:host_id', 'binding:vif_type', 'binding:vif_details', 'network'] {{(pid=95308) _exclude_attributes_by_policy /opt/stack/neutron/neutron/pecan_wsgi/hooks/policy_enforcement.py:255}}
Aug 18 18:21:36.338161 n-d-805046-1 neutron-server[95308]: DEBUG neutron_lib.callbacks.manager [req-a3ea2f0e-d421-4eca-89dd-0622a3feb20c req-702e0fe3-83fd-4a41-82ad-729eac8f444f tempest-LiveMigrationTest-1602412025 tempest-LiveMigrationTest-1602412025-project] Notify callbacks ['neutron.notifiers.nova.Notifier._send_nova_notification-31171'] for port, before_response {{(pid=95308) _notify_loop /usr/local/lib/python3.8/dist-packages/neutron_lib/callbacks/manager.py:192}}
Aug 18 18:21:36.452361 n-d-805046-1 neutron-server[95308]: INFO neutron.wsgi [req-a3ea2f0e-d421-4eca-89dd-0622a3feb20c req-702e0fe3-83fd-4a41-82ad-729eac8f444f tempest-LiveMigrationTest-1602412025 tempest-LiveMigrationTest-1602412025-project] 10.222.0.37 "POST /v2.0/ports HTTP/1.1" status: 201 len: 933 time: 1.3354466
Aug 18 18:21:36.469464 n-d-805046-1 neutron-server[95308]: DEBUG neutron.api.v2.base [req-a3ea2f0e-d421-4eca-89dd-0622a3feb20c req-5dd4dff5-8476-4378-af30-9d11a559c878 service neutron] Request body: {'port': {'device_id': '55a9a688-836c-4c69-b300-1336f0491f79', 'device_owner': 'compute:nova', 'binding:host_id': 'n-h1-805046-1'}} {{(pid=95308) prepare_request_body /opt/stack/neutron/neutron/api/v2/base.py:730}}
Aug 18 18:21:36.590084 n-d-805046-1 neutron-server[95308]: DEBUG neutron_lib.callbacks.manager [req-a3ea2f0e-d421-4eca-89dd-0622a3feb20c req-5dd4dff5-8476-4378-af30-9d11a559c878 service neutron] Notify callbacks ['neutron.plugins.ml2.plugin.SecurityGroupDbMixin._ensure_default_security_group_handler-1724382'] for port, before_update {{(pid=95308) _notify_loop /usr/local/lib/python3.8/dist-packages/neutron_lib/callbacks/manager.py:192}}
Aug 18 18:21:36.703947 n-d-805046-1 neutron-server[95310]: DEBUG neutron_lib.callbacks.manager [None req-700d525d-e26e-4203-8911-6adfbddf7c1e None None] Notify callbacks ['neutron.services.segments.db._update_segment_host_mapping_for_agent-8772945604307', 'neutron.plugins.ml2.plugin.Ml2Plugin._retry_binding_revived_agents-1748684'] for agent, after_update {{(pid=95310) _notify_loop /usr/local/lib/python3.8/dist-packages/neutron_lib/callbacks/manager.py:192}}
Aug 18 18:21:36.885661 n-d-805046-1 neutron-server[95308]: INFO neutron.wsgi [req-ccb1dca0-aba9-42e6-8fd1-114ad3e4bf6a req-0a3ef3ed-2fbf-4a5c-9af6-0b23b8ec468a tempest-SecurityGroupsTestAdminJSON-147962528 tempest-SecurityGroupsTestAdminJSON-147962528-project-admin] 10.222.0.20 "GET /v2.0/security-groups HTTP/1.1" status: 200 len: 45082 time: 0.5960135
Aug 18 18:21:36.943276 n-d-805046-1 neutron-server[95308]: DEBUG neutron.pecan_wsgi.hooks.policy_enforcement [req-ada66789-12b4-4412-b299-5a9fb5966675 req-91b72a1d-cb68-4e88-b140-9aeeb8d4f577 tempest-MigrationsAdminTest-1458606067 tempest-MigrationsAdminTest-1458606067-project] Attributes excluded by policy engine: ['standard_attr_id', 'binding:profile', 'binding:host_id', 'binding:vif_type', 'binding:vif_details'] {{(pid=95308) _exclude_attributes_by_policy /opt/stack/neutron/neutron/pecan_wsgi/hooks/policy_enforcement.py:255}}
Aug 18 18:21:36.944741 n-d-805046-1 neutron-server[95308]: INFO neutron.wsgi [req-ada66789-12b4-4412-b299-5a9fb5966675 req-91b72a1d-cb68-4e88-b140-9aeeb8d4f577 tempest-MigrationsAdminTest-1458606067 tempest-MigrationsAdminTest-1458606067-project] 10.222.0.20 "GET /v2.0/ports?device_id=3fc645cf-236b-4f4a-854b-42e6f0bd3b11 HTTP/1.1" status: 200 len: 950 time: 0.1658289
Aug 18 18:21:37.010490 n-d-805046-1 neutron-server[95308]: INFO neutron.wsgi [req-ccb1dca0-aba9-42e6-8fd1-114ad3e4bf6a req-aad4fea8-7639-44e8-b70d-1b01d03fa0a8 tempest-SecurityGroupsTestAdminJSON-147962528 tempest-SecurityGroupsTestAdminJSON-147962528-project-admin] 10.222.0.20 "GET /v2.0/security-groups/022cb745-9dd3-446f-bf49-86c619ed0d20 HTTP/1.1" status: 200 len: 2981 time: 0.0968695
Aug 18 18:21:37.058035 n-d-805046-1 neutron-server[95308]: INFO neutron.wsgi [req-ada66789-12b4-4412-b299-5a9fb5966675 req-5a7cda7d-7e97-468f-bb05-f2a6b5619b80 tempest-MigrationsAdminTest-1458606067 tempest-MigrationsAdminTest-1458606067-project] 10.222.0.20 "GET /v2.0/security-groups?id=52b25b7d-317e-4117-9edf-b73c50775551&fields=id&fields=name HTTP/1.1" status: 200 len: 286 time: 0.1063440
Aug 18 18:21:37.125220 n-d-805046-1 neutron-server[95308]: INFO neutron.wsgi [req-ccb1dca0-aba9-42e6-8fd1-114ad3e4bf6a req-fa1a07bb-bc82-4b23-9389-4fc01160c9b4 tempest-SecurityGroupsTestAdminJSON-147962528 tempest-SecurityGroupsTestAdminJSON-147962528-project-admin] 10.222.0.20 "GET /v2.0/security-groups/022cb745-9dd3-446f-bf49-86c619ed0d20 HTTP/1.1" status: 200 len: 2981 time: 0.1051211
Aug 18 18:21:37.138481 n-d-805046-1 neutron-server[95308]: DEBUG neutron.notifiers.nova [req-a3ea2f0e-d421-4eca-89dd-0622a3feb20c req-5dd4dff5-8476-4378-af30-9d11a559c878 service neutron] Ignoring state change previous_port_status: DOWN current_port_status: DOWN port_id b5325316-3ac5-49d9-b4e2-bcb7bfe3407b {{(pid=95308) record_port_status_changed /opt/stack/neutron/neutron/notifiers/nova.py:224}}
Aug 18 18:21:37.153432 n-d-805046-1 neutron-server[95308]: DEBUG neutron_lib.callbacks.manager [req-a3ea2f0e-d421-4eca-89dd-0622a3feb20c req-5dd4dff5-8476-4378-af30-9d11a559c878 service neutron] Notify callbacks [] for port, precommit_update {{(pid=95308) _notify_loop /usr/local/lib/python3.8/dist-packages/neutron_lib/callbacks/manager.py:192}}
Aug 18 18:21:37.206559 n-d-805046-1 neutron-server[95308]: DEBUG neutron.db.provisioning_blocks [req-a3ea2f0e-d421-4eca-89dd-0622a3feb20c req-5dd4dff5-8476-4378-af30-9d11a559c878 service neutron] Transition to ACTIVE for port object b5325316-3ac5-49d9-b4e2-bcb7bfe3407b will not be triggered until provisioned by entity L2. {{(pid=95308) add_provisioning_component /opt/stack/neutron/neutron/db/provisioning_blocks.py:73}}
Aug 18 18:21:37.237773 n-d-805046-1 neutron-server[95308]: INFO neutron.wsgi [req-ccb1dca0-aba9-42e6-8fd1-114ad3e4bf6a req-b988b8eb-bafb-4498-ae8e-fd97e7e57b0b tempest-SecurityGroupsTestAdminJSON-147962528 tempest-SecurityGroupsTestAdminJSON-147962528-project-admin] 10.222.0.20 "GET /v2.0/security-groups/052ae773-b277-49a8-a77f-22023ee28a81 HTTP/1.1" status: 200 len: 2977 time: 0.0943041
Aug 18 18:21:37.253544 n-d-805046-1 neutron-server[95308]: DEBUG neutron.pecan_wsgi.hooks.policy_enforcement [req-bd1b964c-ed45-427b-b04b-ad7868c13d83 req-d3af57ef-656f-4a0f-9048-5c8e5e0b7855 tempest-LiveMigrationTest-1602412025 tempest-LiveMigrationTest-1602412025-project] Attributes excluded by policy engine: ['standard_attr_id', 'binding:profile', 'binding:host_id', 'binding:vif_type', 'binding:vif_details'] {{(pid=95308) _exclude_attributes_by_policy /opt/stack/neutron/neutron/pecan_wsgi/hooks/policy_enforcement.py:255}}
Aug 18 18:21:37.255235 n-d-805046-1 neutron-server[95308]: INFO neutron.wsgi [req-bd1b964c-ed45-427b-b04b-ad7868c13d83 req-d3af57ef-656f-4a0f-9048-5c8e5e0b7855 tempest-LiveMigrationTest-1602412025 tempest-LiveMigrationTest-1602412025-project] 10.222.0.20 "GET /v2.0/ports?device_id=55a9a688-836c-4c69-b300-1336f0491f79 HTTP/1.1" status: 200 len: 931 time: 0.0861566
Aug 18 18:21:37.331970 n-d-805046-1 neutron-server[95308]: INFO neutron.wsgi [req-ccb1dca0-aba9-42e6-8fd1-114ad3e4bf6a req-83f70a1a-72fd-4abe-bcb1-be94addac129 tempest-SecurityGroupsTestAdminJSON-147962528 tempest-SecurityGroupsTestAdminJSON-147962528-project-admin] 10.222.0.20 "GET /v2.0/security-groups/052ae773-b277-49a8-a77f-22023ee28a81 HTTP/1.1" status: 200 len: 2977 time: 0.0874646
Aug 18 18:21:37.334723 n-d-805046-1 neutron-server[95309]: DEBUG neutron.wsgi [-] (95309) accepted ('10.222.0.20', 44174) {{(pid=95309) server /usr/local/lib/python3.8/dist-packages/eventlet/wsgi.py:982}}
Aug 18 18:21:37.340922 n-d-805046-1 neutron-server[95308]: INFO neutron.wsgi [req-bd1b964c-ed45-427b-b04b-ad7868c13d83 req-d8b42751-81cf-450c-b9e5-5f9d82e6fed2 tempest-LiveMigrationTest-1602412025 tempest-LiveMigrationTest-1602412025-project] 10.222.0.20 "GET /v2.0/security-groups?id=f87b129a-b70e-484e-b96b-d959b04a94db&fields=id&fields=name HTTP/1.1" status: 200 len: 286 time: 0.0737424
Aug 18 18:21:37.344807 n-d-805046-1 neutron-server[95309]: DEBUG neutron.wsgi [-] (95309) accepted ('10.222.0.20', 44178) {{(pid=95309) server /usr/local/lib/python3.8/dist-packages/eventlet/wsgi.py:982}}
Aug 18 18:21:37.363666 n-d-805046-1 neutron-server[95308]: DEBUG neutron_lib.callbacks.manager [req-a3ea2f0e-d421-4eca-89dd-0622a3feb20c req-5dd4dff5-8476-4378-af30-9d11a559c878 service neutron] Notify callbacks ['neutron.plugins.ml2.plugin.SecurityGroupServerNotifierRpcMixin._notify_sg_on_port_change-1724319', 'neutron.plugins.ml2.ovo_rpc._ObjectChangeHandler.handle_event-160472', 'neutron.api.rpc.agentnotifiers.dhcp_rpc_agent_api.DhcpAgentNotifyAPI._native_event_send_dhcp_notification-530714', 'neutron.db.l3_db.L3RpcNotifierMixin._notify_gateway_port_ip_changed-8772945653104', 'neutron.db.l3_dvrscheduler_db._notify_l3_agent_port_update-8772945100629', 'neutron.db.l3_hascheduler_db._notify_l3_agent_ha_port_update-8772945100647'] for port, after_update {{(pid=95308) _notify_loop /usr/local/lib/python3.8/dist-packages/neutron_lib/callbacks/manager.py:192}}
Aug 18 18:21:37.387516 n-d-805046-1 neutron-server[95309]: DEBUG neutron_lib.callbacks.manager [None req-a5eee0c9-c080-407f-bf42-3c4cfda296fc admin admin] Notify callbacks [] for security_group, before_create {{(pid=95309) _notify_loop /usr/local/lib/python3.8/dist-packages/neutron_lib/callbacks/manager.py:192}}
Aug 18 18:21:37.463291 n-d-805046-1 neutron-server[95308]: DEBUG neutron.api.rpc.handlers.resources_rpc [None req-5dd4dff5-8476-4378-af30-9d11a559c878 service neutron] Pushing event updated for resources: {'Port': ['ID=b5325316-3ac5-49d9-b4e2-bcb7bfe3407b,revision_number=2']} {{(pid=95308) push /opt/stack/neutron/neutron/api/rpc/handlers/resources_rpc.py:237}}
Aug 18 18:21:37.490033 n-d-805046-1 neutron-server[95308]: INFO neutron.wsgi [req-ccb1dca0-aba9-42e6-8fd1-114ad3e4bf6a req-9e12808e-9438-49db-b2e8-53012e24e2d3 tempest-SecurityGroupsTestAdminJSON-147962528 tempest-SecurityGroupsTestAdminJSON-147962528-project-admin] 10.222.0.20 "GET /v2.0/security-groups/52b25b7d-317e-4117-9edf-b73c50775551 HTTP/1.1" status: 200 len: 2981 time: 0.1476836
Aug 18 18:21:37.527009 n-d-805046-1 neutron-server[95308]: DEBUG neutron.plugins.ml2.managers [req-a3ea2f0e-d421-4eca-89dd-0622a3feb20c req-5dd4dff5-8476-4378-af30-9d11a559c878 service neutron] Attempting to bind port b5325316-3ac5-49d9-b4e2-bcb7bfe3407b on host n-h1-805046-1 for vnic_type normal with profile {{(pid=95308) bind_port /opt/stack/neutron/neutron/plugins/ml2/managers.py:790}}
Aug 18 18:21:37.527582 n-d-805046-1 neutron-server[95308]: DEBUG neutron.plugins.ml2.managers [req-a3ea2f0e-d421-4eca-89dd-0622a3feb20c req-5dd4dff5-8476-4378-af30-9d11a559c878 service neutron] Attempting to bind port b5325316-3ac5-49d9-b4e2-bcb7bfe3407b by drivers openvswitch,hyperv on host n-h1-805046-1 at level 0 using segments [{'id': 'f9b8d45e-54ec-4701-b25b-6a6b9339090d', 'network_type': 'vlan', 'physical_network': 'physnet1', 'segmentation_id': 237, 'network_id': '48cb6444-a860-49c3-be3e-aa10d37eaf3e'}] {{(pid=95308) _bind_port_level /opt/stack/neutron/neutron/plugins/ml2/managers.py:815}}
Aug 18 18:21:37.528042 n-d-805046-1 neutron-server[95308]: DEBUG neutron.plugins.ml2.drivers.mech_agent [req-a3ea2f0e-d421-4eca-89dd-0622a3feb20c req-5dd4dff5-8476-4378-af30-9d11a559c878 service neutron] Attempting to bind port b5325316-3ac5-49d9-b4e2-bcb7bfe3407b on network 48cb6444-a860-49c3-be3e-aa10d37eaf3e {{(pid=95308) bind_port /opt/stack/neutron/neutron/plugins/ml2/drivers/mech_agent.py:85}}
Aug 18 18:21:37.540934 n-d-805046-1 neutron-server[95308]: DEBUG neutron.plugins.ml2.drivers.mech_agent [req-a3ea2f0e-d421-4eca-89dd-0622a3feb20c req-5dd4dff5-8476-4378-af30-9d11a559c878 service neutron] Port b5325316-3ac5-49d9-b4e2-bcb7bfe3407b on network 48cb6444-a860-49c3-be3e-aa10d37eaf3e not bound, no agent of type Open vSwitch agent registered on host n-h1-805046-1 {{(pid=95308) bind_port /opt/stack/neutron/neutron/plugins/ml2/drivers/mech_agent.py:97}}
Aug 18 18:21:37.541374 n-d-805046-1 neutron-server[95308]: DEBUG neutron.plugins.ml2.drivers.mech_agent [req-a3ea2f0e-d421-4eca-89dd-0622a3feb20c req-5dd4dff5-8476-4378-af30-9d11a559c878 service neutron] Attempting to bind port b5325316-3ac5-49d9-b4e2-bcb7bfe3407b on network 48cb6444-a860-49c3-be3e-aa10d37eaf3e {{(pid=95308) bind_port /opt/stack/neutron/neutron/plugins/ml2/drivers/mech_agent.py:85}}
Aug 18 18:21:37.550779 n-d-805046-1 neutron-server[95310]: DEBUG neutron_lib.callbacks.manager [None req-facac672-d586-4eaa-875b-73bc11c24c27 None None] Notify callbacks ['neutron.services.segments.db._update_segment_host_mapping_for_agent-8772945604307', 'neutron.plugins.ml2.plugin.Ml2Plugin._retry_binding_revived_agents-1748684'] for agent, after_update {{(pid=95310) _notify_loop /usr/local/lib/python3.8/dist-packages/neutron_lib/callbacks/manager.py:192}}
Aug 18 18:21:37.560538 n-d-805046-1 neutron-server[95308]: DEBUG neutron.plugins.ml2.drivers.mech_agent [req-a3ea2f0e-d421-4eca-89dd-0622a3feb20c req-5dd4dff5-8476-4378-af30-9d11a559c878 service neutron] Checking agent: {'id': 'a2c29447-4599-4db0-b4bd-a526069398f9', 'agent_type': 'HyperV agent', 'binary': 'neutron-hyperv-agent', 'topic': 'N/A', 'host': 'n-h1-805046-1', 'admin_state_up': True, 'created_at': datetime.datetime(2021, 8, 18, 18, 18, 7), 'started_at': datetime.datetime(2021, 8, 18, 18, 18, 7), 'heartbeat_timestamp': datetime.datetime(2021, 8, 18, 18, 21, 37), 'description': None, 'resources_synced': None, 'availability_zone': None, 'alive': True, 'configurations': {'vswitch_mappings': {'physnet1$': 'br-data'}}, 'resource_versions': {}} {{(pid=95308) bind_port /opt/stack/neutron/neutron/plugins/ml2/drivers/mech_agent.py:104}}
Aug 18 18:21:37.561037 n-d-805046-1 neutron-server[95308]: DEBUG neutron.plugins.ml2.drivers.mech_agent [req-a3ea2f0e-d421-4eca-89dd-0622a3feb20c req-5dd4dff5-8476-4378-af30-9d11a559c878 service neutron] Checking segment: {'id': 'f9b8d45e-54ec-4701-b25b-6a6b9339090d', 'network_type': 'vlan', 'physical_network': 'physnet1', 'segmentation_id': 237, 'network_id': '48cb6444-a860-49c3-be3e-aa10d37eaf3e'} for mappings: {'physnet1$': 'br-data'} with network types: ['local', 'flat', 'vlan'] {{(pid=95308) check_segment_for_agent /opt/stack/neutron/neutron/plugins/ml2/drivers/mech_agent.py:352}}
Aug 18 18:21:37.566426 n-d-805046-1 neutron-server[95308]: DEBUG neutron.plugins.ml2.drivers.mech_agent [req-a3ea2f0e-d421-4eca-89dd-0622a3feb20c req-5dd4dff5-8476-4378-af30-9d11a559c878 service neutron] Bound using segment: {'id': 'f9b8d45e-54ec-4701-b25b-6a6b9339090d', 'network_type': 'vlan', 'physical_network': 'physnet1', 'segmentation_id': 237, 'network_id': '48cb6444-a860-49c3-be3e-aa10d37eaf3e'} {{(pid=95308) bind_port /opt/stack/neutron/neutron/plugins/ml2/drivers/mech_agent.py:114}}
Aug 18 18:21:37.566426 n-d-805046-1 neutron-server[95308]: DEBUG neutron.plugins.ml2.managers [req-a3ea2f0e-d421-4eca-89dd-0622a3feb20c req-5dd4dff5-8476-4378-af30-9d11a559c878 service neutron] Bound port: b5325316-3ac5-49d9-b4e2-bcb7bfe3407b, host: n-h1-805046-1, vif_type: hyperv, vif_details: {"connectivity": "legacy", "port_filter": false}, binding_levels: [{'bound_driver': 'hyperv', 'bound_segment': {'id': 'f9b8d45e-54ec-4701-b25b-6a6b9339090d', 'network_type': 'vlan', 'physical_network': 'physnet1', 'segmentation_id': 237, 'network_id': '48cb6444-a860-49c3-be3e-aa10d37eaf3e'}}] {{(pid=95308) _bind_port_level /opt/stack/neutron/neutron/plugins/ml2/managers.py:928}}
Aug 18 18:21:37.566426 n-d-805046-1 neutron-server[95308]: DEBUG neutron_lib.callbacks.manager [req-a3ea2f0e-d421-4eca-89dd-0622a3feb20c req-5dd4dff5-8476-4378-af30-9d11a559c878 service neutron] Notify callbacks ['neutron.plugins.ml2.plugin.SecurityGroupDbMixin._ensure_default_security_group_handler-1724382'] for port, before_update {{(pid=95308) _notify_loop /usr/local/lib/python3.8/dist-packages/neutron_lib/callbacks/manager.py:192}}
Aug 18 18:21:37.581770 n-d-805046-1 neutron-server[95308]: INFO neutron.wsgi [req-ccb1dca0-aba9-42e6-8fd1-114ad3e4bf6a req-18a2d2ce-4d57-4351-8770-1715e31957e6 tempest-SecurityGroupsTestAdminJSON-147962528 tempest-SecurityGroupsTestAdminJSON-147962528-project-admin] 10.222.0.20 "GET /v2.0/security-groups/52b25b7d-317e-4117-9edf-b73c50775551 HTTP/1.1" status: 200 len: 2981 time: 0.0907516
Aug 18 18:21:37.601061 n-d-805046-1 neutron-server[95309]: DEBUG neutron_lib.callbacks.manager [None req-a5eee0c9-c080-407f-bf42-3c4cfda296fc admin admin] Notify callbacks [] for security_group, precommit_create {{(pid=95309) _notify_loop /usr/local/lib/python3.8/dist-packages/neutron_lib/callbacks/manager.py:192}}
Aug 18 18:21:37.679224 n-d-805046-1 neutron-server[95308]: DEBUG neutron.plugins.ml2.db [req-a3ea2f0e-d421-4eca-89dd-0622a3feb20c req-5dd4dff5-8476-4378-af30-9d11a559c878 service neutron] For port b5325316-3ac5-49d9-b4e2-bcb7bfe3407b, host n-h1-805046-1, cleared binding levels {{(pid=95308) clear_binding_levels /opt/stack/neutron/neutron/plugins/ml2/db.py:87}}
Aug 18 18:21:37.689100 n-d-805046-1 neutron-server[95308]: INFO neutron.wsgi [req-ccb1dca0-aba9-42e6-8fd1-114ad3e4bf6a req-4b7ea49c-c61e-49d0-bfdd-b11a3aa98cea tempest-SecurityGroupsTestAdminJSON-147962528 tempest-SecurityGroupsTestAdminJSON-147962528-project-admin] 10.222.0.20 "GET /v2.0/security-groups/7ad92d58-7c25-498d-af79-b56ae404130c HTTP/1.1" status: 200 len: 2981 time: 0.1062214
Aug 18 18:21:37.692729 n-d-805046-1 neutron-server[95308]: DEBUG neutron.plugins.ml2.db [req-a3ea2f0e-d421-4eca-89dd-0622a3feb20c req-5dd4dff5-8476-4378-af30-9d11a559c878 service neutron] For port b5325316-3ac5-49d9-b4e2-bcb7bfe3407b, host n-h1-805046-1, set binding levels [PortBindingLevel(driver='hyperv',host='n-h1-805046-1',level=0,port_id=b5325316-3ac5-49d9-b4e2-bcb7bfe3407b,segment=NetworkSegment(f9b8d45e-54ec-4701-b25b-6a6b9339090d),segment_id=f9b8d45e-54ec-4701-b25b-6a6b9339090d)] {{(pid=95308) set_binding_levels /opt/stack/neutron/neutron/plugins/ml2/db.py:59}}
Aug 18 18:21:37.709360 n-d-805046-1 neutron-server[95309]: DEBUG neutron_lib.callbacks.manager [None req-a5eee0c9-c080-407f-bf42-3c4cfda296fc admin admin] Notify callbacks ['neutron.plugins.ml2.ovo_rpc._ObjectChangeHandler.handle_event-590062'] for security_group, after_create {{(pid=95309) _notify_loop /usr/local/lib/python3.8/dist-packages/neutron_lib/callbacks/manager.py:192}}
Aug 18 18:21:37.747419 n-d-805046-1 neutron-server[95308]: INFO neutron.wsgi [req-ccb1dca0-aba9-42e6-8fd1-114ad3e4bf6a req-64d4922f-84df-4997-9b01-965c14624c22 tempest-SecurityGroupsTestAdminJSON-147962528 tempest-SecurityGroupsTestAdminJSON-147962528-project-admin] 10.222.0.20 "GET /v2.0/security-groups/7ad92d58-7c25-498d-af79-b56ae404130c HTTP/1.1" status: 200 len: 2981 time: 0.0567946
Aug 18 18:21:37.774784 n-d-805046-1 neutron-server[95309]: DEBUG neutron.pecan_wsgi.hooks.policy_enforcement [req-3d0df1a9-fe01-4707-8e74-c96eef350afd req-72cabc84-e16c-4e82-9f68-2f3e1ff48218 service neutron] Attributes excluded by policy engine: ['standard_attr_id'] {{(pid=95309) _exclude_attributes_by_policy /opt/stack/neutron/neutron/pecan_wsgi/hooks/policy_enforcement.py:255}}
Aug 18 18:21:37.778781 n-d-805046-1 neutron-server[95308]: DEBUG neutron_lib.callbacks.manager [req-a3ea2f0e-d421-4eca-89dd-0622a3feb20c req-5dd4dff5-8476-4378-af30-9d11a559c878 service neutron] Notify callbacks ['neutron.plugins.ml2.plugin.SecurityGroupServerNotifierRpcMixin._notify_sg_on_port_change-1724319', 'neutron.plugins.ml2.ovo_rpc._ObjectChangeHandler.handle_event-160472', 'neutron.api.rpc.agentnotifiers.dhcp_rpc_agent_api.DhcpAgentNotifyAPI._native_event_send_dhcp_notification-530714', 'neutron.db.l3_db.L3RpcNotifierMixin._notify_gateway_port_ip_changed-8772945653104', 'neutron.db.l3_dvrscheduler_db._notify_l3_agent_port_update-8772945100629', 'neutron.db.l3_hascheduler_db._notify_l3_agent_ha_port_update-8772945100647'] for port, after_update {{(pid=95308) _notify_loop /usr/local/lib/python3.8/dist-packages/neutron_lib/callbacks/manager.py:192}}
Aug 18 18:21:37.784977 n-d-805046-1 neutron-server[95309]: INFO neutron.wsgi [req-3d0df1a9-fe01-4707-8e74-c96eef350afd req-72cabc84-e16c-4e82-9f68-2f3e1ff48218 service neutron] 10.222.0.43 "GET /v2.0/ports?tenant_id=bacbdc4f0dee4aa7bcda779db2e401d2&device_id=3fc645cf-236b-4f4a-854b-42e6f0bd3b11 HTTP/1.1" status: 200 len: 1101 time: 0.1930649
Aug 18 18:21:37.785992 n-d-805046-1 neutron-server[95309]: DEBUG neutron.api.rpc.handlers.resources_rpc [None req-a5eee0c9-c080-407f-bf42-3c4cfda296fc admin admin] Pushing event updated for resources: {'SecurityGroup': ['ID=61bc1b65-cfa3-4b49-b8cd-d5b2315907fa,revision_number=1']} {{(pid=95309) push /opt/stack/neutron/neutron/api/rpc/handlers/resources_rpc.py:237}}
Aug 18 18:21:37.867818 n-d-805046-1 neutron-server[95308]: DEBUG neutron.pecan_wsgi.hooks.policy_enforcement [req-a3ea2f0e-d421-4eca-89dd-0622a3feb20c req-5dd4dff5-8476-4378-af30-9d11a559c878 service neutron] Attributes excluded by policy engine: ['standard_attr_id'] {{(pid=95308) _exclude_attributes_by_policy /opt/stack/neutron/neutron/pecan_wsgi/hooks/policy_enforcement.py:255}}
Aug 18 18:21:37.867818 n-d-805046-1 neutron-server[95308]: DEBUG neutron_lib.callbacks.manager [req-a3ea2f0e-d421-4eca-89dd-0622a3feb20c req-5dd4dff5-8476-4378-af30-9d11a559c878 service neutron] Notify callbacks ['neutron.notifiers.nova.Notifier._send_nova_notification-31171'] for port, before_response {{(pid=95308) _notify_loop /usr/local/lib/python3.8/dist-packages/neutron_lib/callbacks/manager.py:192}}
Aug 18 18:21:37.868034 n-d-805046-1 neutron-server[95309]: INFO neutron.wsgi [None req-a5eee0c9-c080-407f-bf42-3c4cfda296fc admin admin] 10.222.0.20 "GET /v2.0/security-groups?tenant_id=1491a8431bfb407aa79588746c9c9287&name=default HTTP/1.1" status: 200 len: 2979 time: 0.5162191
Aug 18 18:21:37.868112 n-d-805046-1 neutron-server[95308]: INFO neutron.wsgi [req-a3ea2f0e-d421-4eca-89dd-0622a3feb20c req-5dd4dff5-8476-4378-af30-9d11a559c878 service neutron] 10.222.0.37 "PUT /v2.0/ports/b5325316-3ac5-49d9-b4e2-bcb7bfe3407b HTTP/1.1" status: 200 len: 1091 time: 1.4031668
Aug 18 18:21:37.874354 n-d-805046-1 neutron-server[95308]: DEBUG neutron.notifiers.nova [-] Sending events: [{'name': 'network-changed', 'server_uuid': '55a9a688-836c-4c69-b300-1336f0491f79', 'tag': 'b5325316-3ac5-49d9-b4e2-bcb7bfe3407b'}] {{(pid=95308) send_events /opt/stack/neutron/neutron/notifiers/nova.py:262}}
Aug 18 18:21:37.877002 n-d-805046-1 neutron-server[95308]: DEBUG novaclient.v2.client [-] REQ: curl -g -i --cacert "/opt/stack/data/ca-bundle.pem" -X POST http://10.222.0.20/compute/v2.1/os-server-external-events -H "Accept: application/json" -H "Content-Type: application/json" -H "User-Agent: python-novaclient" -H "X-Auth-Token: {SHA256}9dfd538b04894d0411c9cb64d33c57edd2251899f5ba9609ba69f4c47f468112" -H "X-OpenStack-Nova-API-Version: 2.1" -H "X-OpenStack-Request-ID: req-3d4a93d8-4734-43ef-af05-b1c8d323a912" -d '{"events": [{"name": "network-changed", "server_uuid": "55a9a688-836c-4c69-b300-1336f0491f79", "tag": "b5325316-3ac5-49d9-b4e2-bcb7bfe3407b"}]}' {{(pid=95308) _http_log_request /usr/local/lib/python3.8/dist-packages/keystoneauth1/session.py:519}}
Aug 18 18:21:37.880752 n-d-805046-1 neutron-server[95308]: DEBUG neutron.wsgi [-] (95308) accepted ('10.222.0.20', 44192) {{(pid=95308) server /usr/local/lib/python3.8/dist-packages/eventlet/wsgi.py:982}}
Aug 18 18:21:37.915836 n-d-805046-1 neutron-server[95308]: DEBUG neutron.api.rpc.handlers.resources_rpc [None req-5dd4dff5-8476-4378-af30-9d11a559c878 service neutron] Pushing event updated for resources: {'Port': ['ID=b5325316-3ac5-49d9-b4e2-bcb7bfe3407b,revision_number=3']} {{(pid=95308) push /opt/stack/neutron/neutron/api/rpc/handlers/resources_rpc.py:237}}
Aug 18 18:21:37.923360 n-d-805046-1 neutron-server[95309]: DEBUG neutron_lib.callbacks.manager [None req-423aeeee-9012-4db1-ac35-aad4b32e6455 admin admin] Notify callbacks [] for security_group, before_create {{(pid=95309) _notify_loop /usr/local/lib/python3.8/dist-packages/neutron_lib/callbacks/manager.py:192}}
Aug 18 18:21:37.937540 n-d-805046-1 neutron-server[95308]: INFO neutron.wsgi [req-ccb1dca0-aba9-42e6-8fd1-114ad3e4bf6a req-415d90da-05de-4f6a-ab60-66a3fe078bda tempest-SecurityGroupsTestAdminJSON-147962528 tempest-SecurityGroupsTestAdminJSON-147962528-project-admin] 10.222.0.20 "GET /v2.0/security-groups/8c28e905-28e3-4bc0-8a47-c6de9164df91 HTTP/1.1" status: 200 len: 2981 time: 0.1892054
Aug 18 18:21:37.946440 n-d-805046-1 neutron-server[95308]: INFO neutron.wsgi [req-d908024c-205a-4688-9e3d-2adb7524bfca req-88ca1378-f794-4fee-b56c-e1562de673e2 tempest-ServersAdminTestJSON-1361148975 tempest-ServersAdminTestJSON-1361148975-project] 10.222.0.20 "GET /v2.0/networks?tenant_id=e7158f76a1c24b5fb0e07ac8ee36ab8a&shared=False HTTP/1.1" status: 200 len: 213 time: 0.0745046
Aug 18 18:21:38.095146 n-d-805046-1 neutron-server[95308]: DEBUG neutron_lib.callbacks.manager [None req-8ff1af7f-268a-4bb4-8e6a-67a04a62fe20 admin admin] Notify callbacks [] for security_group, before_delete {{(pid=95308) _notify_loop /usr/local/lib/python3.8/dist-packages/neutron_lib/callbacks/manager.py:192}}
Aug 18 18:21:38.113948 n-d-805046-1 neutron-server[95308]: INFO neutron.wsgi [req-ccb1dca0-aba9-42e6-8fd1-114ad3e4bf6a req-833356b9-06c5-4b5c-aca4-36cf498f9659 tempest-SecurityGroupsTestAdminJSON-147962528 tempest-SecurityGroupsTestAdminJSON-147962528-project-admin] 10.222.0.20 "GET /v2.0/security-groups/8c28e905-28e3-4bc0-8a47-c6de9164df91 HTTP/1.1" status: 200 len: 2981 time: 0.1624880
Aug 18 18:21:38.159523 n-d-805046-1 neutron-server[95308]: DEBUG neutron.pecan_wsgi.hooks.policy_enforcement [req-d908024c-205a-4688-9e3d-2adb7524bfca req-aa587772-2191-40ec-8cc6-28c009faef0c tempest-ServersAdminTestJSON-1361148975 tempest-ServersAdminTestJSON-1361148975-project] Attributes excluded by policy engine: ['standard_attr_id', 'vlan_transparent', 'provider:network_type', 'provider:physical_network', 'provider:segmentation_id'] {{(pid=95308) _exclude_attributes_by_policy /opt/stack/neutron/neutron/pecan_wsgi/hooks/policy_enforcement.py:255}}
Aug 18 18:21:38.161485 n-d-805046-1 neutron-server[95308]: INFO neutron.wsgi [req-d908024c-205a-4688-9e3d-2adb7524bfca req-aa587772-2191-40ec-8cc6-28c009faef0c tempest-ServersAdminTestJSON-1361148975 tempest-ServersAdminTestJSON-1361148975-project] 10.222.0.20 "GET /v2.0/networks?shared=True HTTP/1.1" status: 200 len: 769 time: 0.2112174
Aug 18 18:21:38.178337 n-d-805046-1 neutron-server[95308]: DEBUG neutron_lib.callbacks.manager [None req-8ff1af7f-268a-4bb4-8e6a-67a04a62fe20 admin admin] Notify callbacks [] for security_group, precommit_delete {{(pid=95308) _notify_loop /usr/local/lib/python3.8/dist-packages/neutron_lib/callbacks/manager.py:192}}
Aug 18 18:21:38.202002 n-d-805046-1 neutron-server[95309]: DEBUG neutron.pecan_wsgi.hooks.policy_enforcement [req-3d0df1a9-fe01-4707-8e74-c96eef350afd req-8a842c90-6c5c-429c-9aa7-fb357df5c294 service neutron] Attributes excluded by policy engine: ['standard_attr_id', 'vlan_transparent'] {{(pid=95309) _exclude_attributes_by_policy /opt/stack/neutron/neutron/pecan_wsgi/hooks/policy_enforcement.py:255}}
Aug 18 18:21:38.203564 n-d-805046-1 neutron-server[95309]: INFO neutron.wsgi [req-3d0df1a9-fe01-4707-8e74-c96eef350afd req-8a842c90-6c5c-429c-9aa7-fb357df5c294 service neutron] 10.222.0.43 "GET /v2.0/networks?id=92273a62-d8f1-44c8-971f-d5e60cb3fbcc HTTP/1.1" status: 200 len: 870 time: 0.3973653
Aug 18 18:21:38.239646 n-d-805046-1 neutron-server[95308]: INFO neutron.wsgi [req-d908024c-205a-4688-9e3d-2adb7524bfca req-5926ac96-f785-4589-9ad0-5b618112cf78 tempest-ServersAdminTestJSON-1361148975 tempest-ServersAdminTestJSON-1361148975-project] 10.222.0.20 "GET /v2.0/quotas/e7158f76a1c24b5fb0e07ac8ee36ab8a HTTP/1.1" status: 200 len: 375 time: 0.0661047
Aug 18 18:21:38.256794 n-d-805046-1 neutron-server[95309]: INFO neutron.wsgi [req-3d0df1a9-fe01-4707-8e74-c96eef350afd req-7e21501a-6a43-4512-a31d-e279d136477b service neutron] 10.222.0.43 "GET /v2.0/floatingips?fixed_ip_address=192.168.233.135&port_id=d4589ef6-df81-42e3-9b29-8b7756270d78 HTTP/1.1" status: 200 len: 217 time: 0.0450025
Aug 18 18:21:38.267756 n-d-805046-1 neutron-server[95308]: INFO neutron.wsgi [req-ccb1dca0-aba9-42e6-8fd1-114ad3e4bf6a req-bbe329d6-7946-4e7f-b3ed-54ca7564dce2 tempest-SecurityGroupsTestAdminJSON-147962528 tempest-SecurityGroupsTestAdminJSON-147962528-project-admin] 10.222.0.20 "GET /v2.0/security-groups/916d229a-489c-4cb3-92c5-f1ad2d3c9950 HTTP/1.1" status: 200 len: 2981 time: 0.1365361
Aug 18 18:21:38.315744 n-d-805046-1 neutron-server[95308]: INFO neutron.wsgi [req-d908024c-205a-4688-9e3d-2adb7524bfca req-4ea7b6cd-6ca6-40ae-93fc-b90226db1973 tempest-ServersAdminTestJSON-1361148975 tempest-ServersAdminTestJSON-1361148975-project] 10.222.0.20 "GET /v2.0/ports?tenant_id=e7158f76a1c24b5fb0e07ac8ee36ab8a&fields=id HTTP/1.1" status: 200 len: 210 time: 0.0431576
Aug 18 18:21:38.317522 n-d-805046-1 neutron-server[95308]: DEBUG neutron.pecan_wsgi.hooks.policy_enforcement [req-a3ea2f0e-d421-4eca-89dd-0622a3feb20c req-d0e76729-bcc5-488a-b159-d629464459ae service neutron] Attributes excluded by policy engine: ['standard_attr_id'] {{(pid=95308) _exclude_attributes_by_policy /opt/stack/neutron/neutron/pecan_wsgi/hooks/policy_enforcement.py:255}}
Aug 18 18:21:38.318971 n-d-805046-1 neutron-server[95308]: INFO neutron.wsgi [req-a3ea2f0e-d421-4eca-89dd-0622a3feb20c req-d0e76729-bcc5-488a-b159-d629464459ae service neutron] 10.222.0.37 "GET /v2.0/ports?tenant_id=67fccc2bd00d4ca5ab94ecd3162a6b31&device_id=55a9a688-836c-4c69-b300-1336f0491f79 HTTP/1.1" status: 200 len: 1094 time: 0.1485620
Aug 18 18:21:38.384855 n-d-805046-1 neutron-server[95309]: DEBUG neutron.pecan_wsgi.hooks.policy_enforcement [req-3d0df1a9-fe01-4707-8e74-c96eef350afd req-de216b20-da9d-4558-bd4a-342b88bf6dac service neutron] Attributes excluded by policy engine: ['standard_attr_id', 'shared'] {{(pid=95309) _exclude_attributes_by_policy /opt/stack/neutron/neutron/pecan_wsgi/hooks/policy_enforcement.py:255}}
Aug 18 18:21:38.387347 n-d-805046-1 neutron-server[95309]: INFO neutron.wsgi [req-3d0df1a9-fe01-4707-8e74-c96eef350afd req-de216b20-da9d-4558-bd4a-342b88bf6dac service neutron] 10.222.0.43 "GET /v2.0/subnets?id=53f8388a-9950-4e78-88c2-3ba35cbf055c HTTP/1.1" status: 200 len: 843 time: 0.1160812
Aug 18 18:21:38.395208 n-d-805046-1 neutron-server[95308]: INFO neutron.wsgi [req-a3ea2f0e-d421-4eca-89dd-0622a3feb20c req-2457fc22-095e-4ea4-810a-8f4577098504 service neutron] 10.222.0.37 "GET /v2.0/floatingips?fixed_ip_address=172.20.0.8&port_id=b5325316-3ac5-49d9-b4e2-bcb7bfe3407b HTTP/1.1" status: 200 len: 217 time: 0.0633385
Aug 18 18:21:38.420466 n-d-805046-1 neutron-server[95309]: DEBUG neutron_lib.callbacks.manager [None req-423aeeee-9012-4db1-ac35-aad4b32e6455 admin admin] Notify callbacks [] for security_group, precommit_create {{(pid=95309) _notify_loop /usr/local/lib/python3.8/dist-packages/neutron_lib/callbacks/manager.py:192}}
Aug 18 18:21:38.441213 n-d-805046-1 neutron-server[95308]: INFO neutron.wsgi [req-ccb1dca0-aba9-42e6-8fd1-114ad3e4bf6a req-d9331258-2c1f-4d27-b172-92ccadcfcb0b tempest-SecurityGroupsTestAdminJSON-147962528 tempest-SecurityGroupsTestAdminJSON-147962528-project-admin] 10.222.0.20 "GET /v2.0/security-groups/916d229a-489c-4cb3-92c5-f1ad2d3c9950 HTTP/1.1" status: 200 len: 2981 time: 0.1620111
Aug 18 18:21:38.470542 n-d-805046-1 neutron-server[95308]: DEBUG neutron_lib.callbacks.manager [None req-8ff1af7f-268a-4bb4-8e6a-67a04a62fe20 admin admin] Notify callbacks ['neutron.plugins.ml2.ovo_rpc._ObjectChangeHandler.handle_event-590062'] for security_group, after_delete {{(pid=95308) _notify_loop /usr/local/lib/python3.8/dist-packages/neutron_lib/callbacks/manager.py:192}}
Aug 18 18:21:38.478461 n-d-805046-1 neutron-server[95308]: DEBUG neutron_lib.callbacks.manager [None req-8ff1af7f-268a-4bb4-8e6a-67a04a62fe20 admin admin] Notify callbacks [] for security_group, before_response {{(pid=95308) _notify_loop /usr/local/lib/python3.8/dist-packages/neutron_lib/callbacks/manager.py:192}}
Aug 18 18:21:38.478461 n-d-805046-1 neutron-server[95308]: INFO neutron.wsgi [None req-8ff1af7f-268a-4bb4-8e6a-67a04a62fe20 admin admin] 10.222.0.20 "DELETE /v2.0/security-groups/61bc1b65-cfa3-4b49-b8cd-d5b2315907fa HTTP/1.1" status: 204 len: 168 time: 0.5857873
Aug 18 18:21:38.503507 n-d-805046-1 neutron-server[95308]: DEBUG neutron.pecan_wsgi.hooks.policy_enforcement [req-a3ea2f0e-d421-4eca-89dd-0622a3feb20c req-3882b3f5-6c6b-4bcc-8279-6b20b3f47317 service neutron] Attributes excluded by policy engine: ['standard_attr_id', 'shared'] {{(pid=95308) _exclude_attributes_by_policy /opt/stack/neutron/neutron/pecan_wsgi/hooks/policy_enforcement.py:255}}
Aug 18 18:21:38.504629 n-d-805046-1 neutron-server[95309]: DEBUG neutron.pecan_wsgi.hooks.policy_enforcement [req-3d0df1a9-fe01-4707-8e74-c96eef350afd req-9004291c-e69e-4b4e-97b1-c0186d03cf30 service neutron] Attributes excluded by policy engine: ['standard_attr_id'] {{(pid=95309) _exclude_attributes_by_policy /opt/stack/neutron/neutron/pecan_wsgi/hooks/policy_enforcement.py:255}}
Aug 18 18:21:38.505115 n-d-805046-1 neutron-server[95308]: INFO neutron.wsgi [req-a3ea2f0e-d421-4eca-89dd-0622a3feb20c req-3882b3f5-6c6b-4bcc-8279-6b20b3f47317 service neutron] 10.222.0.37 "GET /v2.0/subnets?id=26549835-3feb-4460-8a8c-5a49c80322d2 HTTP/1.1" status: 200 len: 848 time: 0.1032043
Aug 18 18:21:38.507062 n-d-805046-1 neutron-server[95309]: INFO neutron.wsgi [req-3d0df1a9-fe01-4707-8e74-c96eef350afd req-9004291c-e69e-4b4e-97b1-c0186d03cf30 service neutron] 10.222.0.43 "GET /v2.0/ports?network_id=92273a62-d8f1-44c8-971f-d5e60cb3fbcc&device_owner=network%3Adhcp HTTP/1.1" status: 200 len: 1166 time: 0.0840099
Aug 18 18:21:38.508903 n-d-805046-1 neutron-server[95309]: DEBUG neutron_lib.callbacks.manager [None req-423aeeee-9012-4db1-ac35-aad4b32e6455 admin admin] Notify callbacks ['neutron.plugins.ml2.ovo_rpc._ObjectChangeHandler.handle_event-590062'] for security_group, after_create {{(pid=95309) _notify_loop /usr/local/lib/python3.8/dist-packages/neutron_lib/callbacks/manager.py:192}}
Aug 18 18:21:38.510702 n-d-805046-1 neutron-server[95308]: DEBUG neutron.api.rpc.handlers.resources_rpc [None req-8ff1af7f-268a-4bb4-8e6a-67a04a62fe20 admin admin] Pushing event deleted for resources: {'SecurityGroup': ['ID=61bc1b65-cfa3-4b49-b8cd-d5b2315907fa,revision_number=None']} {{(pid=95308) push /opt/stack/neutron/neutron/api/rpc/handlers/resources_rpc.py:237}}
Aug 18 18:21:38.597846 n-d-805046-1 neutron-server[95309]: DEBUG neutron.api.rpc.handlers.resources_rpc [None req-423aeeee-9012-4db1-ac35-aad4b32e6455 admin admin] Pushing event updated for resources: {'SecurityGroup': ['ID=96159267-89e5-4012-8bf5-ba94bdd9719c,revision_number=1']} {{(pid=95309) push /opt/stack/neutron/neutron/api/rpc/handlers/resources_rpc.py:237}}
Aug 18 18:21:38.600913 n-d-805046-1 neutron-server[95308]: INFO neutron.wsgi [req-a3ea2f0e-d421-4eca-89dd-0622a3feb20c req-530a6c8b-0a97-466f-9a9a-dc29c256ed2a service neutron] 10.222.0.37 "GET /v2.0/ports?network_id=48cb6444-a860-49c3-be3e-aa10d37eaf3e&device_owner=network%3Adhcp HTTP/1.1" status: 200 len: 210 time: 0.0792208
Aug 18 18:21:38.633675 n-d-805046-1 neutron-server[95308]: INFO neutron.wsgi [req-ccb1dca0-aba9-42e6-8fd1-114ad3e4bf6a req-ac265c15-2bf0-484f-b808-aa813fe50975 tempest-SecurityGroupsTestAdminJSON-147962528 tempest-SecurityGroupsTestAdminJSON-147962528-project-admin] 10.222.0.20 "GET /v2.0/security-groups/a10cc3fd-bea9-4aee-9403-00538ed1f22e HTTP/1.1" status: 200 len: 2973 time: 0.1773593
Aug 18 18:21:38.703182 n-d-805046-1 neutron-server[95310]: DEBUG neutron_lib.callbacks.manager [None req-c11b5660-1934-4a84-9a9b-c5f91f0fde91 None None] Notify callbacks ['neutron.services.segments.db._update_segment_host_mapping_for_agent-8772945604307', 'neutron.plugins.ml2.plugin.Ml2Plugin._retry_binding_revived_agents-1748684'] for agent, after_update {{(pid=95310) _notify_loop /usr/local/lib/python3.8/dist-packages/neutron_lib/callbacks/manager.py:192}}
Aug 18 18:21:38.750687 n-d-805046-1 neutron-server[95309]: INFO neutron.wsgi [None req-423aeeee-9012-4db1-ac35-aad4b32e6455 admin admin] 10.222.0.20 "GET /v2.0/security-groups?tenant_id=a565a00eca1f4c179fcf30947e15054c&name=default HTTP/1.1" status: 200 len: 2979 time: 1.4148200
Aug 18 18:21:38.753449 n-d-805046-1 neutron-server[95309]: DEBUG neutron.wsgi [-] (95309) accepted ('10.222.0.20', 44208) {{(pid=95309) server /usr/local/lib/python3.8/dist-packages/eventlet/wsgi.py:982}}
Aug 18 18:21:38.775215 n-d-805046-1 neutron-server[95309]: INFO neutron.wsgi [req-3d0df1a9-fe01-4707-8e74-c96eef350afd req-cbd298ad-ae0f-405b-b0d5-60f603ee71e3 service neutron] 10.222.0.43 "GET /v2.0/networks/92273a62-d8f1-44c8-971f-d5e60cb3fbcc?fields=segments HTTP/1.1" status: 200 len: 212 time: 0.2518351
Aug 18 18:21:38.859210 n-d-805046-1 neutron-server[95308]: INFO neutron.wsgi [req-a3ea2f0e-d421-4eca-89dd-0622a3feb20c req-2b2af4df-4c9c-412e-8f54-cd17215ee3a1 service neutron] 10.222.0.37 "GET /v2.0/networks/48cb6444-a860-49c3-be3e-aa10d37eaf3e?fields=segments HTTP/1.1" status: 200 len: 212 time: 0.2408674
