Nov 12 12:38:41.672324 n-d-804878-5 devstack@placement-api.service[103263]: DEBUG placement.requestlog [req-68863c16-76c7-484c-bf97-afb9ff55b1be req-91f49ec7-0d4a-4722-b7fd-54e009369c6c None None] Starting request: 10.222.0.81 "GET /placement/allocations/7f45d82d-2871-4ba5-8de8-52e47b1a26bd" {{(pid=103263) __call__ /opt/stack/placement/placement/requestlog.py:55}}
Nov 12 12:38:41.700336 n-d-804878-5 devstack@placement-api.service[103263]: INFO placement.requestlog [req-68863c16-76c7-484c-bf97-afb9ff55b1be req-91f49ec7-0d4a-4722-b7fd-54e009369c6c service placement] 10.222.0.81 "GET /placement/allocations/7f45d82d-2871-4ba5-8de8-52e47b1a26bd" status: 200 len: 245 microversion: 1.28
Nov 12 12:38:41.701482 n-d-804878-5 devstack@placement-api.service[103263]: [pid: 103263|app: 0|req: 448/889] 10.222.0.81 () {60 vars in 1377 bytes} [Fri Nov 12 12:38:41 2021] GET /placement/allocations/7f45d82d-2871-4ba5-8de8-52e47b1a26bd => generated 245 bytes in 29 msecs (HTTP/1.1 200) 8 headers in 296 bytes (1 switches on core 0)
Nov 12 12:39:23.819710 n-d-804878-5 devstack@placement-api.service[103262]: DEBUG placement.requestlog [req-a38835e7-44b6-4aab-83ff-c1b0877c43c5 req-991a32b2-e50f-4f6b-92f2-d4b74ad5c680 None None] Starting request: 10.222.0.81 "GET /placement/resource_providers/b827624d-69c1-4464-903a-ee8aa4bba74d/allocations" {{(pid=103262) __call__ /opt/stack/placement/placement/requestlog.py:55}}
Nov 12 12:39:23.867503 n-d-804878-5 devstack@placement-api.service[103262]: INFO placement.requestlog [req-a38835e7-44b6-4aab-83ff-c1b0877c43c5 req-991a32b2-e50f-4f6b-92f2-d4b74ad5c680 service placement] 10.222.0.81 "GET /placement/resource_providers/b827624d-69c1-4464-903a-ee8aa4bba74d/allocations" status: 200 len: 227 microversion: 1.0
Nov 12 12:39:23.868215 n-d-804878-5 devstack@placement-api.service[103262]: [pid: 103262|app: 0|req: 442/890] 10.222.0.81 () {58 vars in 1390 bytes} [Fri Nov 12 12:39:23 2021] GET /placement/resource_providers/b827624d-69c1-4464-903a-ee8aa4bba74d/allocations => generated 227 bytes in 49 msecs (HTTP/1.1 200) 6 headers in 224 bytes (1 switches on core 0)
Nov 12 12:39:26.589795 n-d-804878-5 devstack@placement-api.service[103263]: DEBUG placement.requestlog [req-54b41611-32fa-4f91-b18e-96b158b5acce req-0b6a7e7d-8bc1-45e0-9fff-ec0b87409845 None None] Starting request: 10.222.0.65 "GET /placement/resource_providers/efd8886a-d167-4a1a-8a52-2c4620ca3d24/allocations" {{(pid=103263) __call__ /opt/stack/placement/placement/requestlog.py:55}}
Nov 12 12:39:26.622111 n-d-804878-5 devstack@placement-api.service[103263]: INFO placement.requestlog [req-54b41611-32fa-4f91-b18e-96b158b5acce req-0b6a7e7d-8bc1-45e0-9fff-ec0b87409845 service placement] 10.222.0.65 "GET /placement/resource_providers/efd8886a-d167-4a1a-8a52-2c4620ca3d24/allocations" status: 200 len: 141 microversion: 1.0
Nov 12 12:39:26.622504 n-d-804878-5 devstack@placement-api.service[103263]: [pid: 103263|app: 0|req: 449/891] 10.222.0.65 () {58 vars in 1390 bytes} [Fri Nov 12 12:39:26 2021] GET /placement/resource_providers/efd8886a-d167-4a1a-8a52-2c4620ca3d24/allocations => generated 141 bytes in 35 msecs (HTTP/1.1 200) 6 headers in 224 bytes (1 switches on core 0)
Nov 12 12:39:54.081951 n-d-804878-5 devstack@placement-api.service[103262]: DEBUG placement.requestlog [req-5be8b2c6-cc47-49e3-b6d0-e85a4b303112 req-3156d9b6-a9a2-446a-9688-80f02e1936af None None] Starting request: 10.222.0.65 "DELETE /placement/allocations/fcc5972a-a424-4c60-9dfc-a96fc5f7cd01" {{(pid=103262) __call__ /opt/stack/placement/placement/requestlog.py:55}}
Nov 12 12:39:54.136838 n-d-804878-5 devstack@placement-api.service[103262]: DEBUG placement.handlers.allocation [req-5be8b2c6-cc47-49e3-b6d0-e85a4b303112 req-3156d9b6-a9a2-446a-9688-80f02e1936af service placement] Successfully deleted allocations [<placement.objects.allocation.Allocation object at 0x7fead83aefa0>, <placement.objects.allocation.Allocation object at 0x7fead83ae790>] {{(pid=103262) delete_allocations /opt/stack/placement/placement/handlers/allocation.py:627}}
Nov 12 12:39:54.137335 n-d-804878-5 devstack@placement-api.service[103262]: INFO placement.requestlog [req-5be8b2c6-cc47-49e3-b6d0-e85a4b303112 req-3156d9b6-a9a2-446a-9688-80f02e1936af service placement] 10.222.0.65 "DELETE /placement/allocations/fcc5972a-a424-4c60-9dfc-a96fc5f7cd01" status: 204 len: 0 microversion: 1.0
Nov 12 12:39:54.138053 n-d-804878-5 devstack@placement-api.service[103262]: [pid: 103262|app: 0|req: 443/892] 10.222.0.65 () {60 vars in 1355 bytes} [Fri Nov 12 12:39:54 2021] DELETE /placement/allocations/fcc5972a-a424-4c60-9dfc-a96fc5f7cd01 => generated 0 bytes in 57 msecs (HTTP/1.1 204) 5 headers in 198 bytes (1 switches on core 0)
Nov 12 12:40:25.781726 n-d-804878-5 devstack@placement-api.service[103263]: DEBUG placement.requestlog [req-daf4d2c2-4b13-414a-9341-bc13593f9f52 req-fefefd73-0996-4545-ad7a-57dac73d5ffe None None] Starting request: 10.222.0.81 "GET /placement/resource_providers/b827624d-69c1-4464-903a-ee8aa4bba74d/allocations" {{(pid=103263) __call__ /opt/stack/placement/placement/requestlog.py:55}}
Nov 12 12:40:25.837639 n-d-804878-5 devstack@placement-api.service[103263]: INFO placement.requestlog [req-daf4d2c2-4b13-414a-9341-bc13593f9f52 req-fefefd73-0996-4545-ad7a-57dac73d5ffe service placement] 10.222.0.81 "GET /placement/resource_providers/b827624d-69c1-4464-903a-ee8aa4bba74d/allocations" status: 200 len: 227 microversion: 1.0
Nov 12 12:40:25.839196 n-d-804878-5 devstack@placement-api.service[103263]: [pid: 103263|app: 0|req: 450/893] 10.222.0.81 () {58 vars in 1390 bytes} [Fri Nov 12 12:40:25 2021] GET /placement/resource_providers/b827624d-69c1-4464-903a-ee8aa4bba74d/allocations => generated 227 bytes in 65 msecs (HTTP/1.1 200) 6 headers in 224 bytes (1 switches on core 0)
Nov 12 12:40:28.554389 n-d-804878-5 devstack@placement-api.service[103262]: DEBUG placement.requestlog [req-aea8c854-ddd6-426b-abfd-31ca731ba985 req-41d283c3-78be-41a5-95cb-ccefd5c5ff95 None None] Starting request: 10.222.0.65 "GET /placement/resource_providers/efd8886a-d167-4a1a-8a52-2c4620ca3d24/allocations" {{(pid=103262) __call__ /opt/stack/placement/placement/requestlog.py:55}}
Nov 12 12:40:28.588545 n-d-804878-5 devstack@placement-api.service[103262]: INFO placement.requestlog [req-aea8c854-ddd6-426b-abfd-31ca731ba985 req-41d283c3-78be-41a5-95cb-ccefd5c5ff95 service placement] 10.222.0.65 "GET /placement/resource_providers/efd8886a-d167-4a1a-8a52-2c4620ca3d24/allocations" status: 200 len: 56 microversion: 1.0
Nov 12 12:40:28.589237 n-d-804878-5 devstack@placement-api.service[103262]: [pid: 103262|app: 0|req: 444/894] 10.222.0.65 () {58 vars in 1390 bytes} [Fri Nov 12 12:40:28 2021] GET /placement/resource_providers/efd8886a-d167-4a1a-8a52-2c4620ca3d24/allocations => generated 56 bytes in 35 msecs (HTTP/1.1 200) 6 headers in 223 bytes (1 switches on core 0)
Nov 12 12:40:28.795559 n-d-804878-5 devstack@placement-api.service[103263]: DEBUG placement.requestlog [req-58cec5d4-56d3-4e8b-9b0e-f18cea5b55de req-cba9cf3c-b018-43b4-b9bb-74e1ab0de448 None None] Starting request: 10.222.0.18 "GET /placement/allocation_candidates?limit=1000&resources=DISK_GB%3A1%2CMEMORY_MB%3A1024%2CVCPU%3A1&root_required=%21COMPUTE_STATUS_DISABLED" {{(pid=103263) __call__ /opt/stack/placement/placement/requestlog.py:55}}
Nov 12 12:40:29.268114 n-d-804878-5 devstack@placement-api.service[103263]: DEBUG placement.objects.research_context [req-58cec5d4-56d3-4e8b-9b0e-f18cea5b55de req-cba9cf3c-b018-43b4-b9bb-74e1ab0de448 service placement] getting providers with 1 DISK_GB {{(pid=103263) __init__ /opt/stack/placement/placement/objects/research_context.py:126}}
Nov 12 12:40:29.290944 n-d-804878-5 devstack@placement-api.service[103263]: DEBUG placement.objects.research_context [req-58cec5d4-56d3-4e8b-9b0e-f18cea5b55de req-cba9cf3c-b018-43b4-b9bb-74e1ab0de448 service placement] getting providers with 1024 MEMORY_MB {{(pid=103263) __init__ /opt/stack/placement/placement/objects/research_context.py:126}}
Nov 12 12:40:29.317858 n-d-804878-5 devstack@placement-api.service[103263]: DEBUG placement.objects.research_context [req-58cec5d4-56d3-4e8b-9b0e-f18cea5b55de req-cba9cf3c-b018-43b4-b9bb-74e1ab0de448 service placement] getting providers with 1 VCPU {{(pid=103263) __init__ /opt/stack/placement/placement/objects/research_context.py:126}}
Nov 12 12:40:29.329460 n-d-804878-5 devstack@placement-api.service[103263]: DEBUG placement.objects.research_context [req-58cec5d4-56d3-4e8b-9b0e-f18cea5b55de req-cba9cf3c-b018-43b4-b9bb-74e1ab0de448 service placement] found 2 providers with available 1 DISK_GB {{(pid=103263) get_provider_ids_matching /opt/stack/placement/placement/objects/research_context.py:549}}
Nov 12 12:40:29.329998 n-d-804878-5 devstack@placement-api.service[103263]: DEBUG placement.objects.research_context [req-58cec5d4-56d3-4e8b-9b0e-f18cea5b55de req-cba9cf3c-b018-43b4-b9bb-74e1ab0de448 service placement] found 2 providers with available 1024 MEMORY_MB {{(pid=103263) get_provider_ids_matching /opt/stack/placement/placement/objects/research_context.py:549}}
Nov 12 12:40:29.331510 n-d-804878-5 devstack@placement-api.service[103263]: DEBUG placement.objects.research_context [req-58cec5d4-56d3-4e8b-9b0e-f18cea5b55de req-cba9cf3c-b018-43b4-b9bb-74e1ab0de448 service placement] found 2 providers after filtering by previous result {{(pid=103263) get_provider_ids_matching /opt/stack/placement/placement/objects/research_context.py:580}}
Nov 12 12:40:29.332963 n-d-804878-5 devstack@placement-api.service[103263]: DEBUG placement.objects.research_context [req-58cec5d4-56d3-4e8b-9b0e-f18cea5b55de req-cba9cf3c-b018-43b4-b9bb-74e1ab0de448 service placement] found 2 providers with available 1 VCPU {{(pid=103263) get_provider_ids_matching /opt/stack/placement/placement/objects/research_context.py:549}}
Nov 12 12:40:29.334130 n-d-804878-5 devstack@placement-api.service[103263]: DEBUG placement.objects.research_context [req-58cec5d4-56d3-4e8b-9b0e-f18cea5b55de req-cba9cf3c-b018-43b4-b9bb-74e1ab0de448 service placement] found 2 providers after filtering by previous result {{(pid=103263) get_provider_ids_matching /opt/stack/placement/placement/objects/research_context.py:580}}
Nov 12 12:40:29.356031 n-d-804878-5 devstack@placement-api.service[103263]: DEBUG placement.objects.allocation_candidate [req-58cec5d4-56d3-4e8b-9b0e-f18cea5b55de req-cba9cf3c-b018-43b4-b9bb-74e1ab0de448 service placement] RequestGroup(use_same_provider=False, resources={DISK_GB:1, MEMORY_MB:1024, VCPU:1}, traits=[], aggregates=[]) (suffix '') returned 2 matches {{(pid=103263) _get_by_requests /opt/stack/placement/placement/objects/allocation_candidate.py:145}}
Nov 12 12:40:29.356749 n-d-804878-5 devstack@placement-api.service[103263]: DEBUG placement.objects.allocation_candidate [req-58cec5d4-56d3-4e8b-9b0e-f18cea5b55de req-cba9cf3c-b018-43b4-b9bb-74e1ab0de448 service placement] Merging candidates yields 2 allocation requests and 2 provider summaries {{(pid=103263) _merge_candidates /opt/stack/placement/placement/objects/allocation_candidate.py:783}}
Nov 12 12:40:29.361105 n-d-804878-5 devstack@placement-api.service[103263]: INFO placement.requestlog [req-58cec5d4-56d3-4e8b-9b0e-f18cea5b55de req-cba9cf3c-b018-43b4-b9bb-74e1ab0de448 service placement] 10.222.0.18 "GET /placement/allocation_candidates?limit=1000&resources=DISK_GB%3A1%2CMEMORY_MB%3A1024%2CVCPU%3A1&root_required=%21COMPUTE_STATUS_DISABLED" status: 200 len: 1306 microversion: 1.36
Nov 12 12:40:29.372313 n-d-804878-5 devstack@placement-api.service[103263]: [pid: 103263|app: 0|req: 451/895] 10.222.0.18 () {60 vars in 1506 bytes} [Fri Nov 12 12:40:28 2021] GET /placement/allocation_candidates?limit=1000&resources=DISK_GB%3A1%2CMEMORY_MB%3A1024%2CVCPU%3A1&root_required=%21COMPUTE_STATUS_DISABLED => generated 1306 bytes in 577 msecs (HTTP/1.1 200) 8 headers in 297 bytes (1 switches on core 0)
Nov 12 12:40:29.475915 n-d-804878-5 devstack@placement-api.service[103262]: DEBUG placement.requestlog [req-58cec5d4-56d3-4e8b-9b0e-f18cea5b55de req-0887f794-2dee-4e05-b578-020eb80e7a93 None None] Starting request: 10.222.0.18 "GET /placement/allocations/bbf5998d-799d-45ee-baa4-235a718a0ec7" {{(pid=103262) __call__ /opt/stack/placement/placement/requestlog.py:55}}
Nov 12 12:40:29.489223 n-d-804878-5 devstack@placement-api.service[103262]: INFO placement.requestlog [req-58cec5d4-56d3-4e8b-9b0e-f18cea5b55de req-0887f794-2dee-4e05-b578-020eb80e7a93 service placement] 10.222.0.18 "GET /placement/allocations/bbf5998d-799d-45ee-baa4-235a718a0ec7" status: 200 len: 19 microversion: 1.28
Nov 12 12:40:29.494054 n-d-804878-5 devstack@placement-api.service[103262]: [pid: 103262|app: 0|req: 445/896] 10.222.0.18 () {60 vars in 1380 bytes} [Fri Nov 12 12:40:29 2021] GET /placement/allocations/bbf5998d-799d-45ee-baa4-235a718a0ec7 => generated 19 bytes in 16 msecs (HTTP/1.1 200) 8 headers in 295 bytes (1 switches on core 0)
Nov 12 12:40:29.499583 n-d-804878-5 devstack@placement-api.service[103263]: DEBUG placement.requestlog [req-58cec5d4-56d3-4e8b-9b0e-f18cea5b55de req-8694d009-01a8-494d-b19d-6c967ac4c7e7 None None] Starting request: 10.222.0.18 "PUT /placement/allocations/bbf5998d-799d-45ee-baa4-235a718a0ec7" {{(pid=103263) __call__ /opt/stack/placement/placement/requestlog.py:55}}
Nov 12 12:40:29.718503 n-d-804878-5 devstack@placement-api.service[103263]: DEBUG placement.handlers.allocation [req-58cec5d4-56d3-4e8b-9b0e-f18cea5b55de req-8694d009-01a8-494d-b19d-6c967ac4c7e7 service placement] Successfully wrote allocations [<placement.objects.allocation.Allocation object at 0x7fead86f1a30>, <placement.objects.allocation.Allocation object at 0x7fead854f520>, <placement.objects.allocation.Allocation object at 0x7fead854f6a0>] {{(pid=103263) _update_consumers_and_create_allocations /opt/stack/placement/placement/handlers/allocation.py:462}}
Nov 12 12:40:29.727613 n-d-804878-5 devstack@placement-api.service[103263]: INFO placement.requestlog [req-58cec5d4-56d3-4e8b-9b0e-f18cea5b55de req-8694d009-01a8-494d-b19d-6c967ac4c7e7 service placement] 10.222.0.18 "PUT /placement/allocations/bbf5998d-799d-45ee-baa4-235a718a0ec7" status: 204 len: 0 microversion: 1.36
Nov 12 12:40:29.728002 n-d-804878-5 devstack@placement-api.service[103263]: [pid: 103263|app: 0|req: 452/897] 10.222.0.18 () {64 vars in 1433 bytes} [Fri Nov 12 12:40:29 2021] PUT /placement/allocations/bbf5998d-799d-45ee-baa4-235a718a0ec7 => generated 0 bytes in 229 msecs (HTTP/1.1 204) 5 headers in 199 bytes (1 switches on core 0)
Nov 12 12:40:30.616361 n-d-804878-5 devstack@placement-api.service[103262]: DEBUG placement.requestlog [req-58cec5d4-56d3-4e8b-9b0e-f18cea5b55de req-3986c294-156c-43d0-b014-1bf17629f676 None None] Starting request: 10.222.0.65 "GET /placement/allocations/bbf5998d-799d-45ee-baa4-235a718a0ec7" {{(pid=103262) __call__ /opt/stack/placement/placement/requestlog.py:55}}
Nov 12 12:40:30.639859 n-d-804878-5 devstack@placement-api.service[103262]: INFO placement.requestlog [req-58cec5d4-56d3-4e8b-9b0e-f18cea5b55de req-3986c294-156c-43d0-b014-1bf17629f676 service placement] 10.222.0.65 "GET /placement/allocations/bbf5998d-799d-45ee-baa4-235a718a0ec7" status: 200 len: 260 microversion: 1.28
Nov 12 12:40:30.641553 n-d-804878-5 devstack@placement-api.service[103262]: [pid: 103262|app: 0|req: 446/898] 10.222.0.65 () {60 vars in 1377 bytes} [Fri Nov 12 12:40:30 2021] GET /placement/allocations/bbf5998d-799d-45ee-baa4-235a718a0ec7 => generated 260 bytes in 26 msecs (HTTP/1.1 200) 8 headers in 296 bytes (1 switches on core 0)
Nov 12 12:40:48.502924 n-d-804878-5 devstack@placement-api.service[103263]: DEBUG placement.requestlog [req-d336a865-10c4-42e6-9b38-e9aca1e38586 req-31e1297d-b579-4432-9bbe-2572c9b8822a None None] Starting request: 10.222.0.18 "GET /placement/allocation_candidates?limit=1000&resources=DISK_GB%3A1%2CMEMORY_MB%3A1024%2CVCPU%3A1&root_required=%21COMPUTE_STATUS_DISABLED" {{(pid=103263) __call__ /opt/stack/placement/placement/requestlog.py:55}}
Nov 12 12:40:48.571138 n-d-804878-5 devstack@placement-api.service[103263]: DEBUG placement.objects.research_context [req-d336a865-10c4-42e6-9b38-e9aca1e38586 req-31e1297d-b579-4432-9bbe-2572c9b8822a service placement] getting providers with 1 DISK_GB {{(pid=103263) __init__ /opt/stack/placement/placement/objects/research_context.py:126}}
Nov 12 12:40:48.597949 n-d-804878-5 devstack@placement-api.service[103263]: DEBUG placement.objects.research_context [req-d336a865-10c4-42e6-9b38-e9aca1e38586 req-31e1297d-b579-4432-9bbe-2572c9b8822a service placement] getting providers with 1024 MEMORY_MB {{(pid=103263) __init__ /opt/stack/placement/placement/objects/research_context.py:126}}
Nov 12 12:40:48.610804 n-d-804878-5 devstack@placement-api.service[103263]: DEBUG placement.objects.research_context [req-d336a865-10c4-42e6-9b38-e9aca1e38586 req-31e1297d-b579-4432-9bbe-2572c9b8822a service placement] getting providers with 1 VCPU {{(pid=103263) __init__ /opt/stack/placement/placement/objects/research_context.py:126}}
Nov 12 12:40:48.619425 n-d-804878-5 devstack@placement-api.service[103263]: DEBUG placement.objects.research_context [req-d336a865-10c4-42e6-9b38-e9aca1e38586 req-31e1297d-b579-4432-9bbe-2572c9b8822a service placement] found 2 providers with available 1 DISK_GB {{(pid=103263) get_provider_ids_matching /opt/stack/placement/placement/objects/research_context.py:549}}
Nov 12 12:40:48.620232 n-d-804878-5 devstack@placement-api.service[103263]: DEBUG placement.objects.research_context [req-d336a865-10c4-42e6-9b38-e9aca1e38586 req-31e1297d-b579-4432-9bbe-2572c9b8822a service placement] found 2 providers with available 1024 MEMORY_MB {{(pid=103263) get_provider_ids_matching /opt/stack/placement/placement/objects/research_context.py:549}}
Nov 12 12:40:48.620834 n-d-804878-5 devstack@placement-api.service[103263]: DEBUG placement.objects.research_context [req-d336a865-10c4-42e6-9b38-e9aca1e38586 req-31e1297d-b579-4432-9bbe-2572c9b8822a service placement] found 2 providers after filtering by previous result {{(pid=103263) get_provider_ids_matching /opt/stack/placement/placement/objects/research_context.py:580}}
Nov 12 12:40:48.621238 n-d-804878-5 devstack@placement-api.service[103263]: DEBUG placement.objects.research_context [req-d336a865-10c4-42e6-9b38-e9aca1e38586 req-31e1297d-b579-4432-9bbe-2572c9b8822a service placement] found 2 providers with available 1 VCPU {{(pid=103263) get_provider_ids_matching /opt/stack/placement/placement/objects/research_context.py:549}}
Nov 12 12:40:48.621659 n-d-804878-5 devstack@placement-api.service[103263]: DEBUG placement.objects.research_context [req-d336a865-10c4-42e6-9b38-e9aca1e38586 req-31e1297d-b579-4432-9bbe-2572c9b8822a service placement] found 2 providers after filtering by previous result {{(pid=103263) get_provider_ids_matching /opt/stack/placement/placement/objects/research_context.py:580}}
Nov 12 12:40:48.643551 n-d-804878-5 devstack@placement-api.service[103263]: DEBUG placement.objects.allocation_candidate [req-d336a865-10c4-42e6-9b38-e9aca1e38586 req-31e1297d-b579-4432-9bbe-2572c9b8822a service placement] RequestGroup(use_same_provider=False, resources={DISK_GB:1, MEMORY_MB:1024, VCPU:1}, traits=[], aggregates=[]) (suffix '') returned 2 matches {{(pid=103263) _get_by_requests /opt/stack/placement/placement/objects/allocation_candidate.py:145}}
Nov 12 12:40:48.644160 n-d-804878-5 devstack@placement-api.service[103263]: DEBUG placement.objects.allocation_candidate [req-d336a865-10c4-42e6-9b38-e9aca1e38586 req-31e1297d-b579-4432-9bbe-2572c9b8822a service placement] Merging candidates yields 2 allocation requests and 2 provider summaries {{(pid=103263) _merge_candidates /opt/stack/placement/placement/objects/allocation_candidate.py:783}}
Nov 12 12:40:48.648041 n-d-804878-5 devstack@placement-api.service[103263]: INFO placement.requestlog [req-d336a865-10c4-42e6-9b38-e9aca1e38586 req-31e1297d-b579-4432-9bbe-2572c9b8822a service placement] 10.222.0.18 "GET /placement/allocation_candidates?limit=1000&resources=DISK_GB%3A1%2CMEMORY_MB%3A1024%2CVCPU%3A1&root_required=%21COMPUTE_STATUS_DISABLED" status: 200 len: 1309 microversion: 1.36
Nov 12 12:40:48.649146 n-d-804878-5 devstack@placement-api.service[103263]: [pid: 103263|app: 0|req: 453/899] 10.222.0.18 () {60 vars in 1506 bytes} [Fri Nov 12 12:40:48 2021] GET /placement/allocation_candidates?limit=1000&resources=DISK_GB%3A1%2CMEMORY_MB%3A1024%2CVCPU%3A1&root_required=%21COMPUTE_STATUS_DISABLED => generated 1309 bytes in 146 msecs (HTTP/1.1 200) 8 headers in 297 bytes (1 switches on core 0)
Nov 12 12:40:48.794581 n-d-804878-5 devstack@placement-api.service[103262]: DEBUG placement.requestlog [req-d336a865-10c4-42e6-9b38-e9aca1e38586 req-7d6c90b2-74bd-467b-8272-d82ca247a2e3 None None] Starting request: 10.222.0.18 "GET /placement/allocations/4b1af846-4cd6-4840-8587-4d80c384569f" {{(pid=103262) __call__ /opt/stack/placement/placement/requestlog.py:55}}
Nov 12 12:40:48.812395 n-d-804878-5 devstack@placement-api.service[103262]: INFO placement.requestlog [req-d336a865-10c4-42e6-9b38-e9aca1e38586 req-7d6c90b2-74bd-467b-8272-d82ca247a2e3 service placement] 10.222.0.18 "GET /placement/allocations/4b1af846-4cd6-4840-8587-4d80c384569f" status: 200 len: 19 microversion: 1.28
Nov 12 12:40:48.812995 n-d-804878-5 devstack@placement-api.service[103262]: [pid: 103262|app: 0|req: 447/900] 10.222.0.18 () {60 vars in 1380 bytes} [Fri Nov 12 12:40:48 2021] GET /placement/allocations/4b1af846-4cd6-4840-8587-4d80c384569f => generated 19 bytes in 18 msecs (HTTP/1.1 200) 8 headers in 295 bytes (1 switches on core 0)
Nov 12 12:40:48.821119 n-d-804878-5 devstack@placement-api.service[103263]: DEBUG placement.requestlog [req-d336a865-10c4-42e6-9b38-e9aca1e38586 req-e31a65b8-b6a2-4a56-91ce-94936a5a18bc None None] Starting request: 10.222.0.18 "PUT /placement/allocations/4b1af846-4cd6-4840-8587-4d80c384569f" {{(pid=103263) __call__ /opt/stack/placement/placement/requestlog.py:55}}
Nov 12 12:40:49.052273 n-d-804878-5 devstack@placement-api.service[103263]: DEBUG placement.handlers.allocation [req-d336a865-10c4-42e6-9b38-e9aca1e38586 req-e31a65b8-b6a2-4a56-91ce-94936a5a18bc service placement] Successfully wrote allocations [<placement.objects.allocation.Allocation object at 0x7fead8383c70>, <placement.objects.allocation.Allocation object at 0x7fead86909a0>, <placement.objects.allocation.Allocation object at 0x7fead8663af0>] {{(pid=103263) _update_consumers_and_create_allocations /opt/stack/placement/placement/handlers/allocation.py:462}}
Nov 12 12:40:49.059280 n-d-804878-5 devstack@placement-api.service[103263]: INFO placement.requestlog [req-d336a865-10c4-42e6-9b38-e9aca1e38586 req-e31a65b8-b6a2-4a56-91ce-94936a5a18bc service placement] 10.222.0.18 "PUT /placement/allocations/4b1af846-4cd6-4840-8587-4d80c384569f" status: 204 len: 0 microversion: 1.36
Nov 12 12:40:49.071559 n-d-804878-5 devstack@placement-api.service[103263]: [pid: 103263|app: 0|req: 454/901] 10.222.0.18 () {64 vars in 1433 bytes} [Fri Nov 12 12:40:48 2021] PUT /placement/allocations/4b1af846-4cd6-4840-8587-4d80c384569f => generated 0 bytes in 239 msecs (HTTP/1.1 204) 5 headers in 199 bytes (1 switches on core 0)
Nov 12 12:40:49.170323 n-d-804878-5 devstack@placement-api.service[103262]: DEBUG placement.requestlog [req-40016bdf-4102-4029-ac7e-166eb71be0b5 req-34ad669f-c307-4eb3-95a0-1dd116437428 None None] Starting request: 10.222.0.18 "GET /placement/allocation_candidates?limit=1000&resources=MEMORY_MB%3A1024%2CVCPU%3A1&root_required=%21COMPUTE_STATUS_DISABLED" {{(pid=103262) __call__ /opt/stack/placement/placement/requestlog.py:55}}
Nov 12 12:40:49.305057 n-d-804878-5 devstack@placement-api.service[103262]: DEBUG placement.objects.research_context [req-40016bdf-4102-4029-ac7e-166eb71be0b5 req-34ad669f-c307-4eb3-95a0-1dd116437428 service placement] getting providers with 1024 MEMORY_MB {{(pid=103262) __init__ /opt/stack/placement/placement/objects/research_context.py:126}}
Nov 12 12:40:49.315504 n-d-804878-5 devstack@placement-api.service[103262]: DEBUG placement.objects.research_context [req-40016bdf-4102-4029-ac7e-166eb71be0b5 req-34ad669f-c307-4eb3-95a0-1dd116437428 service placement] getting providers with 1 VCPU {{(pid=103262) __init__ /opt/stack/placement/placement/objects/research_context.py:126}}
Nov 12 12:40:49.338386 n-d-804878-5 devstack@placement-api.service[103262]: DEBUG placement.objects.research_context [req-40016bdf-4102-4029-ac7e-166eb71be0b5 req-34ad669f-c307-4eb3-95a0-1dd116437428 service placement] found 2 providers with available 1024 MEMORY_MB {{(pid=103262) get_provider_ids_matching /opt/stack/placement/placement/objects/research_context.py:549}}
Nov 12 12:40:49.338978 n-d-804878-5 devstack@placement-api.service[103262]: DEBUG placement.objects.research_context [req-40016bdf-4102-4029-ac7e-166eb71be0b5 req-34ad669f-c307-4eb3-95a0-1dd116437428 service placement] found 2 providers with available 1 VCPU {{(pid=103262) get_provider_ids_matching /opt/stack/placement/placement/objects/research_context.py:549}}
Nov 12 12:40:49.339413 n-d-804878-5 devstack@placement-api.service[103262]: DEBUG placement.objects.research_context [req-40016bdf-4102-4029-ac7e-166eb71be0b5 req-34ad669f-c307-4eb3-95a0-1dd116437428 service placement] found 2 providers after filtering by previous result {{(pid=103262) get_provider_ids_matching /opt/stack/placement/placement/objects/research_context.py:580}}
Nov 12 12:40:49.387364 n-d-804878-5 devstack@placement-api.service[103262]: DEBUG placement.objects.allocation_candidate [req-40016bdf-4102-4029-ac7e-166eb71be0b5 req-34ad669f-c307-4eb3-95a0-1dd116437428 service placement] RequestGroup(use_same_provider=False, resources={MEMORY_MB:1024, VCPU:1}, traits=[], aggregates=[]) (suffix '') returned 2 matches {{(pid=103262) _get_by_requests /opt/stack/placement/placement/objects/allocation_candidate.py:145}}
Nov 12 12:40:49.387941 n-d-804878-5 devstack@placement-api.service[103262]: DEBUG placement.objects.allocation_candidate [req-40016bdf-4102-4029-ac7e-166eb71be0b5 req-34ad669f-c307-4eb3-95a0-1dd116437428 service placement] Merging candidates yields 2 allocation requests and 2 provider summaries {{(pid=103262) _merge_candidates /opt/stack/placement/placement/objects/allocation_candidate.py:783}}
Nov 12 12:40:49.394203 n-d-804878-5 devstack@placement-api.service[103262]: INFO placement.requestlog [req-40016bdf-4102-4029-ac7e-166eb71be0b5 req-34ad669f-c307-4eb3-95a0-1dd116437428 service placement] 10.222.0.18 "GET /placement/allocation_candidates?limit=1000&resources=MEMORY_MB%3A1024%2CVCPU%3A1&root_required=%21COMPUTE_STATUS_DISABLED" status: 200 len: 1281 microversion: 1.36
Nov 12 12:40:49.395587 n-d-804878-5 devstack@placement-api.service[103262]: [pid: 103262|app: 0|req: 448/902] 10.222.0.18 () {60 vars in 1478 bytes} [Fri Nov 12 12:40:49 2021] GET /placement/allocation_candidates?limit=1000&resources=MEMORY_MB%3A1024%2CVCPU%3A1&root_required=%21COMPUTE_STATUS_DISABLED => generated 1281 bytes in 225 msecs (HTTP/1.1 200) 8 headers in 297 bytes (1 switches on core 0)
Nov 12 12:40:49.499699 n-d-804878-5 devstack@placement-api.service[103263]: DEBUG placement.requestlog [req-40016bdf-4102-4029-ac7e-166eb71be0b5 req-ac3cebce-95bf-471e-9c36-9ebd0cf24d2a None None] Starting request: 10.222.0.18 "GET /placement/allocations/8cdc88d9-b38f-434d-9151-4f0839c802c9" {{(pid=103263) __call__ /opt/stack/placement/placement/requestlog.py:55}}
Nov 12 12:40:49.536706 n-d-804878-5 devstack@placement-api.service[103263]: INFO placement.requestlog [req-40016bdf-4102-4029-ac7e-166eb71be0b5 req-ac3cebce-95bf-471e-9c36-9ebd0cf24d2a service placement] 10.222.0.18 "GET /placement/allocations/8cdc88d9-b38f-434d-9151-4f0839c802c9" status: 200 len: 19 microversion: 1.28
Nov 12 12:40:49.537957 n-d-804878-5 devstack@placement-api.service[103263]: [pid: 103263|app: 0|req: 455/903] 10.222.0.18 () {60 vars in 1380 bytes} [Fri Nov 12 12:40:49 2021] GET /placement/allocations/8cdc88d9-b38f-434d-9151-4f0839c802c9 => generated 19 bytes in 39 msecs (HTTP/1.1 200) 8 headers in 295 bytes (1 switches on core 0)
Nov 12 12:40:49.545497 n-d-804878-5 devstack@placement-api.service[103262]: DEBUG placement.requestlog [req-40016bdf-4102-4029-ac7e-166eb71be0b5 req-8047e558-11cc-4707-bfb5-e9ebc51b7851 None None] Starting request: 10.222.0.18 "PUT /placement/allocations/8cdc88d9-b38f-434d-9151-4f0839c802c9" {{(pid=103262) __call__ /opt/stack/placement/placement/requestlog.py:55}}
Nov 12 12:40:49.650906 n-d-804878-5 devstack@placement-api.service[103262]: DEBUG placement.handlers.allocation [req-40016bdf-4102-4029-ac7e-166eb71be0b5 req-8047e558-11cc-4707-bfb5-e9ebc51b7851 service placement] Successfully wrote allocations [<placement.objects.allocation.Allocation object at 0x7fead8333370>, <placement.objects.allocation.Allocation object at 0x7fead8333580>] {{(pid=103262) _update_consumers_and_create_allocations /opt/stack/placement/placement/handlers/allocation.py:462}}
Nov 12 12:40:49.657790 n-d-804878-5 devstack@placement-api.service[103262]: INFO placement.requestlog [req-40016bdf-4102-4029-ac7e-166eb71be0b5 req-8047e558-11cc-4707-bfb5-e9ebc51b7851 service placement] 10.222.0.18 "PUT /placement/allocations/8cdc88d9-b38f-434d-9151-4f0839c802c9" status: 204 len: 0 microversion: 1.36
Nov 12 12:40:49.658611 n-d-804878-5 devstack@placement-api.service[103262]: [pid: 103262|app: 0|req: 449/904] 10.222.0.18 () {64 vars in 1433 bytes} [Fri Nov 12 12:40:49 2021] PUT /placement/allocations/8cdc88d9-b38f-434d-9151-4f0839c802c9 => generated 0 bytes in 113 msecs (HTTP/1.1 204) 5 headers in 199 bytes (1 switches on core 0)
Nov 12 12:40:49.714484 n-d-804878-5 devstack@placement-api.service[103263]: DEBUG placement.requestlog [req-d336a865-10c4-42e6-9b38-e9aca1e38586 req-463e53dd-0f3f-4788-addd-cbaf0667fc91 None None] Starting request: 10.222.0.65 "GET /placement/allocations/4b1af846-4cd6-4840-8587-4d80c384569f" {{(pid=103263) __call__ /opt/stack/placement/placement/requestlog.py:55}}
Nov 12 12:40:49.746994 n-d-804878-5 devstack@placement-api.service[103263]: INFO placement.requestlog [req-d336a865-10c4-42e6-9b38-e9aca1e38586 req-463e53dd-0f3f-4788-addd-cbaf0667fc91 service placement] 10.222.0.65 "GET /placement/allocations/4b1af846-4cd6-4840-8587-4d80c384569f" status: 200 len: 260 microversion: 1.28
Nov 12 12:40:49.748254 n-d-804878-5 devstack@placement-api.service[103263]: [pid: 103263|app: 0|req: 456/905] 10.222.0.65 () {60 vars in 1377 bytes} [Fri Nov 12 12:40:49 2021] GET /placement/allocations/4b1af846-4cd6-4840-8587-4d80c384569f => generated 260 bytes in 34 msecs (HTTP/1.1 200) 8 headers in 296 bytes (1 switches on core 0)
Nov 12 12:40:50.167262 n-d-804878-5 devstack@placement-api.service[103262]: DEBUG placement.requestlog [req-40016bdf-4102-4029-ac7e-166eb71be0b5 req-cd1f5e64-ec27-496c-a01c-400a5864d900 None None] Starting request: 10.222.0.65 "GET /placement/allocations/8cdc88d9-b38f-434d-9151-4f0839c802c9" {{(pid=103262) __call__ /opt/stack/placement/placement/requestlog.py:55}}
Nov 12 12:40:50.197816 n-d-804878-5 devstack@placement-api.service[103262]: INFO placement.requestlog [req-40016bdf-4102-4029-ac7e-166eb71be0b5 req-cd1f5e64-ec27-496c-a01c-400a5864d900 service placement] 10.222.0.65 "GET /placement/allocations/8cdc88d9-b38f-434d-9151-4f0839c802c9" status: 200 len: 246 microversion: 1.28
Nov 12 12:40:50.201324 n-d-804878-5 devstack@placement-api.service[103262]: [pid: 103262|app: 0|req: 450/906] 10.222.0.65 () {60 vars in 1377 bytes} [Fri Nov 12 12:40:50 2021] GET /placement/allocations/8cdc88d9-b38f-434d-9151-4f0839c802c9 => generated 246 bytes in 34 msecs (HTTP/1.1 200) 8 headers in 296 bytes (1 switches on core 0)
Nov 12 12:41:09.773154 n-d-804878-5 devstack@placement-api.service[103263]: DEBUG placement.requestlog [req-b8b7b7e4-c0ca-46ad-8049-8f4f090283fe req-30aaec5f-108c-417a-9459-3e14e4f5e491 None None] Starting request: 10.222.0.65 "DELETE /placement/allocations/4b1af846-4cd6-4840-8587-4d80c384569f" {{(pid=103263) __call__ /opt/stack/placement/placement/requestlog.py:55}}
Nov 12 12:41:09.813978 n-d-804878-5 devstack@placement-api.service[103263]: DEBUG placement.handlers.allocation [req-b8b7b7e4-c0ca-46ad-8049-8f4f090283fe req-30aaec5f-108c-417a-9459-3e14e4f5e491 service placement] Successfully deleted allocations [<placement.objects.allocation.Allocation object at 0x7fead83cec10>, <placement.objects.allocation.Allocation object at 0x7fead8521220>, <placement.objects.allocation.Allocation object at 0x7fead8402f40>] {{(pid=103263) delete_allocations /opt/stack/placement/placement/handlers/allocation.py:627}}
Nov 12 12:41:09.815068 n-d-804878-5 devstack@placement-api.service[103263]: INFO placement.requestlog [req-b8b7b7e4-c0ca-46ad-8049-8f4f090283fe req-30aaec5f-108c-417a-9459-3e14e4f5e491 service placement] 10.222.0.65 "DELETE /placement/allocations/4b1af846-4cd6-4840-8587-4d80c384569f" status: 204 len: 0 microversion: 1.0
Nov 12 12:41:09.815785 n-d-804878-5 devstack@placement-api.service[103263]: [pid: 103263|app: 0|req: 457/907] 10.222.0.65 () {60 vars in 1355 bytes} [Fri Nov 12 12:41:09 2021] DELETE /placement/allocations/4b1af846-4cd6-4840-8587-4d80c384569f => generated 0 bytes in 43 msecs (HTTP/1.1 204) 5 headers in 198 bytes (1 switches on core 0)
Nov 12 12:41:12.186858 n-d-804878-5 devstack@placement-api.service[103262]: DEBUG placement.requestlog [req-4e6f2b90-b2c9-40e9-bdea-21337ee78083 req-933d097e-a841-4f9c-8f56-ca714f277a19 None None] Starting request: 10.222.0.18 "GET /placement/allocation_candidates?limit=1000&resources=DISK_GB%3A1%2CMEMORY_MB%3A1024%2CVCPU%3A1&root_required=%21COMPUTE_STATUS_DISABLED" {{(pid=103262) __call__ /opt/stack/placement/placement/requestlog.py:55}}
Nov 12 12:41:12.226023 n-d-804878-5 devstack@placement-api.service[103262]: DEBUG placement.objects.research_context [req-4e6f2b90-b2c9-40e9-bdea-21337ee78083 req-933d097e-a841-4f9c-8f56-ca714f277a19 service placement] getting providers with 1 DISK_GB {{(pid=103262) __init__ /opt/stack/placement/placement/objects/research_context.py:126}}
Nov 12 12:41:12.234592 n-d-804878-5 devstack@placement-api.service[103262]: DEBUG placement.objects.research_context [req-4e6f2b90-b2c9-40e9-bdea-21337ee78083 req-933d097e-a841-4f9c-8f56-ca714f277a19 service placement] getting providers with 1024 MEMORY_MB {{(pid=103262) __init__ /opt/stack/placement/placement/objects/research_context.py:126}}
Nov 12 12:41:12.244101 n-d-804878-5 devstack@placement-api.service[103262]: DEBUG placement.objects.research_context [req-4e6f2b90-b2c9-40e9-bdea-21337ee78083 req-933d097e-a841-4f9c-8f56-ca714f277a19 service placement] getting providers with 1 VCPU {{(pid=103262) __init__ /opt/stack/placement/placement/objects/research_context.py:126}}
Nov 12 12:41:12.252115 n-d-804878-5 devstack@placement-api.service[103262]: DEBUG placement.objects.research_context [req-4e6f2b90-b2c9-40e9-bdea-21337ee78083 req-933d097e-a841-4f9c-8f56-ca714f277a19 service placement] found 2 providers with available 1 DISK_GB {{(pid=103262) get_provider_ids_matching /opt/stack/placement/placement/objects/research_context.py:549}}
Nov 12 12:41:12.252820 n-d-804878-5 devstack@placement-api.service[103262]: DEBUG placement.objects.research_context [req-4e6f2b90-b2c9-40e9-bdea-21337ee78083 req-933d097e-a841-4f9c-8f56-ca714f277a19 service placement] found 2 providers with available 1024 MEMORY_MB {{(pid=103262) get_provider_ids_matching /opt/stack/placement/placement/objects/research_context.py:549}}
Nov 12 12:41:12.253720 n-d-804878-5 devstack@placement-api.service[103262]: DEBUG placement.objects.research_context [req-4e6f2b90-b2c9-40e9-bdea-21337ee78083 req-933d097e-a841-4f9c-8f56-ca714f277a19 service placement] found 2 providers after filtering by previous result {{(pid=103262) get_provider_ids_matching /opt/stack/placement/placement/objects/research_context.py:580}}
Nov 12 12:41:12.254226 n-d-804878-5 devstack@placement-api.service[103262]: DEBUG placement.objects.research_context [req-4e6f2b90-b2c9-40e9-bdea-21337ee78083 req-933d097e-a841-4f9c-8f56-ca714f277a19 service placement] found 2 providers with available 1 VCPU {{(pid=103262) get_provider_ids_matching /opt/stack/placement/placement/objects/research_context.py:549}}
Nov 12 12:41:12.254723 n-d-804878-5 devstack@placement-api.service[103262]: DEBUG placement.objects.research_context [req-4e6f2b90-b2c9-40e9-bdea-21337ee78083 req-933d097e-a841-4f9c-8f56-ca714f277a19 service placement] found 2 providers after filtering by previous result {{(pid=103262) get_provider_ids_matching /opt/stack/placement/placement/objects/research_context.py:580}}
Nov 12 12:41:12.276345 n-d-804878-5 devstack@placement-api.service[103262]: DEBUG placement.objects.allocation_candidate [req-4e6f2b90-b2c9-40e9-bdea-21337ee78083 req-933d097e-a841-4f9c-8f56-ca714f277a19 service placement] RequestGroup(use_same_provider=False, resources={DISK_GB:1, MEMORY_MB:1024, VCPU:1}, traits=[], aggregates=[]) (suffix '') returned 2 matches {{(pid=103262) _get_by_requests /opt/stack/placement/placement/objects/allocation_candidate.py:145}}
Nov 12 12:41:12.276726 n-d-804878-5 devstack@placement-api.service[103262]: DEBUG placement.objects.allocation_candidate [req-4e6f2b90-b2c9-40e9-bdea-21337ee78083 req-933d097e-a841-4f9c-8f56-ca714f277a19 service placement] Merging candidates yields 2 allocation requests and 2 provider summaries {{(pid=103262) _merge_candidates /opt/stack/placement/placement/objects/allocation_candidate.py:783}}
Nov 12 12:41:12.278872 n-d-804878-5 devstack@placement-api.service[103262]: INFO placement.requestlog [req-4e6f2b90-b2c9-40e9-bdea-21337ee78083 req-933d097e-a841-4f9c-8f56-ca714f277a19 service placement] 10.222.0.18 "GET /placement/allocation_candidates?limit=1000&resources=DISK_GB%3A1%2CMEMORY_MB%3A1024%2CVCPU%3A1&root_required=%21COMPUTE_STATUS_DISABLED" status: 200 len: 1309 microversion: 1.36
Nov 12 12:41:12.279127 n-d-804878-5 devstack@placement-api.service[103262]: [pid: 103262|app: 0|req: 451/908] 10.222.0.18 () {60 vars in 1506 bytes} [Fri Nov 12 12:41:12 2021] GET /placement/allocation_candidates?limit=1000&resources=DISK_GB%3A1%2CMEMORY_MB%3A1024%2CVCPU%3A1&root_required=%21COMPUTE_STATUS_DISABLED => generated 1309 bytes in 93 msecs (HTTP/1.1 200) 8 headers in 297 bytes (2 switches on core 0)
Nov 12 12:41:12.335698 n-d-804878-5 devstack@placement-api.service[103263]: DEBUG placement.requestlog [req-4e6f2b90-b2c9-40e9-bdea-21337ee78083 req-8491215c-68e5-485e-b797-f5d4ee42fd74 None None] Starting request: 10.222.0.18 "GET /placement/allocations/ce11d28d-cebf-42eb-be97-97989e234bd1" {{(pid=103263) __call__ /opt/stack/placement/placement/requestlog.py:55}}
Nov 12 12:41:12.349291 n-d-804878-5 devstack@placement-api.service[103263]: INFO placement.requestlog [req-4e6f2b90-b2c9-40e9-bdea-21337ee78083 req-8491215c-68e5-485e-b797-f5d4ee42fd74 service placement] 10.222.0.18 "GET /placement/allocations/ce11d28d-cebf-42eb-be97-97989e234bd1" status: 200 len: 19 microversion: 1.28
Nov 12 12:41:12.349636 n-d-804878-5 devstack@placement-api.service[103263]: [pid: 103263|app: 0|req: 458/909] 10.222.0.18 () {60 vars in 1380 bytes} [Fri Nov 12 12:41:12 2021] GET /placement/allocations/ce11d28d-cebf-42eb-be97-97989e234bd1 => generated 19 bytes in 14 msecs (HTTP/1.1 200) 8 headers in 295 bytes (1 switches on core 0)
Nov 12 12:41:12.355932 n-d-804878-5 devstack@placement-api.service[103262]: DEBUG placement.requestlog [req-4e6f2b90-b2c9-40e9-bdea-21337ee78083 req-3c3461ac-74e2-4751-b7b9-f53459cca602 None None] Starting request: 10.222.0.18 "PUT /placement/allocations/ce11d28d-cebf-42eb-be97-97989e234bd1" {{(pid=103262) __call__ /opt/stack/placement/placement/requestlog.py:55}}
Nov 12 12:41:12.415889 n-d-804878-5 devstack@placement-api.service[103262]: DEBUG placement.handlers.allocation [req-4e6f2b90-b2c9-40e9-bdea-21337ee78083 req-3c3461ac-74e2-4751-b7b9-f53459cca602 service placement] Successfully wrote allocations [<placement.objects.allocation.Allocation object at 0x7fead8747f10>, <placement.objects.allocation.Allocation object at 0x7fead839f2e0>, <placement.objects.allocation.Allocation object at 0x7fead839ff70>] {{(pid=103262) _update_consumers_and_create_allocations /opt/stack/placement/placement/handlers/allocation.py:462}}
Nov 12 12:41:12.420318 n-d-804878-5 devstack@placement-api.service[103262]: INFO placement.requestlog [req-4e6f2b90-b2c9-40e9-bdea-21337ee78083 req-3c3461ac-74e2-4751-b7b9-f53459cca602 service placement] 10.222.0.18 "PUT /placement/allocations/ce11d28d-cebf-42eb-be97-97989e234bd1" status: 204 len: 0 microversion: 1.36
Nov 12 12:41:12.421464 n-d-804878-5 devstack@placement-api.service[103262]: [pid: 103262|app: 0|req: 452/910] 10.222.0.18 () {64 vars in 1433 bytes} [Fri Nov 12 12:41:12 2021] PUT /placement/allocations/ce11d28d-cebf-42eb-be97-97989e234bd1 => generated 0 bytes in 65 msecs (HTTP/1.1 204) 5 headers in 199 bytes (1 switches on core 0)
Nov 12 12:41:12.886838 n-d-804878-5 devstack@placement-api.service[103263]: DEBUG placement.requestlog [req-4e6f2b90-b2c9-40e9-bdea-21337ee78083 req-538128af-4fcc-473a-a792-8f2733076768 None None] Starting request: 10.222.0.81 "GET /placement/allocations/ce11d28d-cebf-42eb-be97-97989e234bd1" {{(pid=103263) __call__ /opt/stack/placement/placement/requestlog.py:55}}
Nov 12 12:41:12.906688 n-d-804878-5 devstack@placement-api.service[103263]: INFO placement.requestlog [req-4e6f2b90-b2c9-40e9-bdea-21337ee78083 req-538128af-4fcc-473a-a792-8f2733076768 service placement] 10.222.0.81 "GET /placement/allocations/ce11d28d-cebf-42eb-be97-97989e234bd1" status: 200 len: 259 microversion: 1.28
Nov 12 12:41:12.908302 n-d-804878-5 devstack@placement-api.service[103263]: [pid: 103263|app: 0|req: 459/911] 10.222.0.81 () {60 vars in 1377 bytes} [Fri Nov 12 12:41:12 2021] GET /placement/allocations/ce11d28d-cebf-42eb-be97-97989e234bd1 => generated 259 bytes in 22 msecs (HTTP/1.1 200) 8 headers in 296 bytes (2 switches on core 0)
Nov 12 12:41:19.825608 n-d-804878-5 devstack@placement-api.service[103262]: DEBUG placement.requestlog [req-55c2876b-24c1-4888-a13e-8404835f1904 req-a2cad0b8-7749-4406-93a6-18a59638ac50 None None] Starting request: 10.222.0.18 "GET /placement/allocation_candidates?limit=1000&resources=MEMORY_MB%3A1024%2CVCPU%3A1&root_required=%21COMPUTE_STATUS_DISABLED" {{(pid=103262) __call__ /opt/stack/placement/placement/requestlog.py:55}}
Nov 12 12:41:19.875414 n-d-804878-5 devstack@placement-api.service[103262]: DEBUG placement.objects.research_context [req-55c2876b-24c1-4888-a13e-8404835f1904 req-a2cad0b8-7749-4406-93a6-18a59638ac50 service placement] getting providers with 1024 MEMORY_MB {{(pid=103262) __init__ /opt/stack/placement/placement/objects/research_context.py:126}}
Nov 12 12:41:19.891465 n-d-804878-5 devstack@placement-api.service[103262]: DEBUG placement.objects.research_context [req-55c2876b-24c1-4888-a13e-8404835f1904 req-a2cad0b8-7749-4406-93a6-18a59638ac50 service placement] getting providers with 1 VCPU {{(pid=103262) __init__ /opt/stack/placement/placement/objects/research_context.py:126}}
Nov 12 12:41:19.901677 n-d-804878-5 devstack@placement-api.service[103262]: DEBUG placement.objects.research_context [req-55c2876b-24c1-4888-a13e-8404835f1904 req-a2cad0b8-7749-4406-93a6-18a59638ac50 service placement] found 2 providers with available 1024 MEMORY_MB {{(pid=103262) get_provider_ids_matching /opt/stack/placement/placement/objects/research_context.py:549}}
Nov 12 12:41:19.905181 n-d-804878-5 devstack@placement-api.service[103262]: DEBUG placement.objects.research_context [req-55c2876b-24c1-4888-a13e-8404835f1904 req-a2cad0b8-7749-4406-93a6-18a59638ac50 service placement] found 2 providers with available 1 VCPU {{(pid=103262) get_provider_ids_matching /opt/stack/placement/placement/objects/research_context.py:549}}
Nov 12 12:41:19.905855 n-d-804878-5 devstack@placement-api.service[103262]: DEBUG placement.objects.research_context [req-55c2876b-24c1-4888-a13e-8404835f1904 req-a2cad0b8-7749-4406-93a6-18a59638ac50 service placement] found 2 providers after filtering by previous result {{(pid=103262) get_provider_ids_matching /opt/stack/placement/placement/objects/research_context.py:580}}
Nov 12 12:41:19.924160 n-d-804878-5 devstack@placement-api.service[103262]: DEBUG placement.objects.allocation_candidate [req-55c2876b-24c1-4888-a13e-8404835f1904 req-a2cad0b8-7749-4406-93a6-18a59638ac50 service placement] RequestGroup(use_same_provider=False, resources={MEMORY_MB:1024, VCPU:1}, traits=[], aggregates=[]) (suffix '') returned 2 matches {{(pid=103262) _get_by_requests /opt/stack/placement/placement/objects/allocation_candidate.py:145}}
Nov 12 12:41:19.924793 n-d-804878-5 devstack@placement-api.service[103262]: DEBUG placement.objects.allocation_candidate [req-55c2876b-24c1-4888-a13e-8404835f1904 req-a2cad0b8-7749-4406-93a6-18a59638ac50 service placement] Merging candidates yields 2 allocation requests and 2 provider summaries {{(pid=103262) _merge_candidates /opt/stack/placement/placement/objects/allocation_candidate.py:783}}
Nov 12 12:41:19.927155 n-d-804878-5 devstack@placement-api.service[103262]: INFO placement.requestlog [req-55c2876b-24c1-4888-a13e-8404835f1904 req-a2cad0b8-7749-4406-93a6-18a59638ac50 service placement] 10.222.0.18 "GET /placement/allocation_candidates?limit=1000&resources=MEMORY_MB%3A1024%2CVCPU%3A1&root_required=%21COMPUTE_STATUS_DISABLED" status: 200 len: 1281 microversion: 1.36
Nov 12 12:41:19.927631 n-d-804878-5 devstack@placement-api.service[103262]: [pid: 103262|app: 0|req: 453/912] 10.222.0.18 () {60 vars in 1478 bytes} [Fri Nov 12 12:41:19 2021] GET /placement/allocation_candidates?limit=1000&resources=MEMORY_MB%3A1024%2CVCPU%3A1&root_required=%21COMPUTE_STATUS_DISABLED => generated 1281 bytes in 102 msecs (HTTP/1.1 200) 8 headers in 297 bytes (1 switches on core 0)
Nov 12 12:41:20.064873 n-d-804878-5 devstack@placement-api.service[103263]: DEBUG placement.requestlog [req-55c2876b-24c1-4888-a13e-8404835f1904 req-e3e35c8f-b47f-4a10-846f-2ee3e11cd9f8 None None] Starting request: 10.222.0.18 "GET /placement/allocations/9bcc62b0-a2e0-4165-92cf-d174a75b8d9a" {{(pid=103263) __call__ /opt/stack/placement/placement/requestlog.py:55}}
Nov 12 12:41:20.079641 n-d-804878-5 devstack@placement-api.service[103263]: INFO placement.requestlog [req-55c2876b-24c1-4888-a13e-8404835f1904 req-e3e35c8f-b47f-4a10-846f-2ee3e11cd9f8 service placement] 10.222.0.18 "GET /placement/allocations/9bcc62b0-a2e0-4165-92cf-d174a75b8d9a" status: 200 len: 19 microversion: 1.28
Nov 12 12:41:20.084817 n-d-804878-5 devstack@placement-api.service[103263]: [pid: 103263|app: 0|req: 460/913] 10.222.0.18 () {60 vars in 1380 bytes} [Fri Nov 12 12:41:20 2021] GET /placement/allocations/9bcc62b0-a2e0-4165-92cf-d174a75b8d9a => generated 19 bytes in 20 msecs (HTTP/1.1 200) 8 headers in 295 bytes (1 switches on core 0)
Nov 12 12:41:20.090961 n-d-804878-5 devstack@placement-api.service[103262]: DEBUG placement.requestlog [req-55c2876b-24c1-4888-a13e-8404835f1904 req-2e5363e8-bfcb-4bdf-b7d3-331c96768067 None None] Starting request: 10.222.0.18 "PUT /placement/allocations/9bcc62b0-a2e0-4165-92cf-d174a75b8d9a" {{(pid=103262) __call__ /opt/stack/placement/placement/requestlog.py:55}}
Nov 12 12:41:20.186687 n-d-804878-5 devstack@placement-api.service[103262]: DEBUG placement.handlers.allocation [req-55c2876b-24c1-4888-a13e-8404835f1904 req-2e5363e8-bfcb-4bdf-b7d3-331c96768067 service placement] Successfully wrote allocations [<placement.objects.allocation.Allocation object at 0x7fead8582c70>, <placement.objects.allocation.Allocation object at 0x7fead8582b80>] {{(pid=103262) _update_consumers_and_create_allocations /opt/stack/placement/placement/handlers/allocation.py:462}}
Nov 12 12:41:20.190370 n-d-804878-5 devstack@placement-api.service[103262]: INFO placement.requestlog [req-55c2876b-24c1-4888-a13e-8404835f1904 req-2e5363e8-bfcb-4bdf-b7d3-331c96768067 service placement] 10.222.0.18 "PUT /placement/allocations/9bcc62b0-a2e0-4165-92cf-d174a75b8d9a" status: 204 len: 0 microversion: 1.36
Nov 12 12:41:20.190616 n-d-804878-5 devstack@placement-api.service[103262]: [pid: 103262|app: 0|req: 454/914] 10.222.0.18 () {64 vars in 1433 bytes} [Fri Nov 12 12:41:20 2021] PUT /placement/allocations/9bcc62b0-a2e0-4165-92cf-d174a75b8d9a => generated 0 bytes in 100 msecs (HTTP/1.1 204) 5 headers in 199 bytes (1 switches on core 0)
Nov 12 12:41:20.599820 n-d-804878-5 devstack@placement-api.service[103263]: DEBUG placement.requestlog [req-55c2876b-24c1-4888-a13e-8404835f1904 req-07e0d7d3-2e97-4cf2-9342-d9661dc2fe78 None None] Starting request: 10.222.0.65 "GET /placement/allocations/9bcc62b0-a2e0-4165-92cf-d174a75b8d9a" {{(pid=103263) __call__ /opt/stack/placement/placement/requestlog.py:55}}
Nov 12 12:41:20.629101 n-d-804878-5 devstack@placement-api.service[103263]: INFO placement.requestlog [req-55c2876b-24c1-4888-a13e-8404835f1904 req-07e0d7d3-2e97-4cf2-9342-d9661dc2fe78 service placement] 10.222.0.65 "GET /placement/allocations/9bcc62b0-a2e0-4165-92cf-d174a75b8d9a" status: 200 len: 246 microversion: 1.28
Nov 12 12:41:20.629884 n-d-804878-5 devstack@placement-api.service[103263]: [pid: 103263|app: 0|req: 461/915] 10.222.0.65 () {60 vars in 1377 bytes} [Fri Nov 12 12:41:20 2021] GET /placement/allocations/9bcc62b0-a2e0-4165-92cf-d174a75b8d9a => generated 246 bytes in 30 msecs (HTTP/1.1 200) 8 headers in 296 bytes (1 switches on core 0)
Nov 12 12:41:26.791758 n-d-804878-5 devstack@placement-api.service[103262]: DEBUG placement.requestlog [req-df9383a2-502c-43cd-995c-71bf82d7fc4c req-09e67c9b-e185-4847-b0b6-46cc03d7e4fd None None] Starting request: 10.222.0.81 "GET /placement/resource_providers/b827624d-69c1-4464-903a-ee8aa4bba74d/allocations" {{(pid=103262) __call__ /opt/stack/placement/placement/requestlog.py:55}}
Nov 12 12:41:26.840567 n-d-804878-5 devstack@placement-api.service[103262]: INFO placement.requestlog [req-df9383a2-502c-43cd-995c-71bf82d7fc4c req-09e67c9b-e185-4847-b0b6-46cc03d7e4fd service placement] 10.222.0.81 "GET /placement/resource_providers/b827624d-69c1-4464-903a-ee8aa4bba74d/allocations" status: 200 len: 328 microversion: 1.0
