Aug 17 16:25:24.891690 n-d-804878-1 devstack@placement-api.service[95321]: DEBUG placement.objects.research_context [req-63f90743-41de-46b6-8961-4527f1a57146 req-939dbedb-2de1-4157-ad56-ecae7e25656d service placement] getting providers with 1 VCPU {{(pid=95321) __init__ /opt/stack/placement/placement/objects/research_context.py:126}}
Aug 17 16:25:24.898781 n-d-804878-1 devstack@placement-api.service[95321]: DEBUG placement.objects.research_context [req-63f90743-41de-46b6-8961-4527f1a57146 req-939dbedb-2de1-4157-ad56-ecae7e25656d service placement] found 2 providers with available 1 DISK_GB {{(pid=95321) get_provider_ids_matching /opt/stack/placement/placement/objects/research_context.py:549}}
Aug 17 16:25:24.899291 n-d-804878-1 devstack@placement-api.service[95321]: DEBUG placement.objects.research_context [req-63f90743-41de-46b6-8961-4527f1a57146 req-939dbedb-2de1-4157-ad56-ecae7e25656d service placement] found 2 providers with available 1024 MEMORY_MB {{(pid=95321) get_provider_ids_matching /opt/stack/placement/placement/objects/research_context.py:549}}
Aug 17 16:25:24.899709 n-d-804878-1 devstack@placement-api.service[95321]: DEBUG placement.objects.research_context [req-63f90743-41de-46b6-8961-4527f1a57146 req-939dbedb-2de1-4157-ad56-ecae7e25656d service placement] found 2 providers after filtering by previous result {{(pid=95321) get_provider_ids_matching /opt/stack/placement/placement/objects/research_context.py:580}}
Aug 17 16:25:24.900134 n-d-804878-1 devstack@placement-api.service[95321]: DEBUG placement.objects.research_context [req-63f90743-41de-46b6-8961-4527f1a57146 req-939dbedb-2de1-4157-ad56-ecae7e25656d service placement] found 2 providers with available 1 VCPU {{(pid=95321) get_provider_ids_matching /opt/stack/placement/placement/objects/research_context.py:549}}
Aug 17 16:25:24.900538 n-d-804878-1 devstack@placement-api.service[95321]: DEBUG placement.objects.research_context [req-63f90743-41de-46b6-8961-4527f1a57146 req-939dbedb-2de1-4157-ad56-ecae7e25656d service placement] found 2 providers after filtering by previous result {{(pid=95321) get_provider_ids_matching /opt/stack/placement/placement/objects/research_context.py:580}}
Aug 17 16:25:24.916355 n-d-804878-1 devstack@placement-api.service[95321]: DEBUG placement.objects.allocation_candidate [req-63f90743-41de-46b6-8961-4527f1a57146 req-939dbedb-2de1-4157-ad56-ecae7e25656d service placement] RequestGroup(use_same_provider=False, resources={DISK_GB:1, MEMORY_MB:1024, VCPU:1}, traits=[], aggregates=[]) (suffix '') returned 2 matches {{(pid=95321) _get_by_requests /opt/stack/placement/placement/objects/allocation_candidate.py:145}}
Aug 17 16:25:24.916739 n-d-804878-1 devstack@placement-api.service[95321]: DEBUG placement.objects.allocation_candidate [req-63f90743-41de-46b6-8961-4527f1a57146 req-939dbedb-2de1-4157-ad56-ecae7e25656d service placement] Merging candidates yields 2 allocation requests and 2 provider summaries {{(pid=95321) _merge_candidates /opt/stack/placement/placement/objects/allocation_candidate.py:783}}
Aug 17 16:25:24.922004 n-d-804878-1 devstack@placement-api.service[95321]: INFO placement.requestlog [req-63f90743-41de-46b6-8961-4527f1a57146 req-939dbedb-2de1-4157-ad56-ecae7e25656d service placement] 10.222.0.77 "GET /placement/allocation_candidates?limit=1000&resources=DISK_GB%3A1%2CMEMORY_MB%3A1024%2CVCPU%3A1&root_required=%21COMPUTE_STATUS_DISABLED" status: 200 len: 1309 microversion: 1.35
Aug 17 16:25:24.922255 n-d-804878-1 devstack@placement-api.service[95321]: [pid: 95321|app: 0|req: 317/631] 10.222.0.77 () {60 vars in 1507 bytes} [Tue Aug 17 16:25:24 2021] GET /placement/allocation_candidates?limit=1000&resources=DISK_GB%3A1%2CMEMORY_MB%3A1024%2CVCPU%3A1&root_required=%21COMPUTE_STATUS_DISABLED => generated 1309 bytes in 150 msecs (HTTP/1.1 200) 8 headers in 297 bytes (1 switches on core 0)
Aug 17 16:25:24.991796 n-d-804878-1 devstack@placement-api.service[95320]: DEBUG placement.requestlog [req-63f90743-41de-46b6-8961-4527f1a57146 req-60c43ed9-233c-4fb0-b1e6-699e84fb8433 None None] Starting request: 10.222.0.77 "GET /placement/allocations/32f110fc-488b-4bba-9f2e-537c8812d432" {{(pid=95320) __call__ /opt/stack/placement/placement/requestlog.py:55}}
Aug 17 16:25:25.013601 n-d-804878-1 devstack@placement-api.service[95320]: INFO placement.requestlog [req-63f90743-41de-46b6-8961-4527f1a57146 req-60c43ed9-233c-4fb0-b1e6-699e84fb8433 service placement] 10.222.0.77 "GET /placement/allocations/32f110fc-488b-4bba-9f2e-537c8812d432" status: 200 len: 19 microversion: 1.28
Aug 17 16:25:25.014183 n-d-804878-1 devstack@placement-api.service[95320]: [pid: 95320|app: 0|req: 315/632] 10.222.0.77 () {60 vars in 1381 bytes} [Tue Aug 17 16:25:24 2021] GET /placement/allocations/32f110fc-488b-4bba-9f2e-537c8812d432 => generated 19 bytes in 23 msecs (HTTP/1.1 200) 8 headers in 295 bytes (1 switches on core 0)
Aug 17 16:25:25.025078 n-d-804878-1 devstack@placement-api.service[95321]: DEBUG placement.requestlog [req-63f90743-41de-46b6-8961-4527f1a57146 req-f75fccdf-3d53-4e98-8cb5-9517618162ed None None] Starting request: 10.222.0.77 "PUT /placement/allocations/32f110fc-488b-4bba-9f2e-537c8812d432" {{(pid=95321) __call__ /opt/stack/placement/placement/requestlog.py:55}}
Aug 17 16:25:25.133399 n-d-804878-1 devstack@placement-api.service[95321]: DEBUG placement.handlers.allocation [req-63f90743-41de-46b6-8961-4527f1a57146 req-f75fccdf-3d53-4e98-8cb5-9517618162ed service placement] Successfully wrote allocations [, , ] {{(pid=95321) _create_allocations /opt/stack/placement/placement/handlers/allocation.py:435}}
Aug 17 16:25:25.134944 n-d-804878-1 devstack@placement-api.service[95321]: INFO placement.requestlog [req-63f90743-41de-46b6-8961-4527f1a57146 req-f75fccdf-3d53-4e98-8cb5-9517618162ed service placement] 10.222.0.77 "PUT /placement/allocations/32f110fc-488b-4bba-9f2e-537c8812d432" status: 204 len: 0 microversion: 1.35
Aug 17 16:25:25.136296 n-d-804878-1 devstack@placement-api.service[95321]: [pid: 95321|app: 0|req: 318/633] 10.222.0.77 () {64 vars in 1434 bytes} [Tue Aug 17 16:25:25 2021] PUT /placement/allocations/32f110fc-488b-4bba-9f2e-537c8812d432 => generated 0 bytes in 111 msecs (HTTP/1.1 204) 5 headers in 199 bytes (1 switches on core 0)
Aug 17 16:25:25.680011 n-d-804878-1 devstack@placement-api.service[95320]: DEBUG placement.requestlog [req-63f90743-41de-46b6-8961-4527f1a57146 req-df58f278-0f10-421d-919a-5b44272994e2 None None] Starting request: 10.222.0.93 "GET /placement/allocations/32f110fc-488b-4bba-9f2e-537c8812d432" {{(pid=95320) __call__ /opt/stack/placement/placement/requestlog.py:55}}
Aug 17 16:25:25.698520 n-d-804878-1 devstack@placement-api.service[95320]: INFO placement.requestlog [req-63f90743-41de-46b6-8961-4527f1a57146 req-df58f278-0f10-421d-919a-5b44272994e2 service placement] 10.222.0.93 "GET /placement/allocations/32f110fc-488b-4bba-9f2e-537c8812d432" status: 200 len: 259 microversion: 1.28
Aug 17 16:25:25.699351 n-d-804878-1 devstack@placement-api.service[95320]: [pid: 95320|app: 0|req: 316/634] 10.222.0.93 () {60 vars in 1378 bytes} [Tue Aug 17 16:25:25 2021] GET /placement/allocations/32f110fc-488b-4bba-9f2e-537c8812d432 => generated 259 bytes in 20 msecs (HTTP/1.1 200) 8 headers in 296 bytes (2 switches on core 0)
Aug 17 16:25:29.349082 n-d-804878-1 devstack@placement-api.service[95321]: DEBUG placement.requestlog [req-9762f6c7-dc2e-4b10-ab75-e98d370a6595 req-63dfef13-aa23-4396-a64c-8aabbc221141 None None] Starting request: 10.222.0.93 "GET /placement/resource_providers/f843064a-191e-4323-9321-e862d37d1b1f/allocations" {{(pid=95321) __call__ /opt/stack/placement/placement/requestlog.py:55}}
Aug 17 16:25:29.398047 n-d-804878-1 devstack@placement-api.service[95321]: INFO placement.requestlog [req-9762f6c7-dc2e-4b10-ab75-e98d370a6595 req-63dfef13-aa23-4396-a64c-8aabbc221141 service placement] 10.222.0.93 "GET /placement/resource_providers/f843064a-191e-4323-9321-e862d37d1b1f/allocations" status: 200 len: 847 microversion: 1.0
Aug 17 16:25:29.398974 n-d-804878-1 devstack@placement-api.service[95321]: [pid: 95321|app: 0|req: 319/635] 10.222.0.93 () {58 vars in 1391 bytes} [Tue Aug 17 16:25:29 2021] GET /placement/resource_providers/f843064a-191e-4323-9321-e862d37d1b1f/allocations => generated 847 bytes in 50 msecs (HTTP/1.1 200) 6 headers in 224 bytes (1 switches on core 0)
Aug 17 16:25:29.900239 n-d-804878-1 devstack@placement-api.service[95320]: DEBUG placement.requestlog [req-44031751-6655-43d0-85a1-e0ea5334cd17 req-fdb2f2aa-97f0-4a3c-a27f-a2a9e466dea7 None None] Starting request: 10.222.0.91 "GET /placement/resource_providers/ea2144a2-44d1-415b-a672-e6e2ddb54074/allocations" {{(pid=95320) __call__ /opt/stack/placement/placement/requestlog.py:55}}
Aug 17 16:25:29.934973 n-d-804878-1 devstack@placement-api.service[95320]: INFO placement.requestlog [req-44031751-6655-43d0-85a1-e0ea5334cd17 req-fdb2f2aa-97f0-4a3c-a27f-a2a9e466dea7 service placement] 10.222.0.91 "GET /placement/resource_providers/ea2144a2-44d1-415b-a672-e6e2ddb54074/allocations" status: 200 len: 544 microversion: 1.0
Aug 17 16:25:29.935887 n-d-804878-1 devstack@placement-api.service[95320]: [pid: 95320|app: 0|req: 317/636] 10.222.0.91 () {58 vars in 1391 bytes} [Tue Aug 17 16:25:29 2021] GET /placement/resource_providers/ea2144a2-44d1-415b-a672-e6e2ddb54074/allocations => generated 544 bytes in 36 msecs (HTTP/1.1 200) 6 headers in 224 bytes (1 switches on core 0)
Aug 17 16:25:30.290812 n-d-804878-1 devstack@placement-api.service[95321]: DEBUG placement.requestlog [req-44031751-6655-43d0-85a1-e0ea5334cd17 req-26ff33a0-08d4-4904-b84a-0840a545ba9c None None] Starting request: 10.222.0.91 "GET /placement/allocations/ebc5d428-a03d-4a31-92b4-2c87e5aac9cf" {{(pid=95321) __call__ /opt/stack/placement/placement/requestlog.py:55}}
Aug 17 16:25:30.308528 n-d-804878-1 devstack@placement-api.service[95321]: INFO placement.requestlog [req-44031751-6655-43d0-85a1-e0ea5334cd17 req-26ff33a0-08d4-4904-b84a-0840a545ba9c service placement] 10.222.0.91 "GET /placement/allocations/ebc5d428-a03d-4a31-92b4-2c87e5aac9cf" status: 200 len: 245 microversion: 1.28
Aug 17 16:25:30.309236 n-d-804878-1 devstack@placement-api.service[95321]: [pid: 95321|app: 0|req: 320/637] 10.222.0.91 () {60 vars in 1378 bytes} [Tue Aug 17 16:25:30 2021] GET /placement/allocations/ebc5d428-a03d-4a31-92b4-2c87e5aac9cf => generated 245 bytes in 19 msecs (HTTP/1.1 200) 8 headers in 296 bytes (2 switches on core 0)
Aug 17 16:25:30.328315 n-d-804878-1 devstack@placement-api.service[95320]: DEBUG placement.requestlog [req-44031751-6655-43d0-85a1-e0ea5334cd17 req-f159a7e5-7bf0-48f1-816b-ea6bcd09420f None None] Starting request: 10.222.0.91 "PUT /placement/allocations/ebc5d428-a03d-4a31-92b4-2c87e5aac9cf" {{(pid=95320) __call__ /opt/stack/placement/placement/requestlog.py:55}}
Aug 17 16:25:30.425209 n-d-804878-1 devstack@placement-api.service[95320]: DEBUG placement.handlers.allocation [req-44031751-6655-43d0-85a1-e0ea5334cd17 req-f159a7e5-7bf0-48f1-816b-ea6bcd09420f service placement] Successfully wrote allocations [, ] {{(pid=95320) _create_allocations /opt/stack/placement/placement/handlers/allocation.py:435}}
Aug 17 16:25:30.426724 n-d-804878-1 devstack@placement-api.service[95320]: INFO placement.requestlog [req-44031751-6655-43d0-85a1-e0ea5334cd17 req-f159a7e5-7bf0-48f1-816b-ea6bcd09420f service placement] 10.222.0.91 "PUT /placement/allocations/ebc5d428-a03d-4a31-92b4-2c87e5aac9cf" status: 204 len: 0 microversion: 1.28
Aug 17 16:25:30.427471 n-d-804878-1 devstack@placement-api.service[95320]: [pid: 95320|app: 0|req: 318/638] 10.222.0.91 () {64 vars in 1431 bytes} [Tue Aug 17 16:25:30 2021] PUT /placement/allocations/ebc5d428-a03d-4a31-92b4-2c87e5aac9cf => generated 0 bytes in 99 msecs (HTTP/1.1 204) 5 headers in 199 bytes (1 switches on core 0)
Aug 17 16:25:35.540253 n-d-804878-1 devstack@placement-api.service[95321]: DEBUG placement.requestlog [req-902a5648-5587-4377-9998-9c190523dcf8 req-8fafc762-62b9-408f-bdca-2f627964b1ff None None] Starting request: 10.222.0.91 "GET /placement/resource_providers/ea2144a2-44d1-415b-a672-e6e2ddb54074/allocations" {{(pid=95321) __call__ /opt/stack/placement/placement/requestlog.py:55}}
Aug 17 16:25:35.612411 n-d-804878-1 devstack@placement-api.service[95321]: INFO placement.requestlog [req-902a5648-5587-4377-9998-9c190523dcf8 req-8fafc762-62b9-408f-bdca-2f627964b1ff service placement] 10.222.0.91 "GET /placement/resource_providers/ea2144a2-44d1-415b-a672-e6e2ddb54074/allocations" status: 200 len: 457 microversion: 1.0
Aug 17 16:25:35.614699 n-d-804878-1 devstack@placement-api.service[95321]: [pid: 95321|app: 0|req: 321/639] 10.222.0.91 () {58 vars in 1391 bytes} [Tue Aug 17 16:25:35 2021] GET /placement/resource_providers/ea2144a2-44d1-415b-a672-e6e2ddb54074/allocations => generated 457 bytes in 75 msecs (HTTP/1.1 200) 6 headers in 224 bytes (2 switches on core 0)
Aug 17 16:25:39.703436 n-d-804878-1 devstack@placement-api.service[95320]: DEBUG placement.requestlog [req-4e254d64-0b94-41c5-b51b-5fa19592b87e req-25e07996-497a-4aef-a693-a96148c4af73 None None] Starting request: 10.222.0.91 "GET /placement/allocations/d4b381b7-4acc-4383-b607-1f69477b0a63" {{(pid=95320) __call__ /opt/stack/placement/placement/requestlog.py:55}}
Aug 17 16:25:39.721183 n-d-804878-1 devstack@placement-api.service[95320]: INFO placement.requestlog [req-4e254d64-0b94-41c5-b51b-5fa19592b87e req-25e07996-497a-4aef-a693-a96148c4af73 service placement] 10.222.0.91 "GET /placement/allocations/d4b381b7-4acc-4383-b607-1f69477b0a63" status: 200 len: 259 microversion: 1.28
Aug 17 16:25:39.721552 n-d-804878-1 devstack@placement-api.service[95320]: [pid: 95320|app: 0|req: 319/640] 10.222.0.91 () {60 vars in 1378 bytes} [Tue Aug 17 16:25:39 2021] GET /placement/allocations/d4b381b7-4acc-4383-b607-1f69477b0a63 => generated 259 bytes in 19 msecs (HTTP/1.1 200) 8 headers in 296 bytes (1 switches on core 0)
Aug 17 16:25:39.730418 n-d-804878-1 devstack@placement-api.service[95321]: DEBUG placement.requestlog [req-4e254d64-0b94-41c5-b51b-5fa19592b87e req-4cd41651-cc6b-4077-af13-c7f2e732b18e None None] Starting request: 10.222.0.91 "PUT /placement/allocations/d4b381b7-4acc-4383-b607-1f69477b0a63" {{(pid=95321) __call__ /opt/stack/placement/placement/requestlog.py:55}}
Aug 17 16:25:39.827225 n-d-804878-1 devstack@placement-api.service[95321]: DEBUG placement.handlers.allocation [req-4e254d64-0b94-41c5-b51b-5fa19592b87e req-4cd41651-cc6b-4077-af13-c7f2e732b18e service placement] Successfully wrote allocations [, , ] {{(pid=95321) _create_allocations /opt/stack/placement/placement/handlers/allocation.py:435}}
Aug 17 16:25:39.827848 n-d-804878-1 devstack@placement-api.service[95321]: INFO placement.requestlog [req-4e254d64-0b94-41c5-b51b-5fa19592b87e req-4cd41651-cc6b-4077-af13-c7f2e732b18e service placement] 10.222.0.91 "PUT /placement/allocations/d4b381b7-4acc-4383-b607-1f69477b0a63" status: 204 len: 0 microversion: 1.28
Aug 17 16:25:39.828517 n-d-804878-1 devstack@placement-api.service[95321]: [pid: 95321|app: 0|req: 322/641] 10.222.0.91 () {64 vars in 1431 bytes} [Tue Aug 17 16:25:39 2021] PUT /placement/allocations/d4b381b7-4acc-4383-b607-1f69477b0a63 => generated 0 bytes in 99 msecs (HTTP/1.1 204) 5 headers in 199 bytes (1 switches on core 0)
Aug 17 16:25:40.645620 n-d-804878-1 devstack@placement-api.service[95320]: DEBUG placement.requestlog [req-776bd701-0fd2-43fc-bb98-ebe5cc4f6bcd req-df2349bd-617b-4376-9085-890e20058f72 None None] Starting request: 10.222.0.93 "GET /placement/allocations/9c1b9a34-0dc6-48c6-ab49-868597d93585" {{(pid=95320) __call__ /opt/stack/placement/placement/requestlog.py:55}}
Aug 17 16:25:40.664845 n-d-804878-1 devstack@placement-api.service[95320]: INFO placement.requestlog [req-776bd701-0fd2-43fc-bb98-ebe5cc4f6bcd req-df2349bd-617b-4376-9085-890e20058f72 service placement] 10.222.0.93 "GET /placement/allocations/9c1b9a34-0dc6-48c6-ab49-868597d93585" status: 200 len: 245 microversion: 1.28
Aug 17 16:25:40.674839 n-d-804878-1 devstack@placement-api.service[95321]: DEBUG placement.requestlog [req-776bd701-0fd2-43fc-bb98-ebe5cc4f6bcd req-55205e81-5e00-4eaa-93e9-a1392e94083c None None] Starting request: 10.222.0.93 "PUT /placement/allocations/9c1b9a34-0dc6-48c6-ab49-868597d93585" {{(pid=95321) __call__ /opt/stack/placement/placement/requestlog.py:55}}
Aug 17 16:25:40.679800 n-d-804878-1 devstack@placement-api.service[95320]: [pid: 95320|app: 0|req: 320/642] 10.222.0.93 () {60 vars in 1378 bytes} [Tue Aug 17 16:25:40 2021] GET /placement/allocations/9c1b9a34-0dc6-48c6-ab49-868597d93585 => generated 245 bytes in 34 msecs (HTTP/1.1 200) 8 headers in 296 bytes (2 switches on core 0)
Aug 17 16:25:40.826033 n-d-804878-1 devstack@placement-api.service[95321]: DEBUG placement.handlers.allocation [req-776bd701-0fd2-43fc-bb98-ebe5cc4f6bcd req-55205e81-5e00-4eaa-93e9-a1392e94083c service placement] Successfully wrote allocations [, ] {{(pid=95321) _create_allocations /opt/stack/placement/placement/handlers/allocation.py:435}}
Aug 17 16:25:40.829366 n-d-804878-1 devstack@placement-api.service[95321]: INFO placement.requestlog [req-776bd701-0fd2-43fc-bb98-ebe5cc4f6bcd req-55205e81-5e00-4eaa-93e9-a1392e94083c service placement] 10.222.0.93 "PUT /placement/allocations/9c1b9a34-0dc6-48c6-ab49-868597d93585" status: 204 len: 0 microversion: 1.28
Aug 17 16:25:40.829812 n-d-804878-1 devstack@placement-api.service[95321]: [pid: 95321|app: 0|req: 323/643] 10.222.0.93 () {64 vars in 1431 bytes} [Tue Aug 17 16:25:40 2021] PUT /placement/allocations/9c1b9a34-0dc6-48c6-ab49-868597d93585 => generated 0 bytes in 155 msecs (HTTP/1.1 204) 5 headers in 199 bytes (2 switches on core 0)
Aug 17 16:25:50.152621 n-d-804878-1 devstack@placement-api.service[95320]: DEBUG placement.requestlog [req-5ad5cb13-d171-477e-9963-7874d51ab7cf req-c144b226-1f17-4c05-be09-03b748afa10f None None] Starting request: 10.222.0.93 "GET /placement/allocations/67474dca-3a3e-4ef1-8fc5-88fd9b9525ae" {{(pid=95320) __call__ /opt/stack/placement/placement/requestlog.py:55}}
Aug 17 16:25:50.180477 n-d-804878-1 devstack@placement-api.service[95320]: INFO placement.requestlog [req-5ad5cb13-d171-477e-9963-7874d51ab7cf req-c144b226-1f17-4c05-be09-03b748afa10f service placement] 10.222.0.93 "GET /placement/allocations/67474dca-3a3e-4ef1-8fc5-88fd9b9525ae" status: 200 len: 259 microversion: 1.28
Aug 17 16:25:50.181075 n-d-804878-1 devstack@placement-api.service[95320]: [pid: 95320|app: 0|req: 321/644] 10.222.0.93 () {60 vars in 1378 bytes} [Tue Aug 17 16:25:50 2021] GET /placement/allocations/67474dca-3a3e-4ef1-8fc5-88fd9b9525ae => generated 259 bytes in 27 msecs (HTTP/1.1 200) 8 headers in 296 bytes (1 switches on core 0)
Aug 17 16:25:50.187546 n-d-804878-1 devstack@placement-api.service[95321]: DEBUG placement.requestlog [req-5ad5cb13-d171-477e-9963-7874d51ab7cf req-dff74cc9-2bf2-46f4-a4d6-a6c992ad5e9c None None] Starting request: 10.222.0.93 "PUT /placement/allocations/67474dca-3a3e-4ef1-8fc5-88fd9b9525ae" {{(pid=95321) __call__ /opt/stack/placement/placement/requestlog.py:55}}
Aug 17 16:25:50.286566 n-d-804878-1 devstack@placement-api.service[95321]: DEBUG placement.handlers.allocation [req-5ad5cb13-d171-477e-9963-7874d51ab7cf req-dff74cc9-2bf2-46f4-a4d6-a6c992ad5e9c service placement] Successfully wrote allocations [, , ] {{(pid=95321) _create_allocations /opt/stack/placement/placement/handlers/allocation.py:435}}
Aug 17 16:25:50.288753 n-d-804878-1 devstack@placement-api.service[95321]: INFO placement.requestlog [req-5ad5cb13-d171-477e-9963-7874d51ab7cf req-dff74cc9-2bf2-46f4-a4d6-a6c992ad5e9c service placement] 10.222.0.93 "PUT /placement/allocations/67474dca-3a3e-4ef1-8fc5-88fd9b9525ae" status: 204 len: 0 microversion: 1.28
Aug 17 16:25:50.289923 n-d-804878-1 devstack@placement-api.service[95321]: [pid: 95321|app: 0|req: 324/645] 10.222.0.93 () {64 vars in 1431 bytes} [Tue Aug 17 16:25:50 2021] PUT /placement/allocations/67474dca-3a3e-4ef1-8fc5-88fd9b9525ae => generated 0 bytes in 102 msecs (HTTP/1.1 204) 5 headers in 199 bytes (1 switches on core 0)
Aug 17 16:25:57.527369 n-d-804878-1 devstack@placement-api.service[95320]: DEBUG placement.requestlog [req-a4022e28-f748-4ebd-a7e0-3c33d0eae123 req-d7a7978a-48d5-48c5-b4c2-e76aae204346 None None] Starting request: 10.222.0.77 "GET /placement/allocation_candidates?limit=1000&resources=DISK_GB%3A1%2CMEMORY_MB%3A1024%2CVCPU%3A1&root_required=%21COMPUTE_STATUS_DISABLED" {{(pid=95320) __call__ /opt/stack/placement/placement/requestlog.py:55}}
Aug 17 16:25:57.580848 n-d-804878-1 devstack@placement-api.service[95320]: DEBUG placement.objects.research_context [req-a4022e28-f748-4ebd-a7e0-3c33d0eae123 req-d7a7978a-48d5-48c5-b4c2-e76aae204346 service placement] getting providers with 1 DISK_GB {{(pid=95320) __init__ /opt/stack/placement/placement/objects/research_context.py:126}}
Aug 17 16:25:57.588241 n-d-804878-1 devstack@placement-api.service[95320]: DEBUG placement.objects.research_context [req-a4022e28-f748-4ebd-a7e0-3c33d0eae123 req-d7a7978a-48d5-48c5-b4c2-e76aae204346 service placement] getting providers with 1024 MEMORY_MB {{(pid=95320) __init__ /opt/stack/placement/placement/objects/research_context.py:126}}
Aug 17 16:25:57.594848 n-d-804878-1 devstack@placement-api.service[95320]: DEBUG placement.objects.research_context [req-a4022e28-f748-4ebd-a7e0-3c33d0eae123 req-d7a7978a-48d5-48c5-b4c2-e76aae204346 service placement] getting providers with 1 VCPU {{(pid=95320) __init__ /opt/stack/placement/placement/objects/research_context.py:126}}
Aug 17 16:25:57.603321 n-d-804878-1 devstack@placement-api.service[95320]: DEBUG placement.objects.research_context [req-a4022e28-f748-4ebd-a7e0-3c33d0eae123 req-d7a7978a-48d5-48c5-b4c2-e76aae204346 service placement] found 2 providers with available 1 DISK_GB {{(pid=95320) get_provider_ids_matching /opt/stack/placement/placement/objects/research_context.py:549}}
Aug 17 16:25:57.603850 n-d-804878-1 devstack@placement-api.service[95320]: DEBUG placement.objects.research_context [req-a4022e28-f748-4ebd-a7e0-3c33d0eae123 req-d7a7978a-48d5-48c5-b4c2-e76aae204346 service placement] found 2 providers with available 1024 MEMORY_MB {{(pid=95320) get_provider_ids_matching /opt/stack/placement/placement/objects/research_context.py:549}}
Aug 17 16:25:57.604390 n-d-804878-1 devstack@placement-api.service[95320]: DEBUG placement.objects.research_context [req-a4022e28-f748-4ebd-a7e0-3c33d0eae123 req-d7a7978a-48d5-48c5-b4c2-e76aae204346 service placement] found 2 providers after filtering by previous result {{(pid=95320) get_provider_ids_matching /opt/stack/placement/placement/objects/research_context.py:580}}
Aug 17 16:25:57.604808 n-d-804878-1 devstack@placement-api.service[95320]: DEBUG placement.objects.research_context [req-a4022e28-f748-4ebd-a7e0-3c33d0eae123 req-d7a7978a-48d5-48c5-b4c2-e76aae204346 service placement] found 2 providers with available 1 VCPU {{(pid=95320) get_provider_ids_matching /opt/stack/placement/placement/objects/research_context.py:549}}
Aug 17 16:25:57.605310 n-d-804878-1 devstack@placement-api.service[95320]: DEBUG placement.objects.research_context [req-a4022e28-f748-4ebd-a7e0-3c33d0eae123 req-d7a7978a-48d5-48c5-b4c2-e76aae204346 service placement] found 2 providers after filtering by previous result {{(pid=95320) get_provider_ids_matching /opt/stack/placement/placement/objects/research_context.py:580}}
Aug 17 16:25:57.620083 n-d-804878-1 devstack@placement-api.service[95320]: DEBUG placement.objects.allocation_candidate [req-a4022e28-f748-4ebd-a7e0-3c33d0eae123 req-d7a7978a-48d5-48c5-b4c2-e76aae204346 service placement] RequestGroup(use_same_provider=False, resources={DISK_GB:1, MEMORY_MB:1024, VCPU:1}, traits=[], aggregates=[]) (suffix '') returned 2 matches {{(pid=95320) _get_by_requests /opt/stack/placement/placement/objects/allocation_candidate.py:145}}
Aug 17 16:25:57.620736 n-d-804878-1 devstack@placement-api.service[95320]: DEBUG placement.objects.allocation_candidate [req-a4022e28-f748-4ebd-a7e0-3c33d0eae123 req-d7a7978a-48d5-48c5-b4c2-e76aae204346 service placement] Merging candidates yields 2 allocation requests and 2 provider summaries {{(pid=95320) _merge_candidates /opt/stack/placement/placement/objects/allocation_candidate.py:783}}
Aug 17 16:25:57.622767 n-d-804878-1 devstack@placement-api.service[95320]: INFO placement.requestlog [req-a4022e28-f748-4ebd-a7e0-3c33d0eae123 req-d7a7978a-48d5-48c5-b4c2-e76aae204346 service placement] 10.222.0.77 "GET /placement/allocation_candidates?limit=1000&resources=DISK_GB%3A1%2CMEMORY_MB%3A1024%2CVCPU%3A1&root_required=%21COMPUTE_STATUS_DISABLED" status: 200 len: 1309 microversion: 1.35
Aug 17 16:25:57.623071 n-d-804878-1 devstack@placement-api.service[95320]: [pid: 95320|app: 0|req: 322/646] 10.222.0.77 () {60 vars in 1507 bytes} [Tue Aug 17 16:25:57 2021] GET /placement/allocation_candidates?limit=1000&resources=DISK_GB%3A1%2CMEMORY_MB%3A1024%2CVCPU%3A1&root_required=%21COMPUTE_STATUS_DISABLED => generated 1309 bytes in 96 msecs (HTTP/1.1 200) 8 headers in 297 bytes (1 switches on core 0)
Aug 17 16:25:57.687488 n-d-804878-1 devstack@placement-api.service[95321]: DEBUG placement.requestlog [req-a4022e28-f748-4ebd-a7e0-3c33d0eae123 req-ebae201e-3331-45d4-b3a4-b531dc0dc216 None None] Starting request: 10.222.0.77 "GET /placement/allocations/7cb1b0d2-0b15-4cf3-bc71-c45fc97f9a4c" {{(pid=95321) __call__ /opt/stack/placement/placement/requestlog.py:55}}
Aug 17 16:25:57.702063 n-d-804878-1 devstack@placement-api.service[95321]: INFO placement.requestlog [req-a4022e28-f748-4ebd-a7e0-3c33d0eae123 req-ebae201e-3331-45d4-b3a4-b531dc0dc216 service placement] 10.222.0.77 "GET /placement/allocations/7cb1b0d2-0b15-4cf3-bc71-c45fc97f9a4c" status: 200 len: 19 microversion: 1.28
Aug 17 16:25:57.708458 n-d-804878-1 devstack@placement-api.service[95321]: [pid: 95321|app: 0|req: 325/647] 10.222.0.77 () {60 vars in 1381 bytes} [Tue Aug 17 16:25:57 2021] GET /placement/allocations/7cb1b0d2-0b15-4cf3-bc71-c45fc97f9a4c => generated 19 bytes in 20 msecs (HTTP/1.1 200) 8 headers in 295 bytes (1 switches on core 0)
Aug 17 16:25:57.712058 n-d-804878-1 devstack@placement-api.service[95320]: DEBUG placement.requestlog [req-a4022e28-f748-4ebd-a7e0-3c33d0eae123 req-9d35f131-c857-44c1-a7bc-ad6fb81ed8c6 None None] Starting request: 10.222.0.77 "PUT /placement/allocations/7cb1b0d2-0b15-4cf3-bc71-c45fc97f9a4c" {{(pid=95320) __call__ /opt/stack/placement/placement/requestlog.py:55}}
Aug 17 16:25:57.798278 n-d-804878-1 devstack@placement-api.service[95320]: DEBUG placement.handlers.allocation [req-a4022e28-f748-4ebd-a7e0-3c33d0eae123 req-9d35f131-c857-44c1-a7bc-ad6fb81ed8c6 service placement] Successfully wrote allocations [, , ] {{(pid=95320) _create_allocations /opt/stack/placement/placement/handlers/allocation.py:435}}
Aug 17 16:25:57.799251 n-d-804878-1 devstack@placement-api.service[95320]: INFO placement.requestlog [req-a4022e28-f748-4ebd-a7e0-3c33d0eae123 req-9d35f131-c857-44c1-a7bc-ad6fb81ed8c6 service placement] 10.222.0.77 "PUT /placement/allocations/7cb1b0d2-0b15-4cf3-bc71-c45fc97f9a4c" status: 204 len: 0 microversion: 1.35
Aug 17 16:25:57.799938 n-d-804878-1 devstack@placement-api.service[95320]: [pid: 95320|app: 0|req: 323/648] 10.222.0.77 () {64 vars in 1434 bytes} [Tue Aug 17 16:25:57 2021] PUT /placement/allocations/7cb1b0d2-0b15-4cf3-bc71-c45fc97f9a4c => generated 0 bytes in 88 msecs (HTTP/1.1 204) 5 headers in 199 bytes (2 switches on core 0)
Aug 17 16:25:58.299082 n-d-804878-1 devstack@placement-api.service[95321]: DEBUG placement.requestlog [req-a4022e28-f748-4ebd-a7e0-3c33d0eae123 req-a4a507c8-361f-4a42-8f8f-f011cc92c245 None None] Starting request: 10.222.0.91 "GET /placement/allocations/7cb1b0d2-0b15-4cf3-bc71-c45fc97f9a4c" {{(pid=95321) __call__ /opt/stack/placement/placement/requestlog.py:55}}
Aug 17 16:25:58.329783 n-d-804878-1 devstack@placement-api.service[95321]: INFO placement.requestlog [req-a4022e28-f748-4ebd-a7e0-3c33d0eae123 req-a4a507c8-361f-4a42-8f8f-f011cc92c245 service placement] 10.222.0.91 "GET /placement/allocations/7cb1b0d2-0b15-4cf3-bc71-c45fc97f9a4c" status: 200 len: 259 microversion: 1.28
Aug 17 16:25:58.330121 n-d-804878-1 devstack@placement-api.service[95321]: [pid: 95321|app: 0|req: 326/649] 10.222.0.91 () {60 vars in 1378 bytes} [Tue Aug 17 16:25:58 2021] GET /placement/allocations/7cb1b0d2-0b15-4cf3-bc71-c45fc97f9a4c => generated 259 bytes in 32 msecs (HTTP/1.1 200) 8 headers in 296 bytes (1 switches on core 0)
Aug 17 16:25:58.637298 n-d-804878-1 devstack@placement-api.service[95320]: DEBUG placement.requestlog [req-7acea373-7c35-4ad1-b216-1d65a85fa451 req-1e644a7c-96d6-4979-b3a3-bffa184ef5f1 None None] Starting request: 10.222.0.93 "GET /placement/allocations/68e48381-ab6f-4f31-8a9b-a1657fe3f555" {{(pid=95320) __call__ /opt/stack/placement/placement/requestlog.py:55}}
Aug 17 16:25:58.677784 n-d-804878-1 devstack@placement-api.service[95320]: INFO placement.requestlog [req-7acea373-7c35-4ad1-b216-1d65a85fa451 req-1e644a7c-96d6-4979-b3a3-bffa184ef5f1 service placement] 10.222.0.93 "GET /placement/allocations/68e48381-ab6f-4f31-8a9b-a1657fe3f555" status: 200 len: 260 microversion: 1.28
Aug 17 16:25:58.678615 n-d-804878-1 devstack@placement-api.service[95320]: [pid: 95320|app: 0|req: 324/650] 10.222.0.93 () {60 vars in 1378 bytes} [Tue Aug 17 16:25:58 2021] GET /placement/allocations/68e48381-ab6f-4f31-8a9b-a1657fe3f555 => generated 260 bytes in 42 msecs (HTTP/1.1 200) 8 headers in 296 bytes (1 switches on core 0)
Aug 17 16:25:58.686934 n-d-804878-1 devstack@placement-api.service[95321]: DEBUG placement.requestlog [req-7acea373-7c35-4ad1-b216-1d65a85fa451 req-1ad093eb-26a2-41c9-8584-72950ec8a19b None None] Starting request: 10.222.0.93 "PUT /placement/allocations/68e48381-ab6f-4f31-8a9b-a1657fe3f555" {{(pid=95321) __call__ /opt/stack/placement/placement/requestlog.py:55}}
Aug 17 16:25:58.743475 n-d-804878-1 devstack@placement-api.service[95321]: DEBUG placement.handlers.allocation [req-7acea373-7c35-4ad1-b216-1d65a85fa451 req-1ad093eb-26a2-41c9-8584-72950ec8a19b service placement] Successfully wrote allocations [, , ] {{(pid=95321) _create_allocations /opt/stack/placement/placement/handlers/allocation.py:435}}
Aug 17 16:25:58.744850 n-d-804878-1 devstack@placement-api.service[95321]: INFO placement.requestlog [req-7acea373-7c35-4ad1-b216-1d65a85fa451 req-1ad093eb-26a2-41c9-8584-72950ec8a19b service placement] 10.222.0.93 "PUT /placement/allocations/68e48381-ab6f-4f31-8a9b-a1657fe3f555" status: 204 len: 0 microversion: 1.28
Aug 17 16:25:58.745109 n-d-804878-1 devstack@placement-api.service[95321]: [pid: 95321|app: 0|req: 327/651] 10.222.0.93 () {64 vars in 1431 bytes} [Tue Aug 17 16:25:58 2021] PUT /placement/allocations/68e48381-ab6f-4f31-8a9b-a1657fe3f555 => generated 0 bytes in 59 msecs (HTTP/1.1 204) 5 headers in 199 bytes (1 switches on core 0)
Aug 17 16:26:01.432177 n-d-804878-1 devstack@placement-api.service[95320]: DEBUG placement.requestlog [req-6ceea2e4-1e72-46bd-88db-7743b0d7af49 req-8597734a-884e-48b4-9707-571c37982cdb None None] Starting request: 10.222.0.77 "GET /placement/allocation_candidates?limit=1000&resources=DISK_GB%3A1%2CMEMORY_MB%3A1024%2CVCPU%3A1&root_required=%21COMPUTE_STATUS_DISABLED" {{(pid=95320) __call__ /opt/stack/placement/placement/requestlog.py:55}}
Aug 17 16:26:01.472347 n-d-804878-1 devstack@placement-api.service[95320]: DEBUG placement.objects.research_context [req-6ceea2e4-1e72-46bd-88db-7743b0d7af49 req-8597734a-884e-48b4-9707-571c37982cdb service placement] getting providers with 1 DISK_GB {{(pid=95320) __init__ /opt/stack/placement/placement/objects/research_context.py:126}}
Aug 17 16:26:01.480875 n-d-804878-1 devstack@placement-api.service[95320]: DEBUG placement.objects.research_context [req-6ceea2e4-1e72-46bd-88db-7743b0d7af49 req-8597734a-884e-48b4-9707-571c37982cdb service placement] getting providers with 1024 MEMORY_MB {{(pid=95320) __init__ /opt/stack/placement/placement/objects/research_context.py:126}}
Aug 17 16:26:01.492102 n-d-804878-1 devstack@placement-api.service[95320]: DEBUG placement.objects.research_context [req-6ceea2e4-1e72-46bd-88db-7743b0d7af49 req-8597734a-884e-48b4-9707-571c37982cdb service placement] getting providers with 1 VCPU {{(pid=95320) __init__ /opt/stack/placement/placement/objects/research_context.py:126}}
Aug 17 16:26:01.499249 n-d-804878-1 devstack@placement-api.service[95320]: DEBUG placement.objects.research_context [req-6ceea2e4-1e72-46bd-88db-7743b0d7af49 req-8597734a-884e-48b4-9707-571c37982cdb service placement] found 2 providers with available 1 DISK_GB {{(pid=95320) get_provider_ids_matching /opt/stack/placement/placement/objects/research_context.py:549}}
Aug 17 16:26:01.499596 n-d-804878-1 devstack@placement-api.service[95320]: DEBUG placement.objects.research_context [req-6ceea2e4-1e72-46bd-88db-7743b0d7af49 req-8597734a-884e-48b4-9707-571c37982cdb service placement] found 2 providers with available 1024 MEMORY_MB {{(pid=95320) get_provider_ids_matching /opt/stack/placement/placement/objects/research_context.py:549}}
Aug 17 16:26:01.499933 n-d-804878-1 devstack@placement-api.service[95320]: DEBUG placement.objects.research_context [req-6ceea2e4-1e72-46bd-88db-7743b0d7af49 req-8597734a-884e-48b4-9707-571c37982cdb service placement] found 2 providers after filtering by previous result {{(pid=95320) get_provider_ids_matching /opt/stack/placement/placement/objects/research_context.py:580}}
Aug 17 16:26:01.500253 n-d-804878-1 devstack@placement-api.service[95320]: DEBUG placement.objects.research_context [req-6ceea2e4-1e72-46bd-88db-7743b0d7af49 req-8597734a-884e-48b4-9707-571c37982cdb service placement] found 2 providers with available 1 VCPU {{(pid=95320) get_provider_ids_matching /opt/stack/placement/placement/objects/research_context.py:549}}
Aug 17 16:26:01.500622 n-d-804878-1 devstack@placement-api.service[95320]: DEBUG placement.objects.research_context [req-6ceea2e4-1e72-46bd-88db-7743b0d7af49 req-8597734a-884e-48b4-9707-571c37982cdb service placement] found 2 providers after filtering by previous result {{(pid=95320) get_provider_ids_matching /opt/stack/placement/placement/objects/research_context.py:580}}
Aug 17 16:26:01.528041 n-d-804878-1 devstack@placement-api.service[95320]: DEBUG placement.objects.allocation_candidate [req-6ceea2e4-1e72-46bd-88db-7743b0d7af49 req-8597734a-884e-48b4-9707-571c37982cdb service placement] RequestGroup(use_same_provider=False, resources={DISK_GB:1, MEMORY_MB:1024, VCPU:1}, traits=[], aggregates=[]) (suffix '') returned 2 matches {{(pid=95320) _get_by_requests /opt/stack/placement/placement/objects/allocation_candidate.py:145}}
Aug 17 16:26:01.528440 n-d-804878-1 devstack@placement-api.service[95320]: DEBUG placement.objects.allocation_candidate [req-6ceea2e4-1e72-46bd-88db-7743b0d7af49 req-8597734a-884e-48b4-9707-571c37982cdb service placement] Merging candidates yields 2 allocation requests and 2 provider summaries {{(pid=95320) _merge_candidates /opt/stack/placement/placement/objects/allocation_candidate.py:783}}
Aug 17 16:26:01.533472 n-d-804878-1 devstack@placement-api.service[95320]: INFO placement.requestlog [req-6ceea2e4-1e72-46bd-88db-7743b0d7af49 req-8597734a-884e-48b4-9707-571c37982cdb service placement] 10.222.0.77 "GET /placement/allocation_candidates?limit=1000&resources=DISK_GB%3A1%2CMEMORY_MB%3A1024%2CVCPU%3A1&root_required=%21COMPUTE_STATUS_DISABLED" status: 200 len: 1309 microversion: 1.35
Aug 17 16:26:01.534227 n-d-804878-1 devstack@placement-api.service[95320]: [pid: 95320|app: 0|req: 325/652] 10.222.0.77 () {60 vars in 1507 bytes} [Tue Aug 17 16:26:01 2021] GET /placement/allocation_candidates?limit=1000&resources=DISK_GB%3A1%2CMEMORY_MB%3A1024%2CVCPU%3A1&root_required=%21COMPUTE_STATUS_DISABLED => generated 1309 bytes in 102 msecs (HTTP/1.1 200) 8 headers in 297 bytes (1 switches on core 0)
Aug 17 16:26:01.621771 n-d-804878-1 devstack@placement-api.service[95321]: DEBUG placement.requestlog [req-6ceea2e4-1e72-46bd-88db-7743b0d7af49 req-e80cdb07-7ab5-484d-8d15-ee58d3697555 None None] Starting request: 10.222.0.77 "GET /placement/allocations/0301f015-4226-4cf6-ad77-e9b628ff4ae0" {{(pid=95321) __call__ /opt/stack/placement/placement/requestlog.py:55}}
Aug 17 16:26:01.632845 n-d-804878-1 devstack@placement-api.service[95321]: INFO placement.requestlog [req-6ceea2e4-1e72-46bd-88db-7743b0d7af49 req-e80cdb07-7ab5-484d-8d15-ee58d3697555 service placement] 10.222.0.77 "GET /placement/allocations/0301f015-4226-4cf6-ad77-e9b628ff4ae0" status: 200 len: 19 microversion: 1.28
Aug 17 16:26:01.633590 n-d-804878-1 devstack@placement-api.service[95321]: [pid: 95321|app: 0|req: 328/653] 10.222.0.77 () {60 vars in 1381 bytes} [Tue Aug 17 16:26:01 2021] GET /placement/allocations/0301f015-4226-4cf6-ad77-e9b628ff4ae0 => generated 19 bytes in 12 msecs (HTTP/1.1 200) 8 headers in 295 bytes (1 switches on core 0)
Aug 17 16:26:01.640289 n-d-804878-1 devstack@placement-api.service[95320]: DEBUG placement.requestlog [req-6ceea2e4-1e72-46bd-88db-7743b0d7af49 req-53fc76c3-f54d-4619-a7b2-c4c32f4c21bf None None] Starting request: 10.222.0.77 "PUT /placement/allocations/0301f015-4226-4cf6-ad77-e9b628ff4ae0" {{(pid=95320) __call__ /opt/stack/placement/placement/requestlog.py:55}}
Aug 17 16:26:01.756651 n-d-804878-1 devstack@placement-api.service[95320]: DEBUG placement.handlers.allocation [req-6ceea2e4-1e72-46bd-88db-7743b0d7af49 req-53fc76c3-f54d-4619-a7b2-c4c32f4c21bf service placement] Successfully wrote allocations [, , ] {{(pid=95320) _create_allocations /opt/stack/placement/placement/handlers/allocation.py:435}}
Aug 17 16:26:01.757648 n-d-804878-1 devstack@placement-api.service[95320]: INFO placement.requestlog [req-6ceea2e4-1e72-46bd-88db-7743b0d7af49 req-53fc76c3-f54d-4619-a7b2-c4c32f4c21bf service placement] 10.222.0.77 "PUT /placement/allocations/0301f015-4226-4cf6-ad77-e9b628ff4ae0" status: 204 len: 0 microversion: 1.35
Aug 17 16:26:01.757988 n-d-804878-1 devstack@placement-api.service[95320]: [pid: 95320|app: 0|req: 326/654] 10.222.0.77 () {64 vars in 1434 bytes} [Tue Aug 17 16:26:01 2021] PUT /placement/allocations/0301f015-4226-4cf6-ad77-e9b628ff4ae0 => generated 0 bytes in 118 msecs (HTTP/1.1 204) 5 headers in 199 bytes (2 switches on core 0)
Aug 17 16:26:01.968991 n-d-804878-1 devstack@placement-api.service[95321]: DEBUG placement.requestlog [req-4edd4b25-070e-409a-a0b2-7351d9212326 req-f18b0a9b-fa1f-491e-823d-f58056395586 None None] Starting request: 10.222.0.77 "GET /placement/allocation_candidates?limit=1000&resources=DISK_GB%3A1%2CMEMORY_MB%3A1024%2CVCPU%3A1&root_required=%21COMPUTE_STATUS_DISABLED" {{(pid=95321) __call__ /opt/stack/placement/placement/requestlog.py:55}}
Aug 17 16:26:02.048365 n-d-804878-1 devstack@placement-api.service[95321]: DEBUG placement.objects.research_context [req-4edd4b25-070e-409a-a0b2-7351d9212326 req-f18b0a9b-fa1f-491e-823d-f58056395586 service placement] getting providers with 1 DISK_GB {{(pid=95321) __init__ /opt/stack/placement/placement/objects/research_context.py:126}}
Aug 17 16:26:02.070600 n-d-804878-1 devstack@placement-api.service[95321]: DEBUG placement.objects.research_context [req-4edd4b25-070e-409a-a0b2-7351d9212326 req-f18b0a9b-fa1f-491e-823d-f58056395586 service placement] getting providers with 1024 MEMORY_MB {{(pid=95321) __init__ /opt/stack/placement/placement/objects/research_context.py:126}}
Aug 17 16:26:02.080211 n-d-804878-1 devstack@placement-api.service[95321]: DEBUG placement.objects.research_context [req-4edd4b25-070e-409a-a0b2-7351d9212326 req-f18b0a9b-fa1f-491e-823d-f58056395586 service placement] getting providers with 1 VCPU {{(pid=95321) __init__ /opt/stack/placement/placement/objects/research_context.py:126}}
Aug 17 16:26:02.094328 n-d-804878-1 devstack@placement-api.service[95321]: DEBUG placement.objects.research_context [req-4edd4b25-070e-409a-a0b2-7351d9212326 req-f18b0a9b-fa1f-491e-823d-f58056395586 service placement] found 2 providers with available 1 DISK_GB {{(pid=95321) get_provider_ids_matching /opt/stack/placement/placement/objects/research_context.py:549}}
Aug 17 16:26:02.095013 n-d-804878-1 devstack@placement-api.service[95321]: DEBUG placement.objects.research_context [req-4edd4b25-070e-409a-a0b2-7351d9212326 req-f18b0a9b-fa1f-491e-823d-f58056395586 service placement] found 2 providers with available 1024 MEMORY_MB {{(pid=95321) get_provider_ids_matching /opt/stack/placement/placement/objects/research_context.py:549}}
Aug 17 16:26:02.095428 n-d-804878-1 devstack@placement-api.service[95321]: DEBUG placement.objects.research_context [req-4edd4b25-070e-409a-a0b2-7351d9212326 req-f18b0a9b-fa1f-491e-823d-f58056395586 service placement] found 2 providers after filtering by previous result {{(pid=95321) get_provider_ids_matching /opt/stack/placement/placement/objects/research_context.py:580}}
Aug 17 16:26:02.095907 n-d-804878-1 devstack@placement-api.service[95321]: DEBUG placement.objects.research_context [req-4edd4b25-070e-409a-a0b2-7351d9212326 req-f18b0a9b-fa1f-491e-823d-f58056395586 service placement] found 2 providers with available 1 VCPU {{(pid=95321) get_provider_ids_matching /opt/stack/placement/placement/objects/research_context.py:549}}
Aug 17 16:26:02.096307 n-d-804878-1 devstack@placement-api.service[95321]: DEBUG placement.objects.research_context [req-4edd4b25-070e-409a-a0b2-7351d9212326 req-f18b0a9b-fa1f-491e-823d-f58056395586 service placement] found 2 providers after filtering by previous result {{(pid=95321) get_provider_ids_matching /opt/stack/placement/placement/objects/research_context.py:580}}
Aug 17 16:26:02.132390 n-d-804878-1 devstack@placement-api.service[95321]: DEBUG placement.objects.allocation_candidate [req-4edd4b25-070e-409a-a0b2-7351d9212326 req-f18b0a9b-fa1f-491e-823d-f58056395586 service placement] RequestGroup(use_same_provider=False, resources={DISK_GB:1, MEMORY_MB:1024, VCPU:1}, traits=[], aggregates=[]) (suffix '') returned 2 matches {{(pid=95321) _get_by_requests /opt/stack/placement/placement/objects/allocation_candidate.py:145}}
Aug 17 16:26:02.132836 n-d-804878-1 devstack@placement-api.service[95321]: DEBUG placement.objects.allocation_candidate [req-4edd4b25-070e-409a-a0b2-7351d9212326 req-f18b0a9b-fa1f-491e-823d-f58056395586 service placement] Merging candidates yields 2 allocation requests and 2 provider summaries {{(pid=95321) _merge_candidates /opt/stack/placement/placement/objects/allocation_candidate.py:783}}
Aug 17 16:26:02.140573 n-d-804878-1 devstack@placement-api.service[95321]: INFO placement.requestlog [req-4edd4b25-070e-409a-a0b2-7351d9212326 req-f18b0a9b-fa1f-491e-823d-f58056395586 service placement] 10.222.0.77 "GET /placement/allocation_candidates?limit=1000&resources=DISK_GB%3A1%2CMEMORY_MB%3A1024%2CVCPU%3A1&root_required=%21COMPUTE_STATUS_DISABLED" status: 200 len: 1309 microversion: 1.35
Aug 17 16:26:02.140994 n-d-804878-1 devstack@placement-api.service[95321]: [pid: 95321|app: 0|req: 329/655] 10.222.0.77 () {60 vars in 1507 bytes} [Tue Aug 17 16:26:01 2021] GET /placement/allocation_candidates?limit=1000&resources=DISK_GB%3A1%2CMEMORY_MB%3A1024%2CVCPU%3A1&root_required=%21COMPUTE_STATUS_DISABLED => generated 1309 bytes in 172 msecs (HTTP/1.1 200) 8 headers in 297 bytes (1 switches on core 0)
Aug 17 16:26:02.258987 n-d-804878-1 devstack@placement-api.service[95320]: DEBUG placement.requestlog [req-4edd4b25-070e-409a-a0b2-7351d9212326 req-3e2f94d0-cbfa-430e-bb28-dc340e85bf91 None None] Starting request: 10.222.0.77 "GET /placement/allocations/7989b619-296d-4651-bd76-07f775ef6719" {{(pid=95320) __call__ /opt/stack/placement/placement/requestlog.py:55}}
Aug 17 16:26:02.304357 n-d-804878-1 devstack@placement-api.service[95320]: INFO placement.requestlog [req-4edd4b25-070e-409a-a0b2-7351d9212326 req-3e2f94d0-cbfa-430e-bb28-dc340e85bf91 service placement] 10.222.0.77 "GET /placement/allocations/7989b619-296d-4651-bd76-07f775ef6719" status: 200 len: 19 microversion: 1.28
Aug 17 16:26:02.317274 n-d-804878-1 devstack@placement-api.service[95320]: [pid: 95320|app: 0|req: 327/656] 10.222.0.77 () {60 vars in 1381 bytes} [Tue Aug 17 16:26:02 2021] GET /placement/allocations/7989b619-296d-4651-bd76-07f775ef6719 => generated 19 bytes in 49 msecs (HTTP/1.1 200) 8 headers in 295 bytes (1 switches on core 0)
Aug 17 16:26:02.323640 n-d-804878-1 devstack@placement-api.service[95321]: DEBUG placement.requestlog [req-4edd4b25-070e-409a-a0b2-7351d9212326 req-07885e1f-3ea1-43df-8735-e39aae713dcc None None] Starting request: 10.222.0.77 "PUT /placement/allocations/7989b619-296d-4651-bd76-07f775ef6719" {{(pid=95321) __call__ /opt/stack/placement/placement/requestlog.py:55}}
Aug 17 16:26:02.430363 n-d-804878-1 devstack@placement-api.service[95320]: DEBUG placement.requestlog [req-a7ca1792-4caa-4dab-8542-b0fbb3c58013 req-d82ab2fc-a115-484c-bea0-5e2e1545225c None None] Starting request: 10.222.0.93 "GET /placement/allocations/a2544fe6-6cc9-40c7-8243-78885e978e5f" {{(pid=95320) __call__ /opt/stack/placement/placement/requestlog.py:55}}
Aug 17 16:26:02.440137 n-d-804878-1 devstack@placement-api.service[95321]: DEBUG placement.handlers.allocation [req-4edd4b25-070e-409a-a0b2-7351d9212326 req-07885e1f-3ea1-43df-8735-e39aae713dcc service placement] Successfully wrote allocations [, , ] {{(pid=95321) _create_allocations /opt/stack/placement/placement/handlers/allocation.py:435}}
Aug 17 16:26:02.441093 n-d-804878-1 devstack@placement-api.service[95321]: INFO placement.requestlog [req-4edd4b25-070e-409a-a0b2-7351d9212326 req-07885e1f-3ea1-43df-8735-e39aae713dcc service placement] 10.222.0.77 "PUT /placement/allocations/7989b619-296d-4651-bd76-07f775ef6719" status: 204 len: 0 microversion: 1.35
Aug 17 16:26:02.441950 n-d-804878-1 devstack@placement-api.service[95321]: [pid: 95321|app: 0|req: 330/657] 10.222.0.77 () {64 vars in 1434 bytes} [Tue Aug 17 16:26:02 2021] PUT /placement/allocations/7989b619-296d-4651-bd76-07f775ef6719 => generated 0 bytes in 118 msecs (HTTP/1.1 204) 5 headers in 199 bytes (1 switches on core 0)
Aug 17 16:26:02.461450 n-d-804878-1 devstack@placement-api.service[95321]: DEBUG placement.requestlog [req-6ceea2e4-1e72-46bd-88db-7743b0d7af49 req-a4828ab3-bca5-4668-b148-8de725f99757 None None] Starting request: 10.222.0.91 "GET /placement/allocations/0301f015-4226-4cf6-ad77-e9b628ff4ae0" {{(pid=95321) __call__ /opt/stack/placement/placement/requestlog.py:55}}
Aug 17 16:26:02.486033 n-d-804878-1 devstack@placement-api.service[95320]: INFO placement.requestlog [req-a7ca1792-4caa-4dab-8542-b0fbb3c58013 req-d82ab2fc-a115-484c-bea0-5e2e1545225c service placement] 10.222.0.93 "GET /placement/allocations/a2544fe6-6cc9-40c7-8243-78885e978e5f" status: 200 len: 260 microversion: 1.28
Aug 17 16:26:02.486625 n-d-804878-1 devstack@placement-api.service[95320]: [pid: 95320|app: 0|req: 328/658] 10.222.0.93 () {60 vars in 1378 bytes} [Tue Aug 17 16:26:02 2021] GET /placement/allocations/a2544fe6-6cc9-40c7-8243-78885e978e5f => generated 260 bytes in 57 msecs (HTTP/1.1 200) 8 headers in 296 bytes (1 switches on core 0)
Aug 17 16:26:02.499871 n-d-804878-1 devstack@placement-api.service[95320]: DEBUG placement.requestlog [req-a7ca1792-4caa-4dab-8542-b0fbb3c58013 req-292fd8a5-b276-452c-8c78-940bf652bd75 None None] Starting request: 10.222.0.93 "PUT /placement/allocations/a2544fe6-6cc9-40c7-8243-78885e978e5f" {{(pid=95320) __call__ /opt/stack/placement/placement/requestlog.py:55}}
Aug 17 16:26:02.513890 n-d-804878-1 devstack@placement-api.service[95321]: INFO placement.requestlog [req-6ceea2e4-1e72-46bd-88db-7743b0d7af49 req-a4828ab3-bca5-4668-b148-8de725f99757 service placement] 10.222.0.91 "GET /placement/allocations/0301f015-4226-4cf6-ad77-e9b628ff4ae0" status: 200 len: 259 microversion: 1.28
Aug 17 16:26:02.514919 n-d-804878-1 devstack@placement-api.service[95321]: [pid: 95321|app: 0|req: 331/659] 10.222.0.91 () {60 vars in 1378 bytes} [Tue Aug 17 16:26:02 2021] GET /placement/allocations/0301f015-4226-4cf6-ad77-e9b628ff4ae0 => generated 259 bytes in 61 msecs (HTTP/1.1 200) 8 headers in 296 bytes (1 switches on core 0)
Aug 17 16:26:02.640602 n-d-804878-1 devstack@placement-api.service[95320]: DEBUG placement.handlers.allocation [req-a7ca1792-4caa-4dab-8542-b0fbb3c58013 req-292fd8a5-b276-452c-8c78-940bf652bd75 service placement] Successfully wrote allocations [, , ] {{(pid=95320) _create_allocations /opt/stack/placement/placement/handlers/allocation.py:435}}
Aug 17 16:26:02.641181 n-d-804878-1 devstack@placement-api.service[95320]: INFO placement.requestlog [req-a7ca1792-4caa-4dab-8542-b0fbb3c58013 req-292fd8a5-b276-452c-8c78-940bf652bd75 service placement] 10.222.0.93 "PUT /placement/allocations/a2544fe6-6cc9-40c7-8243-78885e978e5f" status: 204 len: 0 microversion: 1.28
Aug 17 16:26:02.641513 n-d-804878-1 devstack@placement-api.service[95320]: [pid: 95320|app: 0|req: 329/660] 10.222.0.93 () {64 vars in 1431 bytes} [Tue Aug 17 16:26:02 2021] PUT /placement/allocations/a2544fe6-6cc9-40c7-8243-78885e978e5f => generated 0 bytes in 142 msecs (HTTP/1.1 204) 5 headers in 199 bytes (1 switches on core 0)
Aug 17 16:26:03.107168 n-d-804878-1 devstack@placement-api.service[95321]: DEBUG placement.requestlog [req-4edd4b25-070e-409a-a0b2-7351d9212326 req-6f1d82e8-ddcb-4c64-ad3f-282b06d8cbbd None None] Starting request: 10.222.0.93 "GET /placement/allocations/7989b619-296d-4651-bd76-07f775ef6719" {{(pid=95321) __call__ /opt/stack/placement/placement/requestlog.py:55}}
Aug 17 16:26:03.130023 n-d-804878-1 devstack@placement-api.service[95321]: INFO placement.requestlog [req-4edd4b25-070e-409a-a0b2-7351d9212326 req-6f1d82e8-ddcb-4c64-ad3f-282b06d8cbbd service placement] 10.222.0.93 "GET /placement/allocations/7989b619-296d-4651-bd76-07f775ef6719" status: 200 len: 260 microversion: 1.28
Aug 17 16:26:03.130826 n-d-804878-1 devstack@placement-api.service[95321]: [pid: 95321|app: 0|req: 332/661] 10.222.0.93 () {60 vars in 1378 bytes} [Tue Aug 17 16:26:03 2021] GET /placement/allocations/7989b619-296d-4651-bd76-07f775ef6719 => generated 260 bytes in 24 msecs (HTTP/1.1 200) 8 headers in 296 bytes (1 switches on core 0)
