Aug 17 16:16:26.023326 n-d-804878-1 devstack@placement-api.service[95321]: DEBUG placement.requestlog [req-d8464aa1-b395-476a-abdc-8fa8f5a907bd req-8aeb9612-20af-4b20-9e93-cf56a4bae066 None None] Starting request: 10.222.0.93 "GET /placement/allocations/51b9bdf6-6a6e-425e-9e0b-1f6aa30a121a" {{(pid=95321) __call__ /opt/stack/placement/placement/requestlog.py:55}}
Aug 17 16:16:26.039485 n-d-804878-1 devstack@placement-api.service[95320]: INFO placement.requestlog [req-6efefcd9-dc6f-40a2-b3ee-0979d4449c07 req-32f9e36a-2885-496a-b8d9-b5b65794eb29 service placement] 10.222.0.91 "GET /placement/resource_providers/ea2144a2-44d1-415b-a672-e6e2ddb54074/allocations" status: 200 len: 255 microversion: 1.0
Aug 17 16:16:26.040479 n-d-804878-1 devstack@placement-api.service[95320]: [pid: 95320|app: 0|req: 96/195] 10.222.0.91 () {58 vars in 1391 bytes} [Tue Aug 17 16:16:25 2021] GET /placement/resource_providers/ea2144a2-44d1-415b-a672-e6e2ddb54074/allocations => generated 255 bytes in 51 msecs (HTTP/1.1 200) 6 headers in 224 bytes (2 switches on core 0)
Aug 17 16:16:26.056133 n-d-804878-1 devstack@placement-api.service[95321]: INFO placement.requestlog [req-d8464aa1-b395-476a-abdc-8fa8f5a907bd req-8aeb9612-20af-4b20-9e93-cf56a4bae066 service placement] 10.222.0.93 "GET /placement/allocations/51b9bdf6-6a6e-425e-9e0b-1f6aa30a121a" status: 200 len: 259 microversion: 1.28
Aug 17 16:16:26.057121 n-d-804878-1 devstack@placement-api.service[95321]: [pid: 95321|app: 0|req: 100/196] 10.222.0.93 () {60 vars in 1378 bytes} [Tue Aug 17 16:16:26 2021] GET /placement/allocations/51b9bdf6-6a6e-425e-9e0b-1f6aa30a121a => generated 259 bytes in 34 msecs (HTTP/1.1 200) 8 headers in 296 bytes (1 switches on core 0)
Aug 17 16:16:30.765190 n-d-804878-1 devstack@placement-api.service[95320]: DEBUG placement.requestlog [req-5e89cbc2-de6a-411c-816a-62f8b3e3a31a req-448926ed-581d-4b51-89a6-d9abd0cc7c53 None None] Starting request: 10.222.0.91 "GET /placement/resource_providers/ea2144a2-44d1-415b-a672-e6e2ddb54074/allocations" {{(pid=95320) __call__ /opt/stack/placement/placement/requestlog.py:55}}
Aug 17 16:16:30.838491 n-d-804878-1 devstack@placement-api.service[95320]: INFO placement.requestlog [req-5e89cbc2-de6a-411c-816a-62f8b3e3a31a req-448926ed-581d-4b51-89a6-d9abd0cc7c53 service placement] 10.222.0.91 "GET /placement/resource_providers/ea2144a2-44d1-415b-a672-e6e2ddb54074/allocations" status: 200 len: 255 microversion: 1.0
Aug 17 16:16:30.839982 n-d-804878-1 devstack@placement-api.service[95320]: [pid: 95320|app: 0|req: 97/197] 10.222.0.91 () {58 vars in 1391 bytes} [Tue Aug 17 16:16:30 2021] GET /placement/resource_providers/ea2144a2-44d1-415b-a672-e6e2ddb54074/allocations => generated 255 bytes in 75 msecs (HTTP/1.1 200) 6 headers in 224 bytes (1 switches on core 0)
Aug 17 16:16:31.225434 n-d-804878-1 devstack@placement-api.service[95321]: DEBUG placement.requestlog [req-5e89cbc2-de6a-411c-816a-62f8b3e3a31a req-a0a04c5f-4891-415b-b886-a0e6990ff056 None None] Starting request: 10.222.0.91 "GET /placement/allocations/8a09ed5c-e5d3-48aa-82d6-1f9c4b45dfef" {{(pid=95321) __call__ /opt/stack/placement/placement/requestlog.py:55}}
Aug 17 16:16:31.288949 n-d-804878-1 devstack@placement-api.service[95321]: INFO placement.requestlog [req-5e89cbc2-de6a-411c-816a-62f8b3e3a31a req-a0a04c5f-4891-415b-b886-a0e6990ff056 service placement] 10.222.0.91 "GET /placement/allocations/8a09ed5c-e5d3-48aa-82d6-1f9c4b45dfef" status: 200 len: 259 microversion: 1.28
Aug 17 16:16:31.289691 n-d-804878-1 devstack@placement-api.service[95321]: [pid: 95321|app: 0|req: 101/198] 10.222.0.91 () {60 vars in 1378 bytes} [Tue Aug 17 16:16:31 2021] GET /placement/allocations/8a09ed5c-e5d3-48aa-82d6-1f9c4b45dfef => generated 259 bytes in 65 msecs (HTTP/1.1 200) 8 headers in 296 bytes (1 switches on core 0)
Aug 17 16:16:31.319345 n-d-804878-1 devstack@placement-api.service[95320]: DEBUG placement.requestlog [req-5e89cbc2-de6a-411c-816a-62f8b3e3a31a req-09b0cfe1-d04f-444d-bf93-4d64103f9e69 None None] Starting request: 10.222.0.91 "PUT /placement/allocations/8a09ed5c-e5d3-48aa-82d6-1f9c4b45dfef" {{(pid=95320) __call__ /opt/stack/placement/placement/requestlog.py:55}}
Aug 17 16:16:31.531618 n-d-804878-1 devstack@placement-api.service[95320]: DEBUG placement.handlers.allocation [req-5e89cbc2-de6a-411c-816a-62f8b3e3a31a req-09b0cfe1-d04f-444d-bf93-4d64103f9e69 service placement] Successfully wrote allocations [, , ] {{(pid=95320) _create_allocations /opt/stack/placement/placement/handlers/allocation.py:435}}
Aug 17 16:16:31.532816 n-d-804878-1 devstack@placement-api.service[95320]: INFO placement.requestlog [req-5e89cbc2-de6a-411c-816a-62f8b3e3a31a req-09b0cfe1-d04f-444d-bf93-4d64103f9e69 service placement] 10.222.0.91 "PUT /placement/allocations/8a09ed5c-e5d3-48aa-82d6-1f9c4b45dfef" status: 204 len: 0 microversion: 1.28
Aug 17 16:16:31.533900 n-d-804878-1 devstack@placement-api.service[95320]: [pid: 95320|app: 0|req: 98/199] 10.222.0.91 () {64 vars in 1431 bytes} [Tue Aug 17 16:16:31 2021] PUT /placement/allocations/8a09ed5c-e5d3-48aa-82d6-1f9c4b45dfef => generated 0 bytes in 215 msecs (HTTP/1.1 204) 5 headers in 199 bytes (1 switches on core 0)
Aug 17 16:16:31.774265 n-d-804878-1 devstack@placement-api.service[95321]: DEBUG placement.requestlog [req-34d024df-6b36-49c5-9a0f-c794d7156113 req-b35cb295-d38a-4338-b606-96ceb5934e99 None None] Starting request: 10.222.0.93 "GET /placement/allocations/5ee9855b-88e4-450e-b63c-774301c04192" {{(pid=95321) __call__ /opt/stack/placement/placement/requestlog.py:55}}
Aug 17 16:16:31.839622 n-d-804878-1 devstack@placement-api.service[95321]: INFO placement.requestlog [req-34d024df-6b36-49c5-9a0f-c794d7156113 req-b35cb295-d38a-4338-b606-96ceb5934e99 service placement] 10.222.0.93 "GET /placement/allocations/5ee9855b-88e4-450e-b63c-774301c04192" status: 200 len: 259 microversion: 1.28
Aug 17 16:16:31.840245 n-d-804878-1 devstack@placement-api.service[95321]: [pid: 95321|app: 0|req: 102/200] 10.222.0.93 () {60 vars in 1378 bytes} [Tue Aug 17 16:16:31 2021] GET /placement/allocations/5ee9855b-88e4-450e-b63c-774301c04192 => generated 259 bytes in 67 msecs (HTTP/1.1 200) 8 headers in 296 bytes (1 switches on core 0)
Aug 17 16:16:31.848751 n-d-804878-1 devstack@placement-api.service[95320]: DEBUG placement.requestlog [req-34d024df-6b36-49c5-9a0f-c794d7156113 req-30ca62d4-b0da-4514-ab9b-8c6c17c09c22 None None] Starting request: 10.222.0.93 "PUT /placement/allocations/5ee9855b-88e4-450e-b63c-774301c04192" {{(pid=95320) __call__ /opt/stack/placement/placement/requestlog.py:55}}
Aug 17 16:16:31.977099 n-d-804878-1 devstack@placement-api.service[95321]: DEBUG placement.requestlog [req-83f86a1a-f4c7-4c32-915b-0c76a231bcc1 req-d0210927-f22e-4763-828c-2e72a1a05913 None None] Starting request: 10.222.0.77 "GET /placement/allocation_candidates?limit=1000&resources=DISK_GB%3A1%2CMEMORY_MB%3A1024%2CVCPU%3A1&root_required=%21COMPUTE_STATUS_DISABLED" {{(pid=95321) __call__ /opt/stack/placement/placement/requestlog.py:55}}
Aug 17 16:16:31.979982 n-d-804878-1 devstack@placement-api.service[95320]: DEBUG placement.handlers.allocation [req-34d024df-6b36-49c5-9a0f-c794d7156113 req-30ca62d4-b0da-4514-ab9b-8c6c17c09c22 service placement] Successfully wrote allocations [, , ] {{(pid=95320) _create_allocations /opt/stack/placement/placement/handlers/allocation.py:435}}
Aug 17 16:16:31.980669 n-d-804878-1 devstack@placement-api.service[95320]: INFO placement.requestlog [req-34d024df-6b36-49c5-9a0f-c794d7156113 req-30ca62d4-b0da-4514-ab9b-8c6c17c09c22 service placement] 10.222.0.93 "PUT /placement/allocations/5ee9855b-88e4-450e-b63c-774301c04192" status: 204 len: 0 microversion: 1.28
Aug 17 16:16:31.981294 n-d-804878-1 devstack@placement-api.service[95320]: [pid: 95320|app: 0|req: 99/201] 10.222.0.93 () {64 vars in 1431 bytes} [Tue Aug 17 16:16:31 2021] PUT /placement/allocations/5ee9855b-88e4-450e-b63c-774301c04192 => generated 0 bytes in 133 msecs (HTTP/1.1 204) 5 headers in 199 bytes (1 switches on core 0)
Aug 17 16:16:32.090670 n-d-804878-1 devstack@placement-api.service[95321]: DEBUG placement.objects.research_context [req-83f86a1a-f4c7-4c32-915b-0c76a231bcc1 req-d0210927-f22e-4763-828c-2e72a1a05913 service placement] getting providers with 1 DISK_GB {{(pid=95321) __init__ /opt/stack/placement/placement/objects/research_context.py:126}}
Aug 17 16:16:32.106804 n-d-804878-1 devstack@placement-api.service[95321]: DEBUG placement.objects.research_context [req-83f86a1a-f4c7-4c32-915b-0c76a231bcc1 req-d0210927-f22e-4763-828c-2e72a1a05913 service placement] getting providers with 1024 MEMORY_MB {{(pid=95321) __init__ /opt/stack/placement/placement/objects/research_context.py:126}}
Aug 17 16:16:32.134256 n-d-804878-1 devstack@placement-api.service[95321]: DEBUG placement.objects.research_context [req-83f86a1a-f4c7-4c32-915b-0c76a231bcc1 req-d0210927-f22e-4763-828c-2e72a1a05913 service placement] getting providers with 1 VCPU {{(pid=95321) __init__ /opt/stack/placement/placement/objects/research_context.py:126}}
Aug 17 16:16:32.168382 n-d-804878-1 devstack@placement-api.service[95321]: DEBUG placement.objects.research_context [req-83f86a1a-f4c7-4c32-915b-0c76a231bcc1 req-d0210927-f22e-4763-828c-2e72a1a05913 service placement] found 2 providers with available 1 DISK_GB {{(pid=95321) get_provider_ids_matching /opt/stack/placement/placement/objects/research_context.py:549}}
Aug 17 16:16:32.169155 n-d-804878-1 devstack@placement-api.service[95321]: DEBUG placement.objects.research_context [req-83f86a1a-f4c7-4c32-915b-0c76a231bcc1 req-d0210927-f22e-4763-828c-2e72a1a05913 service placement] found 2 providers with available 1024 MEMORY_MB {{(pid=95321) get_provider_ids_matching /opt/stack/placement/placement/objects/research_context.py:549}}
Aug 17 16:16:32.170884 n-d-804878-1 devstack@placement-api.service[95321]: DEBUG placement.objects.research_context [req-83f86a1a-f4c7-4c32-915b-0c76a231bcc1 req-d0210927-f22e-4763-828c-2e72a1a05913 service placement] found 2 providers after filtering by previous result {{(pid=95321) get_provider_ids_matching /opt/stack/placement/placement/objects/research_context.py:580}}
Aug 17 16:16:32.171942 n-d-804878-1 devstack@placement-api.service[95321]: DEBUG placement.objects.research_context [req-83f86a1a-f4c7-4c32-915b-0c76a231bcc1 req-d0210927-f22e-4763-828c-2e72a1a05913 service placement] found 2 providers with available 1 VCPU {{(pid=95321) get_provider_ids_matching /opt/stack/placement/placement/objects/research_context.py:549}}
Aug 17 16:16:32.173931 n-d-804878-1 devstack@placement-api.service[95321]: DEBUG placement.objects.research_context [req-83f86a1a-f4c7-4c32-915b-0c76a231bcc1 req-d0210927-f22e-4763-828c-2e72a1a05913 service placement] found 2 providers after filtering by previous result {{(pid=95321) get_provider_ids_matching /opt/stack/placement/placement/objects/research_context.py:580}}
Aug 17 16:16:32.203385 n-d-804878-1 devstack@placement-api.service[95321]: DEBUG placement.objects.allocation_candidate [req-83f86a1a-f4c7-4c32-915b-0c76a231bcc1 req-d0210927-f22e-4763-828c-2e72a1a05913 service placement] RequestGroup(use_same_provider=False, resources={DISK_GB:1, MEMORY_MB:1024, VCPU:1}, traits=[], aggregates=[]) (suffix '') returned 2 matches {{(pid=95321) _get_by_requests /opt/stack/placement/placement/objects/allocation_candidate.py:145}}
Aug 17 16:16:32.207100 n-d-804878-1 devstack@placement-api.service[95321]: DEBUG placement.objects.allocation_candidate [req-83f86a1a-f4c7-4c32-915b-0c76a231bcc1 req-d0210927-f22e-4763-828c-2e72a1a05913 service placement] Merging candidates yields 2 allocation requests and 2 provider summaries {{(pid=95321) _merge_candidates /opt/stack/placement/placement/objects/allocation_candidate.py:783}}
Aug 17 16:16:32.216537 n-d-804878-1 devstack@placement-api.service[95321]: INFO placement.requestlog [req-83f86a1a-f4c7-4c32-915b-0c76a231bcc1 req-d0210927-f22e-4763-828c-2e72a1a05913 service placement] 10.222.0.77 "GET /placement/allocation_candidates?limit=1000&resources=DISK_GB%3A1%2CMEMORY_MB%3A1024%2CVCPU%3A1&root_required=%21COMPUTE_STATUS_DISABLED" status: 200 len: 1309 microversion: 1.35
Aug 17 16:16:32.217474 n-d-804878-1 devstack@placement-api.service[95321]: [pid: 95321|app: 0|req: 103/202] 10.222.0.77 () {60 vars in 1507 bytes} [Tue Aug 17 16:16:31 2021] GET /placement/allocation_candidates?limit=1000&resources=DISK_GB%3A1%2CMEMORY_MB%3A1024%2CVCPU%3A1&root_required=%21COMPUTE_STATUS_DISABLED => generated 1309 bytes in 242 msecs (HTTP/1.1 200) 8 headers in 297 bytes (2 switches on core 0)
Aug 17 16:16:32.319082 n-d-804878-1 devstack@placement-api.service[95320]: DEBUG placement.requestlog [req-83f86a1a-f4c7-4c32-915b-0c76a231bcc1 req-1bad6b3e-0a08-4bbb-af17-36731568b529 None None] Starting request: 10.222.0.77 "GET /placement/allocations/22c55fce-0ef9-4f74-bb5c-b010c4292a29" {{(pid=95320) __call__ /opt/stack/placement/placement/requestlog.py:55}}
Aug 17 16:16:32.331456 n-d-804878-1 devstack@placement-api.service[95320]: INFO placement.requestlog [req-83f86a1a-f4c7-4c32-915b-0c76a231bcc1 req-1bad6b3e-0a08-4bbb-af17-36731568b529 service placement] 10.222.0.77 "GET /placement/allocations/22c55fce-0ef9-4f74-bb5c-b010c4292a29" status: 200 len: 19 microversion: 1.28
Aug 17 16:16:32.332537 n-d-804878-1 devstack@placement-api.service[95320]: [pid: 95320|app: 0|req: 100/203] 10.222.0.77 () {60 vars in 1381 bytes} [Tue Aug 17 16:16:32 2021] GET /placement/allocations/22c55fce-0ef9-4f74-bb5c-b010c4292a29 => generated 19 bytes in 17 msecs (HTTP/1.1 200) 8 headers in 295 bytes (1 switches on core 0)
Aug 17 16:16:32.342522 n-d-804878-1 devstack@placement-api.service[95321]: DEBUG placement.requestlog [req-83f86a1a-f4c7-4c32-915b-0c76a231bcc1 req-32d70ca7-8576-4924-addf-cce47afee885 None None] Starting request: 10.222.0.77 "PUT /placement/allocations/22c55fce-0ef9-4f74-bb5c-b010c4292a29" {{(pid=95321) __call__ /opt/stack/placement/placement/requestlog.py:55}}
Aug 17 16:16:32.511834 n-d-804878-1 devstack@placement-api.service[95321]: DEBUG placement.handlers.allocation [req-83f86a1a-f4c7-4c32-915b-0c76a231bcc1 req-32d70ca7-8576-4924-addf-cce47afee885 service placement] Successfully wrote allocations [, , ] {{(pid=95321) _create_allocations /opt/stack/placement/placement/handlers/allocation.py:435}}
Aug 17 16:16:32.513033 n-d-804878-1 devstack@placement-api.service[95321]: INFO placement.requestlog [req-83f86a1a-f4c7-4c32-915b-0c76a231bcc1 req-32d70ca7-8576-4924-addf-cce47afee885 service placement] 10.222.0.77 "PUT /placement/allocations/22c55fce-0ef9-4f74-bb5c-b010c4292a29" status: 204 len: 0 microversion: 1.35
Aug 17 16:16:32.514207 n-d-804878-1 devstack@placement-api.service[95321]: [pid: 95321|app: 0|req: 104/204] 10.222.0.77 () {64 vars in 1434 bytes} [Tue Aug 17 16:16:32 2021] PUT /placement/allocations/22c55fce-0ef9-4f74-bb5c-b010c4292a29 => generated 0 bytes in 172 msecs (HTTP/1.1 204) 5 headers in 199 bytes (2 switches on core 0)
Aug 17 16:16:33.212667 n-d-804878-1 devstack@placement-api.service[95320]: DEBUG placement.requestlog [req-83f86a1a-f4c7-4c32-915b-0c76a231bcc1 req-47c57ae6-9344-4a75-90fe-f81fde84ea88 None None] Starting request: 10.222.0.91 "GET /placement/allocations/22c55fce-0ef9-4f74-bb5c-b010c4292a29" {{(pid=95320) __call__ /opt/stack/placement/placement/requestlog.py:55}}
Aug 17 16:16:33.265968 n-d-804878-1 devstack@placement-api.service[95320]: INFO placement.requestlog [req-83f86a1a-f4c7-4c32-915b-0c76a231bcc1 req-47c57ae6-9344-4a75-90fe-f81fde84ea88 service placement] 10.222.0.91 "GET /placement/allocations/22c55fce-0ef9-4f74-bb5c-b010c4292a29" status: 200 len: 259 microversion: 1.28
Aug 17 16:16:33.269811 n-d-804878-1 devstack@placement-api.service[95320]: [pid: 95320|app: 0|req: 101/205] 10.222.0.91 () {60 vars in 1378 bytes} [Tue Aug 17 16:16:33 2021] GET /placement/allocations/22c55fce-0ef9-4f74-bb5c-b010c4292a29 => generated 259 bytes in 57 msecs (HTTP/1.1 200) 8 headers in 296 bytes (1 switches on core 0)
Aug 17 16:16:34.257607 n-d-804878-1 devstack@placement-api.service[95321]: DEBUG placement.requestlog [req-af80d333-5c36-4ebb-b0d7-0bc2eca15dbb req-01106567-be5c-478e-b228-60f8668966d7 None None] Starting request: 10.222.0.77 "GET /placement/allocation_candidates?limit=1000&resources=DISK_GB%3A1%2CMEMORY_MB%3A1024%2CVCPU%3A1&root_required=%21COMPUTE_STATUS_DISABLED" {{(pid=95321) __call__ /opt/stack/placement/placement/requestlog.py:55}}
Aug 17 16:16:34.334207 n-d-804878-1 devstack@placement-api.service[95321]: DEBUG placement.objects.research_context [req-af80d333-5c36-4ebb-b0d7-0bc2eca15dbb req-01106567-be5c-478e-b228-60f8668966d7 service placement] getting providers with 1 DISK_GB {{(pid=95321) __init__ /opt/stack/placement/placement/objects/research_context.py:126}}
Aug 17 16:16:34.347782 n-d-804878-1 devstack@placement-api.service[95321]: DEBUG placement.objects.research_context [req-af80d333-5c36-4ebb-b0d7-0bc2eca15dbb req-01106567-be5c-478e-b228-60f8668966d7 service placement] getting providers with 1024 MEMORY_MB {{(pid=95321) __init__ /opt/stack/placement/placement/objects/research_context.py:126}}
Aug 17 16:16:34.374265 n-d-804878-1 devstack@placement-api.service[95321]: DEBUG placement.objects.research_context [req-af80d333-5c36-4ebb-b0d7-0bc2eca15dbb req-01106567-be5c-478e-b228-60f8668966d7 service placement] getting providers with 1 VCPU {{(pid=95321) __init__ /opt/stack/placement/placement/objects/research_context.py:126}}
Aug 17 16:16:34.387318 n-d-804878-1 devstack@placement-api.service[95321]: DEBUG placement.objects.research_context [req-af80d333-5c36-4ebb-b0d7-0bc2eca15dbb req-01106567-be5c-478e-b228-60f8668966d7 service placement] found 2 providers with available 1 DISK_GB {{(pid=95321) get_provider_ids_matching /opt/stack/placement/placement/objects/research_context.py:549}}
Aug 17 16:16:34.388094 n-d-804878-1 devstack@placement-api.service[95321]: DEBUG placement.objects.research_context [req-af80d333-5c36-4ebb-b0d7-0bc2eca15dbb req-01106567-be5c-478e-b228-60f8668966d7 service placement] found 2 providers with available 1024 MEMORY_MB {{(pid=95321) get_provider_ids_matching /opt/stack/placement/placement/objects/research_context.py:549}}
Aug 17 16:16:34.388802 n-d-804878-1 devstack@placement-api.service[95321]: DEBUG placement.objects.research_context [req-af80d333-5c36-4ebb-b0d7-0bc2eca15dbb req-01106567-be5c-478e-b228-60f8668966d7 service placement] found 2 providers after filtering by previous result {{(pid=95321) get_provider_ids_matching /opt/stack/placement/placement/objects/research_context.py:580}}
Aug 17 16:16:34.389505 n-d-804878-1 devstack@placement-api.service[95321]: DEBUG placement.objects.research_context [req-af80d333-5c36-4ebb-b0d7-0bc2eca15dbb req-01106567-be5c-478e-b228-60f8668966d7 service placement] found 2 providers with available 1 VCPU {{(pid=95321) get_provider_ids_matching /opt/stack/placement/placement/objects/research_context.py:549}}
Aug 17 16:16:34.390392 n-d-804878-1 devstack@placement-api.service[95321]: DEBUG placement.objects.research_context [req-af80d333-5c36-4ebb-b0d7-0bc2eca15dbb req-01106567-be5c-478e-b228-60f8668966d7 service placement] found 2 providers after filtering by previous result {{(pid=95321) get_provider_ids_matching /opt/stack/placement/placement/objects/research_context.py:580}}
Aug 17 16:16:34.414673 n-d-804878-1 devstack@placement-api.service[95321]: DEBUG placement.objects.allocation_candidate [req-af80d333-5c36-4ebb-b0d7-0bc2eca15dbb req-01106567-be5c-478e-b228-60f8668966d7 service placement] RequestGroup(use_same_provider=False, resources={DISK_GB:1, MEMORY_MB:1024, VCPU:1}, traits=[], aggregates=[]) (suffix '') returned 2 matches {{(pid=95321) _get_by_requests /opt/stack/placement/placement/objects/allocation_candidate.py:145}}
Aug 17 16:16:34.415738 n-d-804878-1 devstack@placement-api.service[95321]: DEBUG placement.objects.allocation_candidate [req-af80d333-5c36-4ebb-b0d7-0bc2eca15dbb req-01106567-be5c-478e-b228-60f8668966d7 service placement] Merging candidates yields 2 allocation requests and 2 provider summaries {{(pid=95321) _merge_candidates /opt/stack/placement/placement/objects/allocation_candidate.py:783}}
Aug 17 16:16:34.418841 n-d-804878-1 devstack@placement-api.service[95321]: INFO placement.requestlog [req-af80d333-5c36-4ebb-b0d7-0bc2eca15dbb req-01106567-be5c-478e-b228-60f8668966d7 service placement] 10.222.0.77 "GET /placement/allocation_candidates?limit=1000&resources=DISK_GB%3A1%2CMEMORY_MB%3A1024%2CVCPU%3A1&root_required=%21COMPUTE_STATUS_DISABLED" status: 200 len: 1309 microversion: 1.35
Aug 17 16:16:34.420015 n-d-804878-1 devstack@placement-api.service[95321]: [pid: 95321|app: 0|req: 105/206] 10.222.0.77 () {60 vars in 1507 bytes} [Tue Aug 17 16:16:34 2021] GET /placement/allocation_candidates?limit=1000&resources=DISK_GB%3A1%2CMEMORY_MB%3A1024%2CVCPU%3A1&root_required=%21COMPUTE_STATUS_DISABLED => generated 1309 bytes in 163 msecs (HTTP/1.1 200) 8 headers in 297 bytes (1 switches on core 0)
Aug 17 16:16:34.519040 n-d-804878-1 devstack@placement-api.service[95320]: DEBUG placement.requestlog [req-af80d333-5c36-4ebb-b0d7-0bc2eca15dbb req-80b21802-23ab-4de6-b8dc-8ceb3591021d None None] Starting request: 10.222.0.77 "GET /placement/allocations/79b23154-5984-48b3-9937-bceb16a5af5d" {{(pid=95320) __call__ /opt/stack/placement/placement/requestlog.py:55}}
Aug 17 16:16:34.538821 n-d-804878-1 devstack@placement-api.service[95320]: INFO placement.requestlog [req-af80d333-5c36-4ebb-b0d7-0bc2eca15dbb req-80b21802-23ab-4de6-b8dc-8ceb3591021d service placement] 10.222.0.77 "GET /placement/allocations/79b23154-5984-48b3-9937-bceb16a5af5d" status: 200 len: 19 microversion: 1.28
Aug 17 16:16:34.539148 n-d-804878-1 devstack@placement-api.service[95320]: [pid: 95320|app: 0|req: 102/207] 10.222.0.77 () {60 vars in 1381 bytes} [Tue Aug 17 16:16:34 2021] GET /placement/allocations/79b23154-5984-48b3-9937-bceb16a5af5d => generated 19 bytes in 21 msecs (HTTP/1.1 200) 8 headers in 295 bytes (1 switches on core 0)
Aug 17 16:16:34.551676 n-d-804878-1 devstack@placement-api.service[95321]: DEBUG placement.requestlog [req-af80d333-5c36-4ebb-b0d7-0bc2eca15dbb req-2533193d-59e1-42c9-b062-489662405869 None None] Starting request: 10.222.0.77 "PUT /placement/allocations/79b23154-5984-48b3-9937-bceb16a5af5d" {{(pid=95321) __call__ /opt/stack/placement/placement/requestlog.py:55}}
Aug 17 16:16:34.671205 n-d-804878-1 devstack@placement-api.service[95321]: DEBUG placement.handlers.allocation [req-af80d333-5c36-4ebb-b0d7-0bc2eca15dbb req-2533193d-59e1-42c9-b062-489662405869 service placement] Successfully wrote allocations [, , ] {{(pid=95321) _create_allocations /opt/stack/placement/placement/handlers/allocation.py:435}}
Aug 17 16:16:34.672606 n-d-804878-1 devstack@placement-api.service[95321]: INFO placement.requestlog [req-af80d333-5c36-4ebb-b0d7-0bc2eca15dbb req-2533193d-59e1-42c9-b062-489662405869 service placement] 10.222.0.77 "PUT /placement/allocations/79b23154-5984-48b3-9937-bceb16a5af5d" status: 204 len: 0 microversion: 1.35
Aug 17 16:16:34.673378 n-d-804878-1 devstack@placement-api.service[95321]: [pid: 95321|app: 0|req: 106/208] 10.222.0.77 () {64 vars in 1434 bytes} [Tue Aug 17 16:16:34 2021] PUT /placement/allocations/79b23154-5984-48b3-9937-bceb16a5af5d => generated 0 bytes in 123 msecs (HTTP/1.1 204) 5 headers in 199 bytes (1 switches on core 0)
Aug 17 16:16:35.240828 n-d-804878-1 devstack@placement-api.service[95320]: DEBUG placement.requestlog [req-af80d333-5c36-4ebb-b0d7-0bc2eca15dbb req-e3f7dba5-f433-4e45-a7d2-36adcd57d0cb None None] Starting request: 10.222.0.91 "GET /placement/allocations/79b23154-5984-48b3-9937-bceb16a5af5d" {{(pid=95320) __call__ /opt/stack/placement/placement/requestlog.py:55}}
Aug 17 16:16:35.276032 n-d-804878-1 devstack@placement-api.service[95320]: INFO placement.requestlog [req-af80d333-5c36-4ebb-b0d7-0bc2eca15dbb req-e3f7dba5-f433-4e45-a7d2-36adcd57d0cb service placement] 10.222.0.91 "GET /placement/allocations/79b23154-5984-48b3-9937-bceb16a5af5d" status: 200 len: 259 microversion: 1.28
Aug 17 16:16:35.276574 n-d-804878-1 devstack@placement-api.service[95320]: [pid: 95320|app: 0|req: 103/209] 10.222.0.91 () {60 vars in 1378 bytes} [Tue Aug 17 16:16:35 2021] GET /placement/allocations/79b23154-5984-48b3-9937-bceb16a5af5d => generated 259 bytes in 36 msecs (HTTP/1.1 200) 8 headers in 296 bytes (2 switches on core 0)
Aug 17 16:16:37.616993 n-d-804878-1 devstack@placement-api.service[95321]: DEBUG placement.requestlog [req-bc2ef972-7eb5-40f6-9b06-0abd80d03e68 req-9e83f1d8-e38e-4b10-b393-84f2567e642b None None] Starting request: 10.222.0.77 "GET /placement/allocation_candidates?limit=1000&resources=DISK_GB%3A1%2CMEMORY_MB%3A1024%2CVCPU%3A1&root_required=%21COMPUTE_STATUS_DISABLED" {{(pid=95321) __call__ /opt/stack/placement/placement/requestlog.py:55}}
Aug 17 16:16:37.718030 n-d-804878-1 devstack@placement-api.service[95321]: DEBUG placement.objects.research_context [req-bc2ef972-7eb5-40f6-9b06-0abd80d03e68 req-9e83f1d8-e38e-4b10-b393-84f2567e642b service placement] getting providers with 1 DISK_GB {{(pid=95321) __init__ /opt/stack/placement/placement/objects/research_context.py:126}}
Aug 17 16:16:37.729889 n-d-804878-1 devstack@placement-api.service[95321]: DEBUG placement.objects.research_context [req-bc2ef972-7eb5-40f6-9b06-0abd80d03e68 req-9e83f1d8-e38e-4b10-b393-84f2567e642b service placement] getting providers with 1024 MEMORY_MB {{(pid=95321) __init__ /opt/stack/placement/placement/objects/research_context.py:126}}
Aug 17 16:16:37.742878 n-d-804878-1 devstack@placement-api.service[95321]: DEBUG placement.objects.research_context [req-bc2ef972-7eb5-40f6-9b06-0abd80d03e68 req-9e83f1d8-e38e-4b10-b393-84f2567e642b service placement] getting providers with 1 VCPU {{(pid=95321) __init__ /opt/stack/placement/placement/objects/research_context.py:126}}
Aug 17 16:16:37.756405 n-d-804878-1 devstack@placement-api.service[95321]: DEBUG placement.objects.research_context [req-bc2ef972-7eb5-40f6-9b06-0abd80d03e68 req-9e83f1d8-e38e-4b10-b393-84f2567e642b service placement] found 2 providers with available 1 DISK_GB {{(pid=95321) get_provider_ids_matching /opt/stack/placement/placement/objects/research_context.py:549}}
Aug 17 16:16:37.756876 n-d-804878-1 devstack@placement-api.service[95321]: DEBUG placement.objects.research_context [req-bc2ef972-7eb5-40f6-9b06-0abd80d03e68 req-9e83f1d8-e38e-4b10-b393-84f2567e642b service placement] found 2 providers with available 1024 MEMORY_MB {{(pid=95321) get_provider_ids_matching /opt/stack/placement/placement/objects/research_context.py:549}}
Aug 17 16:16:37.757339 n-d-804878-1 devstack@placement-api.service[95321]: DEBUG placement.objects.research_context [req-bc2ef972-7eb5-40f6-9b06-0abd80d03e68 req-9e83f1d8-e38e-4b10-b393-84f2567e642b service placement] found 2 providers after filtering by previous result {{(pid=95321) get_provider_ids_matching /opt/stack/placement/placement/objects/research_context.py:580}}
Aug 17 16:16:37.757780 n-d-804878-1 devstack@placement-api.service[95321]: DEBUG placement.objects.research_context [req-bc2ef972-7eb5-40f6-9b06-0abd80d03e68 req-9e83f1d8-e38e-4b10-b393-84f2567e642b service placement] found 2 providers with available 1 VCPU {{(pid=95321) get_provider_ids_matching /opt/stack/placement/placement/objects/research_context.py:549}}
Aug 17 16:16:37.758243 n-d-804878-1 devstack@placement-api.service[95321]: DEBUG placement.objects.research_context [req-bc2ef972-7eb5-40f6-9b06-0abd80d03e68 req-9e83f1d8-e38e-4b10-b393-84f2567e642b service placement] found 2 providers after filtering by previous result {{(pid=95321) get_provider_ids_matching /opt/stack/placement/placement/objects/research_context.py:580}}
Aug 17 16:16:37.790600 n-d-804878-1 devstack@placement-api.service[95321]: DEBUG placement.objects.allocation_candidate [req-bc2ef972-7eb5-40f6-9b06-0abd80d03e68 req-9e83f1d8-e38e-4b10-b393-84f2567e642b service placement] RequestGroup(use_same_provider=False, resources={DISK_GB:1, MEMORY_MB:1024, VCPU:1}, traits=[], aggregates=[]) (suffix '') returned 2 matches {{(pid=95321) _get_by_requests /opt/stack/placement/placement/objects/allocation_candidate.py:145}}
Aug 17 16:16:37.791205 n-d-804878-1 devstack@placement-api.service[95321]: DEBUG placement.objects.allocation_candidate [req-bc2ef972-7eb5-40f6-9b06-0abd80d03e68 req-9e83f1d8-e38e-4b10-b393-84f2567e642b service placement] Merging candidates yields 2 allocation requests and 2 provider summaries {{(pid=95321) _merge_candidates /opt/stack/placement/placement/objects/allocation_candidate.py:783}}
Aug 17 16:16:37.794070 n-d-804878-1 devstack@placement-api.service[95321]: INFO placement.requestlog [req-bc2ef972-7eb5-40f6-9b06-0abd80d03e68 req-9e83f1d8-e38e-4b10-b393-84f2567e642b service placement] 10.222.0.77 "GET /placement/allocation_candidates?limit=1000&resources=DISK_GB%3A1%2CMEMORY_MB%3A1024%2CVCPU%3A1&root_required=%21COMPUTE_STATUS_DISABLED" status: 200 len: 1309 microversion: 1.35
Aug 17 16:16:37.801026 n-d-804878-1 devstack@placement-api.service[95321]: [pid: 95321|app: 0|req: 107/210] 10.222.0.77 () {60 vars in 1507 bytes} [Tue Aug 17 16:16:37 2021] GET /placement/allocation_candidates?limit=1000&resources=DISK_GB%3A1%2CMEMORY_MB%3A1024%2CVCPU%3A1&root_required=%21COMPUTE_STATUS_DISABLED => generated 1309 bytes in 184 msecs (HTTP/1.1 200) 8 headers in 297 bytes (2 switches on core 0)
Aug 17 16:16:37.895329 n-d-804878-1 devstack@placement-api.service[95320]: DEBUG placement.requestlog [req-bc2ef972-7eb5-40f6-9b06-0abd80d03e68 req-c4eceed8-c895-4719-888a-aa442646c82e None None] Starting request: 10.222.0.77 "GET /placement/allocations/725e32dd-8bbf-41dc-81e8-d8a5c0efcf2f" {{(pid=95320) __call__ /opt/stack/placement/placement/requestlog.py:55}}
Aug 17 16:16:37.916947 n-d-804878-1 devstack@placement-api.service[95320]: INFO placement.requestlog [req-bc2ef972-7eb5-40f6-9b06-0abd80d03e68 req-c4eceed8-c895-4719-888a-aa442646c82e service placement] 10.222.0.77 "GET /placement/allocations/725e32dd-8bbf-41dc-81e8-d8a5c0efcf2f" status: 200 len: 19 microversion: 1.28
Aug 17 16:16:37.928106 n-d-804878-1 devstack@placement-api.service[95321]: DEBUG placement.requestlog [req-bc2ef972-7eb5-40f6-9b06-0abd80d03e68 req-a1601985-0bef-4fdc-96fd-cb9e56b92339 None None] Starting request: 10.222.0.77 "PUT /placement/allocations/725e32dd-8bbf-41dc-81e8-d8a5c0efcf2f" {{(pid=95321) __call__ /opt/stack/placement/placement/requestlog.py:55}}
Aug 17 16:16:37.939248 n-d-804878-1 devstack@placement-api.service[95320]: [pid: 95320|app: 0|req: 104/211] 10.222.0.77 () {60 vars in 1381 bytes} [Tue Aug 17 16:16:37 2021] GET /placement/allocations/725e32dd-8bbf-41dc-81e8-d8a5c0efcf2f => generated 19 bytes in 44 msecs (HTTP/1.1 200) 8 headers in 295 bytes (2 switches on core 0)
Aug 17 16:16:38.037570 n-d-804878-1 devstack@placement-api.service[95321]: DEBUG placement.handlers.allocation [req-bc2ef972-7eb5-40f6-9b06-0abd80d03e68 req-a1601985-0bef-4fdc-96fd-cb9e56b92339 service placement] Successfully wrote allocations [, , ] {{(pid=95321) _create_allocations /opt/stack/placement/placement/handlers/allocation.py:435}}
Aug 17 16:16:38.038459 n-d-804878-1 devstack@placement-api.service[95321]: INFO placement.requestlog [req-bc2ef972-7eb5-40f6-9b06-0abd80d03e68 req-a1601985-0bef-4fdc-96fd-cb9e56b92339 service placement] 10.222.0.77 "PUT /placement/allocations/725e32dd-8bbf-41dc-81e8-d8a5c0efcf2f" status: 204 len: 0 microversion: 1.35
Aug 17 16:16:38.038847 n-d-804878-1 devstack@placement-api.service[95321]: [pid: 95321|app: 0|req: 108/212] 10.222.0.77 () {64 vars in 1434 bytes} [Tue Aug 17 16:16:37 2021] PUT /placement/allocations/725e32dd-8bbf-41dc-81e8-d8a5c0efcf2f => generated 0 bytes in 111 msecs (HTTP/1.1 204) 5 headers in 199 bytes (2 switches on core 0)
Aug 17 16:16:38.444677 n-d-804878-1 devstack@placement-api.service[95320]: DEBUG placement.requestlog [req-bc2ef972-7eb5-40f6-9b06-0abd80d03e68 req-087b168f-59ba-462c-bfae-cfcd847a4213 None None] Starting request: 10.222.0.93 "GET /placement/allocations/725e32dd-8bbf-41dc-81e8-d8a5c0efcf2f" {{(pid=95320) __call__ /opt/stack/placement/placement/requestlog.py:55}}
Aug 17 16:16:38.471092 n-d-804878-1 devstack@placement-api.service[95320]: INFO placement.requestlog [req-bc2ef972-7eb5-40f6-9b06-0abd80d03e68 req-087b168f-59ba-462c-bfae-cfcd847a4213 service placement] 10.222.0.93 "GET /placement/allocations/725e32dd-8bbf-41dc-81e8-d8a5c0efcf2f" status: 200 len: 259 microversion: 1.28
Aug 17 16:16:38.472984 n-d-804878-1 devstack@placement-api.service[95320]: [pid: 95320|app: 0|req: 105/213] 10.222.0.93 () {60 vars in 1378 bytes} [Tue Aug 17 16:16:38 2021] GET /placement/allocations/725e32dd-8bbf-41dc-81e8-d8a5c0efcf2f => generated 259 bytes in 28 msecs (HTTP/1.1 200) 8 headers in 296 bytes (1 switches on core 0)
Aug 17 16:16:39.630804 n-d-804878-1 devstack@placement-api.service[95321]: DEBUG placement.requestlog [req-b7abc59a-936b-4780-a249-c7b7bd25e222 req-2ae84b1c-cdb9-4029-91a0-36994ede6853 None None] Starting request: 10.222.0.93 "GET /placement/allocations/08de4f4d-c381-4903-88c3-57ebefc4efd1" {{(pid=95321) __call__ /opt/stack/placement/placement/requestlog.py:55}}
Aug 17 16:16:39.672333 n-d-804878-1 devstack@placement-api.service[95321]: INFO placement.requestlog [req-b7abc59a-936b-4780-a249-c7b7bd25e222 req-2ae84b1c-cdb9-4029-91a0-36994ede6853 service placement] 10.222.0.93 "GET /placement/allocations/08de4f4d-c381-4903-88c3-57ebefc4efd1" status: 200 len: 259 microversion: 1.28
Aug 17 16:16:39.673483 n-d-804878-1 devstack@placement-api.service[95321]: [pid: 95321|app: 0|req: 109/214] 10.222.0.93 () {60 vars in 1378 bytes} [Tue Aug 17 16:16:39 2021] GET /placement/allocations/08de4f4d-c381-4903-88c3-57ebefc4efd1 => generated 259 bytes in 43 msecs (HTTP/1.1 200) 8 headers in 296 bytes (1 switches on core 0)
Aug 17 16:16:39.683829 n-d-804878-1 devstack@placement-api.service[95320]: DEBUG placement.requestlog [req-b7abc59a-936b-4780-a249-c7b7bd25e222 req-ffb32019-d6cd-41e7-952e-5ad6c46bffa4 None None] Starting request: 10.222.0.93 "PUT /placement/allocations/08de4f4d-c381-4903-88c3-57ebefc4efd1" {{(pid=95320) __call__ /opt/stack/placement/placement/requestlog.py:55}}
Aug 17 16:16:39.828158 n-d-804878-1 devstack@placement-api.service[95320]: DEBUG placement.handlers.allocation [req-b7abc59a-936b-4780-a249-c7b7bd25e222 req-ffb32019-d6cd-41e7-952e-5ad6c46bffa4 service placement] Successfully wrote allocations [, , ] {{(pid=95320) _create_allocations /opt/stack/placement/placement/handlers/allocation.py:435}}
Aug 17 16:16:39.829691 n-d-804878-1 devstack@placement-api.service[95320]: INFO placement.requestlog [req-b7abc59a-936b-4780-a249-c7b7bd25e222 req-ffb32019-d6cd-41e7-952e-5ad6c46bffa4 service placement] 10.222.0.93 "PUT /placement/allocations/08de4f4d-c381-4903-88c3-57ebefc4efd1" status: 204 len: 0 microversion: 1.28
Aug 17 16:16:39.830963 n-d-804878-1 devstack@placement-api.service[95320]: [pid: 95320|app: 0|req: 106/215] 10.222.0.93 () {64 vars in 1431 bytes} [Tue Aug 17 16:16:39 2021] PUT /placement/allocations/08de4f4d-c381-4903-88c3-57ebefc4efd1 => generated 0 bytes in 147 msecs (HTTP/1.1 204) 5 headers in 199 bytes (1 switches on core 0)
Aug 17 16:16:42.769907 n-d-804878-1 devstack@placement-api.service[95321]: DEBUG placement.requestlog [req-9abb6392-d3f8-44d3-8e65-be92b18fa4c6 req-953299a9-9922-4a6d-9eba-3e7e7672a6d2 None None] Starting request: 10.222.0.77 "GET /placement/allocation_candidates?limit=1000&resources=DISK_GB%3A1%2CMEMORY_MB%3A1024%2CVCPU%3A1&root_required=%21COMPUTE_STATUS_DISABLED" {{(pid=95321) __call__ /opt/stack/placement/placement/requestlog.py:55}}
Aug 17 16:16:42.830510 n-d-804878-1 devstack@placement-api.service[95321]: DEBUG placement.objects.research_context [req-9abb6392-d3f8-44d3-8e65-be92b18fa4c6 req-953299a9-9922-4a6d-9eba-3e7e7672a6d2 service placement] getting providers with 1 DISK_GB {{(pid=95321) __init__ /opt/stack/placement/placement/objects/research_context.py:126}}
Aug 17 16:16:42.843152 n-d-804878-1 devstack@placement-api.service[95321]: DEBUG placement.objects.research_context [req-9abb6392-d3f8-44d3-8e65-be92b18fa4c6 req-953299a9-9922-4a6d-9eba-3e7e7672a6d2 service placement] getting providers with 1024 MEMORY_MB {{(pid=95321) __init__ /opt/stack/placement/placement/objects/research_context.py:126}}
Aug 17 16:16:42.855569 n-d-804878-1 devstack@placement-api.service[95321]: DEBUG placement.objects.research_context [req-9abb6392-d3f8-44d3-8e65-be92b18fa4c6 req-953299a9-9922-4a6d-9eba-3e7e7672a6d2 service placement] getting providers with 1 VCPU {{(pid=95321) __init__ /opt/stack/placement/placement/objects/research_context.py:126}}
Aug 17 16:16:42.868918 n-d-804878-1 devstack@placement-api.service[95321]: DEBUG placement.objects.research_context [req-9abb6392-d3f8-44d3-8e65-be92b18fa4c6 req-953299a9-9922-4a6d-9eba-3e7e7672a6d2 service placement] found 2 providers with available 1 DISK_GB {{(pid=95321) get_provider_ids_matching /opt/stack/placement/placement/objects/research_context.py:549}}
Aug 17 16:16:42.869749 n-d-804878-1 devstack@placement-api.service[95321]: DEBUG placement.objects.research_context [req-9abb6392-d3f8-44d3-8e65-be92b18fa4c6 req-953299a9-9922-4a6d-9eba-3e7e7672a6d2 service placement] found 2 providers with available 1024 MEMORY_MB {{(pid=95321) get_provider_ids_matching /opt/stack/placement/placement/objects/research_context.py:549}}
Aug 17 16:16:42.870485 n-d-804878-1 devstack@placement-api.service[95321]: DEBUG placement.objects.research_context [req-9abb6392-d3f8-44d3-8e65-be92b18fa4c6 req-953299a9-9922-4a6d-9eba-3e7e7672a6d2 service placement] found 2 providers after filtering by previous result {{(pid=95321) get_provider_ids_matching /opt/stack/placement/placement/objects/research_context.py:580}}
Aug 17 16:16:42.871153 n-d-804878-1 devstack@placement-api.service[95321]: DEBUG placement.objects.research_context [req-9abb6392-d3f8-44d3-8e65-be92b18fa4c6 req-953299a9-9922-4a6d-9eba-3e7e7672a6d2 service placement] found 2 providers with available 1 VCPU {{(pid=95321) get_provider_ids_matching /opt/stack/placement/placement/objects/research_context.py:549}}
Aug 17 16:16:42.871882 n-d-804878-1 devstack@placement-api.service[95321]: DEBUG placement.objects.research_context [req-9abb6392-d3f8-44d3-8e65-be92b18fa4c6 req-953299a9-9922-4a6d-9eba-3e7e7672a6d2 service placement] found 2 providers after filtering by previous result {{(pid=95321) get_provider_ids_matching /opt/stack/placement/placement/objects/research_context.py:580}}
Aug 17 16:16:42.894549 n-d-804878-1 devstack@placement-api.service[95321]: DEBUG placement.objects.allocation_candidate [req-9abb6392-d3f8-44d3-8e65-be92b18fa4c6 req-953299a9-9922-4a6d-9eba-3e7e7672a6d2 service placement] RequestGroup(use_same_provider=False, resources={DISK_GB:1, MEMORY_MB:1024, VCPU:1}, traits=[], aggregates=[]) (suffix '') returned 2 matches {{(pid=95321) _get_by_requests /opt/stack/placement/placement/objects/allocation_candidate.py:145}}
Aug 17 16:16:42.895485 n-d-804878-1 devstack@placement-api.service[95321]: DEBUG placement.objects.allocation_candidate [req-9abb6392-d3f8-44d3-8e65-be92b18fa4c6 req-953299a9-9922-4a6d-9eba-3e7e7672a6d2 service placement] Merging candidates yields 2 allocation requests and 2 provider summaries {{(pid=95321) _merge_candidates /opt/stack/placement/placement/objects/allocation_candidate.py:783}}
Aug 17 16:16:42.899145 n-d-804878-1 devstack@placement-api.service[95321]: INFO placement.requestlog [req-9abb6392-d3f8-44d3-8e65-be92b18fa4c6 req-953299a9-9922-4a6d-9eba-3e7e7672a6d2 service placement] 10.222.0.77 "GET /placement/allocation_candidates?limit=1000&resources=DISK_GB%3A1%2CMEMORY_MB%3A1024%2CVCPU%3A1&root_required=%21COMPUTE_STATUS_DISABLED" status: 200 len: 1309 microversion: 1.35
Aug 17 16:16:42.914340 n-d-804878-1 devstack@placement-api.service[95321]: [pid: 95321|app: 0|req: 110/216] 10.222.0.77 () {60 vars in 1507 bytes} [Tue Aug 17 16:16:42 2021] GET /placement/allocation_candidates?limit=1000&resources=DISK_GB%3A1%2CMEMORY_MB%3A1024%2CVCPU%3A1&root_required=%21COMPUTE_STATUS_DISABLED => generated 1309 bytes in 137 msecs (HTTP/1.1 200) 8 headers in 297 bytes (1 switches on core 0)
Aug 17 16:16:43.003426 n-d-804878-1 devstack@placement-api.service[95320]: DEBUG placement.requestlog [req-9abb6392-d3f8-44d3-8e65-be92b18fa4c6 req-f9391373-260e-4d97-8c97-e1515904c8aa None None] Starting request: 10.222.0.77 "GET /placement/allocations/0a8030f3-4881-4790-9600-c4c1ec07ce3f" {{(pid=95320) __call__ /opt/stack/placement/placement/requestlog.py:55}}
Aug 17 16:16:43.035787 n-d-804878-1 devstack@placement-api.service[95320]: INFO placement.requestlog [req-9abb6392-d3f8-44d3-8e65-be92b18fa4c6 req-f9391373-260e-4d97-8c97-e1515904c8aa service placement] 10.222.0.77 "GET /placement/allocations/0a8030f3-4881-4790-9600-c4c1ec07ce3f" status: 200 len: 19 microversion: 1.28
Aug 17 16:16:43.039562 n-d-804878-1 devstack@placement-api.service[95320]: [pid: 95320|app: 0|req: 107/217] 10.222.0.77 () {60 vars in 1381 bytes} [Tue Aug 17 16:16:43 2021] GET /placement/allocations/0a8030f3-4881-4790-9600-c4c1ec07ce3f => generated 19 bytes in 37 msecs (HTTP/1.1 200) 8 headers in 295 bytes (2 switches on core 0)
Aug 17 16:16:43.049011 n-d-804878-1 devstack@placement-api.service[95321]: DEBUG placement.requestlog [req-9abb6392-d3f8-44d3-8e65-be92b18fa4c6 req-7cc138c0-c565-4fe2-aa0a-2207b743b0ae None None] Starting request: 10.222.0.77 "PUT /placement/allocations/0a8030f3-4881-4790-9600-c4c1ec07ce3f" {{(pid=95321) __call__ /opt/stack/placement/placement/requestlog.py:55}}
Aug 17 16:16:43.212269 n-d-804878-1 devstack@placement-api.service[95321]: DEBUG placement.handlers.allocation [req-9abb6392-d3f8-44d3-8e65-be92b18fa4c6 req-7cc138c0-c565-4fe2-aa0a-2207b743b0ae service placement] Successfully wrote allocations [, , ] {{(pid=95321) _create_allocations /opt/stack/placement/placement/handlers/allocation.py:435}}
Aug 17 16:16:43.214137 n-d-804878-1 devstack@placement-api.service[95321]: INFO placement.requestlog [req-9abb6392-d3f8-44d3-8e65-be92b18fa4c6 req-7cc138c0-c565-4fe2-aa0a-2207b743b0ae service placement] 10.222.0.77 "PUT /placement/allocations/0a8030f3-4881-4790-9600-c4c1ec07ce3f" status: 204 len: 0 microversion: 1.35
Aug 17 16:16:43.214886 n-d-804878-1 devstack@placement-api.service[95321]: [pid: 95321|app: 0|req: 111/218] 10.222.0.77 () {64 vars in 1434 bytes} [Tue Aug 17 16:16:43 2021] PUT /placement/allocations/0a8030f3-4881-4790-9600-c4c1ec07ce3f => generated 0 bytes in 167 msecs (HTTP/1.1 204) 5 headers in 199 bytes (2 switches on core 0)
Aug 17 16:16:43.772707 n-d-804878-1 devstack@placement-api.service[95320]: DEBUG placement.requestlog [req-9abb6392-d3f8-44d3-8e65-be92b18fa4c6 req-e6005e92-c9e8-4570-9687-484a44a165f5 None None] Starting request: 10.222.0.91 "GET /placement/allocations/0a8030f3-4881-4790-9600-c4c1ec07ce3f" {{(pid=95320) __call__ /opt/stack/placement/placement/requestlog.py:55}}
Aug 17 16:16:43.819629 n-d-804878-1 devstack@placement-api.service[95320]: INFO placement.requestlog [req-9abb6392-d3f8-44d3-8e65-be92b18fa4c6 req-e6005e92-c9e8-4570-9687-484a44a165f5 service placement] 10.222.0.91 "GET /placement/allocations/0a8030f3-4881-4790-9600-c4c1ec07ce3f" status: 200 len: 259 microversion: 1.28
Aug 17 16:16:43.820942 n-d-804878-1 devstack@placement-api.service[95320]: [pid: 95320|app: 0|req: 108/219] 10.222.0.91 () {60 vars in 1378 bytes} [Tue Aug 17 16:16:43 2021] GET /placement/allocations/0a8030f3-4881-4790-9600-c4c1ec07ce3f => generated 259 bytes in 48 msecs (HTTP/1.1 200) 8 headers in 296 bytes (1 switches on core 0)
Aug 17 16:16:56.211290 n-d-804878-1 devstack@placement-api.service[95321]: DEBUG placement.requestlog [None req-814f2255-0257-45f9-8090-b0005aa8757e None None] Starting request: 10.222.0.77 "GET /placement/" {{(pid=95321) __call__ /opt/stack/placement/placement/requestlog.py:55}}
Aug 17 16:16:56.212295 n-d-804878-1 devstack@placement-api.service[95321]: INFO placement.requestlog [None req-814f2255-0257-45f9-8090-b0005aa8757e None None] 10.222.0.77 "GET /placement/" status: 200 len: 136 microversion: 1.0
Aug 17 16:16:56.213251 n-d-804878-1 devstack@placement-api.service[95321]: [pid: 95321|app: 0|req: 112/220] 10.222.0.77 () {54 vars in 916 bytes} [Tue Aug 17 16:16:56 2021] GET /placement => generated 136 bytes in 3 msecs (HTTP/1.1 200) 6 headers in 224 bytes (1 switches on core 0)
Aug 17 16:16:56.231523 n-d-804878-1 devstack@placement-api.service[95320]: DEBUG placement.requestlog [req-ebe50add-385c-4509-9ea2-5c2a50af3e41 req-c732b4cc-5c0f-49a6-aec8-970c53c2dbdb None None] Starting request: 10.222.0.77 "GET /placement/allocations/79b23154-5984-48b3-9937-bceb16a5af5d" {{(pid=95320) __call__ /opt/stack/placement/placement/requestlog.py:55}}
Aug 17 16:16:56.513577 n-d-804878-1 devstack@placement-api.service[95320]: INFO placement.requestlog [req-ebe50add-385c-4509-9ea2-5c2a50af3e41 req-c732b4cc-5c0f-49a6-aec8-970c53c2dbdb service placement] 10.222.0.77 "GET /placement/allocations/79b23154-5984-48b3-9937-bceb16a5af5d" status: 200 len: 259 microversion: 1.28
Aug 17 16:16:56.522916 n-d-804878-1 devstack@placement-api.service[95321]: DEBUG placement.requestlog [req-ebe50add-385c-4509-9ea2-5c2a50af3e41 req-3eb4d4b0-d595-4239-8b40-be7526f89d89 None None] Starting request: 10.222.0.77 "GET /placement/allocations/79b23154-5984-48b3-9937-bceb16a5af5d" {{(pid=95321) __call__ /opt/stack/placement/placement/requestlog.py:55}}
Aug 17 16:16:56.536115 n-d-804878-1 devstack@placement-api.service[95320]: [pid: 95320|app: 0|req: 109/221] 10.222.0.77 () {60 vars in 1381 bytes} [Tue Aug 17 16:16:56 2021] GET /placement/allocations/79b23154-5984-48b3-9937-bceb16a5af5d => generated 259 bytes in 305 msecs (HTTP/1.1 200) 8 headers in 296 bytes (1 switches on core 0)
Aug 17 16:16:56.547562 n-d-804878-1 devstack@placement-api.service[95321]: INFO placement.requestlog [req-ebe50add-385c-4509-9ea2-5c2a50af3e41 req-3eb4d4b0-d595-4239-8b40-be7526f89d89 service placement] 10.222.0.77 "GET /placement/allocations/79b23154-5984-48b3-9937-bceb16a5af5d" status: 200 len: 259 microversion: 1.28
Aug 17 16:16:56.558609 n-d-804878-1 devstack@placement-api.service[95320]: DEBUG placement.requestlog [req-ebe50add-385c-4509-9ea2-5c2a50af3e41 req-73508877-9f9a-446b-ac2e-da89cc287ddc None None] Starting request: 10.222.0.77 "GET /placement/allocations/272b5a53-a740-4c70-b69d-4a808761826c" {{(pid=95320) __call__ /opt/stack/placement/placement/requestlog.py:55}}
Aug 17 16:16:56.570039 n-d-804878-1 devstack@placement-api.service[95321]: [pid: 95321|app: 0|req: 113/222] 10.222.0.77 () {60 vars in 1381 bytes} [Tue Aug 17 16:16:56 2021] GET /placement/allocations/79b23154-5984-48b3-9937-bceb16a5af5d => generated 259 bytes in 46 msecs (HTTP/1.1 200) 8 headers in 296 bytes (1 switches on core 0)
Aug 17 16:16:56.576040 n-d-804878-1 devstack@placement-api.service[95320]: INFO placement.requestlog [req-ebe50add-385c-4509-9ea2-5c2a50af3e41 req-73508877-9f9a-446b-ac2e-da89cc287ddc service placement] 10.222.0.77 "GET /placement/allocations/272b5a53-a740-4c70-b69d-4a808761826c" status: 200 len: 19 microversion: 1.28
Aug 17 16:16:56.583791 n-d-804878-1 devstack@placement-api.service[95321]: DEBUG placement.requestlog [req-ebe50add-385c-4509-9ea2-5c2a50af3e41 req-351aa3b0-f5a9-48ba-8422-1f93a04c5240 None None] Starting request: 10.222.0.77 "POST /placement/allocations" {{(pid=95321) __call__ /opt/stack/placement/placement/requestlog.py:55}}
Aug 17 16:16:56.589753 n-d-804878-1 devstack@placement-api.service[95320]: [pid: 95320|app: 0|req: 110/223] 10.222.0.77 () {60 vars in 1381 bytes} [Tue Aug 17 16:16:56 2021] GET /placement/allocations/272b5a53-a740-4c70-b69d-4a808761826c => generated 19 bytes in 24 msecs (HTTP/1.1 200) 8 headers in 295 bytes (1 switches on core 0)
Aug 17 16:16:56.707240 n-d-804878-1 devstack@placement-api.service[95321]: DEBUG placement.handlers.allocation [req-ebe50add-385c-4509-9ea2-5c2a50af3e41 req-351aa3b0-f5a9-48ba-8422-1f93a04c5240 service placement] Successfully wrote allocations [, , , , , ] {{(pid=95321) _create_allocations /opt/stack/placement/placement/handlers/allocation.py:524}}
Aug 17 16:16:56.712842 n-d-804878-1 devstack@placement-api.service[95321]: INFO placement.requestlog [req-ebe50add-385c-4509-9ea2-5c2a50af3e41 req-351aa3b0-f5a9-48ba-8422-1f93a04c5240 service placement] 10.222.0.77 "POST /placement/allocations" status: 204 len: 0 microversion: 1.28
Aug 17 16:16:56.713140 n-d-804878-1 devstack@placement-api.service[95321]: [pid: 95321|app: 0|req: 114/224] 10.222.0.77 () {64 vars in 1324 bytes} [Tue Aug 17 16:16:56 2021] POST /placement/allocations => generated 0 bytes in 130 msecs (HTTP/1.1 204) 5 headers in 199 bytes (2 switches on core 0)
Aug 17 16:16:56.751590 n-d-804878-1 devstack@placement-api.service[95320]: DEBUG placement.requestlog [req-ebe50add-385c-4509-9ea2-5c2a50af3e41 req-48a3ccdc-d8d9-4c73-b907-a3e937f9d06b None None] Starting request: 10.222.0.77 "GET /placement/allocation_candidates?limit=1000&resources=DISK_GB%3A1%2CMEMORY_MB%3A512%2CVCPU%3A1&root_required=%21COMPUTE_STATUS_DISABLED" {{(pid=95320) __call__ /opt/stack/placement/placement/requestlog.py:55}}
Aug 17 16:16:56.859502 n-d-804878-1 devstack@placement-api.service[95320]: DEBUG placement.objects.research_context [req-ebe50add-385c-4509-9ea2-5c2a50af3e41 req-48a3ccdc-d8d9-4c73-b907-a3e937f9d06b service placement] getting providers with 1 DISK_GB {{(pid=95320) __init__ /opt/stack/placement/placement/objects/research_context.py:126}}
Aug 17 16:16:56.899337 n-d-804878-1 devstack@placement-api.service[95320]: DEBUG placement.objects.research_context [req-ebe50add-385c-4509-9ea2-5c2a50af3e41 req-48a3ccdc-d8d9-4c73-b907-a3e937f9d06b service placement] getting providers with 512 MEMORY_MB {{(pid=95320) __init__ /opt/stack/placement/placement/objects/research_context.py:126}}
