Aug 17 16:48:46.184745 n-d-804878-1 devstack@placement-api.service[95320]: [pid: 95320|app: 0|req: 595/1193] 10.222.0.93 () {60 vars in 1378 bytes} [Tue Aug 17 16:48:46 2021] GET /placement/allocations/120a1717-a1e3-4258-9d37-1463fd46bdc9 => generated 260 bytes in 16 msecs (HTTP/1.1 200) 8 headers in 296 bytes (2 switches on core 0)
Aug 17 16:48:46.193699 n-d-804878-1 devstack@placement-api.service[95321]: DEBUG placement.requestlog [req-e7400f1c-5b24-42a9-acdb-64ecf0b96962 req-7ba823cc-acbe-4523-814e-a4ca93868ec5 None None] Starting request: 10.222.0.93 "GET /placement/allocations/e9717288-2afa-40d9-ab17-b455d81b5428" {{(pid=95321) __call__ /opt/stack/placement/placement/requestlog.py:55}}
Aug 17 16:48:46.217903 n-d-804878-1 devstack@placement-api.service[95321]: INFO placement.requestlog [req-e7400f1c-5b24-42a9-acdb-64ecf0b96962 req-7ba823cc-acbe-4523-814e-a4ca93868ec5 service placement] 10.222.0.93 "GET /placement/allocations/e9717288-2afa-40d9-ab17-b455d81b5428" status: 200 len: 260 microversion: 1.28
Aug 17 16:48:46.218833 n-d-804878-1 devstack@placement-api.service[95321]: [pid: 95321|app: 0|req: 599/1194] 10.222.0.93 () {60 vars in 1378 bytes} [Tue Aug 17 16:48:46 2021] GET /placement/allocations/e9717288-2afa-40d9-ab17-b455d81b5428 => generated 260 bytes in 25 msecs (HTTP/1.1 200) 8 headers in 296 bytes (2 switches on core 0)
Aug 17 16:48:46.227600 n-d-804878-1 devstack@placement-api.service[95320]: DEBUG placement.requestlog [req-e7400f1c-5b24-42a9-acdb-64ecf0b96962 req-28f11d92-537d-45cd-b837-8a9cc5837c3f None None] Starting request: 10.222.0.93 "POST /placement/allocations" {{(pid=95320) __call__ /opt/stack/placement/placement/requestlog.py:55}}
Aug 17 16:48:46.309564 n-d-804878-1 devstack@placement-api.service[95320]: DEBUG placement.handlers.allocation [req-e7400f1c-5b24-42a9-acdb-64ecf0b96962 req-28f11d92-537d-45cd-b837-8a9cc5837c3f service placement] Successfully wrote allocations [, , , , , ] {{(pid=95320) _create_allocations /opt/stack/placement/placement/handlers/allocation.py:524}}
Aug 17 16:48:46.310456 n-d-804878-1 devstack@placement-api.service[95320]: INFO placement.requestlog [req-e7400f1c-5b24-42a9-acdb-64ecf0b96962 req-28f11d92-537d-45cd-b837-8a9cc5837c3f service placement] 10.222.0.93 "POST /placement/allocations" status: 204 len: 0 microversion: 1.28
Aug 17 16:48:46.311201 n-d-804878-1 devstack@placement-api.service[95320]: [pid: 95320|app: 0|req: 596/1195] 10.222.0.93 () {64 vars in 1321 bytes} [Tue Aug 17 16:48:46 2021] POST /placement/allocations => generated 0 bytes in 84 msecs (HTTP/1.1 204) 5 headers in 199 bytes (1 switches on core 0)
Aug 17 16:48:55.153502 n-d-804878-1 devstack@placement-api.service[95321]: DEBUG placement.requestlog [req-5a9541cf-57c2-45d6-9221-da7cf84d85c1 req-6d8620c3-8620-4c51-9f19-c5f472e2af96 None None] Starting request: 10.222.0.93 "GET /placement/resource_providers/f843064a-191e-4323-9321-e862d37d1b1f/allocations" {{(pid=95321) __call__ /opt/stack/placement/placement/requestlog.py:55}}
Aug 17 16:48:55.175320 n-d-804878-1 devstack@placement-api.service[95321]: INFO placement.requestlog [req-5a9541cf-57c2-45d6-9221-da7cf84d85c1 req-6d8620c3-8620-4c51-9f19-c5f472e2af96 service placement] 10.222.0.93 "GET /placement/resource_providers/f843064a-191e-4323-9321-e862d37d1b1f/allocations" status: 200 len: 256 microversion: 1.0
Aug 17 16:48:55.175680 n-d-804878-1 devstack@placement-api.service[95321]: [pid: 95321|app: 0|req: 600/1196] 10.222.0.93 () {58 vars in 1391 bytes} [Tue Aug 17 16:48:55 2021] GET /placement/resource_providers/f843064a-191e-4323-9321-e862d37d1b1f/allocations => generated 256 bytes in 22 msecs (HTTP/1.1 200) 6 headers in 224 bytes (2 switches on core 0)
Aug 17 16:48:57.423516 n-d-804878-1 devstack@placement-api.service[95320]: DEBUG placement.requestlog [req-d9e3f708-ac52-4b54-a203-a7a07bdff543 req-2d967361-cf7a-4bd9-9e76-70a6b0dfb769 None None] Starting request: 10.222.0.91 "GET /placement/resource_providers/ea2144a2-44d1-415b-a672-e6e2ddb54074/allocations" {{(pid=95320) __call__ /opt/stack/placement/placement/requestlog.py:55}}
Aug 17 16:48:57.443437 n-d-804878-1 devstack@placement-api.service[95320]: INFO placement.requestlog [req-d9e3f708-ac52-4b54-a203-a7a07bdff543 req-2d967361-cf7a-4bd9-9e76-70a6b0dfb769 service placement] 10.222.0.91 "GET /placement/resource_providers/ea2144a2-44d1-415b-a672-e6e2ddb54074/allocations" status: 200 len: 256 microversion: 1.0
Aug 17 16:48:57.443808 n-d-804878-1 devstack@placement-api.service[95320]: [pid: 95320|app: 0|req: 597/1197] 10.222.0.91 () {58 vars in 1391 bytes} [Tue Aug 17 16:48:57 2021] GET /placement/resource_providers/ea2144a2-44d1-415b-a672-e6e2ddb54074/allocations => generated 256 bytes in 21 msecs (HTTP/1.1 200) 6 headers in 224 bytes (1 switches on core 0)
Aug 17 16:48:58.052296 n-d-804878-1 devstack@placement-api.service[95321]: DEBUG placement.requestlog [req-91cb79a6-cf59-4959-ad28-a48ab35a061d req-1baed551-195c-4622-8c27-5170303903a6 None None] Starting request: 10.222.0.93 "GET /placement/allocations/b4782a00-ee2b-4c9e-821a-52518443f10e" {{(pid=95321) __call__ /opt/stack/placement/placement/requestlog.py:55}}
Aug 17 16:48:58.067398 n-d-804878-1 devstack@placement-api.service[95321]: INFO placement.requestlog [req-91cb79a6-cf59-4959-ad28-a48ab35a061d req-1baed551-195c-4622-8c27-5170303903a6 service placement] 10.222.0.93 "GET /placement/allocations/b4782a00-ee2b-4c9e-821a-52518443f10e" status: 200 len: 260 microversion: 1.28
Aug 17 16:48:58.067654 n-d-804878-1 devstack@placement-api.service[95321]: [pid: 95321|app: 0|req: 601/1198] 10.222.0.93 () {60 vars in 1378 bytes} [Tue Aug 17 16:48:58 2021] GET /placement/allocations/b4782a00-ee2b-4c9e-821a-52518443f10e => generated 260 bytes in 16 msecs (HTTP/1.1 200) 8 headers in 296 bytes (1 switches on core 0)
Aug 17 16:48:58.075176 n-d-804878-1 devstack@placement-api.service[95320]: DEBUG placement.requestlog [req-91cb79a6-cf59-4959-ad28-a48ab35a061d req-5129385e-b9e2-4a4d-ba04-befc8053b56c None None] Starting request: 10.222.0.93 "PUT /placement/allocations/b4782a00-ee2b-4c9e-821a-52518443f10e" {{(pid=95320) __call__ /opt/stack/placement/placement/requestlog.py:55}}
Aug 17 16:48:58.117203 n-d-804878-1 devstack@placement-api.service[95320]: DEBUG placement.handlers.allocation [req-91cb79a6-cf59-4959-ad28-a48ab35a061d req-5129385e-b9e2-4a4d-ba04-befc8053b56c service placement] Successfully wrote allocations [, , ] {{(pid=95320) _create_allocations /opt/stack/placement/placement/handlers/allocation.py:435}}
Aug 17 16:48:58.117611 n-d-804878-1 devstack@placement-api.service[95320]: INFO placement.requestlog [req-91cb79a6-cf59-4959-ad28-a48ab35a061d req-5129385e-b9e2-4a4d-ba04-befc8053b56c service placement] 10.222.0.93 "PUT /placement/allocations/b4782a00-ee2b-4c9e-821a-52518443f10e" status: 204 len: 0 microversion: 1.28
Aug 17 16:48:58.118138 n-d-804878-1 devstack@placement-api.service[95320]: [pid: 95320|app: 0|req: 598/1199] 10.222.0.93 () {64 vars in 1431 bytes} [Tue Aug 17 16:48:58 2021] PUT /placement/allocations/b4782a00-ee2b-4c9e-821a-52518443f10e => generated 0 bytes in 43 msecs (HTTP/1.1 204) 5 headers in 199 bytes (2 switches on core 0)
Aug 17 16:49:01.974945 n-d-804878-1 devstack@placement-api.service[95321]: DEBUG placement.requestlog [req-86d1759c-bfed-4ede-8b9b-357b38e9ada4 req-e91a3d55-4eb1-4ab7-ac5f-1899fc0d86cf None None] Starting request: 10.222.0.91 "GET /placement/allocations/a9ad602b-efe9-4b0b-b92e-dea9101aec16" {{(pid=95321) __call__ /opt/stack/placement/placement/requestlog.py:55}}
Aug 17 16:49:01.992645 n-d-804878-1 devstack@placement-api.service[95321]: INFO placement.requestlog [req-86d1759c-bfed-4ede-8b9b-357b38e9ada4 req-e91a3d55-4eb1-4ab7-ac5f-1899fc0d86cf service placement] 10.222.0.91 "GET /placement/allocations/a9ad602b-efe9-4b0b-b92e-dea9101aec16" status: 200 len: 260 microversion: 1.28
Aug 17 16:49:01.993100 n-d-804878-1 devstack@placement-api.service[95321]: [pid: 95321|app: 0|req: 602/1200] 10.222.0.91 () {60 vars in 1378 bytes} [Tue Aug 17 16:49:01 2021] GET /placement/allocations/a9ad602b-efe9-4b0b-b92e-dea9101aec16 => generated 260 bytes in 18 msecs (HTTP/1.1 200) 8 headers in 296 bytes (1 switches on core 0)
Aug 17 16:49:02.006517 n-d-804878-1 devstack@placement-api.service[95320]: DEBUG placement.requestlog [req-86d1759c-bfed-4ede-8b9b-357b38e9ada4 req-d4514168-e98c-4d83-b57d-2b80ad545ecf None None] Starting request: 10.222.0.91 "PUT /placement/allocations/a9ad602b-efe9-4b0b-b92e-dea9101aec16" {{(pid=95320) __call__ /opt/stack/placement/placement/requestlog.py:55}}
Aug 17 16:49:02.049722 n-d-804878-1 devstack@placement-api.service[95320]: DEBUG placement.handlers.allocation [req-86d1759c-bfed-4ede-8b9b-357b38e9ada4 req-d4514168-e98c-4d83-b57d-2b80ad545ecf service placement] Successfully wrote allocations [, , ] {{(pid=95320) _create_allocations /opt/stack/placement/placement/handlers/allocation.py:435}}
Aug 17 16:49:02.050423 n-d-804878-1 devstack@placement-api.service[95320]: INFO placement.requestlog [req-86d1759c-bfed-4ede-8b9b-357b38e9ada4 req-d4514168-e98c-4d83-b57d-2b80ad545ecf service placement] 10.222.0.91 "PUT /placement/allocations/a9ad602b-efe9-4b0b-b92e-dea9101aec16" status: 204 len: 0 microversion: 1.28
Aug 17 16:49:02.050765 n-d-804878-1 devstack@placement-api.service[95320]: [pid: 95320|app: 0|req: 599/1201] 10.222.0.91 () {64 vars in 1431 bytes} [Tue Aug 17 16:49:02 2021] PUT /placement/allocations/a9ad602b-efe9-4b0b-b92e-dea9101aec16 => generated 0 bytes in 45 msecs (HTTP/1.1 204) 5 headers in 199 bytes (2 switches on core 0)
Aug 17 16:49:16.438917 n-d-804878-1 devstack@placement-api.service[95321]: DEBUG placement.requestlog [req-91e19092-4a7e-444c-af8e-a96ea289719f req-368dee3c-e587-4a9b-90b5-20e75af0fb4c None None] Starting request: 10.222.0.77 "GET /placement/allocation_candidates?limit=1000&resources=DISK_GB%3A1%2CMEMORY_MB%3A1024%2CVCPU%3A1&root_required=%21COMPUTE_STATUS_DISABLED" {{(pid=95321) __call__ /opt/stack/placement/placement/requestlog.py:55}}
Aug 17 16:49:16.479081 n-d-804878-1 devstack@placement-api.service[95321]: DEBUG placement.objects.research_context [req-91e19092-4a7e-444c-af8e-a96ea289719f req-368dee3c-e587-4a9b-90b5-20e75af0fb4c service placement] getting providers with 1 DISK_GB {{(pid=95321) __init__ /opt/stack/placement/placement/objects/research_context.py:126}}
Aug 17 16:49:16.485741 n-d-804878-1 devstack@placement-api.service[95321]: DEBUG placement.objects.research_context [req-91e19092-4a7e-444c-af8e-a96ea289719f req-368dee3c-e587-4a9b-90b5-20e75af0fb4c service placement] getting providers with 1024 MEMORY_MB {{(pid=95321) __init__ /opt/stack/placement/placement/objects/research_context.py:126}}
Aug 17 16:49:16.492015 n-d-804878-1 devstack@placement-api.service[95321]: DEBUG placement.objects.research_context [req-91e19092-4a7e-444c-af8e-a96ea289719f req-368dee3c-e587-4a9b-90b5-20e75af0fb4c service placement] getting providers with 1 VCPU {{(pid=95321) __init__ /opt/stack/placement/placement/objects/research_context.py:126}}
Aug 17 16:49:16.498462 n-d-804878-1 devstack@placement-api.service[95321]: DEBUG placement.objects.research_context [req-91e19092-4a7e-444c-af8e-a96ea289719f req-368dee3c-e587-4a9b-90b5-20e75af0fb4c service placement] found 2 providers with available 1 DISK_GB {{(pid=95321) get_provider_ids_matching /opt/stack/placement/placement/objects/research_context.py:549}}
Aug 17 16:49:16.499020 n-d-804878-1 devstack@placement-api.service[95321]: DEBUG placement.objects.research_context [req-91e19092-4a7e-444c-af8e-a96ea289719f req-368dee3c-e587-4a9b-90b5-20e75af0fb4c service placement] found 2 providers with available 1024 MEMORY_MB {{(pid=95321) get_provider_ids_matching /opt/stack/placement/placement/objects/research_context.py:549}}
Aug 17 16:49:16.499456 n-d-804878-1 devstack@placement-api.service[95321]: DEBUG placement.objects.research_context [req-91e19092-4a7e-444c-af8e-a96ea289719f req-368dee3c-e587-4a9b-90b5-20e75af0fb4c service placement] found 2 providers after filtering by previous result {{(pid=95321) get_provider_ids_matching /opt/stack/placement/placement/objects/research_context.py:580}}
Aug 17 16:49:16.499918 n-d-804878-1 devstack@placement-api.service[95321]: DEBUG placement.objects.research_context [req-91e19092-4a7e-444c-af8e-a96ea289719f req-368dee3c-e587-4a9b-90b5-20e75af0fb4c service placement] found 2 providers with available 1 VCPU {{(pid=95321) get_provider_ids_matching /opt/stack/placement/placement/objects/research_context.py:549}}
Aug 17 16:49:16.500329 n-d-804878-1 devstack@placement-api.service[95321]: DEBUG placement.objects.research_context [req-91e19092-4a7e-444c-af8e-a96ea289719f req-368dee3c-e587-4a9b-90b5-20e75af0fb4c service placement] found 2 providers after filtering by previous result {{(pid=95321) get_provider_ids_matching /opt/stack/placement/placement/objects/research_context.py:580}}
Aug 17 16:49:16.523441 n-d-804878-1 devstack@placement-api.service[95321]: DEBUG placement.objects.allocation_candidate [req-91e19092-4a7e-444c-af8e-a96ea289719f req-368dee3c-e587-4a9b-90b5-20e75af0fb4c service placement] RequestGroup(use_same_provider=False, resources={DISK_GB:1, MEMORY_MB:1024, VCPU:1}, traits=[], aggregates=[]) (suffix '') returned 2 matches {{(pid=95321) _get_by_requests /opt/stack/placement/placement/objects/allocation_candidate.py:145}}
Aug 17 16:49:16.524040 n-d-804878-1 devstack@placement-api.service[95321]: DEBUG placement.objects.allocation_candidate [req-91e19092-4a7e-444c-af8e-a96ea289719f req-368dee3c-e587-4a9b-90b5-20e75af0fb4c service placement] Merging candidates yields 2 allocation requests and 2 provider summaries {{(pid=95321) _merge_candidates /opt/stack/placement/placement/objects/allocation_candidate.py:783}}
Aug 17 16:49:16.525982 n-d-804878-1 devstack@placement-api.service[95321]: INFO placement.requestlog [req-91e19092-4a7e-444c-af8e-a96ea289719f req-368dee3c-e587-4a9b-90b5-20e75af0fb4c service placement] 10.222.0.77 "GET /placement/allocation_candidates?limit=1000&resources=DISK_GB%3A1%2CMEMORY_MB%3A1024%2CVCPU%3A1&root_required=%21COMPUTE_STATUS_DISABLED" status: 200 len: 1309 microversion: 1.35
Aug 17 16:49:16.533614 n-d-804878-1 devstack@placement-api.service[95321]: [pid: 95321|app: 0|req: 603/1202] 10.222.0.77 () {60 vars in 1507 bytes} [Tue Aug 17 16:49:16 2021] GET /placement/allocation_candidates?limit=1000&resources=DISK_GB%3A1%2CMEMORY_MB%3A1024%2CVCPU%3A1&root_required=%21COMPUTE_STATUS_DISABLED => generated 1309 bytes in 94 msecs (HTTP/1.1 200) 8 headers in 297 bytes (1 switches on core 0)
Aug 17 16:49:16.597924 n-d-804878-1 devstack@placement-api.service[95320]: DEBUG placement.requestlog [req-91e19092-4a7e-444c-af8e-a96ea289719f req-ac826853-b0db-4aba-b1ac-6fd0811f9c26 None None] Starting request: 10.222.0.77 "GET /placement/allocations/d3843f17-f7b8-4342-b589-3ba1cfc9ae6a" {{(pid=95320) __call__ /opt/stack/placement/placement/requestlog.py:55}}
Aug 17 16:49:16.608969 n-d-804878-1 devstack@placement-api.service[95320]: INFO placement.requestlog [req-91e19092-4a7e-444c-af8e-a96ea289719f req-ac826853-b0db-4aba-b1ac-6fd0811f9c26 service placement] 10.222.0.77 "GET /placement/allocations/d3843f17-f7b8-4342-b589-3ba1cfc9ae6a" status: 200 len: 19 microversion: 1.28
Aug 17 16:49:16.609535 n-d-804878-1 devstack@placement-api.service[95320]: [pid: 95320|app: 0|req: 600/1203] 10.222.0.77 () {60 vars in 1381 bytes} [Tue Aug 17 16:49:16 2021] GET /placement/allocations/d3843f17-f7b8-4342-b589-3ba1cfc9ae6a => generated 19 bytes in 12 msecs (HTTP/1.1 200) 8 headers in 295 bytes (1 switches on core 0)
Aug 17 16:49:16.616179 n-d-804878-1 devstack@placement-api.service[95321]: DEBUG placement.requestlog [req-91e19092-4a7e-444c-af8e-a96ea289719f req-2edb0dcb-de31-41ae-aab9-0175a19b35ad None None] Starting request: 10.222.0.77 "PUT /placement/allocations/d3843f17-f7b8-4342-b589-3ba1cfc9ae6a" {{(pid=95321) __call__ /opt/stack/placement/placement/requestlog.py:55}}
Aug 17 16:49:16.718488 n-d-804878-1 devstack@placement-api.service[95321]: DEBUG placement.handlers.allocation [req-91e19092-4a7e-444c-af8e-a96ea289719f req-2edb0dcb-de31-41ae-aab9-0175a19b35ad service placement] Successfully wrote allocations [, , ] {{(pid=95321) _create_allocations /opt/stack/placement/placement/handlers/allocation.py:435}}
Aug 17 16:49:16.719209 n-d-804878-1 devstack@placement-api.service[95321]: INFO placement.requestlog [req-91e19092-4a7e-444c-af8e-a96ea289719f req-2edb0dcb-de31-41ae-aab9-0175a19b35ad service placement] 10.222.0.77 "PUT /placement/allocations/d3843f17-f7b8-4342-b589-3ba1cfc9ae6a" status: 204 len: 0 microversion: 1.35
Aug 17 16:49:16.720018 n-d-804878-1 devstack@placement-api.service[95321]: [pid: 95321|app: 0|req: 604/1204] 10.222.0.77 () {64 vars in 1434 bytes} [Tue Aug 17 16:49:16 2021] PUT /placement/allocations/d3843f17-f7b8-4342-b589-3ba1cfc9ae6a => generated 0 bytes in 104 msecs (HTTP/1.1 204) 5 headers in 199 bytes (1 switches on core 0)
Aug 17 16:49:17.092188 n-d-804878-1 devstack@placement-api.service[95320]: DEBUG placement.requestlog [req-91e19092-4a7e-444c-af8e-a96ea289719f req-b441b4a1-38a8-40d7-8cb6-b3b1b293a842 None None] Starting request: 10.222.0.91 "GET /placement/allocations/d3843f17-f7b8-4342-b589-3ba1cfc9ae6a" {{(pid=95320) __call__ /opt/stack/placement/placement/requestlog.py:55}}
Aug 17 16:49:17.108646 n-d-804878-1 devstack@placement-api.service[95320]: INFO placement.requestlog [req-91e19092-4a7e-444c-af8e-a96ea289719f req-b441b4a1-38a8-40d7-8cb6-b3b1b293a842 service placement] 10.222.0.91 "GET /placement/allocations/d3843f17-f7b8-4342-b589-3ba1cfc9ae6a" status: 200 len: 260 microversion: 1.28
Aug 17 16:49:17.109373 n-d-804878-1 devstack@placement-api.service[95320]: [pid: 95320|app: 0|req: 601/1205] 10.222.0.91 () {60 vars in 1378 bytes} [Tue Aug 17 16:49:17 2021] GET /placement/allocations/d3843f17-f7b8-4342-b589-3ba1cfc9ae6a => generated 260 bytes in 17 msecs (HTTP/1.1 200) 8 headers in 296 bytes (2 switches on core 0)
Aug 17 16:49:24.921808 n-d-804878-1 devstack@placement-api.service[95321]: DEBUG placement.requestlog [req-875b670d-5aff-4276-9800-d614c5e20f68 req-0147580b-1b2e-49fc-9169-92670e481df8 None None] Starting request: 10.222.0.93 "GET /placement/allocations/e9717288-2afa-40d9-ab17-b455d81b5428" {{(pid=95321) __call__ /opt/stack/placement/placement/requestlog.py:55}}
Aug 17 16:49:24.938026 n-d-804878-1 devstack@placement-api.service[95321]: INFO placement.requestlog [req-875b670d-5aff-4276-9800-d614c5e20f68 req-0147580b-1b2e-49fc-9169-92670e481df8 service placement] 10.222.0.93 "GET /placement/allocations/e9717288-2afa-40d9-ab17-b455d81b5428" status: 200 len: 260 microversion: 1.28
Aug 17 16:49:24.938567 n-d-804878-1 devstack@placement-api.service[95321]: [pid: 95321|app: 0|req: 605/1206] 10.222.0.93 () {60 vars in 1378 bytes} [Tue Aug 17 16:49:24 2021] GET /placement/allocations/e9717288-2afa-40d9-ab17-b455d81b5428 => generated 260 bytes in 17 msecs (HTTP/1.1 200) 8 headers in 296 bytes (1 switches on core 0)
Aug 17 16:49:24.946771 n-d-804878-1 devstack@placement-api.service[95320]: DEBUG placement.requestlog [req-875b670d-5aff-4276-9800-d614c5e20f68 req-fda392b2-a65c-4314-8cb6-7ab6927b8e63 None None] Starting request: 10.222.0.93 "PUT /placement/allocations/e9717288-2afa-40d9-ab17-b455d81b5428" {{(pid=95320) __call__ /opt/stack/placement/placement/requestlog.py:55}}
Aug 17 16:49:25.011036 n-d-804878-1 devstack@placement-api.service[95320]: DEBUG placement.handlers.allocation [req-875b670d-5aff-4276-9800-d614c5e20f68 req-fda392b2-a65c-4314-8cb6-7ab6927b8e63 service placement] Successfully wrote allocations [, , ] {{(pid=95320) _create_allocations /opt/stack/placement/placement/handlers/allocation.py:435}}
Aug 17 16:49:25.011036 n-d-804878-1 devstack@placement-api.service[95320]: INFO placement.requestlog [req-875b670d-5aff-4276-9800-d614c5e20f68 req-fda392b2-a65c-4314-8cb6-7ab6927b8e63 service placement] 10.222.0.93 "PUT /placement/allocations/e9717288-2afa-40d9-ab17-b455d81b5428" status: 204 len: 0 microversion: 1.28
Aug 17 16:49:25.011036 n-d-804878-1 devstack@placement-api.service[95320]: [pid: 95320|app: 0|req: 602/1207] 10.222.0.93 () {64 vars in 1431 bytes} [Tue Aug 17 16:49:24 2021] PUT /placement/allocations/e9717288-2afa-40d9-ab17-b455d81b5428 => generated 0 bytes in 64 msecs (HTTP/1.1 204) 5 headers in 199 bytes (2 switches on core 0)
Aug 17 16:49:37.247566 n-d-804878-1 devstack@placement-api.service[95321]: DEBUG placement.requestlog [req-c1b94ef3-d2ae-471b-b70e-027ea40457c9 req-2e04208a-4a8e-4e60-96dc-725222559db6 None None] Starting request: 10.222.0.77 "GET /placement/allocation_candidates?limit=1000&resources=DISK_GB%3A1%2CMEMORY_MB%3A1024%2CVCPU%3A1&root_required=%21COMPUTE_STATUS_DISABLED" {{(pid=95321) __call__ /opt/stack/placement/placement/requestlog.py:55}}
Aug 17 16:49:37.291053 n-d-804878-1 devstack@placement-api.service[95321]: DEBUG placement.objects.research_context [req-c1b94ef3-d2ae-471b-b70e-027ea40457c9 req-2e04208a-4a8e-4e60-96dc-725222559db6 service placement] getting providers with 1 DISK_GB {{(pid=95321) __init__ /opt/stack/placement/placement/objects/research_context.py:126}}
Aug 17 16:49:37.298657 n-d-804878-1 devstack@placement-api.service[95321]: DEBUG placement.objects.research_context [req-c1b94ef3-d2ae-471b-b70e-027ea40457c9 req-2e04208a-4a8e-4e60-96dc-725222559db6 service placement] getting providers with 1024 MEMORY_MB {{(pid=95321) __init__ /opt/stack/placement/placement/objects/research_context.py:126}}
Aug 17 16:49:37.306438 n-d-804878-1 devstack@placement-api.service[95321]: DEBUG placement.objects.research_context [req-c1b94ef3-d2ae-471b-b70e-027ea40457c9 req-2e04208a-4a8e-4e60-96dc-725222559db6 service placement] getting providers with 1 VCPU {{(pid=95321) __init__ /opt/stack/placement/placement/objects/research_context.py:126}}
Aug 17 16:49:37.316802 n-d-804878-1 devstack@placement-api.service[95321]: DEBUG placement.objects.research_context [req-c1b94ef3-d2ae-471b-b70e-027ea40457c9 req-2e04208a-4a8e-4e60-96dc-725222559db6 service placement] found 2 providers with available 1 DISK_GB {{(pid=95321) get_provider_ids_matching /opt/stack/placement/placement/objects/research_context.py:549}}
Aug 17 16:49:37.319115 n-d-804878-1 devstack@placement-api.service[95321]: DEBUG placement.objects.research_context [req-c1b94ef3-d2ae-471b-b70e-027ea40457c9 req-2e04208a-4a8e-4e60-96dc-725222559db6 service placement] found 2 providers with available 1024 MEMORY_MB {{(pid=95321) get_provider_ids_matching /opt/stack/placement/placement/objects/research_context.py:549}}
Aug 17 16:49:37.320062 n-d-804878-1 devstack@placement-api.service[95321]: DEBUG placement.objects.research_context [req-c1b94ef3-d2ae-471b-b70e-027ea40457c9 req-2e04208a-4a8e-4e60-96dc-725222559db6 service placement] found 2 providers after filtering by previous result {{(pid=95321) get_provider_ids_matching /opt/stack/placement/placement/objects/research_context.py:580}}
Aug 17 16:49:37.320571 n-d-804878-1 devstack@placement-api.service[95321]: DEBUG placement.objects.research_context [req-c1b94ef3-d2ae-471b-b70e-027ea40457c9 req-2e04208a-4a8e-4e60-96dc-725222559db6 service placement] found 2 providers with available 1 VCPU {{(pid=95321) get_provider_ids_matching /opt/stack/placement/placement/objects/research_context.py:549}}
Aug 17 16:49:37.321043 n-d-804878-1 devstack@placement-api.service[95321]: DEBUG placement.objects.research_context [req-c1b94ef3-d2ae-471b-b70e-027ea40457c9 req-2e04208a-4a8e-4e60-96dc-725222559db6 service placement] found 2 providers after filtering by previous result {{(pid=95321) get_provider_ids_matching /opt/stack/placement/placement/objects/research_context.py:580}}
Aug 17 16:49:37.340364 n-d-804878-1 devstack@placement-api.service[95321]: DEBUG placement.objects.allocation_candidate [req-c1b94ef3-d2ae-471b-b70e-027ea40457c9 req-2e04208a-4a8e-4e60-96dc-725222559db6 service placement] RequestGroup(use_same_provider=False, resources={DISK_GB:1, MEMORY_MB:1024, VCPU:1}, traits=[], aggregates=[]) (suffix '') returned 2 matches {{(pid=95321) _get_by_requests /opt/stack/placement/placement/objects/allocation_candidate.py:145}}
Aug 17 16:49:37.340746 n-d-804878-1 devstack@placement-api.service[95321]: DEBUG placement.objects.allocation_candidate [req-c1b94ef3-d2ae-471b-b70e-027ea40457c9 req-2e04208a-4a8e-4e60-96dc-725222559db6 service placement] Merging candidates yields 2 allocation requests and 2 provider summaries {{(pid=95321) _merge_candidates /opt/stack/placement/placement/objects/allocation_candidate.py:783}}
Aug 17 16:49:37.343149 n-d-804878-1 devstack@placement-api.service[95321]: INFO placement.requestlog [req-c1b94ef3-d2ae-471b-b70e-027ea40457c9 req-2e04208a-4a8e-4e60-96dc-725222559db6 service placement] 10.222.0.77 "GET /placement/allocation_candidates?limit=1000&resources=DISK_GB%3A1%2CMEMORY_MB%3A1024%2CVCPU%3A1&root_required=%21COMPUTE_STATUS_DISABLED" status: 200 len: 1306 microversion: 1.35
Aug 17 16:49:37.343893 n-d-804878-1 devstack@placement-api.service[95321]: [pid: 95321|app: 0|req: 606/1208] 10.222.0.77 () {60 vars in 1507 bytes} [Tue Aug 17 16:49:37 2021] GET /placement/allocation_candidates?limit=1000&resources=DISK_GB%3A1%2CMEMORY_MB%3A1024%2CVCPU%3A1&root_required=%21COMPUTE_STATUS_DISABLED => generated 1306 bytes in 96 msecs (HTTP/1.1 200) 8 headers in 297 bytes (1 switches on core 0)
Aug 17 16:49:37.397187 n-d-804878-1 devstack@placement-api.service[95320]: DEBUG placement.requestlog [req-c1b94ef3-d2ae-471b-b70e-027ea40457c9 req-9bbfbfd8-468c-4593-bbcb-1c56a8312d5d None None] Starting request: 10.222.0.77 "GET /placement/allocations/cb0112ba-93a6-43b8-8ff7-bf5fb0121e8c" {{(pid=95320) __call__ /opt/stack/placement/placement/requestlog.py:55}}
Aug 17 16:49:37.409206 n-d-804878-1 devstack@placement-api.service[95320]: INFO placement.requestlog [req-c1b94ef3-d2ae-471b-b70e-027ea40457c9 req-9bbfbfd8-468c-4593-bbcb-1c56a8312d5d service placement] 10.222.0.77 "GET /placement/allocations/cb0112ba-93a6-43b8-8ff7-bf5fb0121e8c" status: 200 len: 19 microversion: 1.28
Aug 17 16:49:37.409780 n-d-804878-1 devstack@placement-api.service[95320]: [pid: 95320|app: 0|req: 603/1209] 10.222.0.77 () {60 vars in 1381 bytes} [Tue Aug 17 16:49:37 2021] GET /placement/allocations/cb0112ba-93a6-43b8-8ff7-bf5fb0121e8c => generated 19 bytes in 13 msecs (HTTP/1.1 200) 8 headers in 295 bytes (1 switches on core 0)
Aug 17 16:49:37.416447 n-d-804878-1 devstack@placement-api.service[95321]: DEBUG placement.requestlog [req-c1b94ef3-d2ae-471b-b70e-027ea40457c9 req-0d317727-16ed-4c28-b14d-97450137f3ac None None] Starting request: 10.222.0.77 "PUT /placement/allocations/cb0112ba-93a6-43b8-8ff7-bf5fb0121e8c" {{(pid=95321) __call__ /opt/stack/placement/placement/requestlog.py:55}}
Aug 17 16:49:37.476455 n-d-804878-1 devstack@placement-api.service[95321]: DEBUG placement.handlers.allocation [req-c1b94ef3-d2ae-471b-b70e-027ea40457c9 req-0d317727-16ed-4c28-b14d-97450137f3ac service placement] Successfully wrote allocations [, , ] {{(pid=95321) _create_allocations /opt/stack/placement/placement/handlers/allocation.py:435}}
Aug 17 16:49:37.477519 n-d-804878-1 devstack@placement-api.service[95321]: INFO placement.requestlog [req-c1b94ef3-d2ae-471b-b70e-027ea40457c9 req-0d317727-16ed-4c28-b14d-97450137f3ac service placement] 10.222.0.77 "PUT /placement/allocations/cb0112ba-93a6-43b8-8ff7-bf5fb0121e8c" status: 204 len: 0 microversion: 1.35
Aug 17 16:49:37.488107 n-d-804878-1 devstack@placement-api.service[95321]: [pid: 95321|app: 0|req: 607/1210] 10.222.0.77 () {64 vars in 1434 bytes} [Tue Aug 17 16:49:37 2021] PUT /placement/allocations/cb0112ba-93a6-43b8-8ff7-bf5fb0121e8c => generated 0 bytes in 62 msecs (HTTP/1.1 204) 5 headers in 199 bytes (1 switches on core 0)
Aug 17 16:49:37.776374 n-d-804878-1 devstack@placement-api.service[95320]: DEBUG placement.requestlog [req-c1b94ef3-d2ae-471b-b70e-027ea40457c9 req-dbba10dd-2aaf-48f4-841b-e2a5d99b947b None None] Starting request: 10.222.0.93 "GET /placement/allocations/cb0112ba-93a6-43b8-8ff7-bf5fb0121e8c" {{(pid=95320) __call__ /opt/stack/placement/placement/requestlog.py:55}}
Aug 17 16:49:37.798210 n-d-804878-1 devstack@placement-api.service[95320]: INFO placement.requestlog [req-c1b94ef3-d2ae-471b-b70e-027ea40457c9 req-dbba10dd-2aaf-48f4-841b-e2a5d99b947b service placement] 10.222.0.93 "GET /placement/allocations/cb0112ba-93a6-43b8-8ff7-bf5fb0121e8c" status: 200 len: 260 microversion: 1.28
Aug 17 16:49:37.799206 n-d-804878-1 devstack@placement-api.service[95320]: [pid: 95320|app: 0|req: 604/1211] 10.222.0.93 () {60 vars in 1378 bytes} [Tue Aug 17 16:49:37 2021] GET /placement/allocations/cb0112ba-93a6-43b8-8ff7-bf5fb0121e8c => generated 260 bytes in 23 msecs (HTTP/1.1 200) 8 headers in 296 bytes (1 switches on core 0)
Aug 17 16:49:55.194085 n-d-804878-1 devstack@placement-api.service[95321]: DEBUG placement.requestlog [req-5a7c8ff5-4173-4cb3-93d3-a56fa717a7b7 req-030c186f-11ef-4bb7-9009-52fdaddc443e None None] Starting request: 10.222.0.93 "GET /placement/resource_providers/f843064a-191e-4323-9321-e862d37d1b1f/allocations" {{(pid=95321) __call__ /opt/stack/placement/placement/requestlog.py:55}}
Aug 17 16:49:55.214335 n-d-804878-1 devstack@placement-api.service[95321]: INFO placement.requestlog [req-5a7c8ff5-4173-4cb3-93d3-a56fa717a7b7 req-030c186f-11ef-4bb7-9009-52fdaddc443e service placement] 10.222.0.93 "GET /placement/resource_providers/f843064a-191e-4323-9321-e862d37d1b1f/allocations" status: 200 len: 155 microversion: 1.0
Aug 17 16:49:55.214731 n-d-804878-1 devstack@placement-api.service[95321]: [pid: 95321|app: 0|req: 608/1212] 10.222.0.93 () {58 vars in 1391 bytes} [Tue Aug 17 16:49:55 2021] GET /placement/resource_providers/f843064a-191e-4323-9321-e862d37d1b1f/allocations => generated 155 bytes in 21 msecs (HTTP/1.1 200) 6 headers in 224 bytes (1 switches on core 0)
Aug 17 16:49:59.465976 n-d-804878-1 devstack@placement-api.service[95320]: DEBUG placement.requestlog [req-e44739bb-1255-4ac9-8aae-ce9319477e10 req-4aa9f210-65c8-4325-87a4-04cb2f2f2427 None None] Starting request: 10.222.0.91 "GET /placement/resource_providers/ea2144a2-44d1-415b-a672-e6e2ddb54074/allocations" {{(pid=95320) __call__ /opt/stack/placement/placement/requestlog.py:55}}
Aug 17 16:49:59.486399 n-d-804878-1 devstack@placement-api.service[95320]: INFO placement.requestlog [req-e44739bb-1255-4ac9-8aae-ce9319477e10 req-4aa9f210-65c8-4325-87a4-04cb2f2f2427 service placement] 10.222.0.91 "GET /placement/resource_providers/ea2144a2-44d1-415b-a672-e6e2ddb54074/allocations" status: 200 len: 256 microversion: 1.0
Aug 17 16:49:59.486787 n-d-804878-1 devstack@placement-api.service[95320]: [pid: 95320|app: 0|req: 605/1213] 10.222.0.91 () {58 vars in 1391 bytes} [Tue Aug 17 16:49:59 2021] GET /placement/resource_providers/ea2144a2-44d1-415b-a672-e6e2ddb54074/allocations => generated 256 bytes in 21 msecs (HTTP/1.1 200) 6 headers in 224 bytes (1 switches on core 0)
Aug 17 16:50:10.641283 n-d-804878-1 devstack@placement-api.service[95321]: DEBUG placement.requestlog [req-e13bc0c8-4e36-4638-b27d-08cfc1440aed req-87153e7c-8759-4957-8a45-02aa8a9647e1 None None] Starting request: 10.222.0.77 "GET /placement/resource_providers?name=n-h2-804878-1" {{(pid=95321) __call__ /opt/stack/placement/placement/requestlog.py:55}}
Aug 17 16:50:10.773556 n-d-804878-1 devstack@placement-api.service[95321]: INFO placement.requestlog [req-e13bc0c8-4e36-4638-b27d-08cfc1440aed req-87153e7c-8759-4957-8a45-02aa8a9647e1 service placement] 10.222.0.77 "GET /placement/resource_providers?name=n-h2-804878-1" status: 200 len: 442 microversion: 1.0
Aug 17 16:50:10.773885 n-d-804878-1 devstack@placement-api.service[95321]: [pid: 95321|app: 0|req: 609/1214] 10.222.0.77 () {58 vars in 1275 bytes} [Tue Aug 17 16:50:10 2021] GET /placement/resource_providers?name=n-h2-804878-1 => generated 442 bytes in 133 msecs (HTTP/1.1 200) 6 headers in 224 bytes (1 switches on core 0)
Aug 17 16:50:10.782769 n-d-804878-1 devstack@placement-api.service[95320]: DEBUG placement.requestlog [req-e13bc0c8-4e36-4638-b27d-08cfc1440aed req-b223b5c9-4b36-4c52-b455-bc7a827d7a20 None None] Starting request: 10.222.0.77 "GET /placement/resource_providers/f843064a-191e-4323-9321-e862d37d1b1f/aggregates" {{(pid=95320) __call__ /opt/stack/placement/placement/requestlog.py:55}}
Aug 17 16:50:10.797769 n-d-804878-1 devstack@placement-api.service[95320]: INFO placement.requestlog [req-e13bc0c8-4e36-4638-b27d-08cfc1440aed req-b223b5c9-4b36-4c52-b455-bc7a827d7a20 service placement] 10.222.0.77 "GET /placement/resource_providers/f843064a-191e-4323-9321-e862d37d1b1f/aggregates" status: 200 len: 55 microversion: 1.19
Aug 17 16:50:10.798012 n-d-804878-1 devstack@placement-api.service[95320]: [pid: 95320|app: 0|req: 606/1215] 10.222.0.77 () {60 vars in 1426 bytes} [Tue Aug 17 16:50:10 2021] GET /placement/resource_providers/f843064a-191e-4323-9321-e862d37d1b1f/aggregates => generated 55 bytes in 15 msecs (HTTP/1.1 200) 8 headers in 295 bytes (1 switches on core 0)
Aug 17 16:50:10.804686 n-d-804878-1 devstack@placement-api.service[95321]: DEBUG placement.requestlog [req-e13bc0c8-4e36-4638-b27d-08cfc1440aed req-fd0fa901-9cea-4882-bcfd-b54b1885e840 None None] Starting request: 10.222.0.77 "PUT /placement/resource_providers/f843064a-191e-4323-9321-e862d37d1b1f/aggregates" {{(pid=95321) __call__ /opt/stack/placement/placement/requestlog.py:55}}
Aug 17 16:50:10.819884 n-d-804878-1 devstack@placement-api.service[95321]: DEBUG placement.objects.resource_provider [req-e13bc0c8-4e36-4638-b27d-08cfc1440aed req-fd0fa901-9cea-4882-bcfd-b54b1885e840 service placement] _ensure_aggregate() did not find aggregate 2a6ebbe7-61df-40f7-b0e5-8581371ef224. Attempting to create it. {{(pid=95321) _ensure_aggregate /opt/stack/placement/placement/objects/resource_provider.py:320}}
Aug 17 16:50:10.821078 n-d-804878-1 devstack@placement-api.service[95321]: DEBUG placement.objects.resource_provider [req-e13bc0c8-4e36-4638-b27d-08cfc1440aed req-fd0fa901-9cea-4882-bcfd-b54b1885e840 service placement] _ensure_aggregate() created new aggregate 2a6ebbe7-61df-40f7-b0e5-8581371ef224 (id=8). {{(pid=95321) _ensure_aggregate /opt/stack/placement/placement/objects/resource_provider.py:326}}
Aug 17 16:50:10.822426 n-d-804878-1 devstack@placement-api.service[95321]: DEBUG placement.objects.resource_provider [req-e13bc0c8-4e36-4638-b27d-08cfc1440aed req-fd0fa901-9cea-4882-bcfd-b54b1885e840 service placement] Setting aggregates for provider f843064a-191e-4323-9321-e862d37d1b1f. Successfully associated aggregate 2a6ebbe7-61df-40f7-b0e5-8581371ef224. {{(pid=95321) _set_aggregates /opt/stack/placement/placement/objects/resource_provider.py:388}}
Aug 17 16:50:10.829518 n-d-804878-1 devstack@placement-api.service[95321]: INFO placement.requestlog [req-e13bc0c8-4e36-4638-b27d-08cfc1440aed req-fd0fa901-9cea-4882-bcfd-b54b1885e840 service placement] 10.222.0.77 "PUT /placement/resource_providers/f843064a-191e-4323-9321-e862d37d1b1f/aggregates" status: 200 len: 93 microversion: 1.19
Aug 17 16:50:10.830570 n-d-804878-1 devstack@placement-api.service[95321]: [pid: 95321|app: 0|req: 610/1216] 10.222.0.77 () {64 vars in 1478 bytes} [Tue Aug 17 16:50:10 2021] PUT /placement/resource_providers/f843064a-191e-4323-9321-e862d37d1b1f/aggregates => generated 93 bytes in 26 msecs (HTTP/1.1 200) 8 headers in 295 bytes (1 switches on core 0)
Aug 17 16:50:11.024421 n-d-804878-1 devstack@placement-api.service[95320]: DEBUG placement.requestlog [req-24801a0c-f59d-437e-8154-3ff779646fe5 req-811e589e-5675-465e-ab02-eee7aa446f59 None None] Starting request: 10.222.0.77 "GET /placement/resource_providers?name=n-h2-804878-1" {{(pid=95320) __call__ /opt/stack/placement/placement/requestlog.py:55}}
Aug 17 16:50:11.099145 n-d-804878-1 devstack@placement-api.service[95320]: INFO placement.requestlog [req-24801a0c-f59d-437e-8154-3ff779646fe5 req-811e589e-5675-465e-ab02-eee7aa446f59 service placement] 10.222.0.77 "GET /placement/resource_providers?name=n-h2-804878-1" status: 200 len: 442 microversion: 1.0
Aug 17 16:50:11.099628 n-d-804878-1 devstack@placement-api.service[95320]: [pid: 95320|app: 0|req: 607/1217] 10.222.0.77 () {58 vars in 1275 bytes} [Tue Aug 17 16:50:11 2021] GET /placement/resource_providers?name=n-h2-804878-1 => generated 442 bytes in 75 msecs (HTTP/1.1 200) 6 headers in 224 bytes (1 switches on core 0)
Aug 17 16:50:11.106521 n-d-804878-1 devstack@placement-api.service[95321]: DEBUG placement.requestlog [req-24801a0c-f59d-437e-8154-3ff779646fe5 req-e9f17f37-eeaa-4e36-b77d-842137318fd7 None None] Starting request: 10.222.0.77 "GET /placement/resource_providers/f843064a-191e-4323-9321-e862d37d1b1f/aggregates" {{(pid=95321) __call__ /opt/stack/placement/placement/requestlog.py:55}}
Aug 17 16:50:11.119134 n-d-804878-1 devstack@placement-api.service[95321]: INFO placement.requestlog [req-24801a0c-f59d-437e-8154-3ff779646fe5 req-e9f17f37-eeaa-4e36-b77d-842137318fd7 service placement] 10.222.0.77 "GET /placement/resource_providers/f843064a-191e-4323-9321-e862d37d1b1f/aggregates" status: 200 len: 93 microversion: 1.19
Aug 17 16:50:11.119447 n-d-804878-1 devstack@placement-api.service[95321]: [pid: 95321|app: 0|req: 611/1218] 10.222.0.77 () {60 vars in 1426 bytes} [Tue Aug 17 16:50:11 2021] GET /placement/resource_providers/f843064a-191e-4323-9321-e862d37d1b1f/aggregates => generated 93 bytes in 13 msecs (HTTP/1.1 200) 8 headers in 295 bytes (1 switches on core 0)
Aug 17 16:50:11.126468 n-d-804878-1 devstack@placement-api.service[95320]: DEBUG placement.requestlog [req-24801a0c-f59d-437e-8154-3ff779646fe5 req-86492c7f-a192-4c08-9f89-f66bc2659b1c None None] Starting request: 10.222.0.77 "PUT /placement/resource_providers/f843064a-191e-4323-9321-e862d37d1b1f/aggregates" {{(pid=95320) __call__ /opt/stack/placement/placement/requestlog.py:55}}
Aug 17 16:50:11.141802 n-d-804878-1 devstack@placement-api.service[95320]: DEBUG placement.objects.resource_provider [req-24801a0c-f59d-437e-8154-3ff779646fe5 req-86492c7f-a192-4c08-9f89-f66bc2659b1c service placement] Setting aggregates for provider f843064a-191e-4323-9321-e862d37d1b1f. Successfully disassociated aggregate 2a6ebbe7-61df-40f7-b0e5-8581371ef224. {{(pid=95320) _set_aggregates /opt/stack/placement/placement/objects/resource_provider.py:403}}
Aug 17 16:50:11.149445 n-d-804878-1 devstack@placement-api.service[95320]: INFO placement.requestlog [req-24801a0c-f59d-437e-8154-3ff779646fe5 req-86492c7f-a192-4c08-9f89-f66bc2659b1c service placement] 10.222.0.77 "PUT /placement/resource_providers/f843064a-191e-4323-9321-e862d37d1b1f/aggregates" status: 200 len: 55 microversion: 1.19
Aug 17 16:50:11.150079 n-d-804878-1 devstack@placement-api.service[95320]: [pid: 95320|app: 0|req: 608/1219] 10.222.0.77 () {64 vars in 1478 bytes} [Tue Aug 17 16:50:11 2021] PUT /placement/resource_providers/f843064a-191e-4323-9321-e862d37d1b1f/aggregates => generated 55 bytes in 24 msecs (HTTP/1.1 200) 8 headers in 295 bytes (1 switches on core 0)
Aug 17 16:50:23.077149 n-d-804878-1 devstack@placement-api.service[95321]: DEBUG placement.requestlog [None req-964b96e9-7cef-43cd-b810-3e877849f0cd None None] Starting request: 10.222.0.77 "GET /placement/" {{(pid=95321) __call__ /opt/stack/placement/placement/requestlog.py:55}}
Aug 17 16:50:23.078139 n-d-804878-1 devstack@placement-api.service[95321]: INFO placement.requestlog [None req-964b96e9-7cef-43cd-b810-3e877849f0cd None None] 10.222.0.77 "GET /placement/" status: 200 len: 136 microversion: 1.0
Aug 17 16:50:23.078622 n-d-804878-1 devstack@placement-api.service[95321]: [pid: 95321|app: 0|req: 612/1220] 10.222.0.77 () {54 vars in 916 bytes} [Tue Aug 17 16:50:23 2021] GET /placement => generated 136 bytes in 2 msecs (HTTP/1.1 200) 6 headers in 224 bytes (1 switches on core 0)
Aug 17 16:50:23.088721 n-d-804878-1 devstack@placement-api.service[95320]: DEBUG placement.requestlog [req-5c6fcac8-f013-4b48-bd5e-e0cb07b859e2 req-36e3e427-b73b-41b4-9d98-f80bd16493f4 None None] Starting request: 10.222.0.77 "GET /placement/allocations/cb0112ba-93a6-43b8-8ff7-bf5fb0121e8c" {{(pid=95320) __call__ /opt/stack/placement/placement/requestlog.py:55}}
Aug 17 16:50:23.197878 n-d-804878-1 devstack@placement-api.service[95320]: INFO placement.requestlog [req-5c6fcac8-f013-4b48-bd5e-e0cb07b859e2 req-36e3e427-b73b-41b4-9d98-f80bd16493f4 service placement] 10.222.0.77 "GET /placement/allocations/cb0112ba-93a6-43b8-8ff7-bf5fb0121e8c" status: 200 len: 260 microversion: 1.28
Aug 17 16:50:23.205715 n-d-804878-1 devstack@placement-api.service[95321]: DEBUG placement.requestlog [req-5c6fcac8-f013-4b48-bd5e-e0cb07b859e2 req-bfab1979-d5dd-46b5-a7c3-b2abf0403758 None None] Starting request: 10.222.0.77 "GET /placement/allocations/cb0112ba-93a6-43b8-8ff7-bf5fb0121e8c" {{(pid=95321) __call__ /opt/stack/placement/placement/requestlog.py:55}}
Aug 17 16:50:23.215474 n-d-804878-1 devstack@placement-api.service[95320]: [pid: 95320|app: 0|req: 609/1221] 10.222.0.77 () {60 vars in 1381 bytes} [Tue Aug 17 16:50:23 2021] GET /placement/allocations/cb0112ba-93a6-43b8-8ff7-bf5fb0121e8c => generated 260 bytes in 125 msecs (HTTP/1.1 200) 8 headers in 296 bytes (1 switches on core 0)
Aug 17 16:50:23.225939 n-d-804878-1 devstack@placement-api.service[95321]: INFO placement.requestlog [req-5c6fcac8-f013-4b48-bd5e-e0cb07b859e2 req-bfab1979-d5dd-46b5-a7c3-b2abf0403758 service placement] 10.222.0.77 "GET /placement/allocations/cb0112ba-93a6-43b8-8ff7-bf5fb0121e8c" status: 200 len: 260 microversion: 1.28
Aug 17 16:50:23.232695 n-d-804878-1 devstack@placement-api.service[95320]: DEBUG placement.requestlog [req-5c6fcac8-f013-4b48-bd5e-e0cb07b859e2 req-49d270c6-4730-4968-bdaa-f533b845e198 None None] Starting request: 10.222.0.77 "GET /placement/allocations/b9f0c97a-7bed-4c25-91d0-d0f105e3f6ab" {{(pid=95320) __call__ /opt/stack/placement/placement/requestlog.py:55}}
Aug 17 16:50:23.240496 n-d-804878-1 devstack@placement-api.service[95321]: [pid: 95321|app: 0|req: 613/1222] 10.222.0.77 () {60 vars in 1381 bytes} [Tue Aug 17 16:50:23 2021] GET /placement/allocations/cb0112ba-93a6-43b8-8ff7-bf5fb0121e8c => generated 260 bytes in 35 msecs (HTTP/1.1 200) 8 headers in 296 bytes (1 switches on core 0)
Aug 17 16:50:23.245473 n-d-804878-1 devstack@placement-api.service[95320]: INFO placement.requestlog [req-5c6fcac8-f013-4b48-bd5e-e0cb07b859e2 req-49d270c6-4730-4968-bdaa-f533b845e198 service placement] 10.222.0.77 "GET /placement/allocations/b9f0c97a-7bed-4c25-91d0-d0f105e3f6ab" status: 200 len: 19 microversion: 1.28
Aug 17 16:50:23.252790 n-d-804878-1 devstack@placement-api.service[95321]: DEBUG placement.requestlog [req-5c6fcac8-f013-4b48-bd5e-e0cb07b859e2 req-57ca74c0-697a-48a1-9f36-52ba6e6cf48d None None] Starting request: 10.222.0.77 "POST /placement/allocations" {{(pid=95321) __call__ /opt/stack/placement/placement/requestlog.py:55}}
Aug 17 16:50:23.261704 n-d-804878-1 devstack@placement-api.service[95320]: [pid: 95320|app: 0|req: 610/1223] 10.222.0.77 () {60 vars in 1381 bytes} [Tue Aug 17 16:50:23 2021] GET /placement/allocations/b9f0c97a-7bed-4c25-91d0-d0f105e3f6ab => generated 19 bytes in 29 msecs (HTTP/1.1 200) 8 headers in 295 bytes (1 switches on core 0)
Aug 17 16:50:23.345134 n-d-804878-1 devstack@placement-api.service[95321]: DEBUG placement.handlers.allocation [req-5c6fcac8-f013-4b48-bd5e-e0cb07b859e2 req-57ca74c0-697a-48a1-9f36-52ba6e6cf48d service placement] Successfully wrote allocations [, , , , , ] {{(pid=95321) _create_allocations /opt/stack/placement/placement/handlers/allocation.py:524}}
Aug 17 16:50:23.345638 n-d-804878-1 devstack@placement-api.service[95321]: INFO placement.requestlog [req-5c6fcac8-f013-4b48-bd5e-e0cb07b859e2 req-57ca74c0-697a-48a1-9f36-52ba6e6cf48d service placement] 10.222.0.77 "POST /placement/allocations" status: 204 len: 0 microversion: 1.28
Aug 17 16:50:23.346263 n-d-804878-1 devstack@placement-api.service[95321]: [pid: 95321|app: 0|req: 614/1224] 10.222.0.77 () {64 vars in 1324 bytes} [Tue Aug 17 16:50:23 2021] POST /placement/allocations => generated 0 bytes in 94 msecs (HTTP/1.1 204) 5 headers in 199 bytes (1 switches on core 0)
Aug 17 16:50:23.471600 n-d-804878-1 devstack@placement-api.service[95320]: DEBUG placement.requestlog [req-5c6fcac8-f013-4b48-bd5e-e0cb07b859e2 req-8e35f8d5-ffc4-4a7c-8702-35c01bd023d5 None None] Starting request: 10.222.0.77 "GET /placement/allocation_candidates?limit=1000&resources=DISK_GB%3A1%2CMEMORY_MB%3A1024%2CVCPU%3A1&root_required=%21COMPUTE_STATUS_DISABLED" {{(pid=95320) __call__ /opt/stack/placement/placement/requestlog.py:55}}
Aug 17 16:50:23.583830 n-d-804878-1 devstack@placement-api.service[95320]: DEBUG placement.objects.research_context [req-5c6fcac8-f013-4b48-bd5e-e0cb07b859e2 req-8e35f8d5-ffc4-4a7c-8702-35c01bd023d5 service placement] getting providers with 1 DISK_GB {{(pid=95320) __init__ /opt/stack/placement/placement/objects/research_context.py:126}}
Aug 17 16:50:23.590179 n-d-804878-1 devstack@placement-api.service[95320]: DEBUG placement.objects.research_context [req-5c6fcac8-f013-4b48-bd5e-e0cb07b859e2 req-8e35f8d5-ffc4-4a7c-8702-35c01bd023d5 service placement] getting providers with 1024 MEMORY_MB {{(pid=95320) __init__ /opt/stack/placement/placement/objects/research_context.py:126}}
Aug 17 16:50:23.596244 n-d-804878-1 devstack@placement-api.service[95320]: DEBUG placement.objects.research_context [req-5c6fcac8-f013-4b48-bd5e-e0cb07b859e2 req-8e35f8d5-ffc4-4a7c-8702-35c01bd023d5 service placement] getting providers with 1 VCPU {{(pid=95320) __init__ /opt/stack/placement/placement/objects/research_context.py:126}}
Aug 17 16:50:23.602120 n-d-804878-1 devstack@placement-api.service[95320]: DEBUG placement.objects.research_context [req-5c6fcac8-f013-4b48-bd5e-e0cb07b859e2 req-8e35f8d5-ffc4-4a7c-8702-35c01bd023d5 service placement] found 2 providers with available 1 DISK_GB {{(pid=95320) get_provider_ids_matching /opt/stack/placement/placement/objects/research_context.py:549}}
Aug 17 16:50:23.602431 n-d-804878-1 devstack@placement-api.service[95320]: DEBUG placement.objects.research_context [req-5c6fcac8-f013-4b48-bd5e-e0cb07b859e2 req-8e35f8d5-ffc4-4a7c-8702-35c01bd023d5 service placement] found 2 providers with available 1024 MEMORY_MB {{(pid=95320) get_provider_ids_matching /opt/stack/placement/placement/objects/research_context.py:549}}
Aug 17 16:50:23.602717 n-d-804878-1 devstack@placement-api.service[95320]: DEBUG placement.objects.research_context [req-5c6fcac8-f013-4b48-bd5e-e0cb07b859e2 req-8e35f8d5-ffc4-4a7c-8702-35c01bd023d5 service placement] found 2 providers after filtering by previous result {{(pid=95320) get_provider_ids_matching /opt/stack/placement/placement/objects/research_context.py:580}}
Aug 17 16:50:23.602979 n-d-804878-1 devstack@placement-api.service[95320]: DEBUG placement.objects.research_context [req-5c6fcac8-f013-4b48-bd5e-e0cb07b859e2 req-8e35f8d5-ffc4-4a7c-8702-35c01bd023d5 service placement] found 2 providers with available 1 VCPU {{(pid=95320) get_provider_ids_matching /opt/stack/placement/placement/objects/research_context.py:549}}
Aug 17 16:50:23.603272 n-d-804878-1 devstack@placement-api.service[95320]: DEBUG placement.objects.research_context [req-5c6fcac8-f013-4b48-bd5e-e0cb07b859e2 req-8e35f8d5-ffc4-4a7c-8702-35c01bd023d5 service placement] found 2 providers after filtering by previous result {{(pid=95320) get_provider_ids_matching /opt/stack/placement/placement/objects/research_context.py:580}}
Aug 17 16:50:23.615595 n-d-804878-1 devstack@placement-api.service[95320]: DEBUG placement.objects.allocation_candidate [req-5c6fcac8-f013-4b48-bd5e-e0cb07b859e2 req-8e35f8d5-ffc4-4a7c-8702-35c01bd023d5 service placement] RequestGroup(use_same_provider=False, resources={DISK_GB:1, MEMORY_MB:1024, VCPU:1}, traits=[], aggregates=[]) (suffix '') returned 2 matches {{(pid=95320) _get_by_requests /opt/stack/placement/placement/objects/allocation_candidate.py:145}}
Aug 17 16:50:23.615968 n-d-804878-1 devstack@placement-api.service[95320]: DEBUG placement.objects.allocation_candidate [req-5c6fcac8-f013-4b48-bd5e-e0cb07b859e2 req-8e35f8d5-ffc4-4a7c-8702-35c01bd023d5 service placement] Merging candidates yields 2 allocation requests and 2 provider summaries {{(pid=95320) _merge_candidates /opt/stack/placement/placement/objects/allocation_candidate.py:783}}
Aug 17 16:50:23.617556 n-d-804878-1 devstack@placement-api.service[95320]: INFO placement.requestlog [req-5c6fcac8-f013-4b48-bd5e-e0cb07b859e2 req-8e35f8d5-ffc4-4a7c-8702-35c01bd023d5 service placement] 10.222.0.77 "GET /placement/allocation_candidates?limit=1000&resources=DISK_GB%3A1%2CMEMORY_MB%3A1024%2CVCPU%3A1&root_required=%21COMPUTE_STATUS_DISABLED" status: 200 len: 1309 microversion: 1.35
Aug 17 16:50:23.617774 n-d-804878-1 devstack@placement-api.service[95320]: [pid: 95320|app: 0|req: 611/1225] 10.222.0.77 () {60 vars in 1507 bytes} [Tue Aug 17 16:50:23 2021] GET /placement/allocation_candidates?limit=1000&resources=DISK_GB%3A1%2CMEMORY_MB%3A1024%2CVCPU%3A1&root_required=%21COMPUTE_STATUS_DISABLED => generated 1309 bytes in 147 msecs (HTTP/1.1 200) 8 headers in 297 bytes (1 switches on core 0)
Aug 17 16:50:23.665330 n-d-804878-1 devstack@placement-api.service[95321]: DEBUG placement.requestlog [req-5c6fcac8-f013-4b48-bd5e-e0cb07b859e2 req-3953d259-0ee9-4b85-8bd5-5cefb173df9d None None] Starting request: 10.222.0.77 "GET /placement/allocations/cb0112ba-93a6-43b8-8ff7-bf5fb0121e8c" {{(pid=95321) __call__ /opt/stack/placement/placement/requestlog.py:55}}
Aug 17 16:50:23.760647 n-d-804878-1 devstack@placement-api.service[95321]: INFO placement.requestlog [req-5c6fcac8-f013-4b48-bd5e-e0cb07b859e2 req-3953d259-0ee9-4b85-8bd5-5cefb173df9d service placement] 10.222.0.77 "GET /placement/allocations/cb0112ba-93a6-43b8-8ff7-bf5fb0121e8c" status: 200 len: 19 microversion: 1.28
Aug 17 16:50:23.762065 n-d-804878-1 devstack@placement-api.service[95321]: [pid: 95321|app: 0|req: 615/1226] 10.222.0.77 () {60 vars in 1381 bytes} [Tue Aug 17 16:50:23 2021] GET /placement/allocations/cb0112ba-93a6-43b8-8ff7-bf5fb0121e8c => generated 19 bytes in 96 msecs (HTTP/1.1 200) 8 headers in 295 bytes (1 switches on core 0)
