Aug 24 00:14:10.180941 n-d-804709-4 devstack@placement-api.service[95850]: DEBUG placement.objects.research_context [req-e2e5ac42-ac07-4ba3-ae36-6d4da0dc9195 req-074df9b0-04fc-4e85-9d3a-3b3d00ce1849 service placement] getting providers with 1024 MEMORY_MB {{(pid=95850) __init__ /opt/stack/placement/placement/objects/research_context.py:126}}
Aug 24 00:14:10.191181 n-d-804709-4 devstack@placement-api.service[95850]: DEBUG placement.objects.research_context [req-e2e5ac42-ac07-4ba3-ae36-6d4da0dc9195 req-074df9b0-04fc-4e85-9d3a-3b3d00ce1849 service placement] getting providers with 1 VCPU {{(pid=95850) __init__ /opt/stack/placement/placement/objects/research_context.py:126}}
Aug 24 00:14:10.210040 n-d-804709-4 devstack@placement-api.service[95850]: DEBUG placement.objects.research_context [req-e2e5ac42-ac07-4ba3-ae36-6d4da0dc9195 req-074df9b0-04fc-4e85-9d3a-3b3d00ce1849 service placement] found 2 providers with available 1 DISK_GB {{(pid=95850) get_provider_ids_matching /opt/stack/placement/placement/objects/research_context.py:549}}
Aug 24 00:14:10.210327 n-d-804709-4 devstack@placement-api.service[95850]: DEBUG placement.objects.research_context [req-e2e5ac42-ac07-4ba3-ae36-6d4da0dc9195 req-074df9b0-04fc-4e85-9d3a-3b3d00ce1849 service placement] found 2 providers with available 1024 MEMORY_MB {{(pid=95850) get_provider_ids_matching /opt/stack/placement/placement/objects/research_context.py:549}}
Aug 24 00:14:10.210604 n-d-804709-4 devstack@placement-api.service[95850]: DEBUG placement.objects.research_context [req-e2e5ac42-ac07-4ba3-ae36-6d4da0dc9195 req-074df9b0-04fc-4e85-9d3a-3b3d00ce1849 service placement] found 2 providers after filtering by previous result {{(pid=95850) get_provider_ids_matching /opt/stack/placement/placement/objects/research_context.py:580}}
Aug 24 00:14:10.210862 n-d-804709-4 devstack@placement-api.service[95850]: DEBUG placement.objects.research_context [req-e2e5ac42-ac07-4ba3-ae36-6d4da0dc9195 req-074df9b0-04fc-4e85-9d3a-3b3d00ce1849 service placement] found 2 providers with available 1 VCPU {{(pid=95850) get_provider_ids_matching /opt/stack/placement/placement/objects/research_context.py:549}}
Aug 24 00:14:10.211124 n-d-804709-4 devstack@placement-api.service[95850]: DEBUG placement.objects.research_context [req-e2e5ac42-ac07-4ba3-ae36-6d4da0dc9195 req-074df9b0-04fc-4e85-9d3a-3b3d00ce1849 service placement] found 2 providers after filtering by previous result {{(pid=95850) get_provider_ids_matching /opt/stack/placement/placement/objects/research_context.py:580}}
Aug 24 00:14:10.226123 n-d-804709-4 devstack@placement-api.service[95850]: DEBUG placement.objects.allocation_candidate [req-e2e5ac42-ac07-4ba3-ae36-6d4da0dc9195 req-074df9b0-04fc-4e85-9d3a-3b3d00ce1849 service placement] RequestGroup(use_same_provider=False, resources={DISK_GB:1, MEMORY_MB:1024, VCPU:1}, traits=[], aggregates=[]) (suffix '') returned 2 matches {{(pid=95850) _get_by_requests /opt/stack/placement/placement/objects/allocation_candidate.py:145}}
Aug 24 00:14:10.226511 n-d-804709-4 devstack@placement-api.service[95850]: DEBUG placement.objects.allocation_candidate [req-e2e5ac42-ac07-4ba3-ae36-6d4da0dc9195 req-074df9b0-04fc-4e85-9d3a-3b3d00ce1849 service placement] Merging candidates yields 2 allocation requests and 2 provider summaries {{(pid=95850) _merge_candidates /opt/stack/placement/placement/objects/allocation_candidate.py:783}}
Aug 24 00:14:10.230999 n-d-804709-4 devstack@placement-api.service[95850]: INFO placement.requestlog [req-e2e5ac42-ac07-4ba3-ae36-6d4da0dc9195 req-074df9b0-04fc-4e85-9d3a-3b3d00ce1849 service placement] 10.222.0.15 "GET /placement/allocation_candidates?limit=1000&resources=DISK_GB%3A1%2CMEMORY_MB%3A1024%2CVCPU%3A1&root_required=%21COMPUTE_STATUS_DISABLED" status: 200 len: 1309 microversion: 1.35
Aug 24 00:14:10.238106 n-d-804709-4 devstack@placement-api.service[95850]: [pid: 95850|app: 0|req: 64/126] 10.222.0.15 () {60 vars in 1507 bytes} [Tue Aug 24 00:14:10 2021] GET /placement/allocation_candidates?limit=1000&resources=DISK_GB%3A1%2CMEMORY_MB%3A1024%2CVCPU%3A1&root_required=%21COMPUTE_STATUS_DISABLED => generated 1309 bytes in 120 msecs (HTTP/1.1 200) 8 headers in 297 bytes (1 switches on core 0)
Aug 24 00:14:10.350755 n-d-804709-4 devstack@placement-api.service[95851]: DEBUG placement.requestlog [req-e2e5ac42-ac07-4ba3-ae36-6d4da0dc9195 req-73018ef2-9b52-4aad-95cf-f62733078fd4 None None] Starting request: 10.222.0.15 "GET /placement/allocations/74f7e527-e8cb-4e99-8751-169016052aae" {{(pid=95851) __call__ /opt/stack/placement/placement/requestlog.py:55}}
Aug 24 00:14:10.362844 n-d-804709-4 devstack@placement-api.service[95851]: INFO placement.requestlog [req-e2e5ac42-ac07-4ba3-ae36-6d4da0dc9195 req-73018ef2-9b52-4aad-95cf-f62733078fd4 service placement] 10.222.0.15 "GET /placement/allocations/74f7e527-e8cb-4e99-8751-169016052aae" status: 200 len: 19 microversion: 1.28
Aug 24 00:14:10.369450 n-d-804709-4 devstack@placement-api.service[95851]: [pid: 95851|app: 0|req: 63/127] 10.222.0.15 () {60 vars in 1381 bytes} [Tue Aug 24 00:14:10 2021] GET /placement/allocations/74f7e527-e8cb-4e99-8751-169016052aae => generated 19 bytes in 19 msecs (HTTP/1.1 200) 8 headers in 295 bytes (1 switches on core 0)
Aug 24 00:14:10.377147 n-d-804709-4 devstack@placement-api.service[95850]: DEBUG placement.requestlog [req-e2e5ac42-ac07-4ba3-ae36-6d4da0dc9195 req-9cee7a63-3cd7-4d90-be34-04a4f006e295 None None] Starting request: 10.222.0.15 "PUT /placement/allocations/74f7e527-e8cb-4e99-8751-169016052aae" {{(pid=95850) __call__ /opt/stack/placement/placement/requestlog.py:55}}
Aug 24 00:14:10.758749 n-d-804709-4 devstack@placement-api.service[95850]: DEBUG placement.handlers.allocation [req-e2e5ac42-ac07-4ba3-ae36-6d4da0dc9195 req-9cee7a63-3cd7-4d90-be34-04a4f006e295 service placement] Successfully wrote allocations [, , ] {{(pid=95850) _create_allocations /opt/stack/placement/placement/handlers/allocation.py:435}}
Aug 24 00:14:10.759254 n-d-804709-4 devstack@placement-api.service[95850]: INFO placement.requestlog [req-e2e5ac42-ac07-4ba3-ae36-6d4da0dc9195 req-9cee7a63-3cd7-4d90-be34-04a4f006e295 service placement] 10.222.0.15 "PUT /placement/allocations/74f7e527-e8cb-4e99-8751-169016052aae" status: 204 len: 0 microversion: 1.35
Aug 24 00:14:10.760518 n-d-804709-4 devstack@placement-api.service[95850]: [pid: 95850|app: 0|req: 65/128] 10.222.0.15 () {64 vars in 1434 bytes} [Tue Aug 24 00:14:10 2021] PUT /placement/allocations/74f7e527-e8cb-4e99-8751-169016052aae => generated 0 bytes in 384 msecs (HTTP/1.1 204) 5 headers in 199 bytes (1 switches on core 0)
Aug 24 00:14:11.851927 n-d-804709-4 devstack@placement-api.service[95851]: DEBUG placement.requestlog [req-e2e5ac42-ac07-4ba3-ae36-6d4da0dc9195 req-384be0f9-2b8a-480d-90fc-a3c8213dd2fe None None] Starting request: 10.222.0.16 "GET /placement/allocations/74f7e527-e8cb-4e99-8751-169016052aae" {{(pid=95851) __call__ /opt/stack/placement/placement/requestlog.py:55}}
Aug 24 00:14:11.883230 n-d-804709-4 devstack@placement-api.service[95851]: INFO placement.requestlog [req-e2e5ac42-ac07-4ba3-ae36-6d4da0dc9195 req-384be0f9-2b8a-480d-90fc-a3c8213dd2fe service placement] 10.222.0.16 "GET /placement/allocations/74f7e527-e8cb-4e99-8751-169016052aae" status: 200 len: 259 microversion: 1.28
Aug 24 00:14:11.884234 n-d-804709-4 devstack@placement-api.service[95851]: [pid: 95851|app: 0|req: 64/129] 10.222.0.16 () {60 vars in 1378 bytes} [Tue Aug 24 00:14:11 2021] GET /placement/allocations/74f7e527-e8cb-4e99-8751-169016052aae => generated 259 bytes in 32 msecs (HTTP/1.1 200) 8 headers in 296 bytes (1 switches on core 0)
Aug 24 00:14:25.594945 n-d-804709-4 devstack@placement-api.service[95850]: DEBUG placement.requestlog [req-cdc1b527-4aa5-4099-ad87-6e2f76e8d989 req-cad47868-4af1-4dd3-a95a-22eeaa31f836 None None] Starting request: 10.222.0.15 "GET /placement/allocation_candidates?resources=DISK_GB%3A1%2CMEMORY_MB%3A1024%2CVCPU%3A1&root_required=%21COMPUTE_STATUS_DISABLED" {{(pid=95850) __call__ /opt/stack/placement/placement/requestlog.py:55}}
Aug 24 00:14:25.643775 n-d-804709-4 devstack@placement-api.service[95850]: DEBUG placement.objects.research_context [req-cdc1b527-4aa5-4099-ad87-6e2f76e8d989 req-cad47868-4af1-4dd3-a95a-22eeaa31f836 service placement] getting providers with 1 DISK_GB {{(pid=95850) __init__ /opt/stack/placement/placement/objects/research_context.py:126}}
Aug 24 00:14:25.712331 n-d-804709-4 devstack@placement-api.service[95850]: DEBUG placement.objects.research_context [req-cdc1b527-4aa5-4099-ad87-6e2f76e8d989 req-cad47868-4af1-4dd3-a95a-22eeaa31f836 service placement] getting providers with 1024 MEMORY_MB {{(pid=95850) __init__ /opt/stack/placement/placement/objects/research_context.py:126}}
Aug 24 00:14:25.719192 n-d-804709-4 devstack@placement-api.service[95850]: DEBUG placement.objects.research_context [req-cdc1b527-4aa5-4099-ad87-6e2f76e8d989 req-cad47868-4af1-4dd3-a95a-22eeaa31f836 service placement] getting providers with 1 VCPU {{(pid=95850) __init__ /opt/stack/placement/placement/objects/research_context.py:126}}
Aug 24 00:14:25.725948 n-d-804709-4 devstack@placement-api.service[95850]: DEBUG placement.objects.research_context [req-cdc1b527-4aa5-4099-ad87-6e2f76e8d989 req-cad47868-4af1-4dd3-a95a-22eeaa31f836 service placement] found 2 providers with available 1 DISK_GB {{(pid=95850) get_provider_ids_matching /opt/stack/placement/placement/objects/research_context.py:549}}
Aug 24 00:14:25.726237 n-d-804709-4 devstack@placement-api.service[95850]: DEBUG placement.objects.research_context [req-cdc1b527-4aa5-4099-ad87-6e2f76e8d989 req-cad47868-4af1-4dd3-a95a-22eeaa31f836 service placement] found 2 providers with available 1024 MEMORY_MB {{(pid=95850) get_provider_ids_matching /opt/stack/placement/placement/objects/research_context.py:549}}
Aug 24 00:14:25.726509 n-d-804709-4 devstack@placement-api.service[95850]: DEBUG placement.objects.research_context [req-cdc1b527-4aa5-4099-ad87-6e2f76e8d989 req-cad47868-4af1-4dd3-a95a-22eeaa31f836 service placement] found 2 providers after filtering by previous result {{(pid=95850) get_provider_ids_matching /opt/stack/placement/placement/objects/research_context.py:580}}
Aug 24 00:14:25.726768 n-d-804709-4 devstack@placement-api.service[95850]: DEBUG placement.objects.research_context [req-cdc1b527-4aa5-4099-ad87-6e2f76e8d989 req-cad47868-4af1-4dd3-a95a-22eeaa31f836 service placement] found 2 providers with available 1 VCPU {{(pid=95850) get_provider_ids_matching /opt/stack/placement/placement/objects/research_context.py:549}}
Aug 24 00:14:25.727031 n-d-804709-4 devstack@placement-api.service[95850]: DEBUG placement.objects.research_context [req-cdc1b527-4aa5-4099-ad87-6e2f76e8d989 req-cad47868-4af1-4dd3-a95a-22eeaa31f836 service placement] found 2 providers after filtering by previous result {{(pid=95850) get_provider_ids_matching /opt/stack/placement/placement/objects/research_context.py:580}}
Aug 24 00:14:25.738936 n-d-804709-4 devstack@placement-api.service[95850]: DEBUG placement.objects.allocation_candidate [req-cdc1b527-4aa5-4099-ad87-6e2f76e8d989 req-cad47868-4af1-4dd3-a95a-22eeaa31f836 service placement] RequestGroup(use_same_provider=False, resources={DISK_GB:1, MEMORY_MB:1024, VCPU:1}, traits=[], aggregates=[]) (suffix '') returned 2 matches {{(pid=95850) _get_by_requests /opt/stack/placement/placement/objects/allocation_candidate.py:145}}
Aug 24 00:14:25.739313 n-d-804709-4 devstack@placement-api.service[95850]: DEBUG placement.objects.allocation_candidate [req-cdc1b527-4aa5-4099-ad87-6e2f76e8d989 req-cad47868-4af1-4dd3-a95a-22eeaa31f836 service placement] Merging candidates yields 2 allocation requests and 2 provider summaries {{(pid=95850) _merge_candidates /opt/stack/placement/placement/objects/allocation_candidate.py:783}}
Aug 24 00:14:25.741654 n-d-804709-4 devstack@placement-api.service[95850]: INFO placement.requestlog [req-cdc1b527-4aa5-4099-ad87-6e2f76e8d989 req-cad47868-4af1-4dd3-a95a-22eeaa31f836 service placement] 10.222.0.15 "GET /placement/allocation_candidates?resources=DISK_GB%3A1%2CMEMORY_MB%3A1024%2CVCPU%3A1&root_required=%21COMPUTE_STATUS_DISABLED" status: 200 len: 1309 microversion: 1.35
Aug 24 00:14:25.741654 n-d-804709-4 devstack@placement-api.service[95850]: [pid: 95850|app: 0|req: 66/130] 10.222.0.15 () {60 vars in 1485 bytes} [Tue Aug 24 00:14:25 2021] GET /placement/allocation_candidates?resources=DISK_GB%3A1%2CMEMORY_MB%3A1024%2CVCPU%3A1&root_required=%21COMPUTE_STATUS_DISABLED => generated 1309 bytes in 147 msecs (HTTP/1.1 200) 8 headers in 297 bytes (1 switches on core 0)
Aug 24 00:14:25.921130 n-d-804709-4 devstack@placement-api.service[95851]: DEBUG placement.requestlog [req-cdc1b527-4aa5-4099-ad87-6e2f76e8d989 req-37bc246d-8257-472b-986f-a22dfdbdb637 None None] Starting request: 10.222.0.15 "GET /placement/allocations/61b12fec-939c-42c1-81fb-4e2a4ec8c9e2" {{(pid=95851) __call__ /opt/stack/placement/placement/requestlog.py:55}}
Aug 24 00:14:25.934509 n-d-804709-4 devstack@placement-api.service[95851]: INFO placement.requestlog [req-cdc1b527-4aa5-4099-ad87-6e2f76e8d989 req-37bc246d-8257-472b-986f-a22dfdbdb637 service placement] 10.222.0.15 "GET /placement/allocations/61b12fec-939c-42c1-81fb-4e2a4ec8c9e2" status: 200 len: 19 microversion: 1.28
Aug 24 00:14:25.936526 n-d-804709-4 devstack@placement-api.service[95851]: [pid: 95851|app: 0|req: 65/131] 10.222.0.15 () {60 vars in 1381 bytes} [Tue Aug 24 00:14:25 2021] GET /placement/allocations/61b12fec-939c-42c1-81fb-4e2a4ec8c9e2 => generated 19 bytes in 15 msecs (HTTP/1.1 200) 8 headers in 295 bytes (1 switches on core 0)
Aug 24 00:14:25.966505 n-d-804709-4 devstack@placement-api.service[95850]: DEBUG placement.requestlog [req-cdc1b527-4aa5-4099-ad87-6e2f76e8d989 req-17f71bc8-e2fa-447f-804a-92ea9a9fb3fd None None] Starting request: 10.222.0.15 "PUT /placement/allocations/61b12fec-939c-42c1-81fb-4e2a4ec8c9e2" {{(pid=95850) __call__ /opt/stack/placement/placement/requestlog.py:55}}
Aug 24 00:14:26.301766 n-d-804709-4 devstack@placement-api.service[95850]: DEBUG placement.handlers.allocation [req-cdc1b527-4aa5-4099-ad87-6e2f76e8d989 req-17f71bc8-e2fa-447f-804a-92ea9a9fb3fd service placement] Successfully wrote allocations [, , ] {{(pid=95850) _create_allocations /opt/stack/placement/placement/handlers/allocation.py:435}}
Aug 24 00:14:26.303042 n-d-804709-4 devstack@placement-api.service[95850]: INFO placement.requestlog [req-cdc1b527-4aa5-4099-ad87-6e2f76e8d989 req-17f71bc8-e2fa-447f-804a-92ea9a9fb3fd service placement] 10.222.0.15 "PUT /placement/allocations/61b12fec-939c-42c1-81fb-4e2a4ec8c9e2" status: 204 len: 0 microversion: 1.35
Aug 24 00:14:26.303969 n-d-804709-4 devstack@placement-api.service[95850]: [pid: 95850|app: 0|req: 67/132] 10.222.0.15 () {64 vars in 1434 bytes} [Tue Aug 24 00:14:25 2021] PUT /placement/allocations/61b12fec-939c-42c1-81fb-4e2a4ec8c9e2 => generated 0 bytes in 338 msecs (HTTP/1.1 204) 5 headers in 199 bytes (1 switches on core 0)
Aug 24 00:14:26.335612 n-d-804709-4 devstack@placement-api.service[95851]: DEBUG placement.requestlog [req-cdc1b527-4aa5-4099-ad87-6e2f76e8d989 req-30f0494c-b5a0-4fde-a207-fa9461ac46c7 None None] Starting request: 10.222.0.15 "GET /placement/allocations/3d89c9a7-0821-4d83-9f98-e47a35014bec" {{(pid=95851) __call__ /opt/stack/placement/placement/requestlog.py:55}}
Aug 24 00:14:26.359580 n-d-804709-4 devstack@placement-api.service[95851]: INFO placement.requestlog [req-cdc1b527-4aa5-4099-ad87-6e2f76e8d989 req-30f0494c-b5a0-4fde-a207-fa9461ac46c7 service placement] 10.222.0.15 "GET /placement/allocations/3d89c9a7-0821-4d83-9f98-e47a35014bec" status: 200 len: 19 microversion: 1.28
Aug 24 00:14:26.360068 n-d-804709-4 devstack@placement-api.service[95851]: [pid: 95851|app: 0|req: 66/133] 10.222.0.15 () {60 vars in 1381 bytes} [Tue Aug 24 00:14:26 2021] GET /placement/allocations/3d89c9a7-0821-4d83-9f98-e47a35014bec => generated 19 bytes in 25 msecs (HTTP/1.1 200) 8 headers in 295 bytes (1 switches on core 0)
Aug 24 00:14:26.366116 n-d-804709-4 devstack@placement-api.service[95850]: DEBUG placement.requestlog [req-cdc1b527-4aa5-4099-ad87-6e2f76e8d989 req-700e7be5-c8ab-4932-9248-f76e55661ba7 None None] Starting request: 10.222.0.15 "PUT /placement/allocations/3d89c9a7-0821-4d83-9f98-e47a35014bec" {{(pid=95850) __call__ /opt/stack/placement/placement/requestlog.py:55}}
Aug 24 00:14:26.575662 n-d-804709-4 devstack@placement-api.service[95850]: DEBUG placement.handlers.allocation [req-cdc1b527-4aa5-4099-ad87-6e2f76e8d989 req-700e7be5-c8ab-4932-9248-f76e55661ba7 service placement] Successfully wrote allocations [, , ] {{(pid=95850) _create_allocations /opt/stack/placement/placement/handlers/allocation.py:435}}
Aug 24 00:14:26.576174 n-d-804709-4 devstack@placement-api.service[95850]: INFO placement.requestlog [req-cdc1b527-4aa5-4099-ad87-6e2f76e8d989 req-700e7be5-c8ab-4932-9248-f76e55661ba7 service placement] 10.222.0.15 "PUT /placement/allocations/3d89c9a7-0821-4d83-9f98-e47a35014bec" status: 204 len: 0 microversion: 1.35
Aug 24 00:14:26.576421 n-d-804709-4 devstack@placement-api.service[95850]: [pid: 95850|app: 0|req: 68/134] 10.222.0.15 () {64 vars in 1434 bytes} [Tue Aug 24 00:14:26 2021] PUT /placement/allocations/3d89c9a7-0821-4d83-9f98-e47a35014bec => generated 0 bytes in 211 msecs (HTTP/1.1 204) 5 headers in 199 bytes (2 switches on core 0)
Aug 24 00:14:28.206985 n-d-804709-4 devstack@placement-api.service[95851]: DEBUG placement.requestlog [req-cdc1b527-4aa5-4099-ad87-6e2f76e8d989 req-a8ec16b4-86ef-40a2-b9aa-af542b9a6eb7 None None] Starting request: 10.222.0.24 "GET /placement/allocations/61b12fec-939c-42c1-81fb-4e2a4ec8c9e2" {{(pid=95851) __call__ /opt/stack/placement/placement/requestlog.py:55}}
Aug 24 00:14:28.242771 n-d-804709-4 devstack@placement-api.service[95851]: INFO placement.requestlog [req-cdc1b527-4aa5-4099-ad87-6e2f76e8d989 req-a8ec16b4-86ef-40a2-b9aa-af542b9a6eb7 service placement] 10.222.0.24 "GET /placement/allocations/61b12fec-939c-42c1-81fb-4e2a4ec8c9e2" status: 200 len: 259 microversion: 1.28
Aug 24 00:14:28.243484 n-d-804709-4 devstack@placement-api.service[95851]: [pid: 95851|app: 0|req: 67/135] 10.222.0.24 () {60 vars in 1378 bytes} [Tue Aug 24 00:14:28 2021] GET /placement/allocations/61b12fec-939c-42c1-81fb-4e2a4ec8c9e2 => generated 259 bytes in 37 msecs (HTTP/1.1 200) 8 headers in 296 bytes (1 switches on core 0)
Aug 24 00:14:28.600821 n-d-804709-4 devstack@placement-api.service[95850]: DEBUG placement.requestlog [req-cdc1b527-4aa5-4099-ad87-6e2f76e8d989 req-47f89585-61da-43d3-904f-3352d4ba04d1 None None] Starting request: 10.222.0.24 "GET /placement/allocations/3d89c9a7-0821-4d83-9f98-e47a35014bec" {{(pid=95850) __call__ /opt/stack/placement/placement/requestlog.py:55}}
Aug 24 00:14:28.620250 n-d-804709-4 devstack@placement-api.service[95850]: INFO placement.requestlog [req-cdc1b527-4aa5-4099-ad87-6e2f76e8d989 req-47f89585-61da-43d3-904f-3352d4ba04d1 service placement] 10.222.0.24 "GET /placement/allocations/3d89c9a7-0821-4d83-9f98-e47a35014bec" status: 200 len: 259 microversion: 1.28
Aug 24 00:14:28.620461 n-d-804709-4 devstack@placement-api.service[95850]: [pid: 95850|app: 0|req: 69/136] 10.222.0.24 () {60 vars in 1378 bytes} [Tue Aug 24 00:14:28 2021] GET /placement/allocations/3d89c9a7-0821-4d83-9f98-e47a35014bec => generated 259 bytes in 24 msecs (HTTP/1.1 200) 8 headers in 296 bytes (1 switches on core 0)
Aug 24 00:14:29.240473 n-d-804709-4 devstack@placement-api.service[95851]: DEBUG placement.requestlog [req-1d633c4c-7494-4fbe-ba09-eff0b76fd104 req-30890370-c314-44b4-8997-e50a6ff91a09 None None] Starting request: 10.222.0.16 "GET /placement/resource_providers/674a15ce-7db0-4fee-9c4b-b7c0f6e5156a/allocations" {{(pid=95851) __call__ /opt/stack/placement/placement/requestlog.py:55}}
Aug 24 00:14:29.289420 n-d-804709-4 devstack@placement-api.service[95851]: INFO placement.requestlog [req-1d633c4c-7494-4fbe-ba09-eff0b76fd104 req-30890370-c314-44b4-8997-e50a6ff91a09 service placement] 10.222.0.16 "GET /placement/resource_providers/674a15ce-7db0-4fee-9c4b-b7c0f6e5156a/allocations" status: 200 len: 558 microversion: 1.0
Aug 24 00:14:29.289661 n-d-804709-4 devstack@placement-api.service[95851]: [pid: 95851|app: 0|req: 68/137] 10.222.0.16 () {58 vars in 1391 bytes} [Tue Aug 24 00:14:29 2021] GET /placement/resource_providers/674a15ce-7db0-4fee-9c4b-b7c0f6e5156a/allocations => generated 558 bytes in 49 msecs (HTTP/1.1 200) 6 headers in 224 bytes (1 switches on core 0)
Aug 24 00:14:29.813056 n-d-804709-4 devstack@placement-api.service[95850]: DEBUG placement.requestlog [None req-15e284f0-2b3b-4b33-a0c2-f6a088883d4a None None] Starting request: 10.222.0.15 "GET /placement/" {{(pid=95850) __call__ /opt/stack/placement/placement/requestlog.py:55}}
Aug 24 00:14:29.814214 n-d-804709-4 devstack@placement-api.service[95850]: INFO placement.requestlog [None req-15e284f0-2b3b-4b33-a0c2-f6a088883d4a None None] 10.222.0.15 "GET /placement/" status: 200 len: 136 microversion: 1.0
Aug 24 00:14:29.814394 n-d-804709-4 devstack@placement-api.service[95850]: [pid: 95850|app: 0|req: 70/138] 10.222.0.15 () {54 vars in 916 bytes} [Tue Aug 24 00:14:29 2021] GET /placement => generated 136 bytes in 2 msecs (HTTP/1.1 200) 6 headers in 224 bytes (1 switches on core 0)
Aug 24 00:14:29.826908 n-d-804709-4 devstack@placement-api.service[95851]: DEBUG placement.requestlog [req-57507202-a8f2-4be0-94da-0a73d34d971e req-e492d335-c60b-4f33-809a-6a88bab351a1 None None] Starting request: 10.222.0.15 "GET /placement/allocations/41a28859-910f-457d-ab46-198ab0b0b883" {{(pid=95851) __call__ /opt/stack/placement/placement/requestlog.py:55}}
Aug 24 00:14:29.947236 n-d-804709-4 devstack@placement-api.service[95850]: DEBUG placement.requestlog [req-70a83e68-1814-4284-a08b-c15d50e6342c req-e178c8c9-32be-44df-a228-3d7876ffc029 None None] Starting request: 10.222.0.24 "GET /placement/resource_providers/b940fc7f-2c47-4a73-b83c-a598e58b362a/allocations" {{(pid=95850) __call__ /opt/stack/placement/placement/requestlog.py:55}}
Aug 24 00:14:29.968022 n-d-804709-4 devstack@placement-api.service[95851]: INFO placement.requestlog [req-57507202-a8f2-4be0-94da-0a73d34d971e req-e492d335-c60b-4f33-809a-6a88bab351a1 service placement] 10.222.0.15 "GET /placement/allocations/41a28859-910f-457d-ab46-198ab0b0b883" status: 200 len: 259 microversion: 1.28
Aug 24 00:14:29.982369 n-d-804709-4 devstack@placement-api.service[95851]: [pid: 95851|app: 0|req: 69/139] 10.222.0.15 () {60 vars in 1381 bytes} [Tue Aug 24 00:14:29 2021] GET /placement/allocations/41a28859-910f-457d-ab46-198ab0b0b883 => generated 259 bytes in 156 msecs (HTTP/1.1 200) 8 headers in 296 bytes (1 switches on core 0)
Aug 24 00:14:29.991964 n-d-804709-4 devstack@placement-api.service[95851]: DEBUG placement.requestlog [req-57507202-a8f2-4be0-94da-0a73d34d971e req-5ffc4a56-c020-4b8e-9c2c-25e45679ee91 None None] Starting request: 10.222.0.15 "GET /placement/allocations/41a28859-910f-457d-ab46-198ab0b0b883" {{(pid=95851) __call__ /opt/stack/placement/placement/requestlog.py:55}}
Aug 24 00:14:30.005651 n-d-804709-4 devstack@placement-api.service[95850]: INFO placement.requestlog [req-70a83e68-1814-4284-a08b-c15d50e6342c req-e178c8c9-32be-44df-a228-3d7876ffc029 service placement] 10.222.0.24 "GET /placement/resource_providers/b940fc7f-2c47-4a73-b83c-a598e58b362a/allocations" status: 200 len: 659 microversion: 1.0
Aug 24 00:14:30.006502 n-d-804709-4 devstack@placement-api.service[95850]: [pid: 95850|app: 0|req: 71/140] 10.222.0.24 () {58 vars in 1391 bytes} [Tue Aug 24 00:14:29 2021] GET /placement/resource_providers/b940fc7f-2c47-4a73-b83c-a598e58b362a/allocations => generated 659 bytes in 60 msecs (HTTP/1.1 200) 6 headers in 224 bytes (2 switches on core 0)
Aug 24 00:14:30.046727 n-d-804709-4 devstack@placement-api.service[95851]: INFO placement.requestlog [req-57507202-a8f2-4be0-94da-0a73d34d971e req-5ffc4a56-c020-4b8e-9c2c-25e45679ee91 service placement] 10.222.0.15 "GET /placement/allocations/41a28859-910f-457d-ab46-198ab0b0b883" status: 200 len: 259 microversion: 1.28
Aug 24 00:14:30.047299 n-d-804709-4 devstack@placement-api.service[95851]: [pid: 95851|app: 0|req: 70/141] 10.222.0.15 () {60 vars in 1381 bytes} [Tue Aug 24 00:14:29 2021] GET /placement/allocations/41a28859-910f-457d-ab46-198ab0b0b883 => generated 259 bytes in 56 msecs (HTTP/1.1 200) 8 headers in 296 bytes (2 switches on core 0)
Aug 24 00:14:30.055510 n-d-804709-4 devstack@placement-api.service[95850]: DEBUG placement.requestlog [req-57507202-a8f2-4be0-94da-0a73d34d971e req-7559513c-9961-42bf-9b7c-772bfa977ce5 None None] Starting request: 10.222.0.15 "GET /placement/allocations/674e4b32-955b-493c-8e23-9502cde57f46" {{(pid=95850) __call__ /opt/stack/placement/placement/requestlog.py:55}}
Aug 24 00:14:30.080216 n-d-804709-4 devstack@placement-api.service[95850]: INFO placement.requestlog [req-57507202-a8f2-4be0-94da-0a73d34d971e req-7559513c-9961-42bf-9b7c-772bfa977ce5 service placement] 10.222.0.15 "GET /placement/allocations/674e4b32-955b-493c-8e23-9502cde57f46" status: 200 len: 19 microversion: 1.28
Aug 24 00:14:30.087887 n-d-804709-4 devstack@placement-api.service[95851]: DEBUG placement.requestlog [req-57507202-a8f2-4be0-94da-0a73d34d971e req-b9e4de73-4a80-40c9-b834-0f4e482eb3cf None None] Starting request: 10.222.0.15 "POST /placement/allocations" {{(pid=95851) __call__ /opt/stack/placement/placement/requestlog.py:55}}
Aug 24 00:14:30.096799 n-d-804709-4 devstack@placement-api.service[95850]: [pid: 95850|app: 0|req: 72/142] 10.222.0.15 () {60 vars in 1381 bytes} [Tue Aug 24 00:14:30 2021] GET /placement/allocations/674e4b32-955b-493c-8e23-9502cde57f46 => generated 19 bytes in 41 msecs (HTTP/1.1 200) 8 headers in 295 bytes (1 switches on core 0)
Aug 24 00:14:30.411306 n-d-804709-4 devstack@placement-api.service[95851]: DEBUG placement.handlers.allocation [req-57507202-a8f2-4be0-94da-0a73d34d971e req-b9e4de73-4a80-40c9-b834-0f4e482eb3cf service placement] Successfully wrote allocations [, , , , , ] {{(pid=95851) _create_allocations /opt/stack/placement/placement/handlers/allocation.py:524}}
Aug 24 00:14:30.413913 n-d-804709-4 devstack@placement-api.service[95851]: INFO placement.requestlog [req-57507202-a8f2-4be0-94da-0a73d34d971e req-b9e4de73-4a80-40c9-b834-0f4e482eb3cf service placement] 10.222.0.15 "POST /placement/allocations" status: 204 len: 0 microversion: 1.28
Aug 24 00:14:30.414447 n-d-804709-4 devstack@placement-api.service[95851]: [pid: 95851|app: 0|req: 71/143] 10.222.0.15 () {64 vars in 1324 bytes} [Tue Aug 24 00:14:30 2021] POST /placement/allocations => generated 0 bytes in 327 msecs (HTTP/1.1 204) 5 headers in 199 bytes (2 switches on core 0)
Aug 24 00:14:30.512677 n-d-804709-4 devstack@placement-api.service[95850]: DEBUG placement.requestlog [req-57507202-a8f2-4be0-94da-0a73d34d971e req-ca94e4c4-0493-4c93-aaf0-1e3b9d4fcca0 None None] Starting request: 10.222.0.15 "GET /placement/allocations/41a28859-910f-457d-ab46-198ab0b0b883" {{(pid=95850) __call__ /opt/stack/placement/placement/requestlog.py:55}}
Aug 24 00:14:30.530560 n-d-804709-4 devstack@placement-api.service[95850]: INFO placement.requestlog [req-57507202-a8f2-4be0-94da-0a73d34d971e req-ca94e4c4-0493-4c93-aaf0-1e3b9d4fcca0 service placement] 10.222.0.15 "GET /placement/allocations/41a28859-910f-457d-ab46-198ab0b0b883" status: 200 len: 19 microversion: 1.28
Aug 24 00:14:30.531053 n-d-804709-4 devstack@placement-api.service[95850]: [pid: 95850|app: 0|req: 73/144] 10.222.0.15 () {60 vars in 1381 bytes} [Tue Aug 24 00:14:30 2021] GET /placement/allocations/41a28859-910f-457d-ab46-198ab0b0b883 => generated 19 bytes in 19 msecs (HTTP/1.1 200) 8 headers in 295 bytes (1 switches on core 0)
Aug 24 00:14:30.537902 n-d-804709-4 devstack@placement-api.service[95851]: DEBUG placement.requestlog [req-57507202-a8f2-4be0-94da-0a73d34d971e req-f715686b-a855-4a59-ab72-1f77a2372b9a None None] Starting request: 10.222.0.15 "PUT /placement/allocations/41a28859-910f-457d-ab46-198ab0b0b883" {{(pid=95851) __call__ /opt/stack/placement/placement/requestlog.py:55}}
Aug 24 00:14:30.867450 n-d-804709-4 devstack@placement-api.service[95851]: DEBUG placement.handlers.allocation [req-57507202-a8f2-4be0-94da-0a73d34d971e req-f715686b-a855-4a59-ab72-1f77a2372b9a service placement] Successfully wrote allocations [, , ] {{(pid=95851) _create_allocations /opt/stack/placement/placement/handlers/allocation.py:435}}
Aug 24 00:14:30.868435 n-d-804709-4 devstack@placement-api.service[95851]: INFO placement.requestlog [req-57507202-a8f2-4be0-94da-0a73d34d971e req-f715686b-a855-4a59-ab72-1f77a2372b9a service placement] 10.222.0.15 "PUT /placement/allocations/41a28859-910f-457d-ab46-198ab0b0b883" status: 204 len: 0 microversion: 1.28
Aug 24 00:14:30.869146 n-d-804709-4 devstack@placement-api.service[95851]: [pid: 95851|app: 0|req: 72/145] 10.222.0.15 () {64 vars in 1434 bytes} [Tue Aug 24 00:14:30 2021] PUT /placement/allocations/41a28859-910f-457d-ab46-198ab0b0b883 => generated 0 bytes in 331 msecs (HTTP/1.1 204) 5 headers in 199 bytes (1 switches on core 0)
Aug 24 00:14:31.163309 n-d-804709-4 devstack@placement-api.service[95850]: DEBUG placement.requestlog [req-57507202-a8f2-4be0-94da-0a73d34d971e req-59384bee-1d72-4aeb-b698-e6d236b617cc None None] Starting request: 10.222.0.16 "GET /placement/allocations/41a28859-910f-457d-ab46-198ab0b0b883" {{(pid=95850) __call__ /opt/stack/placement/placement/requestlog.py:55}}
Aug 24 00:14:31.180095 n-d-804709-4 devstack@placement-api.service[95850]: INFO placement.requestlog [req-57507202-a8f2-4be0-94da-0a73d34d971e req-59384bee-1d72-4aeb-b698-e6d236b617cc service placement] 10.222.0.16 "GET /placement/allocations/41a28859-910f-457d-ab46-198ab0b0b883" status: 200 len: 259 microversion: 1.28
Aug 24 00:14:31.180941 n-d-804709-4 devstack@placement-api.service[95850]: [pid: 95850|app: 0|req: 74/146] 10.222.0.16 () {60 vars in 1378 bytes} [Tue Aug 24 00:14:31 2021] GET /placement/allocations/41a28859-910f-457d-ab46-198ab0b0b883 => generated 259 bytes in 22 msecs (HTTP/1.1 200) 8 headers in 296 bytes (1 switches on core 0)
Aug 24 00:14:31.591868 n-d-804709-4 devstack@placement-api.service[95851]: DEBUG placement.requestlog [req-d1312118-64c1-403d-a347-589525f8ff47 req-7c4c03f3-6b25-42fe-99a2-1389415b089d None None] Starting request: 10.222.0.15 "GET /placement/allocation_candidates?limit=1000&resources=DISK_GB%3A1%2CMEMORY_MB%3A1024%2CVCPU%3A1&root_required=%21COMPUTE_STATUS_DISABLED" {{(pid=95851) __call__ /opt/stack/placement/placement/requestlog.py:55}}
Aug 24 00:14:31.676039 n-d-804709-4 devstack@placement-api.service[95851]: DEBUG placement.objects.research_context [req-d1312118-64c1-403d-a347-589525f8ff47 req-7c4c03f3-6b25-42fe-99a2-1389415b089d service placement] getting providers with 1 DISK_GB {{(pid=95851) __init__ /opt/stack/placement/placement/objects/research_context.py:126}}
Aug 24 00:14:31.696407 n-d-804709-4 devstack@placement-api.service[95851]: DEBUG placement.objects.research_context [req-d1312118-64c1-403d-a347-589525f8ff47 req-7c4c03f3-6b25-42fe-99a2-1389415b089d service placement] getting providers with 1024 MEMORY_MB {{(pid=95851) __init__ /opt/stack/placement/placement/objects/research_context.py:126}}
Aug 24 00:14:31.715650 n-d-804709-4 devstack@placement-api.service[95851]: DEBUG placement.objects.research_context [req-d1312118-64c1-403d-a347-589525f8ff47 req-7c4c03f3-6b25-42fe-99a2-1389415b089d service placement] getting providers with 1 VCPU {{(pid=95851) __init__ /opt/stack/placement/placement/objects/research_context.py:126}}
Aug 24 00:14:31.728324 n-d-804709-4 devstack@placement-api.service[95851]: DEBUG placement.objects.research_context [req-d1312118-64c1-403d-a347-589525f8ff47 req-7c4c03f3-6b25-42fe-99a2-1389415b089d service placement] found 2 providers with available 1 DISK_GB {{(pid=95851) get_provider_ids_matching /opt/stack/placement/placement/objects/research_context.py:549}}
Aug 24 00:14:31.728604 n-d-804709-4 devstack@placement-api.service[95851]: DEBUG placement.objects.research_context [req-d1312118-64c1-403d-a347-589525f8ff47 req-7c4c03f3-6b25-42fe-99a2-1389415b089d service placement] found 2 providers with available 1024 MEMORY_MB {{(pid=95851) get_provider_ids_matching /opt/stack/placement/placement/objects/research_context.py:549}}
Aug 24 00:14:31.730827 n-d-804709-4 devstack@placement-api.service[95851]: DEBUG placement.objects.research_context [req-d1312118-64c1-403d-a347-589525f8ff47 req-7c4c03f3-6b25-42fe-99a2-1389415b089d service placement] found 2 providers after filtering by previous result {{(pid=95851) get_provider_ids_matching /opt/stack/placement/placement/objects/research_context.py:580}}
Aug 24 00:14:31.731243 n-d-804709-4 devstack@placement-api.service[95851]: DEBUG placement.objects.research_context [req-d1312118-64c1-403d-a347-589525f8ff47 req-7c4c03f3-6b25-42fe-99a2-1389415b089d service placement] found 2 providers with available 1 VCPU {{(pid=95851) get_provider_ids_matching /opt/stack/placement/placement/objects/research_context.py:549}}
Aug 24 00:14:31.731679 n-d-804709-4 devstack@placement-api.service[95851]: DEBUG placement.objects.research_context [req-d1312118-64c1-403d-a347-589525f8ff47 req-7c4c03f3-6b25-42fe-99a2-1389415b089d service placement] found 2 providers after filtering by previous result {{(pid=95851) get_provider_ids_matching /opt/stack/placement/placement/objects/research_context.py:580}}
Aug 24 00:14:31.750541 n-d-804709-4 devstack@placement-api.service[95851]: DEBUG placement.objects.allocation_candidate [req-d1312118-64c1-403d-a347-589525f8ff47 req-7c4c03f3-6b25-42fe-99a2-1389415b089d service placement] RequestGroup(use_same_provider=False, resources={DISK_GB:1, MEMORY_MB:1024, VCPU:1}, traits=[], aggregates=[]) (suffix '') returned 2 matches {{(pid=95851) _get_by_requests /opt/stack/placement/placement/objects/allocation_candidate.py:145}}
Aug 24 00:14:31.751237 n-d-804709-4 devstack@placement-api.service[95851]: DEBUG placement.objects.allocation_candidate [req-d1312118-64c1-403d-a347-589525f8ff47 req-7c4c03f3-6b25-42fe-99a2-1389415b089d service placement] Merging candidates yields 2 allocation requests and 2 provider summaries {{(pid=95851) _merge_candidates /opt/stack/placement/placement/objects/allocation_candidate.py:783}}
Aug 24 00:14:31.768697 n-d-804709-4 devstack@placement-api.service[95851]: INFO placement.requestlog [req-d1312118-64c1-403d-a347-589525f8ff47 req-7c4c03f3-6b25-42fe-99a2-1389415b089d service placement] 10.222.0.15 "GET /placement/allocation_candidates?limit=1000&resources=DISK_GB%3A1%2CMEMORY_MB%3A1024%2CVCPU%3A1&root_required=%21COMPUTE_STATUS_DISABLED" status: 200 len: 1309 microversion: 1.35
Aug 24 00:14:31.773439 n-d-804709-4 devstack@placement-api.service[95851]: [pid: 95851|app: 0|req: 73/147] 10.222.0.15 () {60 vars in 1507 bytes} [Tue Aug 24 00:14:31 2021] GET /placement/allocation_candidates?limit=1000&resources=DISK_GB%3A1%2CMEMORY_MB%3A1024%2CVCPU%3A1&root_required=%21COMPUTE_STATUS_DISABLED => generated 1309 bytes in 182 msecs (HTTP/1.1 200) 8 headers in 297 bytes (1 switches on core 0)
Aug 24 00:14:31.847150 n-d-804709-4 devstack@placement-api.service[95850]: DEBUG placement.requestlog [req-d1312118-64c1-403d-a347-589525f8ff47 req-5360582c-5457-48f3-a0e1-69004a9e5d82 None None] Starting request: 10.222.0.15 "GET /placement/allocations/fc6832f5-844e-4cde-a10a-75d4cf040d04" {{(pid=95850) __call__ /opt/stack/placement/placement/requestlog.py:55}}
Aug 24 00:14:31.860718 n-d-804709-4 devstack@placement-api.service[95850]: INFO placement.requestlog [req-d1312118-64c1-403d-a347-589525f8ff47 req-5360582c-5457-48f3-a0e1-69004a9e5d82 service placement] 10.222.0.15 "GET /placement/allocations/fc6832f5-844e-4cde-a10a-75d4cf040d04" status: 200 len: 19 microversion: 1.28
Aug 24 00:14:31.864140 n-d-804709-4 devstack@placement-api.service[95850]: [pid: 95850|app: 0|req: 75/148] 10.222.0.15 () {60 vars in 1381 bytes} [Tue Aug 24 00:14:31 2021] GET /placement/allocations/fc6832f5-844e-4cde-a10a-75d4cf040d04 => generated 19 bytes in 18 msecs (HTTP/1.1 200) 8 headers in 295 bytes (1 switches on core 0)
Aug 24 00:14:31.876986 n-d-804709-4 devstack@placement-api.service[95851]: DEBUG placement.requestlog [req-d1312118-64c1-403d-a347-589525f8ff47 req-2ede0a43-af1a-4433-b1d8-6216cc092168 None None] Starting request: 10.222.0.15 "PUT /placement/allocations/fc6832f5-844e-4cde-a10a-75d4cf040d04" {{(pid=95851) __call__ /opt/stack/placement/placement/requestlog.py:55}}
Aug 24 00:14:32.094461 n-d-804709-4 devstack@placement-api.service[95850]: DEBUG placement.requestlog [req-9c4a3f39-9839-4e92-97a2-1daa43404593 req-56263646-c85c-4f47-a76b-81a941cb8aa3 None None] Starting request: 10.222.0.16 "GET /placement/allocations/affc25b8-d038-4445-85d7-e779f4a88dbc" {{(pid=95850) __call__ /opt/stack/placement/placement/requestlog.py:55}}
Aug 24 00:14:32.119510 n-d-804709-4 devstack@placement-api.service[95850]: INFO placement.requestlog [req-9c4a3f39-9839-4e92-97a2-1daa43404593 req-56263646-c85c-4f47-a76b-81a941cb8aa3 service placement] 10.222.0.16 "GET /placement/allocations/affc25b8-d038-4445-85d7-e779f4a88dbc" status: 200 len: 259 microversion: 1.28
Aug 24 00:14:32.120237 n-d-804709-4 devstack@placement-api.service[95850]: [pid: 95850|app: 0|req: 76/149] 10.222.0.16 () {60 vars in 1378 bytes} [Tue Aug 24 00:14:32 2021] GET /placement/allocations/affc25b8-d038-4445-85d7-e779f4a88dbc => generated 259 bytes in 26 msecs (HTTP/1.1 200) 8 headers in 296 bytes (2 switches on core 0)
Aug 24 00:14:32.131155 n-d-804709-4 devstack@placement-api.service[95850]: DEBUG placement.requestlog [req-9c4a3f39-9839-4e92-97a2-1daa43404593 req-ec9415f0-2fab-47f1-becd-5ac2dc03d947 None None] Starting request: 10.222.0.16 "PUT /placement/allocations/affc25b8-d038-4445-85d7-e779f4a88dbc" {{(pid=95850) __call__ /opt/stack/placement/placement/requestlog.py:55}}
Aug 24 00:14:32.353113 n-d-804709-4 devstack@placement-api.service[95850]: DEBUG placement.handlers.allocation [req-9c4a3f39-9839-4e92-97a2-1daa43404593 req-ec9415f0-2fab-47f1-becd-5ac2dc03d947 service placement] Successfully wrote allocations [, , ] {{(pid=95850) _create_allocations /opt/stack/placement/placement/handlers/allocation.py:435}}
Aug 24 00:14:32.353780 n-d-804709-4 devstack@placement-api.service[95850]: INFO placement.requestlog [req-9c4a3f39-9839-4e92-97a2-1daa43404593 req-ec9415f0-2fab-47f1-becd-5ac2dc03d947 service placement] 10.222.0.16 "PUT /placement/allocations/affc25b8-d038-4445-85d7-e779f4a88dbc" status: 204 len: 0 microversion: 1.28
Aug 24 00:14:32.359282 n-d-804709-4 devstack@placement-api.service[95850]: [pid: 95850|app: 0|req: 77/150] 10.222.0.16 () {64 vars in 1431 bytes} [Tue Aug 24 00:14:32 2021] PUT /placement/allocations/affc25b8-d038-4445-85d7-e779f4a88dbc => generated 0 bytes in 223 msecs (HTTP/1.1 204) 5 headers in 199 bytes (1 switches on core 0)
Aug 24 00:14:32.411073 n-d-804709-4 devstack@placement-api.service[95851]: DEBUG placement.objects.allocation [req-d1312118-64c1-403d-a347-589525f8ff47 req-2ede0a43-af1a-4433-b1d8-6216cc092168 service placement] Retrying allocations write on resource provider generation conflict {{(pid=95851) replace_all /opt/stack/placement/placement/objects/allocation.py:505}}
Aug 24 00:14:32.513035 n-d-804709-4 devstack@placement-api.service[95851]: DEBUG placement.handlers.allocation [req-d1312118-64c1-403d-a347-589525f8ff47 req-2ede0a43-af1a-4433-b1d8-6216cc092168 service placement] Successfully wrote allocations [, , ] {{(pid=95851) _create_allocations /opt/stack/placement/placement/handlers/allocation.py:435}}
Aug 24 00:14:32.513557 n-d-804709-4 devstack@placement-api.service[95851]: INFO placement.requestlog [req-d1312118-64c1-403d-a347-589525f8ff47 req-2ede0a43-af1a-4433-b1d8-6216cc092168 service placement] 10.222.0.15 "PUT /placement/allocations/fc6832f5-844e-4cde-a10a-75d4cf040d04" status: 204 len: 0 microversion: 1.35
Aug 24 00:14:32.513797 n-d-804709-4 devstack@placement-api.service[95851]: [pid: 95851|app: 0|req: 74/151] 10.222.0.15 () {64 vars in 1434 bytes} [Tue Aug 24 00:14:31 2021] PUT /placement/allocations/fc6832f5-844e-4cde-a10a-75d4cf040d04 => generated 0 bytes in 637 msecs (HTTP/1.1 204) 5 headers in 199 bytes (1 switches on core 0)
Aug 24 00:14:33.643136 n-d-804709-4 devstack@placement-api.service[95850]: DEBUG placement.requestlog [req-d1312118-64c1-403d-a347-589525f8ff47 req-14110caa-3f71-420e-a6e2-9f5121e9af96 None None] Starting request: 10.222.0.16 "GET /placement/allocations/fc6832f5-844e-4cde-a10a-75d4cf040d04" {{(pid=95850) __call__ /opt/stack/placement/placement/requestlog.py:55}}
Aug 24 00:14:33.663576 n-d-804709-4 devstack@placement-api.service[95850]: INFO placement.requestlog [req-d1312118-64c1-403d-a347-589525f8ff47 req-14110caa-3f71-420e-a6e2-9f5121e9af96 service placement] 10.222.0.16 "GET /placement/allocations/fc6832f5-844e-4cde-a10a-75d4cf040d04" status: 200 len: 259 microversion: 1.28
Aug 24 00:14:33.664653 n-d-804709-4 devstack@placement-api.service[95850]: [pid: 95850|app: 0|req: 78/152] 10.222.0.16 () {60 vars in 1378 bytes} [Tue Aug 24 00:14:33 2021] GET /placement/allocations/fc6832f5-844e-4cde-a10a-75d4cf040d04 => generated 259 bytes in 22 msecs (HTTP/1.1 200) 8 headers in 296 bytes (1 switches on core 0)
Aug 24 00:14:35.229243 n-d-804709-4 devstack@placement-api.service[95851]: DEBUG placement.requestlog [req-6fc39d48-141a-452a-a4bc-d1b0d46d291a req-09be62df-53d4-4954-9db6-7fb63497f7c2 None None] Starting request: 10.222.0.15 "GET /placement/allocation_candidates?limit=1000&resources=DISK_GB%3A1%2CMEMORY_MB%3A1024%2CVCPU%3A1&root_required=%21COMPUTE_STATUS_DISABLED" {{(pid=95851) __call__ /opt/stack/placement/placement/requestlog.py:55}}
Aug 24 00:14:35.259117 n-d-804709-4 devstack@placement-api.service[95851]: DEBUG placement.objects.research_context [req-6fc39d48-141a-452a-a4bc-d1b0d46d291a req-09be62df-53d4-4954-9db6-7fb63497f7c2 service placement] getting providers with 1 DISK_GB {{(pid=95851) __init__ /opt/stack/placement/placement/objects/research_context.py:126}}
Aug 24 00:14:35.264882 n-d-804709-4 devstack@placement-api.service[95851]: DEBUG placement.objects.research_context [req-6fc39d48-141a-452a-a4bc-d1b0d46d291a req-09be62df-53d4-4954-9db6-7fb63497f7c2 service placement] getting providers with 1024 MEMORY_MB {{(pid=95851) __init__ /opt/stack/placement/placement/objects/research_context.py:126}}
Aug 24 00:14:35.270873 n-d-804709-4 devstack@placement-api.service[95851]: DEBUG placement.objects.research_context [req-6fc39d48-141a-452a-a4bc-d1b0d46d291a req-09be62df-53d4-4954-9db6-7fb63497f7c2 service placement] getting providers with 1 VCPU {{(pid=95851) __init__ /opt/stack/placement/placement/objects/research_context.py:126}}
Aug 24 00:14:35.278098 n-d-804709-4 devstack@placement-api.service[95851]: DEBUG placement.objects.research_context [req-6fc39d48-141a-452a-a4bc-d1b0d46d291a req-09be62df-53d4-4954-9db6-7fb63497f7c2 service placement] found 2 providers with available 1 DISK_GB {{(pid=95851) get_provider_ids_matching /opt/stack/placement/placement/objects/research_context.py:549}}
Aug 24 00:14:35.278098 n-d-804709-4 devstack@placement-api.service[95851]: DEBUG placement.objects.research_context [req-6fc39d48-141a-452a-a4bc-d1b0d46d291a req-09be62df-53d4-4954-9db6-7fb63497f7c2 service placement] found 2 providers with available 1024 MEMORY_MB {{(pid=95851) get_provider_ids_matching /opt/stack/placement/placement/objects/research_context.py:549}}
Aug 24 00:14:35.278098 n-d-804709-4 devstack@placement-api.service[95851]: DEBUG placement.objects.research_context [req-6fc39d48-141a-452a-a4bc-d1b0d46d291a req-09be62df-53d4-4954-9db6-7fb63497f7c2 service placement] found 2 providers after filtering by previous result {{(pid=95851) get_provider_ids_matching /opt/stack/placement/placement/objects/research_context.py:580}}
Aug 24 00:14:35.278098 n-d-804709-4 devstack@placement-api.service[95851]: DEBUG placement.objects.research_context [req-6fc39d48-141a-452a-a4bc-d1b0d46d291a req-09be62df-53d4-4954-9db6-7fb63497f7c2 service placement] found 2 providers with available 1 VCPU {{(pid=95851) get_provider_ids_matching /opt/stack/placement/placement/objects/research_context.py:549}}
Aug 24 00:14:35.278098 n-d-804709-4 devstack@placement-api.service[95851]: DEBUG placement.objects.research_context [req-6fc39d48-141a-452a-a4bc-d1b0d46d291a req-09be62df-53d4-4954-9db6-7fb63497f7c2 service placement] found 2 providers after filtering by previous result {{(pid=95851) get_provider_ids_matching /opt/stack/placement/placement/objects/research_context.py:580}}
Aug 24 00:14:35.291054 n-d-804709-4 devstack@placement-api.service[95851]: DEBUG placement.objects.allocation_candidate [req-6fc39d48-141a-452a-a4bc-d1b0d46d291a req-09be62df-53d4-4954-9db6-7fb63497f7c2 service placement] RequestGroup(use_same_provider=False, resources={DISK_GB:1, MEMORY_MB:1024, VCPU:1}, traits=[], aggregates=[]) (suffix '') returned 2 matches {{(pid=95851) _get_by_requests /opt/stack/placement/placement/objects/allocation_candidate.py:145}}
Aug 24 00:14:35.291456 n-d-804709-4 devstack@placement-api.service[95851]: DEBUG placement.objects.allocation_candidate [req-6fc39d48-141a-452a-a4bc-d1b0d46d291a req-09be62df-53d4-4954-9db6-7fb63497f7c2 service placement] Merging candidates yields 2 allocation requests and 2 provider summaries {{(pid=95851) _merge_candidates /opt/stack/placement/placement/objects/allocation_candidate.py:783}}
Aug 24 00:14:35.293034 n-d-804709-4 devstack@placement-api.service[95851]: INFO placement.requestlog [req-6fc39d48-141a-452a-a4bc-d1b0d46d291a req-09be62df-53d4-4954-9db6-7fb63497f7c2 service placement] 10.222.0.15 "GET /placement/allocation_candidates?limit=1000&resources=DISK_GB%3A1%2CMEMORY_MB%3A1024%2CVCPU%3A1&root_required=%21COMPUTE_STATUS_DISABLED" status: 200 len: 1309 microversion: 1.35
Aug 24 00:14:35.295539 n-d-804709-4 devstack@placement-api.service[95851]: [pid: 95851|app: 0|req: 75/153] 10.222.0.15 () {60 vars in 1507 bytes} [Tue Aug 24 00:14:35 2021] GET /placement/allocation_candidates?limit=1000&resources=DISK_GB%3A1%2CMEMORY_MB%3A1024%2CVCPU%3A1&root_required=%21COMPUTE_STATUS_DISABLED => generated 1309 bytes in 66 msecs (HTTP/1.1 200) 8 headers in 297 bytes (1 switches on core 0)
Aug 24 00:14:35.346822 n-d-804709-4 devstack@placement-api.service[95850]: DEBUG placement.requestlog [req-6fc39d48-141a-452a-a4bc-d1b0d46d291a req-ea134e13-0241-42de-923a-9257e06c86f0 None None] Starting request: 10.222.0.15 "GET /placement/allocations/96d4d00f-c185-48f0-bf6b-6cedffc3e90c" {{(pid=95850) __call__ /opt/stack/placement/placement/requestlog.py:55}}
Aug 24 00:14:35.363945 n-d-804709-4 devstack@placement-api.service[95850]: INFO placement.requestlog [req-6fc39d48-141a-452a-a4bc-d1b0d46d291a req-ea134e13-0241-42de-923a-9257e06c86f0 service placement] 10.222.0.15 "GET /placement/allocations/96d4d00f-c185-48f0-bf6b-6cedffc3e90c" status: 200 len: 19 microversion: 1.28
Aug 24 00:14:35.368186 n-d-804709-4 devstack@placement-api.service[95850]: [pid: 95850|app: 0|req: 79/154] 10.222.0.15 () {60 vars in 1381 bytes} [Tue Aug 24 00:14:35 2021] GET /placement/allocations/96d4d00f-c185-48f0-bf6b-6cedffc3e90c => generated 19 bytes in 21 msecs (HTTP/1.1 200) 8 headers in 295 bytes (1 switches on core 0)
Aug 24 00:14:35.371268 n-d-804709-4 devstack@placement-api.service[95851]: DEBUG placement.requestlog [req-6fc39d48-141a-452a-a4bc-d1b0d46d291a req-f3c3796a-5fb8-4bc6-8a5b-7bb34043ae0c None None] Starting request: 10.222.0.15 "PUT /placement/allocations/96d4d00f-c185-48f0-bf6b-6cedffc3e90c" {{(pid=95851) __call__ /opt/stack/placement/placement/requestlog.py:55}}
Aug 24 00:14:35.408311 n-d-804709-4 devstack@placement-api.service[95850]: DEBUG placement.requestlog [req-eb6c78cf-b37e-4f1c-bdb6-806d0779b341 req-d998096a-7c06-4019-b652-8d5ec9fbadee None None] Starting request: 10.222.0.15 "GET /placement/allocation_candidates?limit=1000&resources=DISK_GB%3A1%2CMEMORY_MB%3A1024%2CVCPU%3A1&root_required=%21COMPUTE_STATUS_DISABLED" {{(pid=95850) __call__ /opt/stack/placement/placement/requestlog.py:55}}
Aug 24 00:14:35.443663 n-d-804709-4 devstack@placement-api.service[95850]: DEBUG placement.objects.research_context [req-eb6c78cf-b37e-4f1c-bdb6-806d0779b341 req-d998096a-7c06-4019-b652-8d5ec9fbadee service placement] getting providers with 1 DISK_GB {{(pid=95850) __init__ /opt/stack/placement/placement/objects/research_context.py:126}}
Aug 24 00:14:35.449423 n-d-804709-4 devstack@placement-api.service[95850]: DEBUG placement.objects.research_context [req-eb6c78cf-b37e-4f1c-bdb6-806d0779b341 req-d998096a-7c06-4019-b652-8d5ec9fbadee service placement] getting providers with 1024 MEMORY_MB {{(pid=95850) __init__ /opt/stack/placement/placement/objects/research_context.py:126}}
Aug 24 00:14:35.455066 n-d-804709-4 devstack@placement-api.service[95850]: DEBUG placement.objects.research_context [req-eb6c78cf-b37e-4f1c-bdb6-806d0779b341 req-d998096a-7c06-4019-b652-8d5ec9fbadee service placement] getting providers with 1 VCPU {{(pid=95850) __init__ /opt/stack/placement/placement/objects/research_context.py:126}}
Aug 24 00:14:35.461003 n-d-804709-4 devstack@placement-api.service[95850]: DEBUG placement.objects.research_context [req-eb6c78cf-b37e-4f1c-bdb6-806d0779b341 req-d998096a-7c06-4019-b652-8d5ec9fbadee service placement] found 2 providers with available 1 DISK_GB {{(pid=95850) get_provider_ids_matching /opt/stack/placement/placement/objects/research_context.py:549}}
Aug 24 00:14:35.461289 n-d-804709-4 devstack@placement-api.service[95850]: DEBUG placement.objects.research_context [req-eb6c78cf-b37e-4f1c-bdb6-806d0779b341 req-d998096a-7c06-4019-b652-8d5ec9fbadee service placement] found 2 providers with available 1024 MEMORY_MB {{(pid=95850) get_provider_ids_matching /opt/stack/placement/placement/objects/research_context.py:549}}
