Aug 24 00:13:13.474974 n-d-804709-4 devstack@n-api.service[116942]: INFO nova.api.openstack.requestlog [None req-5c4389dc-7ba6-4fab-a720-2b3c21ae8509 tempest-NetworksTest-1293731858 tempest-NetworksTest-1293731858-project-admin] 10.222.0.15 "GET /compute/v2.1/os-networks" status: 200 len: 3320 microversion: 2.1 time: 0.124626
Aug 24 00:13:13.475818 n-d-804709-4 devstack@n-api.service[116942]: [pid: 116942|app: 0|req: 112/190] 10.222.0.15 () {58 vars in 1137 bytes} [Tue Aug 24 00:13:13 2021] GET /compute/v2.1/os-networks => generated 3320 bytes in 126 msecs (HTTP/1.1 200) 9 headers in 358 bytes (1 switches on core 0)
Aug 24 00:13:13.529142 n-d-804709-4 devstack@n-api.service[116942]: DEBUG nova.api.openstack.wsgi [None req-292e9295-7fc7-42a3-adb6-ee9babb889f9 tempest-InstanceUsageAuditLogNegativeTestJSON-375939056 tempest-InstanceUsageAuditLogNegativeTestJSON-375939056-project-admin] Calling method '>' {{(pid=116942) _process_stack /opt/stack/nova/nova/api/openstack/wsgi.py:513}}
Aug 24 00:13:13.530145 n-d-804709-4 devstack@n-api.service[116942]: /usr/local/lib/python3.8/dist-packages/oslo_policy/policy.py:1064: UserWarning: Policy os_compute_api:os-instance-usage-audit-log:show failed scope check. The token used to make the request was project scoped but the policy requires ['system'] scope. This behavior may change in the future where using the intended scope is required
Aug 24 00:13:13.530145 n-d-804709-4 devstack@n-api.service[116942]: warnings.warn(msg)
Aug 24 00:13:13.533197 n-d-804709-4 devstack@n-api.service[116942]: INFO nova.api.openstack.wsgi [None req-292e9295-7fc7-42a3-adb6-ee9babb889f9 tempest-InstanceUsageAuditLogNegativeTestJSON-375939056 tempest-InstanceUsageAuditLogNegativeTestJSON-375939056-project-admin] HTTP exception thrown: Invalid timestamp for date invalid_time
Aug 24 00:13:13.533805 n-d-804709-4 devstack@n-api.service[116942]: DEBUG nova.api.openstack.wsgi [None req-292e9295-7fc7-42a3-adb6-ee9babb889f9 tempest-InstanceUsageAuditLogNegativeTestJSON-375939056 tempest-InstanceUsageAuditLogNegativeTestJSON-375939056-project-admin] Returning 400 to user: Invalid timestamp for date invalid_time {{(pid=116942) __call__ /opt/stack/nova/nova/api/openstack/wsgi.py:927}}
Aug 24 00:13:13.534715 n-d-804709-4 devstack@n-api.service[116942]: INFO nova.api.openstack.requestlog [None req-292e9295-7fc7-42a3-adb6-ee9babb889f9 tempest-InstanceUsageAuditLogNegativeTestJSON-375939056 tempest-InstanceUsageAuditLogNegativeTestJSON-375939056-project-admin] 10.222.0.15 "GET /compute/v2.1/os-instance_usage_audit_log/invalid_time" status: 400 len: 83 microversion: 2.1 time: 0.058233
Aug 24 00:13:13.535468 n-d-804709-4 devstack@n-api.service[116942]: [pid: 116942|app: 0|req: 113/191] 10.222.0.15 () {58 vars in 1224 bytes} [Tue Aug 24 00:13:13 2021] GET /compute/v2.1/os-instance_usage_audit_log/invalid_time => generated 83 bytes in 59 msecs (HTTP/1.1 400) 9 headers in 380 bytes (1 switches on core 0)
Aug 24 00:13:13.542211 n-d-804709-4 devstack@n-api.service[116942]: DEBUG nova.api.openstack.wsgi [None req-382480ff-8cad-4407-8801-c12c1e1b7c01 tempest-FlavorsExtraSpecsNegativeTestJSON-1221537661 tempest-FlavorsExtraSpecsNegativeTestJSON-1221537661-project] Action: 'create', calling method: >, body: {"extra_specs": {"hw:numa_nodes": "1", "hw:cpu_policy": "shared"}} {{(pid=116942) _process_stack /opt/stack/nova/nova/api/openstack/wsgi.py:511}}
Aug 24 00:13:13.543899 n-d-804709-4 devstack@n-api.service[116942]: /usr/local/lib/python3.8/dist-packages/oslo_policy/policy.py:1064: UserWarning: Policy os_compute_api:os-flavor-extra-specs:create failed scope check. The token used to make the request was project scoped but the policy requires ['system'] scope. This behavior may change in the future where using the intended scope is required
Aug 24 00:13:13.543899 n-d-804709-4 devstack@n-api.service[116942]: warnings.warn(msg)
Aug 24 00:13:13.545017 n-d-804709-4 devstack@n-api.service[116942]: DEBUG nova.policy [None req-382480ff-8cad-4407-8801-c12c1e1b7c01 tempest-FlavorsExtraSpecsNegativeTestJSON-1221537661 tempest-FlavorsExtraSpecsNegativeTestJSON-1221537661-project] Policy check for os_compute_api:os-flavor-extra-specs:create failed with credentials {'is_admin': False, 'user_id': 'b33617c960e14a3480448a4009f5da36', 'user_domain_id': 'default', 'system_scope': None, 'domain_id': None, 'project_id': 'e29b1cc037d94c94931e84a36c440d47', 'project_domain_id': 'default', 'roles': ['reader', 'member'], 'is_admin_project': True, 'service_user_id': None, 'service_user_domain_id': None, 'service_project_id': None, 'service_project_domain_id': None, 'service_roles': []} {{(pid=116942) authorize /opt/stack/nova/nova/policy.py:199}}
Aug 24 00:13:13.546386 n-d-804709-4 devstack@n-api.service[116942]: DEBUG nova.api.openstack.wsgi [None req-382480ff-8cad-4407-8801-c12c1e1b7c01 tempest-FlavorsExtraSpecsNegativeTestJSON-1221537661 tempest-FlavorsExtraSpecsNegativeTestJSON-1221537661-project] Returning 403 to user: Policy doesn't allow os_compute_api:os-flavor-extra-specs:create to be performed. {{(pid=116942) __call__ /opt/stack/nova/nova/api/openstack/wsgi.py:927}}
Aug 24 00:13:13.547380 n-d-804709-4 devstack@n-api.service[116942]: INFO nova.api.openstack.requestlog [None req-382480ff-8cad-4407-8801-c12c1e1b7c01 tempest-FlavorsExtraSpecsNegativeTestJSON-1221537661 tempest-FlavorsExtraSpecsNegativeTestJSON-1221537661-project] 10.222.0.15 "POST /compute/v2.1/flavors/1680612782/os-extra_specs" status: 403 len: 124 microversion: 2.1 time: 0.010196
Aug 24 00:13:13.547976 n-d-804709-4 devstack@n-api.service[116942]: [pid: 116942|app: 0|req: 114/192] 10.222.0.15 () {60 vars in 1224 bytes} [Tue Aug 24 00:13:13 2021] POST /compute/v2.1/flavors/1680612782/os-extra_specs => generated 124 bytes in 11 msecs (HTTP/1.1 403) 9 headers in 379 bytes (1 switches on core 0)
Aug 24 00:13:13.592358 n-d-804709-4 devstack@n-api.service[116943]: DEBUG nova.network.neutron [None req-a61532a8-c067-4f09-bd0c-a3bd0aa6e3fa tempest-ServersAdminTestJSON-1970323621 tempest-ServersAdminTestJSON-1970323621-project] validate_networks() for None {{(pid=116943) validate_networks /opt/stack/nova/nova/network/neutron.py:2309}}
Aug 24 00:13:13.688194 n-d-804709-4 devstack@n-api.service[116942]: DEBUG nova.api.openstack.wsgi [None req-56a59cea-b87a-4da5-b367-af6343afafa0 tempest-FlavorsV255TestJSON-716871399 tempest-FlavorsV255TestJSON-716871399-project] Calling method '>' {{(pid=116942) _process_stack /opt/stack/nova/nova/api/openstack/wsgi.py:513}}
Aug 24 00:13:13.697417 n-d-804709-4 devstack@n-api.service[116942]: INFO nova.api.openstack.requestlog [None req-56a59cea-b87a-4da5-b367-af6343afafa0 tempest-FlavorsV255TestJSON-716871399 tempest-FlavorsV255TestJSON-716871399-project] 10.222.0.15 "GET /compute/v2.1/flavors/1733120504" status: 200 len: 449 microversion: 2.55 time: 0.142980
Aug 24 00:13:13.697984 n-d-804709-4 devstack@n-api.service[116942]: [pid: 116942|app: 0|req: 115/193] 10.222.0.15 () {60 vars in 1199 bytes} [Tue Aug 24 00:13:13 2021] GET /compute/v2.1/flavors/1733120504 => generated 449 bytes in 144 msecs (HTTP/1.1 200) 9 headers in 359 bytes (1 switches on core 0)
Aug 24 00:13:13.819503 n-d-804709-4 devstack@n-api.service[116942]: DEBUG nova.api.openstack.wsgi [None req-9739340a-631b-4172-bd1d-9c98c092822a tempest-InstanceUsageAuditLogNegativeTestJSON-1251003359 tempest-InstanceUsageAuditLogNegativeTestJSON-1251003359-project] Calling method '>' {{(pid=116942) _process_stack /opt/stack/nova/nova/api/openstack/wsgi.py:513}}
Aug 24 00:13:13.821246 n-d-804709-4 devstack@n-api.service[116942]: /usr/local/lib/python3.8/dist-packages/oslo_policy/policy.py:1064: UserWarning: Policy os_compute_api:os-instance-usage-audit-log:list failed scope check. The token used to make the request was project scoped but the policy requires ['system'] scope. This behavior may change in the future where using the intended scope is required
Aug 24 00:13:13.821246 n-d-804709-4 devstack@n-api.service[116942]: warnings.warn(msg)
Aug 24 00:13:13.822572 n-d-804709-4 devstack@n-api.service[116942]: DEBUG nova.policy [None req-9739340a-631b-4172-bd1d-9c98c092822a tempest-InstanceUsageAuditLogNegativeTestJSON-1251003359 tempest-InstanceUsageAuditLogNegativeTestJSON-1251003359-project] Policy check for os_compute_api:os-instance-usage-audit-log:list failed with credentials {'is_admin': False, 'user_id': '7030be5e2c7843379c2f2fda5a126bee', 'user_domain_id': 'default', 'system_scope': None, 'domain_id': None, 'project_id': 'bb1acd0f9a634968807d8f4eec3a9a75', 'project_domain_id': 'default', 'roles': ['reader', 'member'], 'is_admin_project': True, 'service_user_id': None, 'service_user_domain_id': None, 'service_project_id': None, 'service_project_domain_id': None, 'service_roles': []} {{(pid=116942) authorize /opt/stack/nova/nova/policy.py:199}}
Aug 24 00:13:13.823233 n-d-804709-4 devstack@n-api.service[116942]: DEBUG nova.api.openstack.wsgi [None req-9739340a-631b-4172-bd1d-9c98c092822a tempest-InstanceUsageAuditLogNegativeTestJSON-1251003359 tempest-InstanceUsageAuditLogNegativeTestJSON-1251003359-project] Returning 403 to user: Policy doesn't allow os_compute_api:os-instance-usage-audit-log:list to be performed. {{(pid=116942) __call__ /opt/stack/nova/nova/api/openstack/wsgi.py:927}}
Aug 24 00:13:13.824093 n-d-804709-4 devstack@n-api.service[116942]: INFO nova.api.openstack.requestlog [None req-9739340a-631b-4172-bd1d-9c98c092822a tempest-InstanceUsageAuditLogNegativeTestJSON-1251003359 tempest-InstanceUsageAuditLogNegativeTestJSON-1251003359-project] 10.222.0.15 "GET /compute/v2.1/os-instance_usage_audit_log" status: 403 len: 128 microversion: 2.1 time: 0.125202
Aug 24 00:13:13.824617 n-d-804709-4 devstack@n-api.service[116942]: [pid: 116942|app: 0|req: 116/194] 10.222.0.15 () {58 vars in 1185 bytes} [Tue Aug 24 00:13:13 2021] GET /compute/v2.1/os-instance_usage_audit_log => generated 128 bytes in 126 msecs (HTTP/1.1 403) 9 headers in 379 bytes (1 switches on core 0)
Aug 24 00:13:13.831143 n-d-804709-4 devstack@n-api.service[116942]: DEBUG nova.api.openstack.wsgi [None req-e90e34b5-67cd-4098-a7ea-4499185a2632 tempest-AggregatesAdminTestJSON-1166081122 tempest-AggregatesAdminTestJSON-1166081122-project] Calling method '>' {{(pid=116942) _process_stack /opt/stack/nova/nova/api/openstack/wsgi.py:513}}
Aug 24 00:13:13.833041 n-d-804709-4 devstack@n-api.service[116942]: DEBUG nova.compute.api [None req-e90e34b5-67cd-4098-a7ea-4499185a2632 tempest-AggregatesAdminTestJSON-1166081122 tempest-AggregatesAdminTestJSON-1166081122-project] [instance: db7b5123-4bf0-4072-833a-8c556d478dc6] Fetching instance by UUID {{(pid=116942) get /opt/stack/nova/nova/compute/api.py:2825}}
Aug 24 00:13:13.843651 n-d-804709-4 devstack@n-api.service[116943]: DEBUG nova.virt.hardware [None req-a61532a8-c067-4f09-bd0c-a3bd0aa6e3fa tempest-ServersAdminTestJSON-1970323621 tempest-ServersAdminTestJSON-1970323621-project] Flavor limits 0:0:0 {{(pid=116943) get_cpu_topology_constraints /opt/stack/nova/nova/virt/hardware.py:343}}
Aug 24 00:13:13.843651 n-d-804709-4 devstack@n-api.service[116943]: DEBUG nova.virt.hardware [None req-a61532a8-c067-4f09-bd0c-a3bd0aa6e3fa tempest-ServersAdminTestJSON-1970323621 tempest-ServersAdminTestJSON-1970323621-project] Image limits 0:0:0 {{(pid=116943) get_cpu_topology_constraints /opt/stack/nova/nova/virt/hardware.py:347}}
Aug 24 00:13:13.843818 n-d-804709-4 devstack@n-api.service[116942]: DEBUG oslo_concurrency.lockutils [None req-e90e34b5-67cd-4098-a7ea-4499185a2632 tempest-AggregatesAdminTestJSON-1166081122 tempest-AggregatesAdminTestJSON-1166081122-project] Lock "9f78f78c-bb1b-403c-bda8-e14ab14cdfcc" acquired by "nova.context.set_target_cell..get_or_set_cached_cell_and_set_connections" :: waited 0.000s {{(pid=116942) inner /usr/local/lib/python3.8/dist-packages/oslo_concurrency/lockutils.py:355}}
Aug 24 00:13:13.843911 n-d-804709-4 devstack@n-api.service[116943]: DEBUG nova.virt.hardware [None req-a61532a8-c067-4f09-bd0c-a3bd0aa6e3fa tempest-ServersAdminTestJSON-1970323621 tempest-ServersAdminTestJSON-1970323621-project] Flavor pref 0:0:0 {{(pid=116943) get_cpu_topology_constraints /opt/stack/nova/nova/virt/hardware.py:383}}
Aug 24 00:13:13.844003 n-d-804709-4 devstack@n-api.service[116942]: DEBUG oslo_concurrency.lockutils [None req-e90e34b5-67cd-4098-a7ea-4499185a2632 tempest-AggregatesAdminTestJSON-1166081122 tempest-AggregatesAdminTestJSON-1166081122-project] Lock "9f78f78c-bb1b-403c-bda8-e14ab14cdfcc" released by "nova.context.set_target_cell..get_or_set_cached_cell_and_set_connections" :: held 0.001s {{(pid=116942) inner /usr/local/lib/python3.8/dist-packages/oslo_concurrency/lockutils.py:367}}
Aug 24 00:13:13.844086 n-d-804709-4 devstack@n-api.service[116943]: DEBUG nova.virt.hardware [None req-a61532a8-c067-4f09-bd0c-a3bd0aa6e3fa tempest-ServersAdminTestJSON-1970323621 tempest-ServersAdminTestJSON-1970323621-project] Image pref 0:0:0 {{(pid=116943) get_cpu_topology_constraints /opt/stack/nova/nova/virt/hardware.py:387}}
Aug 24 00:13:13.844086 n-d-804709-4 devstack@n-api.service[116943]: DEBUG nova.virt.hardware [None req-a61532a8-c067-4f09-bd0c-a3bd0aa6e3fa tempest-ServersAdminTestJSON-1970323621 tempest-ServersAdminTestJSON-1970323621-project] Chose sockets=0, cores=0, threads=0; limits were sockets=65536, cores=65536, threads=65536 {{(pid=116943) get_cpu_topology_constraints /opt/stack/nova/nova/virt/hardware.py:425}}
Aug 24 00:13:13.844242 n-d-804709-4 devstack@n-api.service[116942]: DEBUG oslo_concurrency.lockutils [None req-e90e34b5-67cd-4098-a7ea-4499185a2632 tempest-AggregatesAdminTestJSON-1166081122 tempest-AggregatesAdminTestJSON-1166081122-project] Lock "9f78f78c-bb1b-403c-bda8-e14ab14cdfcc" acquired by "nova.context.set_target_cell..get_or_set_cached_cell_and_set_connections" :: waited 0.000s {{(pid=116942) inner /usr/local/lib/python3.8/dist-packages/oslo_concurrency/lockutils.py:355}}
Aug 24 00:13:13.844242 n-d-804709-4 devstack@n-api.service[116942]: DEBUG oslo_concurrency.lockutils [None req-e90e34b5-67cd-4098-a7ea-4499185a2632 tempest-AggregatesAdminTestJSON-1166081122 tempest-AggregatesAdminTestJSON-1166081122-project] Lock "9f78f78c-bb1b-403c-bda8-e14ab14cdfcc" released by "nova.context.set_target_cell..get_or_set_cached_cell_and_set_connections" :: held 0.000s {{(pid=116942) inner /usr/local/lib/python3.8/dist-packages/oslo_concurrency/lockutils.py:367}}
Aug 24 00:13:13.852235 n-d-804709-4 devstack@n-api.service[116943]: DEBUG oslo_concurrency.lockutils [None req-a61532a8-c067-4f09-bd0c-a3bd0aa6e3fa tempest-ServersAdminTestJSON-1970323621 tempest-ServersAdminTestJSON-1970323621-project] Lock "00000000-0000-0000-0000-000000000000" acquired by "nova.context.set_target_cell..get_or_set_cached_cell_and_set_connections" :: waited 0.000s {{(pid=116943) inner /usr/local/lib/python3.8/dist-packages/oslo_concurrency/lockutils.py:355}}
Aug 24 00:13:13.852704 n-d-804709-4 devstack@n-api.service[116943]: DEBUG oslo_concurrency.lockutils [None req-a61532a8-c067-4f09-bd0c-a3bd0aa6e3fa tempest-ServersAdminTestJSON-1970323621 tempest-ServersAdminTestJSON-1970323621-project] Lock "00000000-0000-0000-0000-000000000000" released by "nova.context.set_target_cell..get_or_set_cached_cell_and_set_connections" :: held 0.001s {{(pid=116943) inner /usr/local/lib/python3.8/dist-packages/oslo_concurrency/lockutils.py:367}}
Aug 24 00:13:13.853506 n-d-804709-4 devstack@n-api.service[116943]: DEBUG oslo_concurrency.lockutils [None req-a61532a8-c067-4f09-bd0c-a3bd0aa6e3fa tempest-ServersAdminTestJSON-1970323621 tempest-ServersAdminTestJSON-1970323621-project] Lock "9f78f78c-bb1b-403c-bda8-e14ab14cdfcc" acquired by "nova.context.set_target_cell..get_or_set_cached_cell_and_set_connections" :: waited 0.000s {{(pid=116943) inner /usr/local/lib/python3.8/dist-packages/oslo_concurrency/lockutils.py:355}}
Aug 24 00:13:13.853943 n-d-804709-4 devstack@n-api.service[116943]: DEBUG oslo_concurrency.lockutils [None req-a61532a8-c067-4f09-bd0c-a3bd0aa6e3fa tempest-ServersAdminTestJSON-1970323621 tempest-ServersAdminTestJSON-1970323621-project] Lock "9f78f78c-bb1b-403c-bda8-e14ab14cdfcc" released by "nova.context.set_target_cell..get_or_set_cached_cell_and_set_connections" :: held 0.000s {{(pid=116943) inner /usr/local/lib/python3.8/dist-packages/oslo_concurrency/lockutils.py:367}}
Aug 24 00:13:13.872032 n-d-804709-4 devstack@n-api.service[116943]: DEBUG nova.quota [None req-a61532a8-c067-4f09-bd0c-a3bd0aa6e3fa tempest-ServersAdminTestJSON-1970323621 tempest-ServersAdminTestJSON-1970323621-project] Getting quotas for project 128fcd9f15234abf9fea2e2db5fc7382. Resources: {'ram', 'cores', 'instances'} {{(pid=116943) _get_quotas /opt/stack/nova/nova/quota.py:387}}
Aug 24 00:13:13.876059 n-d-804709-4 devstack@n-api.service[116943]: DEBUG nova.quota [None req-a61532a8-c067-4f09-bd0c-a3bd0aa6e3fa tempest-ServersAdminTestJSON-1970323621 tempest-ServersAdminTestJSON-1970323621-project] Getting quotas for user e96b073c593f49f9b6556b41a3bf06b5 and project 128fcd9f15234abf9fea2e2db5fc7382. Resources: {'ram', 'cores', 'instances'} {{(pid=116943) _get_quotas /opt/stack/nova/nova/quota.py:377}}
Aug 24 00:13:13.895839 n-d-804709-4 devstack@n-api.service[116943]: DEBUG nova.compute.api [None req-a61532a8-c067-4f09-bd0c-a3bd0aa6e3fa tempest-ServersAdminTestJSON-1970323621 tempest-ServersAdminTestJSON-1970323621-project] Going to run 1 instances... {{(pid=116943) _provision_instances /opt/stack/nova/nova/compute/api.py:1314}}
Aug 24 00:13:13.898505 n-d-804709-4 devstack@n-api.service[116943]: DEBUG nova.compute.api [None req-a61532a8-c067-4f09-bd0c-a3bd0aa6e3fa tempest-ServersAdminTestJSON-1970323621 tempest-ServersAdminTestJSON-1970323621-project] [instance: 6cb46a79-5ac2-4ebe-9d3a-963844cc52e5] block_device_mapping [BlockDeviceMapping(attachment_id=,boot_index=0,connection_info=None,created_at=,delete_on_termination=True,deleted=,deleted_at=,destination_type='local',device_name=None,device_type='disk',disk_bus=None,guest_format=None,id=,image_id='5950ee00-80dd-43d4-9eb6-69cf851d7bb5',instance=,instance_uuid=,no_device=False,snapshot_id=None,source_type='image',tag=None,updated_at=,uuid=,volume_id=None,volume_size=None,volume_type=None)] {{(pid=116943) _bdm_validate_set_size_and_instance /opt/stack/nova/nova/compute/api.py:1719}}
Aug 24 00:13:13.979326 n-d-804709-4 devstack@n-api.service[116942]: DEBUG nova.policy [None req-e90e34b5-67cd-4098-a7ea-4499185a2632 tempest-AggregatesAdminTestJSON-1166081122 tempest-AggregatesAdminTestJSON-1166081122-project] Policy check for os_compute_api:os-extended-server-attributes failed with credentials {'is_admin': False, 'user_id': '95d10cd29733452fb41809e2c6548c94', 'user_domain_id': 'default', 'system_scope': None, 'domain_id': None, 'project_id': 'ef7b318ca9c34c5e9cf572fc75c4932e', 'project_domain_id': 'default', 'roles': ['reader', 'member'], 'is_admin_project': True, 'service_user_id': None, 'service_user_domain_id': None, 'service_project_id': None, 'service_project_domain_id': None, 'service_roles': []} {{(pid=116942) authorize /opt/stack/nova/nova/policy.py:199}}
Aug 24 00:13:13.990244 n-d-804709-4 devstack@n-api.service[116942]: INFO nova.api.openstack.requestlog [None req-e90e34b5-67cd-4098-a7ea-4499185a2632 tempest-AggregatesAdminTestJSON-1166081122 tempest-AggregatesAdminTestJSON-1166081122-project] 10.222.0.15 "GET /compute/v2.1/servers/db7b5123-4bf0-4072-833a-8c556d478dc6" status: 200 len: 1339 microversion: 2.1 time: 0.164161
Aug 24 00:13:13.993808 n-d-804709-4 devstack@n-api.service[116942]: [pid: 116942|app: 0|req: 117/195] 10.222.0.15 () {58 vars in 1236 bytes} [Tue Aug 24 00:13:13 2021] GET /compute/v2.1/servers/db7b5123-4bf0-4072-833a-8c556d478dc6 => generated 1339 bytes in 168 msecs (HTTP/1.1 200) 9 headers in 358 bytes (1 switches on core 0)
Aug 24 00:13:13.998618 n-d-804709-4 devstack@n-api.service[116942]: DEBUG nova.api.openstack.wsgi [None req-bb2c8b58-e886-4af0-a27b-13b27159c32b tempest-FlavorsExtraSpecsNegativeTestJSON-895663882 tempest-FlavorsExtraSpecsNegativeTestJSON-895663882-project-admin] Action: 'create', calling method: >, body: {"extra_specs": {"hw:numa_nodes": "1", "hw:cpu_policy": "shared"}} {{(pid=116942) _process_stack /opt/stack/nova/nova/api/openstack/wsgi.py:511}}
Aug 24 00:13:14.000207 n-d-804709-4 devstack@n-api.service[116942]: /usr/local/lib/python3.8/dist-packages/oslo_policy/policy.py:1064: UserWarning: Policy os_compute_api:os-flavor-extra-specs:create failed scope check. The token used to make the request was project scoped but the policy requires ['system'] scope. This behavior may change in the future where using the intended scope is required
Aug 24 00:13:14.000207 n-d-804709-4 devstack@n-api.service[116942]: warnings.warn(msg)
Aug 24 00:13:14.003508 n-d-804709-4 devstack@n-api.service[116943]: INFO nova.api.openstack.requestlog [None req-a61532a8-c067-4f09-bd0c-a3bd0aa6e3fa tempest-ServersAdminTestJSON-1970323621 tempest-ServersAdminTestJSON-1970323621-project] 10.222.0.15 "POST /compute/v2.1/servers" status: 202 len: 380 microversion: 2.1 time: 10.339422
Aug 24 00:13:14.005465 n-d-804709-4 devstack@n-api.service[116943]: [pid: 116943|app: 0|req: 79/196] 10.222.0.15 () {60 vars in 1147 bytes} [Tue Aug 24 00:13:03 2021] POST /compute/v2.1/servers => generated 380 bytes in 10342 msecs (HTTP/1.1 202) 10 headers in 451 bytes (1 switches on core 0)
Aug 24 00:13:14.012166 n-d-804709-4 devstack@n-api.service[116943]: DEBUG nova.api.openstack.wsgi [None req-baf4586d-dd1d-4228-a5d7-61f61db0829d tempest-FlavorsV255TestJSON-936910513 tempest-FlavorsV255TestJSON-936910513-project-admin] Action: 'update', calling method: .version_select at 0x7f3199415430>, body: {"flavor": {"description": "new"}} {{(pid=116943) _process_stack /opt/stack/nova/nova/api/openstack/wsgi.py:511}}
Aug 24 00:13:14.023935 n-d-804709-4 devstack@n-api.service[116943]: /usr/local/lib/python3.8/dist-packages/oslo_policy/policy.py:1064: UserWarning: Policy os_compute_api:os-flavor-manage:update failed scope check. The token used to make the request was project scoped but the policy requires ['system'] scope. This behavior may change in the future where using the intended scope is required
Aug 24 00:13:14.023935 n-d-804709-4 devstack@n-api.service[116943]: warnings.warn(msg)
Aug 24 00:13:14.156476 n-d-804709-4 devstack@n-api.service[116942]: INFO nova.api.openstack.requestlog [None req-bb2c8b58-e886-4af0-a27b-13b27159c32b tempest-FlavorsExtraSpecsNegativeTestJSON-895663882 tempest-FlavorsExtraSpecsNegativeTestJSON-895663882-project-admin] 10.222.0.15 "POST /compute/v2.1/flavors/1680612782/os-extra_specs" status: 200 len: 66 microversion: 2.1 time: 0.161438
Aug 24 00:13:14.156662 n-d-804709-4 devstack@n-api.service[116943]: INFO nova.api.openstack.requestlog [None req-baf4586d-dd1d-4228-a5d7-61f61db0829d tempest-FlavorsV255TestJSON-936910513 tempest-FlavorsV255TestJSON-936910513-project-admin] 10.222.0.15 "PUT /compute/v2.1/flavors/1733120504" status: 200 len: 450 microversion: 2.55 time: 0.148831
Aug 24 00:13:14.157479 n-d-804709-4 devstack@n-api.service[116942]: [pid: 116942|app: 0|req: 118/197] 10.222.0.15 () {60 vars in 1224 bytes} [Tue Aug 24 00:13:13 2021] POST /compute/v2.1/flavors/1680612782/os-extra_specs => generated 66 bytes in 163 msecs (HTTP/1.1 200) 9 headers in 356 bytes (1 switches on core 0)
Aug 24 00:13:14.163659 n-d-804709-4 devstack@n-api.service[116942]: DEBUG nova.api.openstack.wsgi [None req-a5a101ee-6ac3-42f9-b514-10d79f9d4768 tempest-InstanceUsageAuditLogNegativeTestJSON-1251003359 tempest-InstanceUsageAuditLogNegativeTestJSON-1251003359-project] Calling method '>' {{(pid=116942) _process_stack /opt/stack/nova/nova/api/openstack/wsgi.py:513}}
Aug 24 00:13:14.163659 n-d-804709-4 devstack@n-api.service[116942]: /usr/local/lib/python3.8/dist-packages/oslo_policy/policy.py:1064: UserWarning: Policy os_compute_api:os-instance-usage-audit-log:show failed scope check. The token used to make the request was project scoped but the policy requires ['system'] scope. This behavior may change in the future where using the intended scope is required
Aug 24 00:13:14.163659 n-d-804709-4 devstack@n-api.service[116942]: warnings.warn(msg)
Aug 24 00:13:14.164587 n-d-804709-4 devstack@n-api.service[116943]: [pid: 116943|app: 0|req: 80/198] 10.222.0.15 () {62 vars in 1219 bytes} [Tue Aug 24 00:13:14 2021] PUT /compute/v2.1/flavors/1733120504 => generated 450 bytes in 158 msecs (HTTP/1.1 200) 9 headers in 359 bytes (1 switches on core 0)
Aug 24 00:13:14.164837 n-d-804709-4 devstack@n-api.service[116942]: DEBUG nova.policy [None req-a5a101ee-6ac3-42f9-b514-10d79f9d4768 tempest-InstanceUsageAuditLogNegativeTestJSON-1251003359 tempest-InstanceUsageAuditLogNegativeTestJSON-1251003359-project] Policy check for os_compute_api:os-instance-usage-audit-log:show failed with credentials {'is_admin': False, 'user_id': '7030be5e2c7843379c2f2fda5a126bee', 'user_domain_id': 'default', 'system_scope': None, 'domain_id': None, 'project_id': 'bb1acd0f9a634968807d8f4eec3a9a75', 'project_domain_id': 'default', 'roles': ['reader', 'member'], 'is_admin_project': True, 'service_user_id': None, 'service_user_domain_id': None, 'service_project_id': None, 'service_project_domain_id': None, 'service_roles': []} {{(pid=116942) authorize /opt/stack/nova/nova/policy.py:199}}
Aug 24 00:13:14.165639 n-d-804709-4 devstack@n-api.service[116942]: DEBUG nova.api.openstack.wsgi [None req-a5a101ee-6ac3-42f9-b514-10d79f9d4768 tempest-InstanceUsageAuditLogNegativeTestJSON-1251003359 tempest-InstanceUsageAuditLogNegativeTestJSON-1251003359-project] Returning 403 to user: Policy doesn't allow os_compute_api:os-instance-usage-audit-log:show to be performed. {{(pid=116942) __call__ /opt/stack/nova/nova/api/openstack/wsgi.py:927}}
Aug 24 00:13:14.167050 n-d-804709-4 devstack@n-api.service[116942]: INFO nova.api.openstack.requestlog [None req-a5a101ee-6ac3-42f9-b514-10d79f9d4768 tempest-InstanceUsageAuditLogNegativeTestJSON-1251003359 tempest-InstanceUsageAuditLogNegativeTestJSON-1251003359-project] 10.222.0.15 "GET /compute/v2.1/os-instance_usage_audit_log/2021-08-24 00:13:13" status: 403 len: 128 microversion: 2.1 time: 0.008071
Aug 24 00:13:14.168315 n-d-804709-4 devstack@n-api.service[116942]: [pid: 116942|app: 0|req: 119/199] 10.222.0.15 () {58 vars in 1251 bytes} [Tue Aug 24 00:13:14 2021] GET /compute/v2.1/os-instance_usage_audit_log/2021-08-24%2000%3A13%3A13 => generated 128 bytes in 10 msecs (HTTP/1.1 403) 9 headers in 379 bytes (1 switches on core 0)
Aug 24 00:13:14.174750 n-d-804709-4 devstack@n-api.service[116943]: DEBUG nova.api.openstack.wsgi [None req-91eff235-c08f-4521-a4d9-5858997b0b18 tempest-ServersAdminTestJSON-1970323621 tempest-ServersAdminTestJSON-1970323621-project] Calling method '>' {{(pid=116943) _process_stack /opt/stack/nova/nova/api/openstack/wsgi.py:513}}
Aug 24 00:13:14.175497 n-d-804709-4 devstack@n-api.service[116943]: DEBUG nova.compute.api [None req-91eff235-c08f-4521-a4d9-5858997b0b18 tempest-ServersAdminTestJSON-1970323621 tempest-ServersAdminTestJSON-1970323621-project] [instance: 6cb46a79-5ac2-4ebe-9d3a-963844cc52e5] Fetching instance by UUID {{(pid=116943) get /opt/stack/nova/nova/compute/api.py:2825}}
Aug 24 00:13:14.175662 n-d-804709-4 devstack@n-api.service[116942]: DEBUG nova.api.openstack.wsgi [None req-002d0c75-21a2-4e06-b1a2-a6d2a0ef4198 tempest-FlavorsV255TestJSON-716871399 tempest-FlavorsV255TestJSON-716871399-project] Calling method '>' {{(pid=116942) _process_stack /opt/stack/nova/nova/api/openstack/wsgi.py:513}}
Aug 24 00:13:14.218365 n-d-804709-4 devstack@n-api.service[116942]: INFO nova.api.openstack.requestlog [None req-002d0c75-21a2-4e06-b1a2-a6d2a0ef4198 tempest-FlavorsV255TestJSON-716871399 tempest-FlavorsV255TestJSON-716871399-project] 10.222.0.15 "GET /compute/v2.1/flavors/detail" status: 200 len: 6151 microversion: 2.55 time: 0.048722
Aug 24 00:13:14.218960 n-d-804709-4 devstack@n-api.service[116942]: [pid: 116942|app: 0|req: 120/200] 10.222.0.15 () {60 vars in 1187 bytes} [Tue Aug 24 00:13:14 2021] GET /compute/v2.1/flavors/detail => generated 6151 bytes in 50 msecs (HTTP/1.1 200) 9 headers in 360 bytes (1 switches on core 0)
Aug 24 00:13:14.223501 n-d-804709-4 devstack@n-api.service[116942]: DEBUG nova.api.openstack.wsgi [None req-6b445086-4f56-4f11-b31b-0061af13aec6 tempest-FlavorsExtraSpecsNegativeTestJSON-1221537661 tempest-FlavorsExtraSpecsNegativeTestJSON-1221537661-project] Calling method '>' {{(pid=116942) _process_stack /opt/stack/nova/nova/api/openstack/wsgi.py:513}}
Aug 24 00:13:14.236333 n-d-804709-4 devstack@n-api.service[116942]: /usr/local/lib/python3.8/dist-packages/oslo_policy/policy.py:1064: UserWarning: Policy os_compute_api:os-flavor-extra-specs:delete failed scope check. The token used to make the request was project scoped but the policy requires ['system'] scope. This behavior may change in the future where using the intended scope is required
Aug 24 00:13:14.236333 n-d-804709-4 devstack@n-api.service[116942]: warnings.warn(msg)
Aug 24 00:13:14.237728 n-d-804709-4 devstack@n-api.service[116942]: DEBUG nova.policy [None req-6b445086-4f56-4f11-b31b-0061af13aec6 tempest-FlavorsExtraSpecsNegativeTestJSON-1221537661 tempest-FlavorsExtraSpecsNegativeTestJSON-1221537661-project] Policy check for os_compute_api:os-flavor-extra-specs:delete failed with credentials {'is_admin': False, 'user_id': 'b33617c960e14a3480448a4009f5da36', 'user_domain_id': 'default', 'system_scope': None, 'domain_id': None, 'project_id': 'e29b1cc037d94c94931e84a36c440d47', 'project_domain_id': 'default', 'roles': ['reader', 'member'], 'is_admin_project': True, 'service_user_id': None, 'service_user_domain_id': None, 'service_project_id': None, 'service_project_domain_id': None, 'service_roles': []} {{(pid=116942) authorize /opt/stack/nova/nova/policy.py:199}}
Aug 24 00:13:14.238383 n-d-804709-4 devstack@n-api.service[116942]: DEBUG nova.api.openstack.wsgi [None req-6b445086-4f56-4f11-b31b-0061af13aec6 tempest-FlavorsExtraSpecsNegativeTestJSON-1221537661 tempest-FlavorsExtraSpecsNegativeTestJSON-1221537661-project] Returning 403 to user: Policy doesn't allow os_compute_api:os-flavor-extra-specs:delete to be performed. {{(pid=116942) __call__ /opt/stack/nova/nova/api/openstack/wsgi.py:927}}
Aug 24 00:13:14.239760 n-d-804709-4 devstack@n-api.service[116942]: INFO nova.api.openstack.requestlog [None req-6b445086-4f56-4f11-b31b-0061af13aec6 tempest-FlavorsExtraSpecsNegativeTestJSON-1221537661 tempest-FlavorsExtraSpecsNegativeTestJSON-1221537661-project] 10.222.0.15 "DELETE /compute/v2.1/flavors/1680612782/os-extra_specs/hw:numa_nodes" status: 403 len: 124 microversion: 2.1 time: 0.019678
Aug 24 00:13:14.240280 n-d-804709-4 devstack@n-api.service[116942]: [pid: 116942|app: 0|req: 121/201] 10.222.0.15 () {58 vars in 1248 bytes} [Tue Aug 24 00:13:14 2021] DELETE /compute/v2.1/flavors/1680612782/os-extra_specs/hw:numa_nodes => generated 124 bytes in 21 msecs (HTTP/1.1 403) 9 headers in 379 bytes (1 switches on core 0)
Aug 24 00:13:14.245372 n-d-804709-4 devstack@n-api.service[116942]: DEBUG nova.api.openstack.wsgi [None req-e83ebff1-91d0-46ca-baf3-f297b044bfe2 tempest-FlavorsV255TestJSON-716871399 tempest-FlavorsV255TestJSON-716871399-project] Calling method '>' {{(pid=116942) _process_stack /opt/stack/nova/nova/api/openstack/wsgi.py:513}}
Aug 24 00:13:14.257039 n-d-804709-4 devstack@n-api.service[116943]: DEBUG nova.policy [None req-91eff235-c08f-4521-a4d9-5858997b0b18 tempest-ServersAdminTestJSON-1970323621 tempest-ServersAdminTestJSON-1970323621-project] Policy check for os_compute_api:os-extended-server-attributes failed with credentials {'is_admin': False, 'user_id': 'e96b073c593f49f9b6556b41a3bf06b5', 'user_domain_id': 'default', 'system_scope': None, 'domain_id': None, 'project_id': '128fcd9f15234abf9fea2e2db5fc7382', 'project_domain_id': 'default', 'roles': ['reader', 'member'], 'is_admin_project': True, 'service_user_id': None, 'service_user_domain_id': None, 'service_project_id': None, 'service_project_domain_id': None, 'service_roles': []} {{(pid=116943) authorize /opt/stack/nova/nova/policy.py:199}}
Aug 24 00:13:14.271623 n-d-804709-4 devstack@n-api.service[116943]: INFO nova.api.openstack.requestlog [None req-91eff235-c08f-4521-a4d9-5858997b0b18 tempest-ServersAdminTestJSON-1970323621 tempest-ServersAdminTestJSON-1970323621-project] 10.222.0.15 "GET /compute/v2.1/servers/6cb46a79-5ac2-4ebe-9d3a-963844cc52e5" status: 200 len: 1214 microversion: 2.1 time: 0.098660
Aug 24 00:13:14.271623 n-d-804709-4 devstack@n-api.service[116943]: [pid: 116943|app: 0|req: 81/202] 10.222.0.15 () {58 vars in 1236 bytes} [Tue Aug 24 00:13:14 2021] GET /compute/v2.1/servers/6cb46a79-5ac2-4ebe-9d3a-963844cc52e5 => generated 1214 bytes in 100 msecs (HTTP/1.1 200) 9 headers in 358 bytes (1 switches on core 0)
Aug 24 00:13:14.271847 n-d-804709-4 devstack@n-api.service[116942]: INFO nova.api.openstack.requestlog [None req-e83ebff1-91d0-46ca-baf3-f297b044bfe2 tempest-FlavorsV255TestJSON-716871399 tempest-FlavorsV255TestJSON-716871399-project] 10.222.0.15 "GET /compute/v2.1/flavors" status: 200 len: 3409 microversion: 2.55 time: 0.028707
Aug 24 00:13:14.271930 n-d-804709-4 devstack@n-api.service[116943]: DEBUG nova.api.openstack.wsgi [None req-f6d1c5b1-2d05-4133-b256-084f9790b98d tempest-FlavorsExtraSpecsNegativeTestJSON-895663882 tempest-FlavorsExtraSpecsNegativeTestJSON-895663882-project-admin] Action: 'create', calling method: >, body: {"extra_specs": {"hw:numa_nodes": "1", "hw:cpu_policy": "shared"}} {{(pid=116943) _process_stack /opt/stack/nova/nova/api/openstack/wsgi.py:511}}
Aug 24 00:13:14.272011 n-d-804709-4 devstack@n-api.service[116942]: [pid: 116942|app: 0|req: 122/203] 10.222.0.15 () {60 vars in 1166 bytes} [Tue Aug 24 00:13:14 2021] GET /compute/v2.1/flavors => generated 3409 bytes in 30 msecs (HTTP/1.1 200) 9 headers in 360 bytes (1 switches on core 0)
Aug 24 00:13:14.280404 n-d-804709-4 devstack@n-api.service[116943]: /usr/local/lib/python3.8/dist-packages/oslo_policy/policy.py:1064: UserWarning: Policy os_compute_api:os-flavor-extra-specs:create failed scope check. The token used to make the request was project scoped but the policy requires ['system'] scope. This behavior may change in the future where using the intended scope is required
Aug 24 00:13:14.280404 n-d-804709-4 devstack@n-api.service[116943]: warnings.warn(msg)
Aug 24 00:13:14.289349 n-d-804709-4 devstack@n-api.service[116942]: DEBUG nova.api.openstack.wsgi [None req-79644a04-2469-464b-94e4-9e9c313c8510 tempest-FlavorsV255TestJSON-936910513 tempest-FlavorsV255TestJSON-936910513-project-admin] Calling method '>' {{(pid=116942) _process_stack /opt/stack/nova/nova/api/openstack/wsgi.py:513}}
Aug 24 00:13:14.290387 n-d-804709-4 devstack@n-api.service[116942]: /usr/local/lib/python3.8/dist-packages/oslo_policy/policy.py:1064: UserWarning: Policy os_compute_api:os-flavor-manage:delete failed scope check. The token used to make the request was project scoped but the policy requires ['system'] scope. This behavior may change in the future where using the intended scope is required
Aug 24 00:13:14.290387 n-d-804709-4 devstack@n-api.service[116942]: warnings.warn(msg)
Aug 24 00:13:14.302354 n-d-804709-4 devstack@n-api.service[116943]: INFO nova.api.openstack.requestlog [None req-f6d1c5b1-2d05-4133-b256-084f9790b98d tempest-FlavorsExtraSpecsNegativeTestJSON-895663882 tempest-FlavorsExtraSpecsNegativeTestJSON-895663882-project-admin] 10.222.0.15 "POST /compute/v2.1/flavors/1680612782/os-extra_specs" status: 200 len: 66 microversion: 2.1 time: 0.036303
Aug 24 00:13:14.308364 n-d-804709-4 devstack@n-api.service[116943]: [pid: 116943|app: 0|req: 82/204] 10.222.0.15 () {60 vars in 1224 bytes} [Tue Aug 24 00:13:14 2021] POST /compute/v2.1/flavors/1680612782/os-extra_specs => generated 66 bytes in 38 msecs (HTTP/1.1 200) 9 headers in 356 bytes (1 switches on core 0)
Aug 24 00:13:14.315661 n-d-804709-4 devstack@n-api.service[116943]: DEBUG nova.api.openstack.wsgi [None req-3e67d3e6-62b7-448b-93df-f2598d7e8f4d tempest-FlavorsExtraSpecsNegativeTestJSON-1221537661 tempest-FlavorsExtraSpecsNegativeTestJSON-1221537661-project] Action: 'update', calling method: >, body: {"hw:numa_nodes": "1"} {{(pid=116943) _process_stack /opt/stack/nova/nova/api/openstack/wsgi.py:511}}
Aug 24 00:13:14.317461 n-d-804709-4 devstack@n-api.service[116943]: /usr/local/lib/python3.8/dist-packages/oslo_policy/policy.py:1064: UserWarning: Policy os_compute_api:os-flavor-extra-specs:update failed scope check. The token used to make the request was project scoped but the policy requires ['system'] scope. This behavior may change in the future where using the intended scope is required
Aug 24 00:13:14.317461 n-d-804709-4 devstack@n-api.service[116943]: warnings.warn(msg)
Aug 24 00:13:14.318422 n-d-804709-4 devstack@n-api.service[116943]: DEBUG nova.policy [None req-3e67d3e6-62b7-448b-93df-f2598d7e8f4d tempest-FlavorsExtraSpecsNegativeTestJSON-1221537661 tempest-FlavorsExtraSpecsNegativeTestJSON-1221537661-project] Policy check for os_compute_api:os-flavor-extra-specs:update failed with credentials {'is_admin': False, 'user_id': 'b33617c960e14a3480448a4009f5da36', 'user_domain_id': 'default', 'system_scope': None, 'domain_id': None, 'project_id': 'e29b1cc037d94c94931e84a36c440d47', 'project_domain_id': 'default', 'roles': ['reader', 'member'], 'is_admin_project': True, 'service_user_id': None, 'service_user_domain_id': None, 'service_project_id': None, 'service_project_domain_id': None, 'service_roles': []} {{(pid=116943) authorize /opt/stack/nova/nova/policy.py:199}}
Aug 24 00:13:14.319046 n-d-804709-4 devstack@n-api.service[116943]: DEBUG nova.api.openstack.wsgi [None req-3e67d3e6-62b7-448b-93df-f2598d7e8f4d tempest-FlavorsExtraSpecsNegativeTestJSON-1221537661 tempest-FlavorsExtraSpecsNegativeTestJSON-1221537661-project] Returning 403 to user: Policy doesn't allow os_compute_api:os-flavor-extra-specs:update to be performed. {{(pid=116943) __call__ /opt/stack/nova/nova/api/openstack/wsgi.py:927}}
Aug 24 00:13:14.319858 n-d-804709-4 devstack@n-api.service[116943]: INFO nova.api.openstack.requestlog [None req-3e67d3e6-62b7-448b-93df-f2598d7e8f4d tempest-FlavorsExtraSpecsNegativeTestJSON-1221537661 tempest-FlavorsExtraSpecsNegativeTestJSON-1221537661-project] 10.222.0.15 "PUT /compute/v2.1/flavors/1680612782/os-extra_specs/hw:numa_nodes" status: 403 len: 124 microversion: 2.1 time: 0.007806
Aug 24 00:13:14.320517 n-d-804709-4 devstack@n-api.service[116943]: [pid: 116943|app: 0|req: 83/205] 10.222.0.15 () {60 vars in 1265 bytes} [Tue Aug 24 00:13:14 2021] PUT /compute/v2.1/flavors/1680612782/os-extra_specs/hw:numa_nodes => generated 124 bytes in 9 msecs (HTTP/1.1 403) 9 headers in 379 bytes (2 switches on core 0)
Aug 24 00:13:14.329449 n-d-804709-4 devstack@n-api.service[116943]: DEBUG nova.api.openstack.wsgi [None req-614a72f4-eda4-404d-b7c0-72703ae90629 tempest-FlavorsExtraSpecsNegativeTestJSON-895663882 tempest-FlavorsExtraSpecsNegativeTestJSON-895663882-project-admin] Calling method '>' {{(pid=116943) _process_stack /opt/stack/nova/nova/api/openstack/wsgi.py:513}}
Aug 24 00:13:14.330223 n-d-804709-4 devstack@n-api.service[116943]: /usr/local/lib/python3.8/dist-packages/oslo_policy/policy.py:1064: UserWarning: Policy os_compute_api:os-flavor-extra-specs:delete failed scope check. The token used to make the request was project scoped but the policy requires ['system'] scope. This behavior may change in the future where using the intended scope is required
Aug 24 00:13:14.330223 n-d-804709-4 devstack@n-api.service[116943]: warnings.warn(msg)
Aug 24 00:13:14.338132 n-d-804709-4 devstack@n-api.service[116943]: INFO nova.api.openstack.wsgi [None req-614a72f4-eda4-404d-b7c0-72703ae90629 tempest-FlavorsExtraSpecsNegativeTestJSON-895663882 tempest-FlavorsExtraSpecsNegativeTestJSON-895663882-project-admin] HTTP exception thrown: Flavor 1680612782 has no extra specs with key hw:cpu_thread_policy.
Aug 24 00:13:14.338913 n-d-804709-4 devstack@n-api.service[116943]: DEBUG nova.api.openstack.wsgi [None req-614a72f4-eda4-404d-b7c0-72703ae90629 tempest-FlavorsExtraSpecsNegativeTestJSON-895663882 tempest-FlavorsExtraSpecsNegativeTestJSON-895663882-project-admin] Returning 404 to user: Flavor 1680612782 has no extra specs with key hw:cpu_thread_policy. {{(pid=116943) __call__ /opt/stack/nova/nova/api/openstack/wsgi.py:927}}
Aug 24 00:13:14.339771 n-d-804709-4 devstack@n-api.service[116943]: INFO nova.api.openstack.requestlog [None req-614a72f4-eda4-404d-b7c0-72703ae90629 tempest-FlavorsExtraSpecsNegativeTestJSON-895663882 tempest-FlavorsExtraSpecsNegativeTestJSON-895663882-project-admin] 10.222.0.15 "DELETE /compute/v2.1/flavors/1680612782/os-extra_specs/hw:cpu_thread_policy" status: 404 len: 113 microversion: 2.1 time: 0.014338
Aug 24 00:13:14.340319 n-d-804709-4 devstack@n-api.service[116943]: [pid: 116943|app: 0|req: 84/206] 10.222.0.15 () {58 vars in 1269 bytes} [Tue Aug 24 00:13:14 2021] DELETE /compute/v2.1/flavors/1680612782/os-extra_specs/hw:cpu_thread_policy => generated 113 bytes in 15 msecs (HTTP/1.1 404) 9 headers in 379 bytes (2 switches on core 0)
Aug 24 00:13:14.350145 n-d-804709-4 devstack@n-api.service[116943]: DEBUG nova.api.openstack.wsgi [None req-e5a277b4-af8e-4364-983e-a6f06e90b44a tempest-FlavorsExtraSpecsNegativeTestJSON-895663882 tempest-FlavorsExtraSpecsNegativeTestJSON-895663882-project-admin] Action: 'update', calling method: >, body: {"hw:cpu_policy": "shared"} {{(pid=116943) _process_stack /opt/stack/nova/nova/api/openstack/wsgi.py:511}}
Aug 24 00:13:14.352529 n-d-804709-4 devstack@n-api.service[116943]: INFO nova.api.openstack.wsgi [None req-e5a277b4-af8e-4364-983e-a6f06e90b44a tempest-FlavorsExtraSpecsNegativeTestJSON-895663882 tempest-FlavorsExtraSpecsNegativeTestJSON-895663882-project-admin] HTTP exception thrown: Request body and URI mismatch
Aug 24 00:13:14.353101 n-d-804709-4 devstack@n-api.service[116943]: DEBUG nova.api.openstack.wsgi [None req-e5a277b4-af8e-4364-983e-a6f06e90b44a tempest-FlavorsExtraSpecsNegativeTestJSON-895663882 tempest-FlavorsExtraSpecsNegativeTestJSON-895663882-project-admin] Returning 400 to user: Request body and URI mismatch {{(pid=116943) __call__ /opt/stack/nova/nova/api/openstack/wsgi.py:927}}
Aug 24 00:13:14.353918 n-d-804709-4 devstack@n-api.service[116943]: INFO nova.api.openstack.requestlog [None req-e5a277b4-af8e-4364-983e-a6f06e90b44a tempest-FlavorsExtraSpecsNegativeTestJSON-895663882 tempest-FlavorsExtraSpecsNegativeTestJSON-895663882-project-admin] 10.222.0.15 "PUT /compute/v2.1/flavors/1680612782/os-extra_specs/hw:numa_nodes" status: 400 len: 73 microversion: 2.1 time: 0.007862
Aug 24 00:13:14.356275 n-d-804709-4 devstack@n-api.service[116943]: [pid: 116943|app: 0|req: 85/207] 10.222.0.15 () {60 vars in 1265 bytes} [Tue Aug 24 00:13:14 2021] PUT /compute/v2.1/flavors/1680612782/os-extra_specs/hw:numa_nodes => generated 73 bytes in 11 msecs (HTTP/1.1 400) 9 headers in 380 bytes (1 switches on core 0)
Aug 24 00:13:14.368794 n-d-804709-4 devstack@n-api.service[116943]: DEBUG nova.api.openstack.wsgi [None req-dcec2092-0f31-4eb5-89a7-b5d63e01cf59 tempest-FlavorsExtraSpecsNegativeTestJSON-895663882 tempest-FlavorsExtraSpecsNegativeTestJSON-895663882-project-admin] Action: 'update', calling method: >, body: {"hw:numa_nodes": "1", "hw:cpu_policy": "shared"} {{(pid=116943) _process_stack /opt/stack/nova/nova/api/openstack/wsgi.py:511}}
Aug 24 00:13:14.370091 n-d-804709-4 devstack@n-api.service[116943]: DEBUG nova.api.openstack.wsgi [None req-dcec2092-0f31-4eb5-89a7-b5d63e01cf59 tempest-FlavorsExtraSpecsNegativeTestJSON-895663882 tempest-FlavorsExtraSpecsNegativeTestJSON-895663882-project-admin] Returning 400 to user: {'hw:numa_nodes': '1', 'hw:cpu_policy': 'shared'} has too many properties {{(pid=116943) __call__ /opt/stack/nova/nova/api/openstack/wsgi.py:927}}
Aug 24 00:13:14.370899 n-d-804709-4 devstack@n-api.service[116943]: INFO nova.api.openstack.requestlog [None req-dcec2092-0f31-4eb5-89a7-b5d63e01cf59 tempest-FlavorsExtraSpecsNegativeTestJSON-895663882 tempest-FlavorsExtraSpecsNegativeTestJSON-895663882-project-admin] 10.222.0.15 "PUT /compute/v2.1/flavors/1680612782/os-extra_specs/hw:numa_nodes" status: 400 len: 117 microversion: 2.1 time: 0.006270
Aug 24 00:13:14.371459 n-d-804709-4 devstack@n-api.service[116943]: [pid: 116943|app: 0|req: 86/208] 10.222.0.15 () {60 vars in 1265 bytes} [Tue Aug 24 00:13:14 2021] PUT /compute/v2.1/flavors/1680612782/os-extra_specs/hw:numa_nodes => generated 117 bytes in 10 msecs (HTTP/1.1 400) 9 headers in 381 bytes (1 switches on core 0)
Aug 24 00:13:14.381367 n-d-804709-4 devstack@n-api.service[116943]: DEBUG nova.api.openstack.wsgi [None req-c3ad470f-5943-48f6-a1c4-405cb78ebfd5 tempest-LiveAutoBlockMigrationV225Test-2094422098 tempest-LiveAutoBlockMigrationV225Test-2094422098-project] Calling method '>' {{(pid=116943) _process_stack /opt/stack/nova/nova/api/openstack/wsgi.py:513}}
Aug 24 00:13:14.381971 n-d-804709-4 devstack@n-api.service[116943]: DEBUG nova.compute.api [None req-c3ad470f-5943-48f6-a1c4-405cb78ebfd5 tempest-LiveAutoBlockMigrationV225Test-2094422098 tempest-LiveAutoBlockMigrationV225Test-2094422098-project] [instance: 2c6804d8-82a2-4ab1-88f1-f317666f7d9f] Fetching instance by UUID {{(pid=116943) get /opt/stack/nova/nova/compute/api.py:2825}}
Aug 24 00:13:14.388144 n-d-804709-4 devstack@n-api.service[116943]: DEBUG oslo_concurrency.lockutils [None req-c3ad470f-5943-48f6-a1c4-405cb78ebfd5 tempest-LiveAutoBlockMigrationV225Test-2094422098 tempest-LiveAutoBlockMigrationV225Test-2094422098-project] Lock "9f78f78c-bb1b-403c-bda8-e14ab14cdfcc" acquired by "nova.context.set_target_cell..get_or_set_cached_cell_and_set_connections" :: waited 0.000s {{(pid=116943) inner /usr/local/lib/python3.8/dist-packages/oslo_concurrency/lockutils.py:355}}
Aug 24 00:13:14.388629 n-d-804709-4 devstack@n-api.service[116943]: DEBUG oslo_concurrency.lockutils [None req-c3ad470f-5943-48f6-a1c4-405cb78ebfd5 tempest-LiveAutoBlockMigrationV225Test-2094422098 tempest-LiveAutoBlockMigrationV225Test-2094422098-project] Lock "9f78f78c-bb1b-403c-bda8-e14ab14cdfcc" released by "nova.context.set_target_cell..get_or_set_cached_cell_and_set_connections" :: held 0.001s {{(pid=116943) inner /usr/local/lib/python3.8/dist-packages/oslo_concurrency/lockutils.py:367}}
Aug 24 00:13:14.389656 n-d-804709-4 devstack@n-api.service[116943]: DEBUG oslo_concurrency.lockutils [None req-c3ad470f-5943-48f6-a1c4-405cb78ebfd5 tempest-LiveAutoBlockMigrationV225Test-2094422098 tempest-LiveAutoBlockMigrationV225Test-2094422098-project] Lock "9f78f78c-bb1b-403c-bda8-e14ab14cdfcc" acquired by "nova.context.set_target_cell..get_or_set_cached_cell_and_set_connections" :: waited 0.000s {{(pid=116943) inner /usr/local/lib/python3.8/dist-packages/oslo_concurrency/lockutils.py:355}}
Aug 24 00:13:14.390090 n-d-804709-4 devstack@n-api.service[116943]: DEBUG oslo_concurrency.lockutils [None req-c3ad470f-5943-48f6-a1c4-405cb78ebfd5 tempest-LiveAutoBlockMigrationV225Test-2094422098 tempest-LiveAutoBlockMigrationV225Test-2094422098-project] Lock "9f78f78c-bb1b-403c-bda8-e14ab14cdfcc" released by "nova.context.set_target_cell..get_or_set_cached_cell_and_set_connections" :: held 0.000s {{(pid=116943) inner /usr/local/lib/python3.8/dist-packages/oslo_concurrency/lockutils.py:367}}
Aug 24 00:13:14.407196 n-d-804709-4 devstack@n-api.service[116942]: INFO nova.api.openstack.requestlog [None req-79644a04-2469-464b-94e4-9e9c313c8510 tempest-FlavorsV255TestJSON-936910513 tempest-FlavorsV255TestJSON-936910513-project-admin] 10.222.0.15 "DELETE /compute/v2.1/flavors/1733120504" status: 202 len: 0 microversion: 2.55 time: 0.122076
Aug 24 00:13:14.408190 n-d-804709-4 devstack@n-api.service[116942]: [pid: 116942|app: 0|req: 123/209] 10.222.0.15 () {60 vars in 1202 bytes} [Tue Aug 24 00:13:14 2021] DELETE /compute/v2.1/flavors/1733120504 => generated 0 bytes in 124 msecs (HTTP/1.1 202) 9 headers in 363 bytes (2 switches on core 0)
Aug 24 00:13:14.413148 n-d-804709-4 devstack@n-api.service[116942]: DEBUG nova.api.openstack.wsgi [None req-dd0343ac-d46d-423f-bcf3-35cd61224a53 tempest-FlavorsExtraSpecsNegativeTestJSON-895663882 tempest-FlavorsExtraSpecsNegativeTestJSON-895663882-project-admin] Calling method '>' {{(pid=116942) _process_stack /opt/stack/nova/nova/api/openstack/wsgi.py:513}}
Aug 24 00:13:14.486539 n-d-804709-4 devstack@n-api.service[116942]: INFO nova.api.openstack.requestlog [None req-dd0343ac-d46d-423f-bcf3-35cd61224a53 tempest-FlavorsExtraSpecsNegativeTestJSON-895663882 tempest-FlavorsExtraSpecsNegativeTestJSON-895663882-project-admin] 10.222.0.15 "DELETE /compute/v2.1/flavors/1680612782" status: 202 len: 0 microversion: 2.1 time: 0.077379
Aug 24 00:13:14.487431 n-d-804709-4 devstack@n-api.service[116942]: [pid: 116942|app: 0|req: 124/210] 10.222.0.15 () {58 vars in 1161 bytes} [Tue Aug 24 00:13:14 2021] DELETE /compute/v2.1/flavors/1680612782 => generated 0 bytes in 79 msecs (HTTP/1.1 202) 9 headers in 361 bytes (1 switches on core 0)
Aug 24 00:13:14.492673 n-d-804709-4 devstack@n-api.service[116942]: DEBUG nova.api.openstack.wsgi [None req-6c709f87-810f-4ad6-9cf3-3ad930273c1f tempest-FlavorsV255TestJSON-936910513 tempest-FlavorsV255TestJSON-936910513-project-admin] Calling method '>' {{(pid=116942) _process_stack /opt/stack/nova/nova/api/openstack/wsgi.py:513}}
Aug 24 00:13:14.521870 n-d-804709-4 devstack@n-api.service[116942]: INFO nova.api.openstack.requestlog [None req-6c709f87-810f-4ad6-9cf3-3ad930273c1f tempest-FlavorsV255TestJSON-936910513 tempest-FlavorsV255TestJSON-936910513-project-admin] 10.222.0.15 "GET /compute/v2.1/flavors/detail" status: 200 len: 5285 microversion: 2.55 time: 0.033236
Aug 24 00:13:14.533662 n-d-804709-4 devstack@n-api.service[116942]: [pid: 116942|app: 0|req: 125/211] 10.222.0.15 () {60 vars in 1187 bytes} [Tue Aug 24 00:13:14 2021] GET /compute/v2.1/flavors/detail => generated 5285 bytes in 34 msecs (HTTP/1.1 200) 9 headers in 360 bytes (1 switches on core 0)
